{"id":4852,"date":"2020-09-21T07:00:00","date_gmt":"2020-09-21T10:00:00","guid":{"rendered":"http:\/\/sme.goiania.go.gov.br\/conexaoescola\/?post_type=ensino_fundamental&#038;p=4852"},"modified":"2020-09-22T14:09:36","modified_gmt":"2020-09-22T17:09:36","slug":"conhecendo-e-criando-textos","status":"publish","type":"ensino_fundamental","link":"https:\/\/sme.goiania.go.gov.br\/conexaoescola\/ensino_fundamental\/conhecendo-e-criando-textos\/","title":{"rendered":"Conhecendo e criando textos"},"content":{"rendered":"\n<p class=\"has-drop-cap has-medium-font-size\">Ol\u00e1 pessoal! Como voc\u00eas est\u00e3o?<br>Essa noite que passou, quando eu fui dormir, senti que estava com saudades dos meus amigos.<br>O que voc\u00eas fazem quando sentem saudades de algu\u00e9m?<br>Sabe o que eu gosto de fazer? Eu gosto de lembrar momentos em que passamos juntos!<br>E j\u00e1 que estamos falando de amigos, eu lembrei de um v\u00eddeo de uma turma de amigos!<br>Essa \u00e9 uma turma que adora uma biblioteca. S\u00f3 fico imaginando o que eles aprontam por l\u00e1!<br>Nesse v\u00eddeo eles encontram um ba\u00fa misterioso. Ser\u00e1 que ter\u00e3o coragem de abrir?<br>E a\u00ed, vamos conferir o que essa turminha vai aprontar?<br>Entra v\u00eddeo Bons amigos: tipologia textual\/cria\u00e7\u00e3o textual<\/p>\n\n\n\n<p class=\"has-text-color has-background has-text-align-center has-medium-font-size has-very-light-gray-color has-vivid-purple-background-color\"><a href=\"http:\/\/www.multirio.rj.gov.br\/index.php\/interaja\/multiclube\/6a8\/videos-irados\/11172-bons-\">http:\/\/www.multirio.rj.gov.br\/index.php\/interaja\/multiclube\/6a8\/videos-irados\/11172-bons-<\/a><\/p>\n\n\n\n<hr class=\"wp-block-separator\"\/>\n\n\n\n<p class=\"has-medium-font-size\">E a\u00ed, voc\u00ea gostou do poema que a J\u00e9ssica leu? Ele foi escrito pela Roseana Murray, uma escritora que j\u00e1 escreveu diversos poemas para crian\u00e7as.<br>Tive uma ideia! Que tal voc\u00eas escreverem um texto tamb\u00e9m?<br>Imagino que estejam com saudades dos amigos, ent\u00e3o, que tal escrever um bilhete para eles?<br>Conte como voc\u00ea est\u00e1 se sentindo e o que tem feito nesses dias em casa. Depois, \u00e9 s\u00f3 enviar!<br>Voc\u00ea pode enviar essa mensagem por e-mail, por mensagem de texto, com a ajuda de um adulto ou guardar e entregar pessoalmente quando puderem se encontrar!<br>Tamb\u00e9m existem outros tipos de texto que voc\u00ea pode produzir e entregar para algu\u00e9m querido.<br>Quem sabe um poema? Ou talvez criar uma hist\u00f3ria?<br>Agora, vamos ver dois v\u00eddeos da turma do Vila S\u00e9samo. Um sobre os poemas e outro sobre a cria\u00e7\u00e3o de hist\u00f3rias!<br>Prontos?<\/p>\n\n\n\n<figure class=\"wp-block-embed-youtube wp-block-embed is-type-video is-provider-youtube wp-embed-aspect-4-3 wp-has-aspect-ratio\"><div class=\"wp-block-embed__wrapper\">\n<p class=\"responsive-video-wrap clr\"><iframe title=\"Vila S\u00e9samo - Poema\" width=\"1200\" height=\"900\" src=\"https:\/\/www.youtube.com\/embed\/S6OnqoPdLRc?feature=oembed\" frameborder=\"0\" allow=\"accelerometer; autoplay; clipboard-write; encrypted-media; gyroscope; picture-in-picture\" allowfullscreen><\/iframe><\/p>\n<\/div><figcaption>&#8220;Vila S\u00e9samo &#8211; Poema&#8221; &#8211; Canal: TV Cultura &#8211; Link: https:\/\/www.youtube.com\/watch?v=S6OnqoPdLRc<\/figcaption><\/figure>\n\n\n\n<figure class=\"wp-block-embed-youtube wp-block-embed is-type-video is-provider-youtube wp-embed-aspect-16-9 wp-has-aspect-ratio\"><div class=\"wp-block-embed__wrapper\">\n<p class=\"responsive-video-wrap clr\"><iframe title=\"Vamos Brincar de Hist\u00f3rias?\" width=\"1200\" height=\"675\" src=\"https:\/\/www.youtube.com\/embed\/videoseries?list=PLIkaIuuyIt7C5vNhLJTs88j9MTL20Pxuk\" frameborder=\"0\" allow=\"accelerometer; autoplay; clipboard-write; encrypted-media; gyroscope; picture-in-picture\" allowfullscreen><\/iframe><\/p>\n<\/div><figcaption>&#8220;Vamos Brincar de Hist\u00f3rias?&#8221; &#8211; Canal: <br>Vila S\u00e9samo &#8211; Link: https:\/\/www.youtube.com\/watch?v=45NGjFBRSjs&amp;list=PLIkaIuuyIt7C5vNhLJTs88j9MTL20Pxuk&amp;index=2<\/figcaption><\/figure>\n\n\n\n<hr class=\"wp-block-separator\"\/>\n\n\n\n<p class=\"has-medium-font-size\">E ent\u00e3o? Gostaram dos v\u00eddeos?<br>Lembram do primeiro verso que o Garibaldo e a Bel criaram para o poema?<br>Quais as palavras que rimavam?<br>Esquisita com bonita! As duas terminam com ITA!<br>E sobre as hist\u00f3rias?<br>Voc\u00eas j\u00e1 repararam que nas brincadeiras a gente inventa uma por\u00e7\u00e3o de hist\u00f3rias?<br>Aposto que voc\u00ea j\u00e1 inventou muitas hist\u00f3rias no meio das brincadeiras, n\u00e3o \u00e9 mesmo?<br>Falando em brincadeiras, voc\u00ea j\u00e1 pensou que podemos fazer bonecos de papel\u00e3o? N\u00e3o?<br>Ent\u00e3o, fique de olho que vamos aprender um jeito muito bacana de confeccionar bonecos!<\/p>\n\n\n\n<figure class=\"wp-block-embed-youtube wp-block-embed is-type-video is-provider-youtube wp-embed-aspect-16-9 wp-has-aspect-ratio\"><div class=\"wp-block-embed__wrapper\">\n<p class=\"responsive-video-wrap clr\"><iframe title=\"OFICINA 283 BONECO\" width=\"1200\" height=\"675\" src=\"https:\/\/www.youtube.com\/embed\/R-1cO8UQrFM?feature=oembed\" frameborder=\"0\" allow=\"accelerometer; autoplay; clipboard-write; encrypted-media; gyroscope; picture-in-picture\" allowfullscreen><\/iframe><\/p>\n<\/div><figcaption>&#8220;OFICINA 283 BONECO&#8221; &#8211; Canal: Mundo da Leitura &#8211; Link: https:\/\/www.youtube.com\/watch?v=R-1cO8UQrFM<\/figcaption><\/figure>\n\n\n\n<hr class=\"wp-block-separator\"\/>\n\n\n\n<p class=\"has-medium-font-size\">Nossa, como eu estou animada para fazer o meu boneco!<br>Voc\u00ea conseguiu anotar todos os materiais?<br>Voc\u00ea vai precisar de:<br>3 pratinhos de festa<br>2 rolinhos de papel higi\u00eanico<br>2 rolinhos de alum\u00ednio<\/p>\n\n\n\n<p class=\"has-medium-font-size\">1 caixa de meia-d\u00fazia de ovos<br>1 tampinha de garrafa pet<br>1 prendedor de metal para pasta martelo, prego, tesoura, agulha, barbante, fita, canetinhas, tinta guache e pinc\u00e9is.<br>Ufa!<br>S\u00f3 n\u00e3o se esque\u00e7am de pedir ajuda para um adulto em casa para mexer no martelo e no prego!<br>Ao falar sobre brincadeiras e eu lembrei de novo dos meus amigos.<br>Voc\u00ea j\u00e1 ouviu a express\u00e3o Amigo do peito?<br>\u00c9 que quando a gente tem um grande amigo, \u00e9 como se ele morasse no nosso cora\u00e7\u00e3o!<br>Voc\u00ea tem um amigo assim?<br>Ai, que saudade que me d\u00e1!<\/p>\n\n\n\n<figure class=\"wp-block-embed-youtube wp-block-embed is-type-video is-provider-youtube wp-embed-aspect-16-9 wp-has-aspect-ratio\"><div class=\"wp-block-embed__wrapper\">\n<p class=\"responsive-video-wrap clr\"><iframe title=\"Amigos do Peito |  ZiS\" width=\"1200\" height=\"675\" src=\"https:\/\/www.youtube.com\/embed\/videoseries?list=PLpS-jY4fB7cVImRWNq3lx4V9Fh6Zq16CO\" frameborder=\"0\" allow=\"accelerometer; autoplay; clipboard-write; encrypted-media; gyroscope; picture-in-picture\" allowfullscreen><\/iframe><\/p>\n<\/div><figcaption>&#8220;Amigos do Peito | ZiS&#8221; &#8211; Canal &#8211; Zis \u00e9 o Canal &#8211; Link: https:\/\/www.youtube.com\/watch?v=FY_FTl5ghPM&amp;list=PLpS-jY4fB7cVImRWNq3lx4V9Fh6Zq16CO<\/figcaption><\/figure>\n\n\n\n<hr class=\"wp-block-separator\"\/>\n\n\n\n<p class=\"has-medium-font-size\">Por hoje \u00e9 s\u00f3 pessoal!<br>Um beijo e at\u00e9 a pr\u00f3xima!<\/p>\n\n\n\n<hr class=\"wp-block-separator\"\/>\n\n\n\n<p class=\"has-medium-font-size\"><strong>Atividade <\/strong><\/p>\n\n\n\n<p class=\"has-medium-font-size\">Imagino que estejam com saudades dos amigos, ent\u00e3o que tal escrever um bilhete para eles? Conte como voc\u00ea est\u00e1 se sentindo e o que tem feito nesses dias em casa. Da\u00ed, depois, \u00e9 s\u00f3 enviar.<br>Ah! Mas se n\u00e3o pode sair de casa, o que fazer? J\u00e1 sei! Voc\u00ea pode enviar essa mensagem por e-mail, por mensagem de texto, com a ajuda dos seus pais ou ainda guardar e entregar pessoalmente quando puderem se encontrar!<\/p>\n\n\n\n<hr class=\"wp-block-separator\"\/>\n\n\n\n<figure class=\"wp-block-table alignwide\"><table><tbody><tr><td>Componente Curricular<\/td><td>L\u00edngua Portuguesa<\/td><\/tr><tr><td>Habilidades<\/td><td>(EF15LP01) Identificar a fun\u00e7\u00e3o social de textos que circulam em campos da vida social dos quais participa cotidianamente (a casa, a rua, a comunidade, a escola) e nas m\u00eddias impressa, de massa e digital, reconhecendo para que foram produzidos, onde circulam, quem os produziu e a quem se destinam.<br>(EF15LP02) Estabelecer expectativas em rela\u00e7\u00e3o ao texto que vai ler (pressuposi\u00e7\u00f5es antecipadoras dos sentidos, da forma e da fun\u00e7\u00e3o social do texto), apoiando-se em seus conhecimentos pr\u00e9vios sobre as condi\u00e7\u00f5es de produ\u00e7\u00e3o e recep\u00e7\u00e3o desse texto, o g\u00eanero, o suporte e o universo tem\u00e1tico, bem como sobre sali\u00eancias textuais, recursos gr\u00e1ficos, imagens, dados da pr\u00f3pria obra (\u00edndice, pref\u00e1cio etc.), confirmando antecipa\u00e7\u00f5es e infer\u00eancias realizadas antes e durante a leitura de textos, checando a adequa\u00e7\u00e3o das hip\u00f3teses realizadas.<br>(EF15LP05) Planejar, com a ajuda do professor, o texto que ser\u00e1 produzido, considerando a situa\u00e7\u00e3o comunicativa, os interlocutores (quem escreve\/para quem escreve); a finalidade ou o prop\u00f3sito (escrever para qu\u00ea); a circula\u00e7\u00e3o (onde o texto vai circular); o suporte (qual \u00e9 o portador do texto); a linguagem, organiza\u00e7\u00e3o e forma do texto e seu tema, pesquisando em meios impressos ou digitais, sempre que for preciso, informa\u00e7\u00f5es necess\u00e1rias \u00e0 produ\u00e7\u00e3o do texto, organizando em t\u00f3picos os dados e as fontes pesquisadas.<br>(EF15LP08) Utilizar software, inclusive programas de edi\u00e7\u00e3o de texto, para editar e publicar os textos produzidos, explorando os recursos multissemi\u00f3ticos dispon\u00edveis.<\/td><\/tr><\/tbody><\/table><\/figure>\n\n\n\n<hr class=\"wp-block-separator\"\/>\n\n\n\n<p class=\"has-text-align-center\">Parceria da Funda\u00e7\u00e3o Lemann &#8211; Programa Vamos Aprender<\/p>\n\n\n\n<hr class=\"wp-block-separator\"\/>\n\n\n\n<p class=\"has-text-align-center\">Assista ao programa na \u00edntegra abaixo!<\/p>\n\n\n\n<figure class=\"wp-block-video\"><video controls src=\"https:\/\/player.vimeo.com\/external\/426301469.hd.mp4?s=7c998edef9655257ba272c3264c0fc42a320c028&amp;profile_id=175\"><\/video><\/figure>\n","protected":false},"author":14,"featured_media":4859,"template":"","ef_categoria":[13,20],"ef_ano":[],"ef_componente":[],"class_list":["post-4852","ensino_fundamental","type-ensino_fundamental","status-publish","has-post-thumbnail","hentry","ef_categoria-ciclo-da-infancia-abc","ef_categoria-etica-e-cidadania","entry","has-media"],"acf":[],"_links":{"self":[{"href":"https:\/\/sme.goiania.go.gov.br\/conexaoescola\/wp-json\/wp\/v2\/ensino_fundamental\/4852","targetHints":{"allow":["GET"]}}],"collection":[{"href":"https:\/\/sme.goiania.go.gov.br\/conexaoescola\/wp-json\/wp\/v2\/ensino_fundamental"}],"about":[{"href":"https:\/\/sme.goiania.go.gov.br\/conexaoescola\/wp-json\/wp\/v2\/types\/ensino_fundamental"}],"author":[{"embeddable":true,"href":"https:\/\/sme.goiania.go.gov.br\/conexaoescola\/wp-json\/wp\/v2\/users\/14"}],"version-history":[{"count":0,"href":"https:\/\/sme.goiania.go.gov.br\/conexaoescola\/wp-json\/wp\/v2\/ensino_fundamental\/4852\/revisions"}],"wp:featuredmedia":[{"embeddable":true,"href":"https:\/\/sme.goiania.go.gov.br\/conexaoescola\/wp-json\/wp\/v2\/media\/4859"}],"wp:attachment":[{"href":"https:\/\/sme.goiania.go.gov.br\/conexaoescola\/wp-json\/wp\/v2\/media?parent=4852"}],"wp:term":[{"taxonomy":"ef_categoria","embeddable":true,"href":"https:\/\/sme.goiania.go.gov.br\/conexaoescola\/wp-json\/wp\/v2\/ef_categoria?post=4852"},{"taxonomy":"ef_ano","embeddable":true,"href":"https:\/\/sme.goiania.go.gov.br\/conexaoescola\/wp-json\/wp\/v2\/ef_ano?post=4852"},{"taxonomy":"ef_componente","embeddable":true,"href":"https:\/\/sme.goiania.go.gov.br\/conexaoescola\/wp-json\/wp\/v2\/ef_componente?post=4852"}],"curies":[{"name":"wp","href":"https:\/\/api.w.org\/{rel}","templated":true}]}}

<p class="has-drop-cap has-medium-font-size">Olá pessoal! Como vocês estão?<br>Essa noite que passou, quando eu fui dormir, senti que estava com saudades dos meus amigos.<br>O que vocês fazem quando sentem saudades de alguém?<br>Sabe o que eu gosto de fazer? Eu gosto de lembrar momentos em que passamos juntos!<br>E já que estamos falando de amigos, eu lembrei de um vídeo de uma turma de amigos!<br>Essa é uma turma que adora uma biblioteca. Só fico imaginando o que eles aprontam por lá!<br>Nesse vídeo eles encontram um baú misterioso. Será que terão coragem de abrir?<br>E aí, vamos conferir o que essa turminha vai aprontar?<br>Entra vídeo Bons amigos: tipologia textual/criação textual</p>



<p class="has-text-color has-background has-text-align-center has-medium-font-size has-very-light-gray-color has-vivid-purple-background-color"><a href="http://www.multirio.rj.gov.br/index.php/interaja/multiclube/6a8/videos-irados/11172-bons-">http://www.multirio.rj.gov.br/index.php/interaja/multiclube/6a8/videos-irados/11172-bons-</a></p>



<hr class="wp-block-separator"/>



<p class="has-medium-font-size">E aí, você gostou do poema que a Jéssica leu? Ele foi escrito pela Roseana Murray, uma escritora que já escreveu diversos poemas para crianças.<br>Tive uma ideia! Que tal vocês escreverem um texto também?<br>Imagino que estejam com saudades dos amigos, então, que tal escrever um bilhete para eles?<br>Conte como você está se sentindo e o que tem feito nesses dias em casa. Depois, é só enviar!<br>Você pode enviar essa mensagem por e-mail, por mensagem de texto, com a ajuda de um adulto ou guardar e entregar pessoalmente quando puderem se encontrar!<br>Também existem outros tipos de texto que você pode produzir e entregar para alguém querido.<br>Quem sabe um poema? Ou talvez criar uma história?<br>Agora, vamos ver dois vídeos da turma do Vila Sésamo. Um sobre os poemas e outro sobre a criação de histórias!<br>Prontos?</p>



<figure class="wp-block-embed-youtube wp-block-embed is-type-video is-provider-youtube wp-embed-aspect-4-3 wp-has-aspect-ratio"><div class="wp-block-embed__wrapper">
<p class="responsive-video-wrap clr"><iframe title="Vila Sésamo - Poema" width="1200" height="900" src="https://www.youtube.com/embed/S6OnqoPdLRc?feature=oembed" frameborder="0" allow="accelerometer; autoplay; clipboard-write; encrypted-media; gyroscope; picture-in-picture" allowfullscreen></iframe></p>
</div><figcaption>&#8220;Vila Sésamo &#8211; Poema&#8221; &#8211; Canal: TV Cultura &#8211; Link: https://www.youtube.com/watch?v=S6OnqoPdLRc</figcaption></figure>



<figure class="wp-block-embed-youtube wp-block-embed is-type-video is-provider-youtube wp-embed-aspect-16-9 wp-has-aspect-ratio"><div class="wp-block-embed__wrapper">
<p class="responsive-video-wrap clr"><iframe title="Vamos Brincar de Histórias?" width="1200" height="675" src="https://www.youtube.com/embed/videoseries?list=PLIkaIuuyIt7C5vNhLJTs88j9MTL20Pxuk" frameborder="0" allow="accelerometer; autoplay; clipboard-write; encrypted-media; gyroscope; picture-in-picture" allowfullscreen></iframe></p>
</div><figcaption>&#8220;Vamos Brincar de Histórias?&#8221; &#8211; Canal: <br>Vila Sésamo &#8211; Link: https://www.youtube.com/watch?v=45NGjFBRSjs&amp;list=PLIkaIuuyIt7C5vNhLJTs88j9MTL20Pxuk&amp;index=2</figcaption></figure>



<hr class="wp-block-separator"/>



<p class="has-medium-font-size">E então? Gostaram dos vídeos?<br>Lembram do primeiro verso que o Garibaldo e a Bel criaram para o poema?<br>Quais as palavras que rimavam?<br>Esquisita com bonita! As duas terminam com ITA!<br>E sobre as histórias?<br>Vocês já repararam que nas brincadeiras a gente inventa uma porção de histórias?<br>Aposto que você já inventou muitas histórias no meio das brincadeiras, não é mesmo?<br>Falando em brincadeiras, você já pensou que podemos fazer bonecos de papelão? Não?<br>Então, fique de olho que vamos aprender um jeito muito bacana de confeccionar bonecos!</p>



<figure class="wp-block-embed-youtube wp-block-embed is-type-video is-provider-youtube wp-embed-aspect-16-9 wp-has-aspect-ratio"><div class="wp-block-embed__wrapper">
<p class="responsive-video-wrap clr"><iframe title="OFICINA 283 BONECO" width="1200" height="675" src="https://www.youtube.com/embed/R-1cO8UQrFM?feature=oembed" frameborder="0" allow="accelerometer; autoplay; clipboard-write; encrypted-media; gyroscope; picture-in-picture" allowfullscreen></iframe></p>
</div><figcaption>&#8220;OFICINA 283 BONECO&#8221; &#8211; Canal: Mundo da Leitura &#8211; Link: https://www.youtube.com/watch?v=R-1cO8UQrFM</figcaption></figure>



<hr class="wp-block-separator"/>



<p class="has-medium-font-size">Nossa, como eu estou animada para fazer o meu boneco!<br>Você conseguiu anotar todos os materiais?<br>Você vai precisar de:<br>3 pratinhos de festa<br>2 rolinhos de papel higiênico<br>2 rolinhos de alumínio</p>



<p class="has-medium-font-size">1 caixa de meia-dúzia de ovos<br>1 tampinha de garrafa pet<br>1 prendedor de metal para pasta martelo, prego, tesoura, agulha, barbante, fita, canetinhas, tinta guache e pincéis.<br>Ufa!<br>Só não se esqueçam de pedir ajuda para um adulto em casa para mexer no martelo e no prego!<br>Ao falar sobre brincadeiras e eu lembrei de novo dos meus amigos.<br>Você já ouviu a expressão Amigo do peito?<br>É que quando a gente tem um grande amigo, é como se ele morasse no nosso coração!<br>Você tem um amigo assim?<br>Ai, que saudade que me dá!</p>



<figure class="wp-block-embed-youtube wp-block-embed is-type-video is-provider-youtube wp-embed-aspect-16-9 wp-has-aspect-ratio"><div class="wp-block-embed__wrapper">
<p class="responsive-video-wrap clr"><iframe title="Amigos do Peito |  ZiS" width="1200" height="675" src="https://www.youtube.com/embed/videoseries?list=PLpS-jY4fB7cVImRWNq3lx4V9Fh6Zq16CO" frameborder="0" allow="accelerometer; autoplay; clipboard-write; encrypted-media; gyroscope; picture-in-picture" allowfullscreen></iframe></p>
</div><figcaption>&#8220;Amigos do Peito | ZiS&#8221; &#8211; Canal &#8211; Zis é o Canal &#8211; Link: https://www.youtube.com/watch?v=FY_FTl5ghPM&amp;list=PLpS-jY4fB7cVImRWNq3lx4V9Fh6Zq16CO</figcaption></figure>



<hr class="wp-block-separator"/>



<p class="has-medium-font-size">Por hoje é só pessoal!<br>Um beijo e até a próxima!</p>



<hr class="wp-block-separator"/>



<p class="has-medium-font-size"><strong>Atividade </strong></p>



<p class="has-medium-font-size">Imagino que estejam com saudades dos amigos, então que tal escrever um bilhete para eles? Conte como você está se sentindo e o que tem feito nesses dias em casa. Daí, depois, é só enviar.<br>Ah! Mas se não pode sair de casa, o que fazer? Já sei! Você pode enviar essa mensagem por e-mail, por mensagem de texto, com a ajuda dos seus pais ou ainda guardar e entregar pessoalmente quando puderem se encontrar!</p>



<hr class="wp-block-separator"/>



<figure class="wp-block-table alignwide"><table><tbody><tr><td>Componente Curricular</td><td>Língua Portuguesa</td></tr><tr><td>Habilidades</td><td>(EF15LP01) Identificar a função social de textos que circulam em campos da vida social dos quais participa cotidianamente (a casa, a rua, a comunidade, a escola) e nas mídias impressa, de massa e digital, reconhecendo para que foram produzidos, onde circulam, quem os produziu e a quem se destinam.<br>(EF15LP02) Estabelecer expectativas em relação ao texto que vai ler (pressuposições antecipadoras dos sentidos, da forma e da função social do texto), apoiando-se em seus conhecimentos prévios sobre as condições de produção e recepção desse texto, o gênero, o suporte e o universo temático, bem como sobre saliências textuais, recursos gráficos, imagens, dados da própria obra (índice, prefácio etc.), confirmando antecipações e inferências realizadas antes e durante a leitura de textos, checando a adequação das hipóteses realizadas.<br>(EF15LP05) Planejar, com a ajuda do professor, o texto que será produzido, considerando a situação comunicativa, os interlocutores (quem escreve/para quem escreve); a finalidade ou o propósito (escrever para quê); a circulação (onde o texto vai circular); o suporte (qual é o portador do texto); a linguagem, organização e forma do texto e seu tema, pesquisando em meios impressos ou digitais, sempre que for preciso, informações necessárias à produção do texto, organizando em tópicos os dados e as fontes pesquisadas.<br>(EF15LP08) Utilizar software, inclusive programas de edição de texto, para editar e publicar os textos produzidos, explorando os recursos multissemióticos disponíveis.</td></tr></tbody></table></figure>



<hr class="wp-block-separator"/>



<p class="has-text-align-center">Parceria da Fundação Lemann &#8211; Programa Vamos Aprender</p>



<hr class="wp-block-separator"/>



<p class="has-text-align-center">Assista ao programa na íntegra abaixo!</p>



<figure class="wp-block-video"><video controls src="https://player.vimeo.com/external/426301469.hd.mp4?s=7c998edef9655257ba272c3264c0fc42a320c028&amp;profile_id=175"></video></figure>
