{"id":4847,"date":"2020-09-28T07:00:00","date_gmt":"2020-09-28T10:00:00","guid":{"rendered":"http:\/\/sme.goiania.go.gov.br\/conexaoescola\/?post_type=ensino_fundamental&#038;p=4847"},"modified":"2020-09-22T13:29:54","modified_gmt":"2020-09-22T16:29:54","slug":"corona-virus-covid-19","status":"publish","type":"ensino_fundamental","link":"https:\/\/sme.goiania.go.gov.br\/conexaoescola\/ensino_fundamental\/corona-virus-covid-19\/","title":{"rendered":"Corona v\u00edrus (Covid-19"},"content":{"rendered":"\n<p class=\"has-drop-cap has-medium-font-size\">Ol\u00e1, tudo bem? Voc\u00ea j\u00e1 deve ter visto diversas not\u00edcias sobre a pandemia que estamos enfrentando devido \u00e0 infec\u00e7\u00e3o pelo novo Corona v\u00edrus. Temos enfrentado momentos dif\u00edceis e todo cuidado \u00e9 pouco. Convido voc\u00ea a conhecer uma pouco mais sobre esse assunto e aprender sobre alguns cuidados b\u00e1sicos e formas de preven\u00e7\u00e3o. O que acha?<\/p>\n\n\n\n<hr class=\"wp-block-separator\"\/>\n\n\n\n<p class=\"has-medium-font-size\"><strong>Atividade 1:&nbsp;<\/strong><\/p>\n\n\n\n<p class=\"has-text-color has-background has-medium-font-size has-very-light-gray-color has-vivid-cyan-blue-background-color\">Assista ao v\u00eddeo abaixo: Covid-19 Cuidados b\u00e1sicos para preven\u00e7\u00e3o.Com ele voc\u00ea vai aprender um pouco sobre o v\u00edrus, sintomas e alguns cuidados para preven\u00e7\u00e3o.<\/p>\n\n\n\n<figure class=\"wp-block-embed-youtube wp-block-embed is-type-video is-provider-youtube wp-embed-aspect-16-9 wp-has-aspect-ratio\"><div class=\"wp-block-embed__wrapper\">\n<p class=\"responsive-video-wrap clr\"><iframe title=\"COVID-19 - Cuidados b\u00e1sicos para preven\u00e7\u00e3o.\" width=\"1200\" height=\"675\" src=\"https:\/\/www.youtube.com\/embed\/3dfzUp33Ugg?feature=oembed\" frameborder=\"0\" allow=\"accelerometer; autoplay; clipboard-write; encrypted-media; gyroscope; picture-in-picture\" allowfullscreen><\/iframe><\/p>\n<\/div><figcaption>https:\/\/www.youtube.com\/watch?v=3dfzUp33Ugg&amp;feature=youtu.be<\/figcaption><\/figure>\n\n\n\n<p class=\"has-medium-font-size\">\u00a0Pronto, agora que assistiu ao v\u00eddeo, que tal produzir um cartaz com as formas de preven\u00e7\u00e3o e principais sintomas? Legal n\u00e9? Use cartolina, papel pardo ou outro que tiver dispon\u00edvel em sua casa. Capriche em seu cartaz, deixo-o bem colorido. Depois \u00e9 hora de compartilhar com seus colegas e familiares. Lembrando que esse compartilhamento precisa ser virtual, uma vez que precisamos ficar em casa e evitar ser contaminado ou contaminar algu\u00e9m.<\/p>\n\n\n\n<p class=\"has-medium-font-size\"><strong>Atividade 2<\/strong><\/p>\n\n\n\n<p class=\"has-text-color has-background has-medium-font-size has-very-light-gray-color has-vivid-green-cyan-background-color\">Convido-lhe a ver outro v\u00eddeo. Agora, uma m\u00fasica muito legal, ela se chama: Lavar as m\u00e3os. Lhe convido a praticar a lavagem das m\u00e3os de maneira correta.<\/p>\n\n\n\n<figure class=\"wp-block-embed-youtube wp-block-embed is-type-video is-provider-youtube wp-embed-aspect-16-9 wp-has-aspect-ratio\"><div class=\"wp-block-embed__wrapper\">\n<p class=\"responsive-video-wrap clr\"><iframe title=\"Palavra Cantada | Lavar as M\u00e3os\" width=\"1200\" height=\"675\" src=\"https:\/\/www.youtube.com\/embed\/CaTXgmHyMSk?feature=oembed\" frameborder=\"0\" allow=\"accelerometer; autoplay; clipboard-write; encrypted-media; gyroscope; picture-in-picture\" allowfullscreen><\/iframe><\/p>\n<\/div><figcaption>Palavra Cantada | Lavar as M\u00e3os: https:\/\/www.youtube.com\/watch?v=CaTXgmHyMSk&amp;feature=youtu.be<\/figcaption><\/figure>\n\n\n\n<figure class=\"wp-block-image\"><img decoding=\"async\" src=\"https:\/\/lh4.googleusercontent.com\/NUHA7QVEzJdiko9mPZxiT2S4RpBErn3H7AlwcXbcPoyOBUP0GRKcU0A_MrPgj7eQULmWKpU47-vMAWTvSrFFtaTBBATQnSLhKbqU1s8D9ej9ItyG-LNz4wN0kjNlU7R7j8Zi8qI\" alt=\"https:\/\/nova-escola-producao.s3.amazonaws.com\/bRYAnHkW6FkSaqFzcE2wM6rTnMZpGHzAZgcccAAvEfn8DQnBuB27TDtk6rcn\/ce12mar23-c1-coronavirus-epidemias-rodrigo-damati-texto04.jpg\"\/><\/figure>\n\n\n\n<p class=\"has-medium-font-size\">Viu que legal? Agora tenho certeza que voc\u00ea est\u00e1 craque quanto \u00e0 lavagem das m\u00e3os. Quero fazer outra proposta, chame um adulto e pe\u00e7a para ele filmar voc\u00ea lavando as m\u00e3os, assim voc\u00ea poder\u00e1 ajudar um mont\u00e3o de pessoas. Depois do filme pronto, \u00e9 s\u00f3 compartilhar.<\/p>\n\n\n\n<hr class=\"wp-block-separator\"\/>\n\n\n\n<p><strong>Saiba Mais Refer\u00eancias:<\/strong><\/p>\n\n\n\n<div class=\"wp-block-columns is-layout-flex wp-container-core-columns-is-layout-9d6595d7 wp-block-columns-is-layout-flex\">\n<div class=\"wp-block-column is-layout-flow wp-block-column-is-layout-flow\">\n<figure class=\"wp-block-embed-youtube wp-block-embed is-type-video is-provider-youtube wp-embed-aspect-16-9 wp-has-aspect-ratio\"><div class=\"wp-block-embed__wrapper\">\n<p class=\"responsive-video-wrap clr\"><iframe title=\"COVID19: lavar as m\u00e3os\" width=\"1200\" height=\"675\" src=\"https:\/\/www.youtube.com\/embed\/2vQ3v9c5odY?feature=oembed\" frameborder=\"0\" allow=\"accelerometer; autoplay; clipboard-write; encrypted-media; gyroscope; picture-in-picture\" allowfullscreen><\/iframe><\/p>\n<\/div><figcaption><br>Explicatricks &#8220;COVID19: lavar as m\u00e3os&#8221;https:\/\/www.youtube.com\/watch?v=2vQ3v9c5odY<\/figcaption><\/figure>\n\n\n\n<hr class=\"wp-block-separator\"\/>\n<\/div>\n\n\n\n<div class=\"wp-block-column is-layout-flow wp-block-column-is-layout-flow\">\n<figure class=\"wp-block-embed-youtube wp-block-embed is-type-video is-provider-youtube wp-embed-aspect-16-9 wp-has-aspect-ratio\"><div class=\"wp-block-embed__wrapper\">\n<p class=\"responsive-video-wrap clr\"><iframe title=\"Palavra Cantada | Lavar as M\u00e3os\" width=\"1200\" height=\"675\" src=\"https:\/\/www.youtube.com\/embed\/CaTXgmHyMSk?feature=oembed\" frameborder=\"0\" allow=\"accelerometer; autoplay; clipboard-write; encrypted-media; gyroscope; picture-in-picture\" allowfullscreen><\/iframe><\/p>\n<\/div><\/figure>\n\n\n\n<p><a href=\"https:\/\/www.youtube.com\/channel\/UCGs6qb1ohFhDzeHbYeJlsAA\">Palavra Cantada Oficial<\/a>Palavra Cantada Oficialhttps:\/\/www.youtube.com\/watch?v=CaTXgmHyMSk&amp;feature=youtu.be<\/p>\n<\/div>\n\n\n\n<div class=\"wp-block-column is-layout-flow wp-block-column-is-layout-flow\">\n<figure class=\"wp-block-image size-large\"><img decoding=\"async\" src=\"https:\/\/nova-escola-producao.s3.amazonaws.com\/bRYAnHkW6FkSaqFzcE2wM6rTnMZpGHzAZgcccAAvEfn8DQnBuB27TDtk6rcn\/ce12mar23-c1-coronavirus-epidemias-rodrigo-damati-texto04.jpg\" alt=\"\"\/><figcaption><a href=\"about:blank\">https:\/\/nova-escola-producao.s3.amazonaws.com\/bRYAnHkW6FkSaqFzcE2wM6rTnMZpGHzAZgcccAAvEfn8DQnBuB27TDtk6rcn\/ce12mar23-c1-coronavirus-epidemias-rodrigo-damati-texto04.jpg<\/a> (acesso em 13 de agosto 2020)<br><br><br><\/figcaption><\/figure>\n\n\n\n<hr class=\"wp-block-separator\"\/>\n<\/div>\n<\/div>\n\n\n\n<hr class=\"wp-block-separator\"\/>\n\n\n\n<figure class=\"wp-block-table\"><table><tbody><tr><td>Objeto Conhecimento<\/td><td>Compreens\u00e3o em leitura:\u00a0<br>Situa\u00e7\u00e3o comunicativa, finalidade e o tema\/assunto do texto.<br>Planejamento de texto compartilhado:<br>Paragrafa\u00e7\u00e3o do texto com pontua\u00e7\u00e3o, coer\u00eancia e de acordo com o g\u00eanero e finalidade comunicativa.<br><\/td><\/tr><tr><td>Habilidades<\/td><td>(EF12LP04- A\/B\/C\/D) Ler e compreender, em colabora\u00e7\u00e3o com os colegas e com a ajuda do professor ou j\u00e1 com certa autonomia, listas, agendas, calend\u00e1rios avisos, convites, receitas, instru\u00e7\u00f5es de montagem (digitais ou impressos)dentre outros g\u00eaneros do campo da vida cotidiana, considerando a situa\u00e7\u00e3o comunicativa e o tema\/assunto do texto e relacionando sua forma de organiza\u00e7\u00e3o \u00e0 sua finalidade.<br>(EF01LP17) Planejar e produzir, em colabora\u00e7\u00e3o com os colegas e com a ajuda do professor, listas, agendas, calend\u00e1rios, avisos, convites, receitas instru\u00e7\u00f5es de montagem e legendas para \u00e1lbuns, fotos ou ilustra\u00e7\u00f5es ( digitais ou impressos), dentre outros g\u00eaneros do campo da vida cotidiana, considerando a situa\u00e7\u00e3o comunicativa e o tema\/assunto\/finalidade.<br><\/td><\/tr><tr><td>Proponentes\/ Professores:<\/td><td>Reinalda de Ara\u00fajo Almeida<\/td><\/tr><tr><td>Institui\u00e7\u00e3o Educacional:<\/td><td>Escola Municipal Bernardo \u00c9lis.<\/td><\/tr><tr><td>CRE:<\/td><td>Brasil Di Ramos Caiado<\/td><\/tr><\/tbody><\/table><\/figure>\n","protected":false},"author":24,"featured_media":4848,"template":"","ef_categoria":[13,18],"ef_ano":[],"ef_componente":[],"class_list":["post-4847","ensino_fundamental","type-ensino_fundamental","status-publish","has-post-thumbnail","hentry","ef_categoria-ciclo-da-infancia-abc","ef_categoria-educacao-ambiental-e-saude","entry","has-media"],"acf":[],"_links":{"self":[{"href":"https:\/\/sme.goiania.go.gov.br\/conexaoescola\/wp-json\/wp\/v2\/ensino_fundamental\/4847","targetHints":{"allow":["GET"]}}],"collection":[{"href":"https:\/\/sme.goiania.go.gov.br\/conexaoescola\/wp-json\/wp\/v2\/ensino_fundamental"}],"about":[{"href":"https:\/\/sme.goiania.go.gov.br\/conexaoescola\/wp-json\/wp\/v2\/types\/ensino_fundamental"}],"author":[{"embeddable":true,"href":"https:\/\/sme.goiania.go.gov.br\/conexaoescola\/wp-json\/wp\/v2\/users\/24"}],"version-history":[{"count":0,"href":"https:\/\/sme.goiania.go.gov.br\/conexaoescola\/wp-json\/wp\/v2\/ensino_fundamental\/4847\/revisions"}],"wp:featuredmedia":[{"embeddable":true,"href":"https:\/\/sme.goiania.go.gov.br\/conexaoescola\/wp-json\/wp\/v2\/media\/4848"}],"wp:attachment":[{"href":"https:\/\/sme.goiania.go.gov.br\/conexaoescola\/wp-json\/wp\/v2\/media?parent=4847"}],"wp:term":[{"taxonomy":"ef_categoria","embeddable":true,"href":"https:\/\/sme.goiania.go.gov.br\/conexaoescola\/wp-json\/wp\/v2\/ef_categoria?post=4847"},{"taxonomy":"ef_ano","embeddable":true,"href":"https:\/\/sme.goiania.go.gov.br\/conexaoescola\/wp-json\/wp\/v2\/ef_ano?post=4847"},{"taxonomy":"ef_componente","embeddable":true,"href":"https:\/\/sme.goiania.go.gov.br\/conexaoescola\/wp-json\/wp\/v2\/ef_componente?post=4847"}],"curies":[{"name":"wp","href":"https:\/\/api.w.org\/{rel}","templated":true}]}}

Corona vírus (Covid-19

<p class="has-drop-cap has-medium-font-size">Olá, tudo bem? Você já deve ter visto diversas notícias sobre a pandemia que estamos enfrentando devido à infecção pelo novo Corona vírus. Temos enfrentado momentos difíceis e todo cuidado é pouco. Convido você a conhecer uma pouco mais sobre esse assunto e aprender sobre alguns cuidados básicos e formas de prevenção. O que acha?</p>



<hr class="wp-block-separator"/>



<p class="has-medium-font-size"><strong>Atividade 1:&nbsp;</strong></p>



<p class="has-text-color has-background has-medium-font-size has-very-light-gray-color has-vivid-cyan-blue-background-color">Assista ao vídeo abaixo: Covid-19 Cuidados básicos para prevenção.Com ele você vai aprender um pouco sobre o vírus, sintomas e alguns cuidados para prevenção.</p>



<figure class="wp-block-embed-youtube wp-block-embed is-type-video is-provider-youtube wp-embed-aspect-16-9 wp-has-aspect-ratio"><div class="wp-block-embed__wrapper">
<p class="responsive-video-wrap clr"><iframe title="COVID-19 - Cuidados básicos para prevenção." width="1200" height="675" src="https://www.youtube.com/embed/3dfzUp33Ugg?feature=oembed" frameborder="0" allow="accelerometer; autoplay; clipboard-write; encrypted-media; gyroscope; picture-in-picture" allowfullscreen></iframe></p>
</div><figcaption>https://www.youtube.com/watch?v=3dfzUp33Ugg&amp;feature=youtu.be</figcaption></figure>



<p class="has-medium-font-size"> Pronto, agora que assistiu ao vídeo, que tal produzir um cartaz com as formas de prevenção e principais sintomas? Legal né? Use cartolina, papel pardo ou outro que tiver disponível em sua casa. Capriche em seu cartaz, deixo-o bem colorido. Depois é hora de compartilhar com seus colegas e familiares. Lembrando que esse compartilhamento precisa ser virtual, uma vez que precisamos ficar em casa e evitar ser contaminado ou contaminar alguém.</p>



<p class="has-medium-font-size"><strong>Atividade 2</strong></p>



<p class="has-text-color has-background has-medium-font-size has-very-light-gray-color has-vivid-green-cyan-background-color">Convido-lhe a ver outro vídeo. Agora, uma música muito legal, ela se chama: Lavar as mãos. Lhe convido a praticar a lavagem das mãos de maneira correta.</p>



<figure class="wp-block-embed-youtube wp-block-embed is-type-video is-provider-youtube wp-embed-aspect-16-9 wp-has-aspect-ratio"><div class="wp-block-embed__wrapper">
<p class="responsive-video-wrap clr"><iframe title="Palavra Cantada | Lavar as Mãos" width="1200" height="675" src="https://www.youtube.com/embed/CaTXgmHyMSk?feature=oembed" frameborder="0" allow="accelerometer; autoplay; clipboard-write; encrypted-media; gyroscope; picture-in-picture" allowfullscreen></iframe></p>
</div><figcaption>Palavra Cantada | Lavar as Mãos: https://www.youtube.com/watch?v=CaTXgmHyMSk&amp;feature=youtu.be</figcaption></figure>



<figure class="wp-block-image"><img decoding="async" src="https://lh4.googleusercontent.com/NUHA7QVEzJdiko9mPZxiT2S4RpBErn3H7AlwcXbcPoyOBUP0GRKcU0A_MrPgj7eQULmWKpU47-vMAWTvSrFFtaTBBATQnSLhKbqU1s8D9ej9ItyG-LNz4wN0kjNlU7R7j8Zi8qI" alt="https://nova-escola-producao.s3.amazonaws.com/bRYAnHkW6FkSaqFzcE2wM6rTnMZpGHzAZgcccAAvEfn8DQnBuB27TDtk6rcn/ce12mar23-c1-coronavirus-epidemias-rodrigo-damati-texto04.jpg"/></figure>



<p class="has-medium-font-size">Viu que legal? Agora tenho certeza que você está craque quanto à lavagem das mãos. Quero fazer outra proposta, chame um adulto e peça para ele filmar você lavando as mãos, assim você poderá ajudar um montão de pessoas. Depois do filme pronto, é só compartilhar.</p>



<hr class="wp-block-separator"/>



<p><strong>Saiba Mais Referências:</strong></p>



<div class="wp-block-columns is-layout-flex wp-container-core-columns-is-layout-9d6595d7 wp-block-columns-is-layout-flex">
<div class="wp-block-column is-layout-flow wp-block-column-is-layout-flow">
<figure class="wp-block-embed-youtube wp-block-embed is-type-video is-provider-youtube wp-embed-aspect-16-9 wp-has-aspect-ratio"><div class="wp-block-embed__wrapper">
<p class="responsive-video-wrap clr"><iframe title="COVID19: lavar as mãos" width="1200" height="675" src="https://www.youtube.com/embed/2vQ3v9c5odY?feature=oembed" frameborder="0" allow="accelerometer; autoplay; clipboard-write; encrypted-media; gyroscope; picture-in-picture" allowfullscreen></iframe></p>
</div><figcaption><br>Explicatricks &#8220;COVID19: lavar as mãos&#8221;https://www.youtube.com/watch?v=2vQ3v9c5odY</figcaption></figure>



<hr class="wp-block-separator"/>
</div>



<div class="wp-block-column is-layout-flow wp-block-column-is-layout-flow">
<figure class="wp-block-embed-youtube wp-block-embed is-type-video is-provider-youtube wp-embed-aspect-16-9 wp-has-aspect-ratio"><div class="wp-block-embed__wrapper">
<p class="responsive-video-wrap clr"><iframe title="Palavra Cantada | Lavar as Mãos" width="1200" height="675" src="https://www.youtube.com/embed/CaTXgmHyMSk?feature=oembed" frameborder="0" allow="accelerometer; autoplay; clipboard-write; encrypted-media; gyroscope; picture-in-picture" allowfullscreen></iframe></p>
</div></figure>



<p><a href="https://www.youtube.com/channel/UCGs6qb1ohFhDzeHbYeJlsAA">Palavra Cantada Oficial</a>Palavra Cantada Oficialhttps://www.youtube.com/watch?v=CaTXgmHyMSk&amp;feature=youtu.be</p>
</div>



<div class="wp-block-column is-layout-flow wp-block-column-is-layout-flow">
<figure class="wp-block-image size-large"><img decoding="async" src="https://nova-escola-producao.s3.amazonaws.com/bRYAnHkW6FkSaqFzcE2wM6rTnMZpGHzAZgcccAAvEfn8DQnBuB27TDtk6rcn/ce12mar23-c1-coronavirus-epidemias-rodrigo-damati-texto04.jpg" alt=""/><figcaption><a href="about:blank">https://nova-escola-producao.s3.amazonaws.com/bRYAnHkW6FkSaqFzcE2wM6rTnMZpGHzAZgcccAAvEfn8DQnBuB27TDtk6rcn/ce12mar23-c1-coronavirus-epidemias-rodrigo-damati-texto04.jpg</a> (acesso em 13 de agosto 2020)<br><br><br></figcaption></figure>



<hr class="wp-block-separator"/>
</div>
</div>



<hr class="wp-block-separator"/>



<figure class="wp-block-table"><table><tbody><tr><td>Objeto Conhecimento</td><td>Compreensão em leitura: <br>Situação comunicativa, finalidade e o tema/assunto do texto.<br>Planejamento de texto compartilhado:<br>Paragrafação do texto com pontuação, coerência e de acordo com o gênero e finalidade comunicativa.<br></td></tr><tr><td>Habilidades</td><td>(EF12LP04- A/B/C/D) Ler e compreender, em colaboração com os colegas e com a ajuda do professor ou já com certa autonomia, listas, agendas, calendários avisos, convites, receitas, instruções de montagem (digitais ou impressos)dentre outros gêneros do campo da vida cotidiana, considerando a situação comunicativa e o tema/assunto do texto e relacionando sua forma de organização à sua finalidade.<br>(EF01LP17) Planejar e produzir, em colaboração com os colegas e com a ajuda do professor, listas, agendas, calendários, avisos, convites, receitas instruções de montagem e legendas para álbuns, fotos ou ilustrações ( digitais ou impressos), dentre outros gêneros do campo da vida cotidiana, considerando a situação comunicativa e o tema/assunto/finalidade.<br></td></tr><tr><td>Proponentes/ Professores:</td><td>Reinalda de Araújo Almeida</td></tr><tr><td>Instituição Educacional:</td><td>Escola Municipal Bernardo Élis.</td></tr><tr><td>CRE:</td><td>Brasil Di Ramos Caiado</td></tr></tbody></table></figure>
