{"id":4844,"date":"2020-09-28T07:00:00","date_gmt":"2020-09-28T10:00:00","guid":{"rendered":"http:\/\/sme.goiania.go.gov.br\/conexaoescola\/?post_type=ensino_fundamental&#038;p=4844"},"modified":"2020-09-25T00:30:27","modified_gmt":"2020-09-25T03:30:27","slug":"figuras-geometricas","status":"publish","type":"ensino_fundamental","link":"https:\/\/sme.goiania.go.gov.br\/conexaoescola\/ensino_fundamental\/figuras-geometricas\/","title":{"rendered":"Figuras Geom\u00e9tricas"},"content":{"rendered":"\n<p class=\"has-drop-cap has-medium-font-size\">Ol\u00e1! Nesta aula voc\u00ea vai aprender um pouco sobre as Formas Geom\u00e9tricas Planas e Espaciais. Conhecer e saber nomear as figuras que fazem parte do nosso cotidiano. <\/p>\n\n\n\n<p class=\"has-text-color has-text-align-center has-medium-font-size has-luminous-vivid-orange-color\">Vamos l\u00e1?<\/p>\n\n\n\n<hr class=\"wp-block-separator\"\/>\n\n\n\n<p class=\"has-medium-font-size\"><strong>Atividade 1<\/strong> \u2013 Com a ajuda de um respons\u00e1vel, leia uma pequena parte da letra da m\u00fasica \u201cAquarela\u201d.&nbsp;<\/p>\n\n\n\n<hr class=\"wp-block-separator\"\/>\n\n\n\n<p class=\"has-medium-font-size\"><strong>Aquarela<\/strong><\/p>\n\n\n\n<p class=\"has-medium-font-size\"><a href=\"https:\/\/www.letras.com.br\/toquinho\">Toquinho (1983)<\/a><\/p>\n\n\n\n<p class=\"has-text-color has-medium-font-size has-vivid-red-color\">Numa folha qualquer<br>Eu desenho um sol amarelo<br><span class=\"has-inline-color has-vivid-cyan-blue-color\">E com cinco ou seis retas<br>\u00c9 f\u00e1cil fazer um castelo<\/span><br><span class=\"has-inline-color has-luminous-vivid-orange-color\">Com o l\u00e1pis em torno da m\u00e3o<br>E me dou uma luva<\/span><br><span class=\"has-inline-color has-vivid-green-cyan-color\">E se fa\u00e7o chover<br>Com dois riscos tenho um guarda chuva<\/span><br><span class=\"has-inline-color has-pale-cyan-blue-color\">Se um pinguinho de tinta<br>Cai num pedacinho azul do papel<\/span><br><span class=\"has-inline-color has-vivid-purple-color\">Num instante imagino<br>Uma linda gaivota a voar no c\u00e9u<\/span><br>Vai voando, <br>contornando a imensa curva norte sul<br><span class=\"has-inline-color has-vivid-cyan-blue-color\">Vou com ela viajando<br>Hava\u00ed, Pequim ou Istambul<\/span><br>Pinto um barco a vela,<br>Branco, navegando,<br>\u00c9 tanto c\u00e9u e mar num beijo azul<br><span class=\"has-inline-color has-vivid-green-cyan-color\">Entre as nuvens vem surgindo<br>Um lindo avi\u00e3o rosa e gren\u00e1<\/span><br><span class=\"has-inline-color has-vivid-purple-color\">Tudo em volta colorindo<br>Com suas luzes a piscar<\/span><br><span class=\"has-inline-color has-vivid-red-color\">Basta imaginar e ele est\u00e1 partindo,<br>Sereno, lindo,&#8230;<\/span><\/p>\n\n\n\n<p class=\"has-text-color has-background has-medium-font-size has-very-light-gray-color has-vivid-cyan-blue-background-color\"><strong>Atividade 2<\/strong> &#8211; Penso que deu vontade de conhecer toda a m\u00fasica. Voc\u00ea pode fazer isto acessando o Link abaixo:<\/p>\n\n\n\n<figure class=\"wp-block-embed-youtube wp-block-embed is-type-video is-provider-youtube wp-embed-aspect-16-9 wp-has-aspect-ratio\"><div class=\"wp-block-embed__wrapper\">\n<p class=\"responsive-video-wrap clr\"><iframe title=\"Toquinho - Aquarela\" width=\"1200\" height=\"675\" src=\"https:\/\/www.youtube.com\/embed\/xT8HIiFQ8Y0?feature=oembed\" frameborder=\"0\" allow=\"accelerometer; autoplay; clipboard-write; encrypted-media; gyroscope; picture-in-picture\" allowfullscreen><\/iframe><\/p>\n<\/div><figcaption>OUTUBE, Chico Vinicius VEVO. <strong>Music video by Toquinho performing Aquarela. (C) 1983 Universal Music Ltda<\/strong>. Dispon\u00edvel em: <a href=\"https:\/\/youtu.be\/xT8HIiFQ8Y0\">https:\/\/youtu.be\/xT8HIiFQ8Y0<\/a><\/figcaption><\/figure>\n\n\n\n<p class=\"has-text-color has-background has-medium-font-size has-very-light-gray-color has-vivid-green-cyan-background-color\"><strong>Atividade 3<\/strong> \u2013 Durante a m\u00fasica percebemos que aparecem v\u00e1rias figuras geom\u00e9tricas como: <strong><em>O C\u00edrculo, o ret\u00e2ngulo, tri\u00e2ngulo.<\/em><\/strong><\/p>\n\n\n\n<p class=\"has-medium-font-size\">Para saber mais sobre as Figuras Geom\u00e9tricas assista tamb\u00e9m aos v\u00eddeos: <\/p>\n\n\n\n<figure class=\"wp-block-embed-youtube wp-block-embed is-type-video is-provider-youtube wp-embed-aspect-16-9 wp-has-aspect-ratio\"><div class=\"wp-block-embed__wrapper\">\n<p class=\"responsive-video-wrap clr\"><iframe title=\"O Di\u00e1rio de Mika - As Formas\" width=\"1200\" height=\"675\" src=\"https:\/\/www.youtube.com\/embed\/co_p2-x9QJk?feature=oembed\" frameborder=\"0\" allow=\"accelerometer; autoplay; clipboard-write; encrypted-media; gyroscope; picture-in-picture\" allowfullscreen><\/iframe><\/p>\n<\/div><figcaption>\u201cO Di\u00e1rio de Mika &#8211; As Formas\u201d, dispon\u00edvel em <a href=\"https:\/\/youtu.be\/co_p2-x9QJk\">https:\/\/youtu.be\/co_p2-x9QJk<\/a><\/figcaption><\/figure>\n\n\n\n<figure class=\"wp-block-embed-youtube wp-block-embed is-type-video is-provider-youtube wp-embed-aspect-16-9 wp-has-aspect-ratio\"><div class=\"wp-block-embed__wrapper\">\n<p class=\"responsive-video-wrap clr\"><iframe title=\"Especial Os Pequerruchos Almanaque - Formas (c\u00edrculo, quadrado, tri\u00e2ngulo, ret\u00e2ngulo e oval)\" width=\"1200\" height=\"675\" src=\"https:\/\/www.youtube.com\/embed\/maSRnVnS93o?feature=oembed\" frameborder=\"0\" allow=\"accelerometer; autoplay; clipboard-write; encrypted-media; gyroscope; picture-in-picture\" allowfullscreen><\/iframe><\/p>\n<\/div><figcaption>\u201cEspecial Os Pequerruchos Almanaque &#8211; Formas (c\u00edrculo, quadrado, tri\u00e2ngulo, ret\u00e2ngulo e oval)\u201d, dispon\u00edvel em <a href=\"https:\/\/youtu.be\/maSRnVnS93o\">https:\/\/youtu.be\/maSRnVnS93o<\/a><\/figcaption><\/figure>\n\n\n\n<ul class=\"wp-block-list\"><li>Agora que voc\u00ea j\u00e1 assistiu aos v\u00eddeos, com a ajuda de um adulto vamos brincar de desenhar objetos usando as figuras geom\u00e9tricas? Pegue um papel, l\u00e1pis e borracha e vamos l\u00e1! Solte a imagina\u00e7\u00e3o.<\/li><\/ul>\n\n\n\n<p class=\"has-medium-font-size\"><strong>Atividade 4<\/strong> \u2013 <\/p>\n\n\n\n<p class=\"has-medium-font-size\">Crian\u00e7as, vamos acessar o link abaixo que mostra a diferen\u00e7a entre as figuras planas e espaciais e depois que estiver craque, observe em sua casa alguns objetos que s\u00e3o figuras espaciais.<\/p>\n\n\n\n<figure class=\"wp-block-embed-youtube wp-block-embed is-type-video is-provider-youtube wp-embed-aspect-16-9 wp-has-aspect-ratio\"><div class=\"wp-block-embed__wrapper\">\nhttps:\/\/www.youtube.com\/watch?v=LCoQ0fxipHI&#038;feature=youtu.be\n<\/div><figcaption><br>YOUTUBE, Professora Alda. <strong>FIGURAS PLANAS E ESPACIAIS (Diferen\u00e7as) [Prof. Alda]<\/strong>. Dispon\u00edvel em: &lt;https:\/\/youtu.be\/LCoQ0fxipHI<\/figcaption><\/figure>\n\n\n\n<hr class=\"wp-block-separator\"\/>\n\n\n\n<figure class=\"wp-block-table\"><table><tbody><tr><td>Saiba Mais \/Refer\u00eancias:<\/td><td>Aprenda as FORMAS GEOM\u00c9TRICAS com Pocoyo | V\u00eddeos Educativos para Crian\u00e7as<br><a href=\"https:\/\/youtu.be\/KlVflfqgy6c\">https:\/\/youtu.be\/KlVflfqgy6c<\/a><br><br>YOUTUBE, POCOYO em PORTUGU\u00caS BRASIL &#8211; Canal Oficial. <strong>Aprenda as FORMAS GEOM\u00c9TRICAS com Pocoyo<\/strong>. Dispon\u00edvel em: &lt;https:\/\/youtu.be\/KlVflfqgy6c&gt; Acessado em: 27 jun. 2020.&nbsp;<br><br><a href=\"https:\/\/www.letras.com.br\/toquinho\/aquarela\">https:\/\/www.letras.com.br\/toquinho\/aquarela<\/a><br><br>Petaxxon, Toquinho MPB. <strong>Aquarela<\/strong>. Dispon\u00edvel em: &lt;https:\/\/www.letras.com.br\/toquinho\/aquarela&gt; Acessado em: 27 jun. 2020.&nbsp;<br><br>Aprenda a desenhar usando somente as formas geom\u00e9tricas: <a href=\"https:\/\/youtu.be\/6WdbowJn8Fc\">https:\/\/youtu.be\/6WdbowJn8Fc<\/a><br>YOUTUBE, P\u00e1dua Bastos Desenhos. <strong>COMO DESENHAR S\u00d3 USANDO FORMAS GEOM\u00c9TRICAS &#8211; DESENHO DE CASTELO<\/strong>. Dispon\u00edvel em: &lt;https:\/\/youtu.be\/6WdbowJn8Fc&gt; Acessado em: 27 jun. 2020.<\/td><\/tr><tr><td>Objeto de Conhecimento<\/td><td><strong>Matem\u00e1tica<\/strong><br>Figuras geom\u00e9tricas espaciais.<br><strong>Arte<\/strong><br>Elementos da Linguagem: Elementos constitutivos das artes visuais.<\/td><\/tr><tr><td>Componente Curricular:<\/td><td>Matem\u00e1tica \/ Arte<\/td><\/tr><tr><td>Habilidades<\/td><td>(EF01MA14-A) Reconhecer figuras planas (ret\u00e2ngulo, quadrado, tri\u00e2ngulo e c\u00edrculo) presentes em desenhos apresentados em diferentes disposi\u00e7\u00f5es ou em contornos de faces de s\u00f3lidos geom\u00e9tricos em objetos do mundo f\u00edsico (casa, caixa, bolo) e materiais manipul\u00e1veis (blocos l\u00f3gicos).<br>(GO-EF01AR02-B) Conhecer os elementos constitutivos das artes visuais, como o ponto, a linha, a forma, a cor, o espa\u00e7o, os planos, a textura, explorando diferentes suportes, ferramentas, materiais e t\u00e9cnicas tradicionais e alternativas, como componentes fundamentais para a composi\u00e7\u00e3o e express\u00e3o art\u00edstica.<\/td><\/tr><tr><td>Proponentes\/ Professores:<\/td><td>Fabiane Rodrigues da Silva Felipe, Queila Farias de Castro, M\u00e1rcia de F\u00e1tima Pio, Thiago Simonini Silva.<\/td><\/tr><tr><td>Institui\u00e7\u00e3o Educacional:<\/td><td>Escola Municipal Waterloo Prudente<\/td><\/tr><tr><td>CRE:<\/td><td>Brasil Di Ramos Caiado<\/td><\/tr><\/tbody><\/table><\/figure>\n","protected":false},"author":22,"featured_media":4846,"template":"","ef_categoria":[13,19],"ef_ano":[],"ef_componente":[],"class_list":["post-4844","ensino_fundamental","type-ensino_fundamental","status-publish","has-post-thumbnail","hentry","ef_categoria-ciclo-da-infancia-abc","ef_categoria-educacao-financeira-e-empreendedorismo","entry","has-media"],"acf":[],"_links":{"self":[{"href":"https:\/\/sme.goiania.go.gov.br\/conexaoescola\/wp-json\/wp\/v2\/ensino_fundamental\/4844","targetHints":{"allow":["GET"]}}],"collection":[{"href":"https:\/\/sme.goiania.go.gov.br\/conexaoescola\/wp-json\/wp\/v2\/ensino_fundamental"}],"about":[{"href":"https:\/\/sme.goiania.go.gov.br\/conexaoescola\/wp-json\/wp\/v2\/types\/ensino_fundamental"}],"author":[{"embeddable":true,"href":"https:\/\/sme.goiania.go.gov.br\/conexaoescola\/wp-json\/wp\/v2\/users\/22"}],"version-history":[{"count":0,"href":"https:\/\/sme.goiania.go.gov.br\/conexaoescola\/wp-json\/wp\/v2\/ensino_fundamental\/4844\/revisions"}],"wp:featuredmedia":[{"embeddable":true,"href":"https:\/\/sme.goiania.go.gov.br\/conexaoescola\/wp-json\/wp\/v2\/media\/4846"}],"wp:attachment":[{"href":"https:\/\/sme.goiania.go.gov.br\/conexaoescola\/wp-json\/wp\/v2\/media?parent=4844"}],"wp:term":[{"taxonomy":"ef_categoria","embeddable":true,"href":"https:\/\/sme.goiania.go.gov.br\/conexaoescola\/wp-json\/wp\/v2\/ef_categoria?post=4844"},{"taxonomy":"ef_ano","embeddable":true,"href":"https:\/\/sme.goiania.go.gov.br\/conexaoescola\/wp-json\/wp\/v2\/ef_ano?post=4844"},{"taxonomy":"ef_componente","embeddable":true,"href":"https:\/\/sme.goiania.go.gov.br\/conexaoescola\/wp-json\/wp\/v2\/ef_componente?post=4844"}],"curies":[{"name":"wp","href":"https:\/\/api.w.org\/{rel}","templated":true}]}}

Figuras Geométricas

<p class="has-drop-cap has-medium-font-size">Olá! Nesta aula você vai aprender um pouco sobre as Formas Geométricas Planas e Espaciais. Conhecer e saber nomear as figuras que fazem parte do nosso cotidiano. </p>



<p class="has-text-color has-text-align-center has-medium-font-size has-luminous-vivid-orange-color">Vamos lá?</p>



<hr class="wp-block-separator"/>



<p class="has-medium-font-size"><strong>Atividade 1</strong> – Com a ajuda de um responsável, leia uma pequena parte da letra da música “Aquarela”.&nbsp;</p>



<hr class="wp-block-separator"/>



<p class="has-medium-font-size"><strong>Aquarela</strong></p>



<p class="has-medium-font-size"><a href="https://www.letras.com.br/toquinho">Toquinho (1983)</a></p>



<p class="has-text-color has-medium-font-size has-vivid-red-color">Numa folha qualquer<br>Eu desenho um sol amarelo<br><span class="has-inline-color has-vivid-cyan-blue-color">E com cinco ou seis retas<br>É fácil fazer um castelo</span><br><span class="has-inline-color has-luminous-vivid-orange-color">Com o lápis em torno da mão<br>E me dou uma luva</span><br><span class="has-inline-color has-vivid-green-cyan-color">E se faço chover<br>Com dois riscos tenho um guarda chuva</span><br><span class="has-inline-color has-pale-cyan-blue-color">Se um pinguinho de tinta<br>Cai num pedacinho azul do papel</span><br><span class="has-inline-color has-vivid-purple-color">Num instante imagino<br>Uma linda gaivota a voar no céu</span><br>Vai voando, <br>contornando a imensa curva norte sul<br><span class="has-inline-color has-vivid-cyan-blue-color">Vou com ela viajando<br>Havaí, Pequim ou Istambul</span><br>Pinto um barco a vela,<br>Branco, navegando,<br>É tanto céu e mar num beijo azul<br><span class="has-inline-color has-vivid-green-cyan-color">Entre as nuvens vem surgindo<br>Um lindo avião rosa e grená</span><br><span class="has-inline-color has-vivid-purple-color">Tudo em volta colorindo<br>Com suas luzes a piscar</span><br><span class="has-inline-color has-vivid-red-color">Basta imaginar e ele está partindo,<br>Sereno, lindo,&#8230;</span></p>



<p class="has-text-color has-background has-medium-font-size has-very-light-gray-color has-vivid-cyan-blue-background-color"><strong>Atividade 2</strong> &#8211; Penso que deu vontade de conhecer toda a música. Você pode fazer isto acessando o Link abaixo:</p>



<figure class="wp-block-embed-youtube wp-block-embed is-type-video is-provider-youtube wp-embed-aspect-16-9 wp-has-aspect-ratio"><div class="wp-block-embed__wrapper">
<p class="responsive-video-wrap clr"><iframe title="Toquinho - Aquarela" width="1200" height="675" src="https://www.youtube.com/embed/xT8HIiFQ8Y0?feature=oembed" frameborder="0" allow="accelerometer; autoplay; clipboard-write; encrypted-media; gyroscope; picture-in-picture" allowfullscreen></iframe></p>
</div><figcaption>OUTUBE, Chico Vinicius VEVO. <strong>Music video by Toquinho performing Aquarela. (C) 1983 Universal Music Ltda</strong>. Disponível em: <a href="https://youtu.be/xT8HIiFQ8Y0">https://youtu.be/xT8HIiFQ8Y0</a></figcaption></figure>



<p class="has-text-color has-background has-medium-font-size has-very-light-gray-color has-vivid-green-cyan-background-color"><strong>Atividade 3</strong> – Durante a música percebemos que aparecem várias figuras geométricas como: <strong><em>O Círculo, o retângulo, triângulo.</em></strong></p>



<p class="has-medium-font-size">Para saber mais sobre as Figuras Geométricas assista também aos vídeos: </p>



<figure class="wp-block-embed-youtube wp-block-embed is-type-video is-provider-youtube wp-embed-aspect-16-9 wp-has-aspect-ratio"><div class="wp-block-embed__wrapper">
<p class="responsive-video-wrap clr"><iframe title="O Diário de Mika - As Formas" width="1200" height="675" src="https://www.youtube.com/embed/co_p2-x9QJk?feature=oembed" frameborder="0" allow="accelerometer; autoplay; clipboard-write; encrypted-media; gyroscope; picture-in-picture" allowfullscreen></iframe></p>
</div><figcaption>“O Diário de Mika &#8211; As Formas”, disponível em <a href="https://youtu.be/co_p2-x9QJk">https://youtu.be/co_p2-x9QJk</a></figcaption></figure>



<figure class="wp-block-embed-youtube wp-block-embed is-type-video is-provider-youtube wp-embed-aspect-16-9 wp-has-aspect-ratio"><div class="wp-block-embed__wrapper">
<p class="responsive-video-wrap clr"><iframe title="Especial Os Pequerruchos Almanaque - Formas (círculo, quadrado, triângulo, retângulo e oval)" width="1200" height="675" src="https://www.youtube.com/embed/maSRnVnS93o?feature=oembed" frameborder="0" allow="accelerometer; autoplay; clipboard-write; encrypted-media; gyroscope; picture-in-picture" allowfullscreen></iframe></p>
</div><figcaption>“Especial Os Pequerruchos Almanaque &#8211; Formas (círculo, quadrado, triângulo, retângulo e oval)”, disponível em <a href="https://youtu.be/maSRnVnS93o">https://youtu.be/maSRnVnS93o</a></figcaption></figure>



<ul class="wp-block-list"><li>Agora que você já assistiu aos vídeos, com a ajuda de um adulto vamos brincar de desenhar objetos usando as figuras geométricas? Pegue um papel, lápis e borracha e vamos lá! Solte a imaginação.</li></ul>



<p class="has-medium-font-size"><strong>Atividade 4</strong> – </p>



<p class="has-medium-font-size">Crianças, vamos acessar o link abaixo que mostra a diferença entre as figuras planas e espaciais e depois que estiver craque, observe em sua casa alguns objetos que são figuras espaciais.</p>



<figure class="wp-block-embed-youtube wp-block-embed is-type-video is-provider-youtube wp-embed-aspect-16-9 wp-has-aspect-ratio"><div class="wp-block-embed__wrapper">
https://www.youtube.com/watch?v=LCoQ0fxipHI&#038;feature=youtu.be
</div><figcaption><br>YOUTUBE, Professora Alda. <strong>FIGURAS PLANAS E ESPACIAIS (Diferenças) [Prof. Alda]</strong>. Disponível em: &lt;https://youtu.be/LCoQ0fxipHI</figcaption></figure>



<hr class="wp-block-separator"/>



<figure class="wp-block-table"><table><tbody><tr><td>Saiba Mais /Referências:</td><td>Aprenda as FORMAS GEOMÉTRICAS com Pocoyo | Vídeos Educativos para Crianças<br><a href="https://youtu.be/KlVflfqgy6c">https://youtu.be/KlVflfqgy6c</a><br><br>YOUTUBE, POCOYO em PORTUGUÊS BRASIL &#8211; Canal Oficial. <strong>Aprenda as FORMAS GEOMÉTRICAS com Pocoyo</strong>. Disponível em: &lt;https://youtu.be/KlVflfqgy6c&gt; Acessado em: 27 jun. 2020.&nbsp;<br><br><a href="https://www.letras.com.br/toquinho/aquarela">https://www.letras.com.br/toquinho/aquarela</a><br><br>Petaxxon, Toquinho MPB. <strong>Aquarela</strong>. Disponível em: &lt;https://www.letras.com.br/toquinho/aquarela&gt; Acessado em: 27 jun. 2020.&nbsp;<br><br>Aprenda a desenhar usando somente as formas geométricas: <a href="https://youtu.be/6WdbowJn8Fc">https://youtu.be/6WdbowJn8Fc</a><br>YOUTUBE, Pádua Bastos Desenhos. <strong>COMO DESENHAR SÓ USANDO FORMAS GEOMÉTRICAS &#8211; DESENHO DE CASTELO</strong>. Disponível em: &lt;https://youtu.be/6WdbowJn8Fc&gt; Acessado em: 27 jun. 2020.</td></tr><tr><td>Objeto de Conhecimento</td><td><strong>Matemática</strong><br>Figuras geométricas espaciais.<br><strong>Arte</strong><br>Elementos da Linguagem: Elementos constitutivos das artes visuais.</td></tr><tr><td>Componente Curricular:</td><td>Matemática / Arte</td></tr><tr><td>Habilidades</td><td>(EF01MA14-A) Reconhecer figuras planas (retângulo, quadrado, triângulo e círculo) presentes em desenhos apresentados em diferentes disposições ou em contornos de faces de sólidos geométricos em objetos do mundo físico (casa, caixa, bolo) e materiais manipuláveis (blocos lógicos).<br>(GO-EF01AR02-B) Conhecer os elementos constitutivos das artes visuais, como o ponto, a linha, a forma, a cor, o espaço, os planos, a textura, explorando diferentes suportes, ferramentas, materiais e técnicas tradicionais e alternativas, como componentes fundamentais para a composição e expressão artística.</td></tr><tr><td>Proponentes/ Professores:</td><td>Fabiane Rodrigues da Silva Felipe, Queila Farias de Castro, Márcia de Fátima Pio, Thiago Simonini Silva.</td></tr><tr><td>Instituição Educacional:</td><td>Escola Municipal Waterloo Prudente</td></tr><tr><td>CRE:</td><td>Brasil Di Ramos Caiado</td></tr></tbody></table></figure>
