{"id":4617,"date":"2020-09-21T07:00:00","date_gmt":"2020-09-21T10:00:00","guid":{"rendered":"http:\/\/sme.goiania.go.gov.br\/conexaoescola\/?post_type=ensino_fundamental&#038;p=4617"},"modified":"2020-09-21T16:14:30","modified_gmt":"2020-09-21T19:14:30","slug":"terra-nosso-planeta","status":"publish","type":"ensino_fundamental","link":"https:\/\/sme.goiania.go.gov.br\/conexaoescola\/ensino_fundamental\/terra-nosso-planeta\/","title":{"rendered":"Terra: Nosso planeta"},"content":{"rendered":"\n<p class=\"has-drop-cap has-medium-font-size\">Ol\u00e1, tudo bem? Hoje iremos aprender um pouco mais sobre o nosso planeta, a Terra. Estudar sobre seu formato esf\u00e9rico, a presen\u00e7a de \u00e1gua, solo etc.<\/p>\n\n\n\n<p><strong>Atividade 1<\/strong><strong>&nbsp;<\/strong><\/p>\n\n\n\n<p class=\"has-text-color has-medium-font-size has-vivid-red-color\">VOC\u00ca SABIA??<\/p>\n\n\n\n<p class=\"has-text-color has-medium-font-size has-very-dark-gray-color\">O&nbsp;planeta Terra&nbsp;\u00e9 o terceiro planeta mais pr\u00f3ximo do Sol e um dos oito planetas que formam o Sistema Solar, na gal\u00e1xia conhecida como Via L\u00e1ctea.<\/p>\n\n\n\n<p class=\"has-medium-font-size\">Para que a vida no planeta Terra seja poss\u00edvel, existem algumas condi\u00e7\u00f5es necess\u00e1rias como a presen\u00e7a da atmosfera e de \u00e1gua em estado l\u00edquido. Al\u00e9m de uma boa dist\u00e2ncia do Sol, o que faz com que a Terra seja um lugar quentinho para podermos viver.<\/p>\n\n\n\n<p class=\"has-text-color has-medium-font-size has-luminous-vivid-orange-color\">Vamos assistir a um v\u00eddeo que fala sobre as caracter\u00edsticas da Terra.<\/p>\n\n\n\n<figure class=\"wp-block-embed-youtube wp-block-embed is-type-video is-provider-youtube wp-embed-aspect-16-9 wp-has-aspect-ratio\"><div class=\"wp-block-embed__wrapper\">\n<p class=\"responsive-video-wrap clr\"><iframe title=\"Astronomia para crian\u00e7as - Planeta Terra\" width=\"1200\" height=\"675\" src=\"https:\/\/www.youtube.com\/embed\/Hmj8ls6BGIU?feature=oembed\" frameborder=\"0\" allow=\"accelerometer; autoplay; clipboard-write; encrypted-media; gyroscope; picture-in-picture\" allowfullscreen><\/iframe><\/p>\n<\/div><figcaption>Astronomia para crian\u00e7as- Planeta Terra &#8211; Canal: My Little Kids BR &#8211; Link: Astronomia para crian\u00e7as &#8211; Planeta Terra<\/figcaption><\/figure>\n\n\n\n<hr class=\"wp-block-separator\"\/>\n\n\n\n<p class=\"has-medium-font-size\"><strong>Atividade 2<\/strong><\/p>\n\n\n\n<p class=\"has-medium-font-size\">Vamos assistir o v\u00eddeo abaixo e ver como podemos fazer para manter o nosso planeta saud\u00e1vel?<\/p>\n\n\n\n<figure class=\"wp-block-embed-youtube wp-block-embed is-type-video is-provider-youtube wp-embed-aspect-16-9 wp-has-aspect-ratio\"><div class=\"wp-block-embed__wrapper\">\n<p class=\"responsive-video-wrap clr\"><iframe title=\"Planeta Terra e a Humanidade Anima\u00e7\u00e3o linda | Piano M\u00fasica Instrumental Sem Direitos Autorais\" width=\"1200\" height=\"675\" src=\"https:\/\/www.youtube.com\/embed\/CVzZty1GCic?feature=oembed\" frameborder=\"0\" allow=\"accelerometer; autoplay; clipboard-write; encrypted-media; gyroscope; picture-in-picture\" allowfullscreen><\/iframe><\/p>\n<\/div><figcaption>&#8220;Planeta Terra e a Humanidade Anima\u00e7\u00e3o linda | Piano M\u00fasica Instrumental Sem Direitos Autorais&#8221; &#8211; Canal: Ohm Heart Music &#8211; Link: https:\/\/youtu.be\/CVzZty1GCic<\/figcaption><\/figure>\n\n\n\n<hr class=\"wp-block-separator\"\/>\n\n\n\n<p class=\"has-medium-font-size\">VAMOS CONVERSAR SOBRE O V\u00cdDEO<\/p>\n\n\n\n<p class=\"has-medium-font-size\">O planeta Terra acolheu um personagem no v\u00eddeo. Como ele se comportou com a Terra? Quais foram as a\u00e7\u00f5es dele? Voc\u00ea agiria de forma diferente? Que a\u00e7\u00f5es voc\u00ea teria? Converse em casa e fa\u00e7a um registro no caderno.<\/p>\n\n\n\n<hr class=\"wp-block-separator\"\/>\n\n\n\n<p class=\"has-medium-font-size\"><strong>Atividade 3<\/strong><\/p>\n\n\n\n<p class=\"has-medium-font-size\">Podemos representar a terra de diversas formas, assista aos v\u00eddeos abaixo e entenda como podemos representar a Terra nas diferentes formas e mapas.<\/p>\n\n\n\n<figure class=\"wp-block-embed-youtube wp-block-embed is-type-video is-provider-youtube wp-embed-aspect-16-9 wp-has-aspect-ratio\"><div class=\"wp-block-embed__wrapper\">\n<p class=\"responsive-video-wrap clr\"><iframe title=\"Mapas do Mundo: Mapa F\u00edsico e Mapa Pol\u00edtico | V\u00eddeos Educativos para Crian\u00e7as\" width=\"1200\" height=\"675\" src=\"https:\/\/www.youtube.com\/embed\/zt6mvqaD3TM?feature=oembed\" frameborder=\"0\" allow=\"accelerometer; autoplay; clipboard-write; encrypted-media; gyroscope; picture-in-picture\" allowfullscreen><\/iframe><\/p>\n<\/div><figcaption>&#8220;Mapas do Mundo: Mapa F\u00edsico e Mapa Pol\u00edtico | V\u00eddeos Educativos para Crian\u00e7as&#8221; &#8211; Canal: <br>Aula365 &#8211; Brasil &#8211; Link: https:\/\/youtu.be\/zt6mvqaD3TM<\/figcaption><\/figure>\n\n\n\n<figure class=\"wp-block-embed-youtube wp-block-embed is-type-video is-provider-youtube wp-embed-aspect-16-9 wp-has-aspect-ratio\"><div class=\"wp-block-embed__wrapper\">\n<p class=\"responsive-video-wrap clr\"><iframe title=\"Mapas do Mundo: Mapa F\u00edsico e Mapa Pol\u00edtico (Parte 2) | V\u00eddeos Educativos para Crian\u00e7as\" width=\"1200\" height=\"675\" src=\"https:\/\/www.youtube.com\/embed\/zlkRUxOiq2Y?feature=oembed\" frameborder=\"0\" allow=\"accelerometer; autoplay; clipboard-write; encrypted-media; gyroscope; picture-in-picture\" allowfullscreen><\/iframe><\/p>\n<\/div><figcaption>&#8220;Mapas do Mundo: Mapa F\u00edsico e Mapa Pol\u00edtico (Parte 2) | V\u00eddeos Educativos para Crian\u00e7as&#8221; &#8211; Canal: Aula365 &#8211; Brasil &#8211; Link: https:\/\/youtu.be\/zlkRUxOiq2Y<\/figcaption><\/figure>\n\n\n\n<hr class=\"wp-block-separator\"\/>\n\n\n\n<p class=\"has-medium-font-size\"><strong>Atividade 4<\/strong><\/p>\n\n\n\n<p class=\"has-medium-font-size\">A sugest\u00e3o \u00e9 fazer um pequeno cartaz com uma folha em branco, tesoura sem ponta, cola e revistas ou panfletos e fazer uma colagem com gravuras de como podemos ajudar o planeta Terra a se reconstruir.<\/p>\n\n\n\n<p class=\"has-text-color has-medium-font-size has-luminous-vivid-orange-color\">BOM TRABALHO!<\/p>\n\n\n\n<figure class=\"wp-block-table alignwide\"><table><tbody><tr><td>Saiba Mais | Refer\u00eancias:<br>Por que o nosso Planeta Terra \u00e9 azul?&nbsp;<a href=\"https:\/\/www.youtube.com\/watch?v=JvSOLL9dvt4\">https:\/\/www.youtube.com\/watch?v=JvSOLL9dvt4<\/a><br>A hist\u00f3ria do nosso planeta: <a href=\"https:\/\/www.youtube.com\/watch?v=eK2IO1h-fl4\">https:\/\/www.youtube.com\/watch?v=eK2IO1h-fl4<\/a><\/td><\/tr><\/tbody><\/table><\/figure>\n\n\n\n<figure class=\"wp-block-table alignwide\"><table><tbody><tr><td>Objeto de Conhecimento<\/td><td>Caracter\u00edsticas da Terra: Forma da Terra;Representa\u00e7\u00f5es do planeta.<\/td><\/tr><tr><td>Habilidades<\/td><td>EF03CI07&nbsp;: Identificar caracter\u00edsticas da Terra (como seu formato esf\u00e9rico, a presen\u00e7a de \u00e1gua, solo etc.), com base na observa\u00e7\u00e3o, manipula\u00e7\u00e3o e compara\u00e7\u00e3o de diferentes formas de representa\u00e7\u00e3o do planeta (mapas, globos, fotografias etc.).<\/td><\/tr><\/tbody><\/table><\/figure>\n\n\n\n<p><\/p>\n","protected":false},"author":14,"featured_media":4698,"template":"","ef_categoria":[13,18],"ef_ano":[],"ef_componente":[],"class_list":["post-4617","ensino_fundamental","type-ensino_fundamental","status-publish","has-post-thumbnail","hentry","ef_categoria-ciclo-da-infancia-abc","ef_categoria-educacao-ambiental-e-saude","entry","has-media"],"acf":[],"_links":{"self":[{"href":"https:\/\/sme.goiania.go.gov.br\/conexaoescola\/wp-json\/wp\/v2\/ensino_fundamental\/4617","targetHints":{"allow":["GET"]}}],"collection":[{"href":"https:\/\/sme.goiania.go.gov.br\/conexaoescola\/wp-json\/wp\/v2\/ensino_fundamental"}],"about":[{"href":"https:\/\/sme.goiania.go.gov.br\/conexaoescola\/wp-json\/wp\/v2\/types\/ensino_fundamental"}],"author":[{"embeddable":true,"href":"https:\/\/sme.goiania.go.gov.br\/conexaoescola\/wp-json\/wp\/v2\/users\/14"}],"version-history":[{"count":0,"href":"https:\/\/sme.goiania.go.gov.br\/conexaoescola\/wp-json\/wp\/v2\/ensino_fundamental\/4617\/revisions"}],"wp:featuredmedia":[{"embeddable":true,"href":"https:\/\/sme.goiania.go.gov.br\/conexaoescola\/wp-json\/wp\/v2\/media\/4698"}],"wp:attachment":[{"href":"https:\/\/sme.goiania.go.gov.br\/conexaoescola\/wp-json\/wp\/v2\/media?parent=4617"}],"wp:term":[{"taxonomy":"ef_categoria","embeddable":true,"href":"https:\/\/sme.goiania.go.gov.br\/conexaoescola\/wp-json\/wp\/v2\/ef_categoria?post=4617"},{"taxonomy":"ef_ano","embeddable":true,"href":"https:\/\/sme.goiania.go.gov.br\/conexaoescola\/wp-json\/wp\/v2\/ef_ano?post=4617"},{"taxonomy":"ef_componente","embeddable":true,"href":"https:\/\/sme.goiania.go.gov.br\/conexaoescola\/wp-json\/wp\/v2\/ef_componente?post=4617"}],"curies":[{"name":"wp","href":"https:\/\/api.w.org\/{rel}","templated":true}]}}

<p class="has-drop-cap has-medium-font-size">Olá, tudo bem? Hoje iremos aprender um pouco mais sobre o nosso planeta, a Terra. Estudar sobre seu formato esférico, a presença de água, solo etc.</p>



<p><strong>Atividade 1</strong><strong>&nbsp;</strong></p>



<p class="has-text-color has-medium-font-size has-vivid-red-color">VOCÊ SABIA??</p>



<p class="has-text-color has-medium-font-size has-very-dark-gray-color">O&nbsp;planeta Terra&nbsp;é o terceiro planeta mais próximo do Sol e um dos oito planetas que formam o Sistema Solar, na galáxia conhecida como Via Láctea.</p>



<p class="has-medium-font-size">Para que a vida no planeta Terra seja possível, existem algumas condições necessárias como a presença da atmosfera e de água em estado líquido. Além de uma boa distância do Sol, o que faz com que a Terra seja um lugar quentinho para podermos viver.</p>



<p class="has-text-color has-medium-font-size has-luminous-vivid-orange-color">Vamos assistir a um vídeo que fala sobre as características da Terra.</p>



<figure class="wp-block-embed-youtube wp-block-embed is-type-video is-provider-youtube wp-embed-aspect-16-9 wp-has-aspect-ratio"><div class="wp-block-embed__wrapper">
<p class="responsive-video-wrap clr"><iframe title="Astronomia para crianças - Planeta Terra" width="1200" height="675" src="https://www.youtube.com/embed/Hmj8ls6BGIU?feature=oembed" frameborder="0" allow="accelerometer; autoplay; clipboard-write; encrypted-media; gyroscope; picture-in-picture" allowfullscreen></iframe></p>
</div><figcaption>Astronomia para crianças- Planeta Terra &#8211; Canal: My Little Kids BR &#8211; Link: Astronomia para crianças &#8211; Planeta Terra</figcaption></figure>



<hr class="wp-block-separator"/>



<p class="has-medium-font-size"><strong>Atividade 2</strong></p>



<p class="has-medium-font-size">Vamos assistir o vídeo abaixo e ver como podemos fazer para manter o nosso planeta saudável?</p>



<figure class="wp-block-embed-youtube wp-block-embed is-type-video is-provider-youtube wp-embed-aspect-16-9 wp-has-aspect-ratio"><div class="wp-block-embed__wrapper">
<p class="responsive-video-wrap clr"><iframe title="Planeta Terra e a Humanidade Animação linda | Piano Música Instrumental Sem Direitos Autorais" width="1200" height="675" src="https://www.youtube.com/embed/CVzZty1GCic?feature=oembed" frameborder="0" allow="accelerometer; autoplay; clipboard-write; encrypted-media; gyroscope; picture-in-picture" allowfullscreen></iframe></p>
</div><figcaption>&#8220;Planeta Terra e a Humanidade Animação linda | Piano Música Instrumental Sem Direitos Autorais&#8221; &#8211; Canal: Ohm Heart Music &#8211; Link: https://youtu.be/CVzZty1GCic</figcaption></figure>



<hr class="wp-block-separator"/>



<p class="has-medium-font-size">VAMOS CONVERSAR SOBRE O VÍDEO</p>



<p class="has-medium-font-size">O planeta Terra acolheu um personagem no vídeo. Como ele se comportou com a Terra? Quais foram as ações dele? Você agiria de forma diferente? Que ações você teria? Converse em casa e faça um registro no caderno.</p>



<hr class="wp-block-separator"/>



<p class="has-medium-font-size"><strong>Atividade 3</strong></p>



<p class="has-medium-font-size">Podemos representar a terra de diversas formas, assista aos vídeos abaixo e entenda como podemos representar a Terra nas diferentes formas e mapas.</p>



<figure class="wp-block-embed-youtube wp-block-embed is-type-video is-provider-youtube wp-embed-aspect-16-9 wp-has-aspect-ratio"><div class="wp-block-embed__wrapper">
<p class="responsive-video-wrap clr"><iframe title="Mapas do Mundo: Mapa Físico e Mapa Político | Vídeos Educativos para Crianças" width="1200" height="675" src="https://www.youtube.com/embed/zt6mvqaD3TM?feature=oembed" frameborder="0" allow="accelerometer; autoplay; clipboard-write; encrypted-media; gyroscope; picture-in-picture" allowfullscreen></iframe></p>
</div><figcaption>&#8220;Mapas do Mundo: Mapa Físico e Mapa Político | Vídeos Educativos para Crianças&#8221; &#8211; Canal: <br>Aula365 &#8211; Brasil &#8211; Link: https://youtu.be/zt6mvqaD3TM</figcaption></figure>



<figure class="wp-block-embed-youtube wp-block-embed is-type-video is-provider-youtube wp-embed-aspect-16-9 wp-has-aspect-ratio"><div class="wp-block-embed__wrapper">
<p class="responsive-video-wrap clr"><iframe title="Mapas do Mundo: Mapa Físico e Mapa Político (Parte 2) | Vídeos Educativos para Crianças" width="1200" height="675" src="https://www.youtube.com/embed/zlkRUxOiq2Y?feature=oembed" frameborder="0" allow="accelerometer; autoplay; clipboard-write; encrypted-media; gyroscope; picture-in-picture" allowfullscreen></iframe></p>
</div><figcaption>&#8220;Mapas do Mundo: Mapa Físico e Mapa Político (Parte 2) | Vídeos Educativos para Crianças&#8221; &#8211; Canal: Aula365 &#8211; Brasil &#8211; Link: https://youtu.be/zlkRUxOiq2Y</figcaption></figure>



<hr class="wp-block-separator"/>



<p class="has-medium-font-size"><strong>Atividade 4</strong></p>



<p class="has-medium-font-size">A sugestão é fazer um pequeno cartaz com uma folha em branco, tesoura sem ponta, cola e revistas ou panfletos e fazer uma colagem com gravuras de como podemos ajudar o planeta Terra a se reconstruir.</p>



<p class="has-text-color has-medium-font-size has-luminous-vivid-orange-color">BOM TRABALHO!</p>



<figure class="wp-block-table alignwide"><table><tbody><tr><td>Saiba Mais | Referências:<br>Por que o nosso Planeta Terra é azul?&nbsp;<a href="https://www.youtube.com/watch?v=JvSOLL9dvt4">https://www.youtube.com/watch?v=JvSOLL9dvt4</a><br>A história do nosso planeta: <a href="https://www.youtube.com/watch?v=eK2IO1h-fl4">https://www.youtube.com/watch?v=eK2IO1h-fl4</a></td></tr></tbody></table></figure>



<figure class="wp-block-table alignwide"><table><tbody><tr><td>Objeto de Conhecimento</td><td>Características da Terra: Forma da Terra;Representações do planeta.</td></tr><tr><td>Habilidades</td><td>EF03CI07&nbsp;: Identificar características da Terra (como seu formato esférico, a presença de água, solo etc.), com base na observação, manipulação e comparação de diferentes formas de representação do planeta (mapas, globos, fotografias etc.).</td></tr></tbody></table></figure>



<p></p>
