{"id":4594,"date":"2020-09-21T07:00:00","date_gmt":"2020-09-21T10:00:00","guid":{"rendered":"http:\/\/sme.goiania.go.gov.br\/conexaoescola\/?post_type=ensino_fundamental&#038;p=4594"},"modified":"2020-09-21T10:39:15","modified_gmt":"2020-09-21T13:39:15","slug":"agua-como-e-por-que-economizar","status":"publish","type":"ensino_fundamental","link":"https:\/\/sme.goiania.go.gov.br\/conexaoescola\/ensino_fundamental\/agua-como-e-por-que-economizar\/","title":{"rendered":"\u00c1gua, como e por que economizar?"},"content":{"rendered":"\n<p class=\"has-drop-cap has-medium-font-size\">Ol\u00e1, tudo bem com voc\u00ea? Hoje vamos aprender um<br>pouco sobre a \u00e1gua, voc\u00ea j\u00e1 sabe como economizar<br>ao m\u00e1ximo o uso da \u00e1gua? Sabe o quanto ela \u00e9<br>importante para nossa sobreviv\u00eancia? Ent\u00e3o, vamos<br>descobrir juntos.<\/p>\n\n\n\n<p class=\"has-text-color has-background has-medium-font-size has-very-light-gray-color has-light-green-cyan-background-color\"><strong>Atividade 1:<\/strong><br>Assista ao v\u00eddeo sobre a import\u00e2ncia da \u00e1gua.<\/p>\n\n\n\n<figure class=\"wp-block-embed-youtube wp-block-embed is-type-video is-provider-youtube wp-embed-aspect-16-9 wp-has-aspect-ratio\"><div class=\"wp-block-embed__wrapper\">\n<p class=\"responsive-video-wrap clr\"><iframe title=\"A import\u00e2ncia da \u00e1gua - Cartilha Planeta \u00c1gua [com legendas]\" width=\"1200\" height=\"675\" src=\"https:\/\/www.youtube.com\/embed\/HQYbLX7ieYo?feature=oembed\" frameborder=\"0\" allow=\"accelerometer; autoplay; clipboard-write; encrypted-media; gyroscope; picture-in-picture\" allowfullscreen><\/iframe><\/p>\n<\/div><figcaption>A import\u00e2ncia da agua &#8211; Cartilha planeta \u00e1gua; https:\/\/www.youtube.com\/watch?v=HQYbLX7ieYo<\/figcaption><\/figure>\n\n\n\n<p class=\"has-text-color has-background has-medium-font-size has-very-light-gray-color has-vivid-cyan-blue-background-color\"><br>Voc\u00eas j\u00e1 fizeram o uso da \u00e1gua hoje? Escovaram os dentes?<br>Tomaram banho?<\/p>\n\n\n\n<p class=\"has-text-color has-background has-medium-font-size has-very-light-gray-color has-vivid-cyan-blue-background-color\"><br>Com a ajuda de sua fam\u00edlia, em seu caderno, escreva duas maneiras<br>que voc\u00eas utilizam a \u00e1gua na sua casa.<\/p>\n\n\n\n<hr class=\"wp-block-separator\"\/>\n\n\n\n<p class=\"has-text-color has-background has-medium-font-size has-very-light-gray-color has-vivid-green-cyan-background-color\"><br><strong>Atividade 2:<\/strong><br>\u2022 Fa\u00e7a um desenho mostrando como voc\u00ea faz para economizar \u00e1gua.<\/p>\n\n\n\n<hr class=\"wp-block-separator\"\/>\n\n\n\n<p class=\"has-medium-font-size\"><br><strong>Atividade 3:<\/strong><br>Voc\u00ea sabia que 5 minutos s\u00e3o suficientes para seu banho di\u00e1rio? Hoje a nossa terceira atividade ser\u00e1 realizada na hora do banho, voc\u00ea pedir\u00e1 ajuda para sua fam\u00edlia para marcar 5 minutos para que voc\u00ea possa tomar um delicioso banho, voc\u00ea vai ver que ficar\u00e1 limpinho e tamb\u00e9m economizar\u00e1 \u00e1gua, depois escolha algu\u00e9m da sua fam\u00edlia e conte como foi essa experi\u00eancia.<br>Boa atividade para voc\u00ea!<\/p>\n\n\n\n<hr class=\"wp-block-separator\"\/>\n\n\n\n<p>Assista aos v\u00eddeos abaixo e conhe\u00e7a outras formas de economizar<br>\u00e1gua.<br>Saiba Mais |<br>Refer\u00eancias: https:\/\/www.youtube.com\/watch?v=pMvVDGph418<br>\u00c1gua.<br>Canal: Clubinho salva vidas.<br>M\u00fasica (com legendas)<br>https:\/\/youtu.be\/6nWSHo2Ld_0<br>Dicas Legais de como Economizar \u00c1gua<br>Canal: Projeto Economizar \u00c1gua<\/p>\n\n\n\n<p>Objeto de Conhecimento Consumo consciente.<\/p>\n\n\n\n<p>Habilidades (GO-EF01CI07) Compreender a import\u00e2ncia do uso consciente da \u00e1gua no cotidiano.<\/p>\n\n\n\n<p>Proponentes\/<br>Professores: Aline Teixeira Alves<br>Denise da Costa Pereira<br>Janife Alves de Andrade<br>Lara Martins Parreira Mendon\u00e7a<\/p>\n\n\n\n<p>Institui\u00e7\u00e3o<br>Educacional: Escola Municipal Zevera Andrea Vecci<\/p>\n\n\n\n<p>CRE: CRE Maria Thom\u00e9<\/p>\n","protected":false},"author":14,"featured_media":4677,"template":"","ef_categoria":[13,18],"ef_ano":[],"ef_componente":[],"class_list":["post-4594","ensino_fundamental","type-ensino_fundamental","status-publish","has-post-thumbnail","hentry","ef_categoria-ciclo-da-infancia-abc","ef_categoria-educacao-ambiental-e-saude","entry","has-media"],"acf":[],"_links":{"self":[{"href":"https:\/\/sme.goiania.go.gov.br\/conexaoescola\/wp-json\/wp\/v2\/ensino_fundamental\/4594","targetHints":{"allow":["GET"]}}],"collection":[{"href":"https:\/\/sme.goiania.go.gov.br\/conexaoescola\/wp-json\/wp\/v2\/ensino_fundamental"}],"about":[{"href":"https:\/\/sme.goiania.go.gov.br\/conexaoescola\/wp-json\/wp\/v2\/types\/ensino_fundamental"}],"author":[{"embeddable":true,"href":"https:\/\/sme.goiania.go.gov.br\/conexaoescola\/wp-json\/wp\/v2\/users\/14"}],"version-history":[{"count":0,"href":"https:\/\/sme.goiania.go.gov.br\/conexaoescola\/wp-json\/wp\/v2\/ensino_fundamental\/4594\/revisions"}],"wp:featuredmedia":[{"embeddable":true,"href":"https:\/\/sme.goiania.go.gov.br\/conexaoescola\/wp-json\/wp\/v2\/media\/4677"}],"wp:attachment":[{"href":"https:\/\/sme.goiania.go.gov.br\/conexaoescola\/wp-json\/wp\/v2\/media?parent=4594"}],"wp:term":[{"taxonomy":"ef_categoria","embeddable":true,"href":"https:\/\/sme.goiania.go.gov.br\/conexaoescola\/wp-json\/wp\/v2\/ef_categoria?post=4594"},{"taxonomy":"ef_ano","embeddable":true,"href":"https:\/\/sme.goiania.go.gov.br\/conexaoescola\/wp-json\/wp\/v2\/ef_ano?post=4594"},{"taxonomy":"ef_componente","embeddable":true,"href":"https:\/\/sme.goiania.go.gov.br\/conexaoescola\/wp-json\/wp\/v2\/ef_componente?post=4594"}],"curies":[{"name":"wp","href":"https:\/\/api.w.org\/{rel}","templated":true}]}}

Água, como e por que economizar?

<p class="has-drop-cap has-medium-font-size">Olá, tudo bem com você? Hoje vamos aprender um<br>pouco sobre a água, você já sabe como economizar<br>ao máximo o uso da água? Sabe o quanto ela é<br>importante para nossa sobrevivência? Então, vamos<br>descobrir juntos.</p>



<p class="has-text-color has-background has-medium-font-size has-very-light-gray-color has-light-green-cyan-background-color"><strong>Atividade 1:</strong><br>Assista ao vídeo sobre a importância da água.</p>



<figure class="wp-block-embed-youtube wp-block-embed is-type-video is-provider-youtube wp-embed-aspect-16-9 wp-has-aspect-ratio"><div class="wp-block-embed__wrapper">
<p class="responsive-video-wrap clr"><iframe title="A importância da água - Cartilha Planeta Água [com legendas]" width="1200" height="675" src="https://www.youtube.com/embed/HQYbLX7ieYo?feature=oembed" frameborder="0" allow="accelerometer; autoplay; clipboard-write; encrypted-media; gyroscope; picture-in-picture" allowfullscreen></iframe></p>
</div><figcaption>A importância da agua &#8211; Cartilha planeta água; https://www.youtube.com/watch?v=HQYbLX7ieYo</figcaption></figure>



<p class="has-text-color has-background has-medium-font-size has-very-light-gray-color has-vivid-cyan-blue-background-color"><br>Vocês já fizeram o uso da água hoje? Escovaram os dentes?<br>Tomaram banho?</p>



<p class="has-text-color has-background has-medium-font-size has-very-light-gray-color has-vivid-cyan-blue-background-color"><br>Com a ajuda de sua família, em seu caderno, escreva duas maneiras<br>que vocês utilizam a água na sua casa.</p>



<hr class="wp-block-separator"/>



<p class="has-text-color has-background has-medium-font-size has-very-light-gray-color has-vivid-green-cyan-background-color"><br><strong>Atividade 2:</strong><br>• Faça um desenho mostrando como você faz para economizar água.</p>



<hr class="wp-block-separator"/>



<p class="has-medium-font-size"><br><strong>Atividade 3:</strong><br>Você sabia que 5 minutos são suficientes para seu banho diário? Hoje a nossa terceira atividade será realizada na hora do banho, você pedirá ajuda para sua família para marcar 5 minutos para que você possa tomar um delicioso banho, você vai ver que ficará limpinho e também economizará água, depois escolha alguém da sua família e conte como foi essa experiência.<br>Boa atividade para você!</p>



<hr class="wp-block-separator"/>



<p>Assista aos vídeos abaixo e conheça outras formas de economizar<br>água.<br>Saiba Mais |<br>Referências: https://www.youtube.com/watch?v=pMvVDGph418<br>Água.<br>Canal: Clubinho salva vidas.<br>Música (com legendas)<br>https://youtu.be/6nWSHo2Ld_0<br>Dicas Legais de como Economizar Água<br>Canal: Projeto Economizar Água</p>



<p>Objeto de Conhecimento Consumo consciente.</p>



<p>Habilidades (GO-EF01CI07) Compreender a importância do uso consciente da água no cotidiano.</p>



<p>Proponentes/<br>Professores: Aline Teixeira Alves<br>Denise da Costa Pereira<br>Janife Alves de Andrade<br>Lara Martins Parreira Mendonça</p>



<p>Instituição<br>Educacional: Escola Municipal Zevera Andrea Vecci</p>



<p>CRE: CRE Maria Thomé</p>
