{"id":4501,"date":"2020-09-21T07:00:00","date_gmt":"2020-09-21T10:00:00","guid":{"rendered":"http:\/\/sme.goiania.go.gov.br\/conexaoescola\/?post_type=ensino_fundamental&#038;p=4501"},"modified":"2020-09-22T01:08:14","modified_gmt":"2020-09-22T04:08:14","slug":"o-corpo-humano","status":"publish","type":"ensino_fundamental","link":"https:\/\/sme.goiania.go.gov.br\/conexaoescola\/ensino_fundamental\/o-corpo-humano\/","title":{"rendered":"O Corpo Humano"},"content":{"rendered":"\n<p class=\"has-text-color has-background has-very-light-gray-color has-vivid-red-background-color\">Ol\u00e1 Crian\u00e7as!!<\/p>\n\n\n\n<p class=\"has-drop-cap has-medium-font-size\"> Hoje vamos conhecer um pouquinho<br>mais sobre o nosso corpo, voc\u00eas sabiam que cada parte do nosso corpo possui um nome e tem uma utilidade importante para n\u00f3s?<br>Nessa atividade vamos descobrir que o nosso corpo \u00e9 uma \u201cm\u00e1quina perfeita\u201d. Vamos l\u00e1?<\/p>\n\n\n\n<hr class=\"wp-block-separator\"\/>\n\n\n\n<p class=\"has-medium-font-size\"><strong>Atividade 1:<\/strong><br>Vamos assistir ao v\u00eddeo abaixo e  conhecer algumas partes do nosso corpo e para que elas servem.<\/p>\n\n\n\n<figure class=\"wp-block-embed-youtube wp-block-embed is-type-video is-provider-youtube wp-embed-aspect-16-9 wp-has-aspect-ratio\"><div class=\"wp-block-embed__wrapper\">\n<p class=\"responsive-video-wrap clr\"><iframe title=\"GUGUDADA - As Partes do Corpo (anima\u00e7\u00e3o infantil)\" width=\"1200\" height=\"675\" src=\"https:\/\/www.youtube.com\/embed\/_NSkoWouWME?feature=oembed\" frameborder=\"0\" allow=\"accelerometer; autoplay; clipboard-write; encrypted-media; gyroscope; picture-in-picture\" allowfullscreen><\/iframe><\/p>\n<\/div><figcaption>GUGUDADA- As Partes do Corpo (anima\u00e7\u00e3o infantil);<br>https:\/\/youtu.be\/_NSkoWouWME<\/figcaption><\/figure>\n\n\n\n<hr class=\"wp-block-separator\"\/>\n\n\n\n<p class=\"has-medium-font-size\"><strong>Atividade 2:<\/strong><br>Vamos colocar em pr\u00e1tica o que aprendemos sobre as partes do nosso corpo e suas fun\u00e7\u00f5es, brincando de Advinha!! Quero ver voc\u00ea acertar!!!<\/p>\n\n\n\n<hr class=\"wp-block-separator\"\/>\n\n\n\n<figure class=\"wp-block-embed-youtube wp-block-embed is-type-video is-provider-youtube wp-embed-aspect-16-9 wp-has-aspect-ratio\"><div class=\"wp-block-embed__wrapper\">\n<p class=\"responsive-video-wrap clr\"><iframe title=\"M\u00fasica As Partes do Corpo 2 :: O Ba\u00fa da Camilinha :: M\u00fasica Infantil\" width=\"1200\" height=\"675\" src=\"https:\/\/www.youtube.com\/embed\/YBdslqfmUfQ?feature=oembed\" frameborder=\"0\" allow=\"accelerometer; autoplay; clipboard-write; encrypted-media; gyroscope; picture-in-picture\" allowfullscreen><\/iframe><\/p>\n<\/div><figcaption>&#8220;M\u00fasica As Partes do Corpo 2 :: O Ba\u00fa da Camilinha :: M\u00fasica Infantil&#8221; &#8211; Canal: <a href=\"https:\/\/www.youtube.com\/channel\/UC-MBRii7jR8UYptcacIuSNw\">O Bau da <\/a>Camilinha &#8211; Link: https:\/\/www.youtube.com\/watch?v=YBdslqfmUfQ<\/figcaption><\/figure>\n\n\n\n<p class=\"has-medium-font-size\"><br><strong>Atividade 3:<\/strong><br>\u00c9 hora de Produzir!! Capriche!!<br>Recorte de jornais ou revistas partes do corpo humano e cole em seu caderno.<br>Depois com ajuda de uma pessoal especial (respons\u00e1vel), escreva o nome de todas as partes que voc\u00ea encontrou. Bom trabalho!<\/p>\n\n\n\n<hr class=\"wp-block-separator\"\/>\n\n\n\n<p><\/p>\n","protected":false},"author":14,"featured_media":4821,"template":"","ef_categoria":[13,17],"ef_ano":[],"ef_componente":[],"class_list":["post-4501","ensino_fundamental","type-ensino_fundamental","status-publish","has-post-thumbnail","hentry","ef_categoria-ciclo-da-infancia-abc","ef_categoria-corpo-e-movimento","entry","has-media"],"acf":[],"_links":{"self":[{"href":"https:\/\/sme.goiania.go.gov.br\/conexaoescola\/wp-json\/wp\/v2\/ensino_fundamental\/4501","targetHints":{"allow":["GET"]}}],"collection":[{"href":"https:\/\/sme.goiania.go.gov.br\/conexaoescola\/wp-json\/wp\/v2\/ensino_fundamental"}],"about":[{"href":"https:\/\/sme.goiania.go.gov.br\/conexaoescola\/wp-json\/wp\/v2\/types\/ensino_fundamental"}],"author":[{"embeddable":true,"href":"https:\/\/sme.goiania.go.gov.br\/conexaoescola\/wp-json\/wp\/v2\/users\/14"}],"version-history":[{"count":0,"href":"https:\/\/sme.goiania.go.gov.br\/conexaoescola\/wp-json\/wp\/v2\/ensino_fundamental\/4501\/revisions"}],"wp:featuredmedia":[{"embeddable":true,"href":"https:\/\/sme.goiania.go.gov.br\/conexaoescola\/wp-json\/wp\/v2\/media\/4821"}],"wp:attachment":[{"href":"https:\/\/sme.goiania.go.gov.br\/conexaoescola\/wp-json\/wp\/v2\/media?parent=4501"}],"wp:term":[{"taxonomy":"ef_categoria","embeddable":true,"href":"https:\/\/sme.goiania.go.gov.br\/conexaoescola\/wp-json\/wp\/v2\/ef_categoria?post=4501"},{"taxonomy":"ef_ano","embeddable":true,"href":"https:\/\/sme.goiania.go.gov.br\/conexaoescola\/wp-json\/wp\/v2\/ef_ano?post=4501"},{"taxonomy":"ef_componente","embeddable":true,"href":"https:\/\/sme.goiania.go.gov.br\/conexaoescola\/wp-json\/wp\/v2\/ef_componente?post=4501"}],"curies":[{"name":"wp","href":"https:\/\/api.w.org\/{rel}","templated":true}]}}

<p class="has-text-color has-background has-very-light-gray-color has-vivid-red-background-color">Olá Crianças!!</p>



<p class="has-drop-cap has-medium-font-size"> Hoje vamos conhecer um pouquinho<br>mais sobre o nosso corpo, vocês sabiam que cada parte do nosso corpo possui um nome e tem uma utilidade importante para nós?<br>Nessa atividade vamos descobrir que o nosso corpo é uma “máquina perfeita”. Vamos lá?</p>



<hr class="wp-block-separator"/>



<p class="has-medium-font-size"><strong>Atividade 1:</strong><br>Vamos assistir ao vídeo abaixo e  conhecer algumas partes do nosso corpo e para que elas servem.</p>



<figure class="wp-block-embed-youtube wp-block-embed is-type-video is-provider-youtube wp-embed-aspect-16-9 wp-has-aspect-ratio"><div class="wp-block-embed__wrapper">
<p class="responsive-video-wrap clr"><iframe title="GUGUDADA - As Partes do Corpo (animação infantil)" width="1200" height="675" src="https://www.youtube.com/embed/_NSkoWouWME?feature=oembed" frameborder="0" allow="accelerometer; autoplay; clipboard-write; encrypted-media; gyroscope; picture-in-picture" allowfullscreen></iframe></p>
</div><figcaption>GUGUDADA- As Partes do Corpo (animação infantil);<br>https://youtu.be/_NSkoWouWME</figcaption></figure>



<hr class="wp-block-separator"/>



<p class="has-medium-font-size"><strong>Atividade 2:</strong><br>Vamos colocar em prática o que aprendemos sobre as partes do nosso corpo e suas funções, brincando de Advinha!! Quero ver você acertar!!!</p>



<hr class="wp-block-separator"/>



<figure class="wp-block-embed-youtube wp-block-embed is-type-video is-provider-youtube wp-embed-aspect-16-9 wp-has-aspect-ratio"><div class="wp-block-embed__wrapper">
<p class="responsive-video-wrap clr"><iframe title="Música As Partes do Corpo 2 :: O Baú da Camilinha :: Música Infantil" width="1200" height="675" src="https://www.youtube.com/embed/YBdslqfmUfQ?feature=oembed" frameborder="0" allow="accelerometer; autoplay; clipboard-write; encrypted-media; gyroscope; picture-in-picture" allowfullscreen></iframe></p>
</div><figcaption>&#8220;Música As Partes do Corpo 2 :: O Baú da Camilinha :: Música Infantil&#8221; &#8211; Canal: <a href="https://www.youtube.com/channel/UC-MBRii7jR8UYptcacIuSNw">O Bau da </a>Camilinha &#8211; Link: https://www.youtube.com/watch?v=YBdslqfmUfQ</figcaption></figure>



<p class="has-medium-font-size"><br><strong>Atividade 3:</strong><br>É hora de Produzir!! Capriche!!<br>Recorte de jornais ou revistas partes do corpo humano e cole em seu caderno.<br>Depois com ajuda de uma pessoal especial (responsável), escreva o nome de todas as partes que você encontrou. Bom trabalho!</p>



<hr class="wp-block-separator"/>



<p></p>
