{"id":37910,"date":"2020-10-26T07:00:00","date_gmt":"2020-10-26T10:00:00","guid":{"rendered":"http:\/\/sme.goiania.go.gov.br\/conexaoescola\/?post_type=ensino_fundamental&#038;p=37910"},"modified":"2020-10-20T09:10:41","modified_gmt":"2020-10-20T12:10:41","slug":"o-sanduiche-da-dona-maricota","status":"publish","type":"ensino_fundamental","link":"https:\/\/sme.goiania.go.gov.br\/conexaoescola\/ensino_fundamental\/o-sanduiche-da-dona-maricota\/","title":{"rendered":"O sanduiche da Dona Maricota"},"content":{"rendered":"\n<p class=\"has-drop-cap has-medium-font-size\">Ol\u00e1 estudantes! Tudo bem? Voc\u00ea gosta de sanduiche? Voc\u00ea sabe o que \u00e9 uma alimenta\u00e7\u00e3o saud\u00e1vel? O que usamos para fazer um sanduiche? Voc\u00ea j\u00e1 comeu um sanduiche? O que tinha nele? O que tinha no sanduiche da Dona Maricota \u00e9 o que comemos? Vamos aprender juntos, a fazer um sanduiche e a import\u00e2ncia de uma alimenta\u00e7\u00e3o saud\u00e1vel.<\/p>\n\n\n\n<hr class=\"wp-block-separator\"\/>\n\n\n\n<p class=\"has-text-color has-background has-medium-font-size has-very-light-gray-color has-very-dark-gray-background-color\"><strong>Atividade 1<\/strong><strong>&nbsp;<\/strong><\/p>\n\n\n\n<p class=\"has-medium-font-size\">\u27a2 Pe\u00e7a um adulto para ler para voc\u00ea a hist\u00f3ria ou assista o v\u00eddeo: O sanduiche &nbsp;da Dona Maricota, de Avelino Guedes.&nbsp;<\/p>\n\n\n\n<figure class=\"wp-block-embed-youtube wp-block-embed is-type-video is-provider-youtube wp-embed-aspect-16-9 wp-has-aspect-ratio\"><div class=\"wp-block-embed__wrapper\">\n<p class=\"responsive-video-wrap clr\"><iframe title=\"O SANDUICHE DA MARICOTA - AVELINO GUEDES\" width=\"1200\" height=\"675\" src=\"https:\/\/www.youtube.com\/embed\/zBWpBGm3zgo?feature=oembed\" frameborder=\"0\" allow=\"accelerometer; autoplay; clipboard-write; encrypted-media; gyroscope; picture-in-picture\" allowfullscreen><\/iframe><\/p>\n<\/div><figcaption>&#8220;O sanduiche da Dona Maricota&#8221; Canal: <a href=\"https:\/\/www.youtube.com\/channel\/UCaZIi19Gij1CZrC2PN9c6LA\">ProLetramentoUEPG<\/a> &#8211;  https:\/\/www.youtube.com\/watch?v=zBWpBGm3zgo\u00a0<\/figcaption><\/figure>\n\n\n\n<p class=\"has-text-color has-background has-medium-font-size has-very-light-gray-color has-very-dark-gray-background-color\"><strong>Atividade 2<\/strong><\/p>\n\n\n\n<p class=\"has-medium-font-size\">\u27a2 Desenhe e escreva no caderno, o nome dos personagens que apareceram &nbsp;na hist\u00f3ria;&nbsp;<\/p>\n\n\n\n<p class=\"has-medium-font-size\">\u27a2 Circule as primeiras s\u00edlabas do nome dos personagens;&nbsp;<\/p>\n\n\n\n<p class=\"has-medium-font-size\">\u27a2 Conte e escreva quantas letras tem o nome dos personagens.<\/p>\n\n\n\n<p class=\"has-text-color has-background has-medium-font-size has-very-light-gray-color has-very-dark-gray-background-color\"> <strong>Atividade 3\u00a0<\/strong><\/p>\n\n\n\n<p class=\"has-medium-font-size\">\u27a2 Com a ajuda de um adulto, fa\u00e7a no caderno uma lista dos ingredientes usados no sanduiche da Dona Maricota.&nbsp;<\/p>\n\n\n\n<p class=\"has-text-color has-background has-medium-font-size has-very-light-gray-color has-very-dark-gray-background-color\"><strong>Atividade 4 <\/strong><strong>&nbsp;<\/strong><\/p>\n\n\n\n<p class=\"has-medium-font-size\">\u27a2 Vamos divertir um pouco agora com o conhecimento estudado. Acesse o &nbsp;jogo da mem\u00f3ria da hist\u00f3ria: O sanduiche da Dona Maricota, recorte e brinque &nbsp;encontrando os mesmos animais.&nbsp;<\/p>\n\n\n\n<figure class=\"wp-block-image\"><img decoding=\"async\" src=\"https:\/\/lh6.googleusercontent.com\/4cRM8poE84zCuFu8fTwOMj__mINjjRe-1tcNTAkRCSEQH5k6uWLnWIK8DHbxRnWsgsJB3rjeidkvc0B7E9s2Qx1crbcYTGSkdadnKiWQjdUalXjYMWB6972Kbrf1OdhTcEjkUol5\" alt=\"\"\/><figcaption>Fonte: Google. Dona Leo \u2013 blogger. Acesso: 09\/09\/2020 \u00e0s 21:50.\u00a0<\/figcaption><\/figure>\n\n\n\n<p class=\"has-text-color has-background has-medium-font-size has-very-light-gray-color has-very-dark-gray-background-color\"><strong>Atividade 5<\/strong><strong>&nbsp;<\/strong><\/p>\n\n\n\n<p class=\"has-medium-font-size\">\u27a2 Agora organizem com a sua fam\u00edlia e fa\u00e7am sandu\u00edches com alimentos \u00a0saud\u00e1veis e tire fotos para postagem.\u00a0<\/p>\n\n\n\n<hr class=\"wp-block-separator\"\/>\n\n\n\n<figure class=\"wp-block-table\"><table><tbody><tr><td><strong>Saiba Mais |Refer\u00eancias:<\/strong><\/td><td>Voc\u00ea sabia! QUE UMA ALIMENTA\u00c7\u00c2O SAUD\u00c1VEL vem da PALAVRA SA\u00daDE? Hoje, mais do que nunca priorizamos a qualidade da nossa alimenta\u00e7\u00e3o: pesquisas mostram o quanto O MAIS SIMPLES E NATURAL \u00c9 O MELHOR!!! Vamos evitar: ALIMENTOS INDUSTRIALIZADOS, PROCESSADOS e ARTIFICIAIS.<\/td><\/tr><\/tbody><\/table><\/figure>\n\n\n\n<figure class=\"wp-block-embed-youtube wp-block-embed is-type-video is-provider-youtube wp-embed-aspect-16-9 wp-has-aspect-ratio\"><div class=\"wp-block-embed__wrapper\">\n<p class=\"responsive-video-wrap clr\"><iframe title=\"Import\u00e2ncia da Alimenta\u00e7\u00e3o Saud\u00e1vel!\" width=\"1200\" height=\"675\" src=\"https:\/\/www.youtube.com\/embed\/lbdnd0En-aA?feature=oembed\" frameborder=\"0\" allow=\"accelerometer; autoplay; clipboard-write; encrypted-media; gyroscope; picture-in-picture\" allowfullscreen><\/iframe><\/p>\n<\/div><figcaption>&#8220;Import\u00e2ncia da Alimenta\u00e7\u00e3o Saud\u00e1vel!&#8221; Canal:<a href=\"https:\/\/www.youtube.com\/channel\/UCh9pGWlQB7Quurnt_wl1d8A\">D777 Entretenimento<\/a> &#8211; https:\/\/www.youtube.com\/watch?v=lbdnd0En-aA<\/figcaption><\/figure>\n\n\n\n<hr class=\"wp-block-separator\"\/>\n\n\n\n<figure class=\"wp-block-table alignfull\"><table><tbody><tr><td>Objeto de<br>Conhecimento<\/td><td>Formas de composi\u00e7\u00e3o de narrativas: personagens, enredo, tempo e espa\u00e7o: Identifica\u00e7\u00e3o de: cen\u00e1rio, personagem central, conflito gerador, resolu\u00e7\u00e3o e o ponto de vista de hist\u00f3rias narradas, foco narrativo.<br>Identifica\u00e7\u00e3o de partes do texto narrativo: in\u00edcio, meio e fim. Alimenta\u00e7\u00e3o saud\u00e1vel<\/td><\/tr><tr><td>Componente<br>Curricular<\/td><td>Portugu\u00eas\/Ci\u00eancias<\/td><\/tr><tr><td>Habilidades<\/td><td>(EF01LP26) Identificar elementos de uma narrativa lida ou escutada, incluindo personagens, enredo, tempo e espa\u00e7o. (GO-EF12LP20) Identificar in\u00edcio, meio e fim em narrativa lida ou escutada.(GO-EF01C108) Compreender a import\u00e2ncia de uma alimenta\u00e7\u00e3o saud\u00e1vel no cotidiano, a partir da an\u00e1lise dos lanches servidos na institui\u00e7\u00e3o escolar.<\/td><\/tr><\/tbody><\/table><\/figure>\n\n\n\n<hr class=\"wp-block-separator\"\/>\n\n\n\n<figure class=\"wp-block-table alignfull\"><table><tbody><tr><td>Proponentes\/<br>Professores:<\/td><td>Ilda Alves da Silva<br>Mari\u00e2ngela Evangelista Gon\u00e7alves do Carmo<\/td><\/tr><tr><td>Institui\u00e7\u00e3o<br>Educacional:<\/td><td>Escola Municipal Francisco Matias<\/td><\/tr><tr><td>CRE:<\/td><td>Maria Thom\u00e9 Neto<\/td><\/tr><\/tbody><\/table><\/figure>\n\n\n\n<hr class=\"wp-block-separator\"\/>\n\n\n\n<p>Ensino Fundamental &#8211; Ciclo da Inf\u00e2ncia &#8211; Turma A \u2013 1\u00ba ano &#8211; Educa\u00e7\u00e3o Ambiental e Sa\u00fade<\/p>\n","protected":false},"author":24,"featured_media":37916,"template":"","ef_categoria":[13,18],"ef_ano":[],"ef_componente":[],"class_list":["post-37910","ensino_fundamental","type-ensino_fundamental","status-publish","has-post-thumbnail","hentry","ef_categoria-ciclo-da-infancia-abc","ef_categoria-educacao-ambiental-e-saude","entry","has-media"],"acf":[],"_links":{"self":[{"href":"https:\/\/sme.goiania.go.gov.br\/conexaoescola\/wp-json\/wp\/v2\/ensino_fundamental\/37910","targetHints":{"allow":["GET"]}}],"collection":[{"href":"https:\/\/sme.goiania.go.gov.br\/conexaoescola\/wp-json\/wp\/v2\/ensino_fundamental"}],"about":[{"href":"https:\/\/sme.goiania.go.gov.br\/conexaoescola\/wp-json\/wp\/v2\/types\/ensino_fundamental"}],"author":[{"embeddable":true,"href":"https:\/\/sme.goiania.go.gov.br\/conexaoescola\/wp-json\/wp\/v2\/users\/24"}],"version-history":[{"count":0,"href":"https:\/\/sme.goiania.go.gov.br\/conexaoescola\/wp-json\/wp\/v2\/ensino_fundamental\/37910\/revisions"}],"wp:featuredmedia":[{"embeddable":true,"href":"https:\/\/sme.goiania.go.gov.br\/conexaoescola\/wp-json\/wp\/v2\/media\/37916"}],"wp:attachment":[{"href":"https:\/\/sme.goiania.go.gov.br\/conexaoescola\/wp-json\/wp\/v2\/media?parent=37910"}],"wp:term":[{"taxonomy":"ef_categoria","embeddable":true,"href":"https:\/\/sme.goiania.go.gov.br\/conexaoescola\/wp-json\/wp\/v2\/ef_categoria?post=37910"},{"taxonomy":"ef_ano","embeddable":true,"href":"https:\/\/sme.goiania.go.gov.br\/conexaoescola\/wp-json\/wp\/v2\/ef_ano?post=37910"},{"taxonomy":"ef_componente","embeddable":true,"href":"https:\/\/sme.goiania.go.gov.br\/conexaoescola\/wp-json\/wp\/v2\/ef_componente?post=37910"}],"curies":[{"name":"wp","href":"https:\/\/api.w.org\/{rel}","templated":true}]}}

<p class="has-drop-cap has-medium-font-size">Olá estudantes! Tudo bem? Você gosta de sanduiche? Você sabe o que é uma alimentação saudável? O que usamos para fazer um sanduiche? Você já comeu um sanduiche? O que tinha nele? O que tinha no sanduiche da Dona Maricota é o que comemos? Vamos aprender juntos, a fazer um sanduiche e a importância de uma alimentação saudável.</p>



<hr class="wp-block-separator"/>



<p class="has-text-color has-background has-medium-font-size has-very-light-gray-color has-very-dark-gray-background-color"><strong>Atividade 1</strong><strong>&nbsp;</strong></p>



<p class="has-medium-font-size">➢ Peça um adulto para ler para você a história ou assista o vídeo: O sanduiche &nbsp;da Dona Maricota, de Avelino Guedes.&nbsp;</p>



<figure class="wp-block-embed-youtube wp-block-embed is-type-video is-provider-youtube wp-embed-aspect-16-9 wp-has-aspect-ratio"><div class="wp-block-embed__wrapper">
<p class="responsive-video-wrap clr"><iframe title="O SANDUICHE DA MARICOTA - AVELINO GUEDES" width="1200" height="675" src="https://www.youtube.com/embed/zBWpBGm3zgo?feature=oembed" frameborder="0" allow="accelerometer; autoplay; clipboard-write; encrypted-media; gyroscope; picture-in-picture" allowfullscreen></iframe></p>
</div><figcaption>&#8220;O sanduiche da Dona Maricota&#8221; Canal: <a href="https://www.youtube.com/channel/UCaZIi19Gij1CZrC2PN9c6LA">ProLetramentoUEPG</a> &#8211;  https://www.youtube.com/watch?v=zBWpBGm3zgo </figcaption></figure>



<p class="has-text-color has-background has-medium-font-size has-very-light-gray-color has-very-dark-gray-background-color"><strong>Atividade 2</strong></p>



<p class="has-medium-font-size">➢ Desenhe e escreva no caderno, o nome dos personagens que apareceram &nbsp;na história;&nbsp;</p>



<p class="has-medium-font-size">➢ Circule as primeiras sílabas do nome dos personagens;&nbsp;</p>



<p class="has-medium-font-size">➢ Conte e escreva quantas letras tem o nome dos personagens.</p>



<p class="has-text-color has-background has-medium-font-size has-very-light-gray-color has-very-dark-gray-background-color"> <strong>Atividade 3 </strong></p>



<p class="has-medium-font-size">➢ Com a ajuda de um adulto, faça no caderno uma lista dos ingredientes usados no sanduiche da Dona Maricota.&nbsp;</p>



<p class="has-text-color has-background has-medium-font-size has-very-light-gray-color has-very-dark-gray-background-color"><strong>Atividade 4 </strong><strong>&nbsp;</strong></p>



<p class="has-medium-font-size">➢ Vamos divertir um pouco agora com o conhecimento estudado. Acesse o &nbsp;jogo da memória da história: O sanduiche da Dona Maricota, recorte e brinque &nbsp;encontrando os mesmos animais.&nbsp;</p>



<figure class="wp-block-image"><img decoding="async" src="https://lh6.googleusercontent.com/4cRM8poE84zCuFu8fTwOMj__mINjjRe-1tcNTAkRCSEQH5k6uWLnWIK8DHbxRnWsgsJB3rjeidkvc0B7E9s2Qx1crbcYTGSkdadnKiWQjdUalXjYMWB6972Kbrf1OdhTcEjkUol5" alt=""/><figcaption>Fonte: Google. Dona Leo – blogger. Acesso: 09/09/2020 às 21:50. </figcaption></figure>



<p class="has-text-color has-background has-medium-font-size has-very-light-gray-color has-very-dark-gray-background-color"><strong>Atividade 5</strong><strong>&nbsp;</strong></p>



<p class="has-medium-font-size">➢ Agora organizem com a sua família e façam sanduíches com alimentos  saudáveis e tire fotos para postagem. </p>



<hr class="wp-block-separator"/>



<figure class="wp-block-table"><table><tbody><tr><td><strong>Saiba Mais |Referências:</strong></td><td>Você sabia! QUE UMA ALIMENTAÇÂO SAUDÁVEL vem da PALAVRA SAÚDE? Hoje, mais do que nunca priorizamos a qualidade da nossa alimentação: pesquisas mostram o quanto O MAIS SIMPLES E NATURAL É O MELHOR!!! Vamos evitar: ALIMENTOS INDUSTRIALIZADOS, PROCESSADOS e ARTIFICIAIS.</td></tr></tbody></table></figure>



<figure class="wp-block-embed-youtube wp-block-embed is-type-video is-provider-youtube wp-embed-aspect-16-9 wp-has-aspect-ratio"><div class="wp-block-embed__wrapper">
<p class="responsive-video-wrap clr"><iframe title="Importância da Alimentação Saudável!" width="1200" height="675" src="https://www.youtube.com/embed/lbdnd0En-aA?feature=oembed" frameborder="0" allow="accelerometer; autoplay; clipboard-write; encrypted-media; gyroscope; picture-in-picture" allowfullscreen></iframe></p>
</div><figcaption>&#8220;Importância da Alimentação Saudável!&#8221; Canal:<a href="https://www.youtube.com/channel/UCh9pGWlQB7Quurnt_wl1d8A">D777 Entretenimento</a> &#8211; https://www.youtube.com/watch?v=lbdnd0En-aA</figcaption></figure>



<hr class="wp-block-separator"/>



<figure class="wp-block-table alignfull"><table><tbody><tr><td>Objeto de<br>Conhecimento</td><td>Formas de composição de narrativas: personagens, enredo, tempo e espaço: Identificação de: cenário, personagem central, conflito gerador, resolução e o ponto de vista de histórias narradas, foco narrativo.<br>Identificação de partes do texto narrativo: início, meio e fim. Alimentação saudável</td></tr><tr><td>Componente<br>Curricular</td><td>Português/Ciências</td></tr><tr><td>Habilidades</td><td>(EF01LP26) Identificar elementos de uma narrativa lida ou escutada, incluindo personagens, enredo, tempo e espaço. (GO-EF12LP20) Identificar início, meio e fim em narrativa lida ou escutada.(GO-EF01C108) Compreender a importância de uma alimentação saudável no cotidiano, a partir da análise dos lanches servidos na instituição escolar.</td></tr></tbody></table></figure>



<hr class="wp-block-separator"/>



<figure class="wp-block-table alignfull"><table><tbody><tr><td>Proponentes/<br>Professores:</td><td>Ilda Alves da Silva<br>Mariângela Evangelista Gonçalves do Carmo</td></tr><tr><td>Instituição<br>Educacional:</td><td>Escola Municipal Francisco Matias</td></tr><tr><td>CRE:</td><td>Maria Thomé Neto</td></tr></tbody></table></figure>



<hr class="wp-block-separator"/>



<p>Ensino Fundamental &#8211; Ciclo da Infância &#8211; Turma A – 1º ano &#8211; Educação Ambiental e Saúde</p>
