{"id":37837,"date":"2020-10-19T07:00:00","date_gmt":"2020-10-19T10:00:00","guid":{"rendered":"http:\/\/sme.goiania.go.gov.br\/conexaoescola\/?post_type=ensino_fundamental&#038;p=37837"},"modified":"2020-10-19T09:41:19","modified_gmt":"2020-10-19T12:41:19","slug":"o-reino-das-plantas","status":"publish","type":"ensino_fundamental","link":"https:\/\/sme.goiania.go.gov.br\/conexaoescola\/ensino_fundamental\/o-reino-das-plantas\/","title":{"rendered":"O REINO DAS PLANTAS"},"content":{"rendered":"\n<p style=\"background-color:#fefded;color:#000000\" class=\"has-text-color has-background has-medium-font-size\"><em>Ol\u00e1, estudante!<\/em><br><em>Esta aula foi veiculada na TV no dia 20\/10, ter\u00e7a-feira, contemplando o eixo Educa\u00e7\u00e3o Ambiental e Sa\u00fade. Aqui no Portal Conex\u00e3o Escola, ela est\u00e1 apresentada em forma de atividade, mas voc\u00ea pode assistir a videoaula quando desejar, acessando link na parte inferior da tela.<\/em><\/p>\n\n\n\n<p style=\"color:#099b66\" class=\"has-text-color has-background has-text-align-center has-medium-font-size has-very-light-gray-background-color\"><strong>Na proposta de hoje, vamos aprender um pouco mais sobre o reino das plantas. Tamb\u00e9m chamado de Reino Vegetal, ou Reino<em> Plantae<\/em>, na teoria evolutiva, conhecido como os primeiros colonizadores do planeta Terra.<\/strong><\/p>\n\n\n\n<p style=\"color:#000000\" class=\"has-text-color has-text-align-center has-medium-font-size\"><strong>As plantas cobrem boa parte dos ambientes terrestres do planeta. Vistas em conjunto, como nesta foto, parecem todas iguais. Mas na realidade existem v\u00e1rios tipos de plantas e elas ocupam os mais diversos ambientes.<\/strong><\/p>\n\n\n\n<figure class=\"wp-block-image is-style-rounded\"><img decoding=\"async\" src=\"https:\/\/lh4.googleusercontent.com\/bxDFxfB90GvDr2Ic-BeHMSDAXhaV2Sov6sLqEKPFe5Za2c-17jBK-gklBKFTvOfdHJTrz0kRRl4Oa-pHXjysMfsUhMvUsfV3nE0cWeMRvjP-__7rI94T7vKp3zJnBg\" alt=\"\"\/><figcaption>Vegeta\u00e7\u00e3o. Fonte: pixabay<\/figcaption><\/figure>\n\n\n\n<p style=\"color:#000000\" class=\"has-text-color has-text-align-center has-medium-font-size\">Os vegetais que fazem parte do Reino Plantae s\u00e3o organismos <strong>eucariontes, multicelulares, autotr\u00f3ficos e fotossintetizantes<\/strong>. Isso quer dizer que eles apresentam mudan\u00e7as no ciclo de vida conforme passam as gera\u00e7\u00f5es e que t\u00eam autossufici\u00eancia alimentar.<br>Com o objetivo de organizar nosso entendimento sobre o reino das plantae \u00e9 necess\u00e1rio definir crit\u00e9rios que possibilitem uma classifica\u00e7\u00e3o das plantas, de modo que elas possam ser identificadas em grupos menores. S\u00e3o eles: <strong>bri\u00f3fitas, pterid\u00f3fitas, gimnospermas e angiospermas.<\/strong><\/p>\n\n\n\n<p style=\"color:#098b5b\" class=\"has-text-color has-background has-text-align-center has-medium-font-size has-very-light-gray-background-color\"><strong>Assista a videoaula, da professora Rafaela Lima (Canal Mais Ci\u00eancias), sobre import\u00e2ncia das plantas e suas caracter\u00edsticas<\/strong><\/p>\n\n\n\n<figure class=\"wp-block-embed-youtube wp-block-embed is-type-video is-provider-youtube wp-embed-aspect-16-9 wp-has-aspect-ratio\"><div class=\"wp-block-embed__wrapper\">\n<p class=\"responsive-video-wrap clr\"><iframe title=\"Aula: Reino das Plantas (Plantae)\" width=\"1200\" height=\"675\" src=\"https:\/\/www.youtube.com\/embed\/E5Uf4UqYgdc?feature=oembed\" frameborder=\"0\" allow=\"accelerometer; autoplay; clipboard-write; encrypted-media; gyroscope; picture-in-picture\" allowfullscreen><\/iframe><\/p>\n<\/div><figcaption>Reino das Plantas &#8211; Canal Mais Ci\u00eancias &#8211; Professora Rafaela Lima<\/figcaption><\/figure>\n\n\n\n<p style=\"color:#000000\" class=\"has-text-color has-background has-medium-font-size has-very-light-gray-background-color\"><strong>ATIVIDADE<\/strong><\/p>\n\n\n\n<p style=\"color:#000000\" class=\"has-text-color has-medium-font-size\"><strong>Quest\u00e3o 1<\/strong><br>No caderno, copie e complete a tabela a seguir, com as caracter\u00edsticas dos 4 grupos apresentados pela professora Rafaela Lima. Para ampliar seu conhecimento acesse e leia o texto: <strong><a rel=\"noreferrer noopener\" href=\"https:\/\/www.stoodi.com.br\/blog\/biologia\/reino-plantae\/\" target=\"_blank\">Reino <em>Plantae<\/em>: principais caracter\u00edsticas e classifica\u00e7\u00f5es<\/a><\/strong><\/p>\n\n\n\n<div class=\"wp-block-image\"><figure class=\"aligncenter is-resized\"><img fetchpriority=\"high\" decoding=\"async\" src=\"https:\/\/lh6.googleusercontent.com\/qFqqDwi-xmsHB1VSK4hAxuOaBIJui57GojKgZCwx_YkBRWMaKZLXjxNnS_HeyX3QuKzDyc_v2hkrP1vpEg3VqpY7iryyDV02zEWjg1mV3Gg3eE5fNXmwhzNdiojYWw\" alt=\"\" width=\"811\" height=\"456\"\/><\/figure><\/div>\n\n\n\n<p class=\"has-medium-font-size\"><strong>Quest\u00e3o 2<\/strong><br>As plantas precisam de luz do Sol, \u00e1gua e ar para crescer. S\u00e3o incapazes de se locomover, e suas c\u00e9lulas t\u00eam paredes r\u00edgidas constitu\u00eddas de um material resistente, a celulose. Al\u00e9m disso, elas fabricam o pr\u00f3prio alimento atrav\u00e9s de um processo denominado fotoss\u00edntese. Para isso, utilizam energia do Sol, \u00e1gua e di\u00f3xido de carbono (tamb\u00e9m chamado de g\u00e1s carb\u00f4nico). Observe a imagem a seguir:<\/p>\n\n\n\n<div class=\"wp-block-image\"><figure class=\"aligncenter is-resized\"><img decoding=\"async\" src=\"https:\/\/lh5.googleusercontent.com\/H2uzPv9Pw12PzYpvBC_w3HjdhQE_S0ZuAqqMbZm3rgGSXgs_5BmLlz2PvmdTOAEEjOCEIRMWUbT-O6aTbYPR5I7P9LRq6XpF0A8RXSdfNFTwYua5p4f53vscCheEnQ\" alt=\"\" width=\"560\" height=\"491\"\/><figcaption>Fotoss\u00edntese. 1 fot., color. In Britannica Escola. Web, 2020. Dispon\u00edvel em: &lt;https:\/\/escola.britannica.com.br\/artigo\/fotoss\u00edntese\/482209\/recursos\/135271&gt;. Acesso em: 30 de setembro de 2020.<\/figcaption><\/figure><\/div>\n\n\n\n<p style=\"color:#030303\" class=\"has-text-color has-medium-font-size\"><a rel=\"noreferrer noopener\" href=\"https:\/\/escola.britannica.com.br\/artigo\/fotoss%C3%ADntese\/482209\" target=\"_blank\">Escreva um texto explicando o esquema apresentado pela imagem. Caso tenha d\u00favida sobre o processo de fotoss\u00edntese, clique aqui para ler o artigo sobre a tem\u00e1tica.&nbsp;<\/a><\/p>\n\n\n\n<hr class=\"wp-block-separator is-style-wide\"\/>\n\n\n\n<p style=\"font-size:25px\" class=\"has-text-align-center\"><strong><em>Ampliando o olhar: Como surgiram as plantas?<\/em><\/strong><\/p>\n\n\n\n<p class=\"has-text-align-center has-medium-font-size\">Assista ao v\u00eddeo do canal Nerdologia, com o professor \u00c1tila, que nos ajudar\u00e1 a compreender essa quest\u00e3o:<\/p>\n\n\n\n<figure class=\"wp-block-embed-youtube wp-block-embed is-type-video is-provider-youtube wp-embed-aspect-16-9 wp-has-aspect-ratio\"><div class=\"wp-block-embed__wrapper\">\n<p class=\"responsive-video-wrap clr\"><iframe title=\"Como surgiram as plantas (fotoss\u00edntese) | Nerdologia Ensina 03\" width=\"1200\" height=\"675\" src=\"https:\/\/www.youtube.com\/embed\/b9sfQZrK8jQ?feature=oembed\" frameborder=\"0\" allow=\"accelerometer; autoplay; clipboard-write; encrypted-media; gyroscope; picture-in-picture\" allowfullscreen><\/iframe><\/p>\n<\/div><\/figure>\n\n\n\n<hr class=\"wp-block-separator is-style-wide\"\/>\n\n\n\n<p class=\"has-text-align-center has-medium-font-size\">Assista ao programa Conex\u00e3o Escola &#8211; Reino das Plantas &#8211; Bloco 2<\/p>\n\n\n\n<figure class=\"wp-block-embed-youtube aligncenter wp-block-embed is-type-video is-provider-youtube wp-embed-aspect-16-9 wp-has-aspect-ratio\"><div class=\"wp-block-embed__wrapper\">\n<p class=\"responsive-video-wrap clr\"><iframe title=\"Reino das Plantas - Ensino Fundamental - Ed Ambiental e Sa\u00fade - Anos Finais - Bl 02 - 20 out 2020\" width=\"1200\" height=\"675\" src=\"https:\/\/www.youtube.com\/embed\/aDlzMqbsELU?feature=oembed\" frameborder=\"0\" allow=\"accelerometer; autoplay; clipboard-write; encrypted-media; gyroscope; picture-in-picture\" allowfullscreen><\/iframe><\/p>\n<\/div><figcaption>Reino das Plantas &#8211; Ensino Fundamental &#8211; Ed Ambiental e Sa\u00fade &#8211; Anos Finais &#8211; Bl 02 &#8211; 20 out 2020<\/figcaption><\/figure>\n\n\n\n<hr class=\"wp-block-separator\"\/>\n\n\n\n<figure class=\"wp-block-table is-style-stripes\"><table><tbody><tr><td>Refer\u00eancias:<\/td><td>\u201cReino Plantae: principais caracter\u00edsticas e classifica\u00e7\u00f5es\u201d em Stoodi. Web, 2020. Consultado em 30\/09\/2020 \u00e0s 17:00. Dispon\u00edvel na Internet em&nbsp;<a href=\"https:\/\/www.stoodi.com.br\/blog\/biologia\/reino-plantae\/\">https:\/\/www.stoodi.com.br\/blog\/biologia\/reino-plantae\/<\/a>&nbsp;&#8220;Reino Plantae&#8221; em S\u00f3 Biologia. Virtuous Tecnologia da Informa\u00e7\u00e3o, 2008-2020. Consultado em 30\/09\/2020 \u00e0s 18:06. Dispon\u00edvel na Internet em <a href=\"https:\/\/www.sobiologia.com.br\/conteudos\/Reinos4\/bioplantas.php\">https:\/\/www.sobiologia.com.br\/conteudos\/Reinos4\/bioplantas.php<\/a>&nbsp;&nbsp;Fotoss\u00edntese. In Britannica Escola. Web, 2020. Dispon\u00edvel em:&lt;<a href=\"https:\/\/escola.britannica.com.br\/artigo\/fotoss%C3%ADntese\/482209\">https:\/\/escola.britannica.com.br\/artigo\/fotoss\u00edntese\/482209<\/a>&gt;. Acesso em: 30 de setembro de 2020.<\/td><\/tr><tr><td>Habilidades<\/td><td><strong>(EF07CI07)<\/strong> Caracterizar os principais ecossistemas brasileiros quanto \u00e0 paisagem, \u00e0 quantidade de \u00e1gua, ao tipo de solo, \u00e0 disponibilidade de luz solar, \u00e0 temperatura etc., correlacionando essas caracter\u00edsticas \u00e0 flora e fauna espec\u00edficas.<\/td><\/tr><tr><td>Objetos do Conhecimento<\/td><td>Diversidade de ecossistemas<br>Fen\u00f4menos naturais e impactos ambientais<\/td><\/tr><tr><td>Componente Curricular:<\/td><td>Ci\u00eancias&nbsp;<\/td><\/tr><\/tbody><\/table><\/figure>\n","protected":false},"author":30,"featured_media":37838,"template":"","ef_categoria":[15,28],"ef_ano":[],"ef_componente":[],"class_list":["post-37837","ensino_fundamental","type-ensino_fundamental","status-publish","has-post-thumbnail","hentry","ef_categoria-ciclo-da-adolescencia-fg","ef_categoria-educacao-ambiental-e-saude-ciclo-da-adolescencia-fg","entry","has-media"],"acf":[],"_links":{"self":[{"href":"https:\/\/sme.goiania.go.gov.br\/conexaoescola\/wp-json\/wp\/v2\/ensino_fundamental\/37837","targetHints":{"allow":["GET"]}}],"collection":[{"href":"https:\/\/sme.goiania.go.gov.br\/conexaoescola\/wp-json\/wp\/v2\/ensino_fundamental"}],"about":[{"href":"https:\/\/sme.goiania.go.gov.br\/conexaoescola\/wp-json\/wp\/v2\/types\/ensino_fundamental"}],"author":[{"embeddable":true,"href":"https:\/\/sme.goiania.go.gov.br\/conexaoescola\/wp-json\/wp\/v2\/users\/30"}],"version-history":[{"count":0,"href":"https:\/\/sme.goiania.go.gov.br\/conexaoescola\/wp-json\/wp\/v2\/ensino_fundamental\/37837\/revisions"}],"wp:featuredmedia":[{"embeddable":true,"href":"https:\/\/sme.goiania.go.gov.br\/conexaoescola\/wp-json\/wp\/v2\/media\/37838"}],"wp:attachment":[{"href":"https:\/\/sme.goiania.go.gov.br\/conexaoescola\/wp-json\/wp\/v2\/media?parent=37837"}],"wp:term":[{"taxonomy":"ef_categoria","embeddable":true,"href":"https:\/\/sme.goiania.go.gov.br\/conexaoescola\/wp-json\/wp\/v2\/ef_categoria?post=37837"},{"taxonomy":"ef_ano","embeddable":true,"href":"https:\/\/sme.goiania.go.gov.br\/conexaoescola\/wp-json\/wp\/v2\/ef_ano?post=37837"},{"taxonomy":"ef_componente","embeddable":true,"href":"https:\/\/sme.goiania.go.gov.br\/conexaoescola\/wp-json\/wp\/v2\/ef_componente?post=37837"}],"curies":[{"name":"wp","href":"https:\/\/api.w.org\/{rel}","templated":true}]}}

<p style="background-color:#fefded;color:#000000" class="has-text-color has-background has-medium-font-size"><em>Olá, estudante!</em><br><em>Esta aula foi veiculada na TV no dia 20/10, terça-feira, contemplando o eixo Educação Ambiental e Saúde. Aqui no Portal Conexão Escola, ela está apresentada em forma de atividade, mas você pode assistir a videoaula quando desejar, acessando link na parte inferior da tela.</em></p>



<p style="color:#099b66" class="has-text-color has-background has-text-align-center has-medium-font-size has-very-light-gray-background-color"><strong>Na proposta de hoje, vamos aprender um pouco mais sobre o reino das plantas. Também chamado de Reino Vegetal, ou Reino<em> Plantae</em>, na teoria evolutiva, conhecido como os primeiros colonizadores do planeta Terra.</strong></p>



<p style="color:#000000" class="has-text-color has-text-align-center has-medium-font-size"><strong>As plantas cobrem boa parte dos ambientes terrestres do planeta. Vistas em conjunto, como nesta foto, parecem todas iguais. Mas na realidade existem vários tipos de plantas e elas ocupam os mais diversos ambientes.</strong></p>



<figure class="wp-block-image is-style-rounded"><img decoding="async" src="https://lh4.googleusercontent.com/bxDFxfB90GvDr2Ic-BeHMSDAXhaV2Sov6sLqEKPFe5Za2c-17jBK-gklBKFTvOfdHJTrz0kRRl4Oa-pHXjysMfsUhMvUsfV3nE0cWeMRvjP-__7rI94T7vKp3zJnBg" alt=""/><figcaption>Vegetação. Fonte: pixabay</figcaption></figure>



<p style="color:#000000" class="has-text-color has-text-align-center has-medium-font-size">Os vegetais que fazem parte do Reino Plantae são organismos <strong>eucariontes, multicelulares, autotróficos e fotossintetizantes</strong>. Isso quer dizer que eles apresentam mudanças no ciclo de vida conforme passam as gerações e que têm autossuficiência alimentar.<br>Com o objetivo de organizar nosso entendimento sobre o reino das plantae é necessário definir critérios que possibilitem uma classificação das plantas, de modo que elas possam ser identificadas em grupos menores. São eles: <strong>briófitas, pteridófitas, gimnospermas e angiospermas.</strong></p>



<p style="color:#098b5b" class="has-text-color has-background has-text-align-center has-medium-font-size has-very-light-gray-background-color"><strong>Assista a videoaula, da professora Rafaela Lima (Canal Mais Ciências), sobre importância das plantas e suas características</strong></p>



<figure class="wp-block-embed-youtube wp-block-embed is-type-video is-provider-youtube wp-embed-aspect-16-9 wp-has-aspect-ratio"><div class="wp-block-embed__wrapper">
<p class="responsive-video-wrap clr"><iframe title="Aula: Reino das Plantas (Plantae)" width="1200" height="675" src="https://www.youtube.com/embed/E5Uf4UqYgdc?feature=oembed" frameborder="0" allow="accelerometer; autoplay; clipboard-write; encrypted-media; gyroscope; picture-in-picture" allowfullscreen></iframe></p>
</div><figcaption>Reino das Plantas &#8211; Canal Mais Ciências &#8211; Professora Rafaela Lima</figcaption></figure>



<p style="color:#000000" class="has-text-color has-background has-medium-font-size has-very-light-gray-background-color"><strong>ATIVIDADE</strong></p>



<p style="color:#000000" class="has-text-color has-medium-font-size"><strong>Questão 1</strong><br>No caderno, copie e complete a tabela a seguir, com as características dos 4 grupos apresentados pela professora Rafaela Lima. Para ampliar seu conhecimento acesse e leia o texto: <strong><a rel="noreferrer noopener" href="https://www.stoodi.com.br/blog/biologia/reino-plantae/" target="_blank">Reino <em>Plantae</em>: principais características e classificações</a></strong></p>



<div class="wp-block-image"><figure class="aligncenter is-resized"><img fetchpriority="high" decoding="async" src="https://lh6.googleusercontent.com/qFqqDwi-xmsHB1VSK4hAxuOaBIJui57GojKgZCwx_YkBRWMaKZLXjxNnS_HeyX3QuKzDyc_v2hkrP1vpEg3VqpY7iryyDV02zEWjg1mV3Gg3eE5fNXmwhzNdiojYWw" alt="" width="811" height="456"/></figure></div>



<p class="has-medium-font-size"><strong>Questão 2</strong><br>As plantas precisam de luz do Sol, água e ar para crescer. São incapazes de se locomover, e suas células têm paredes rígidas constituídas de um material resistente, a celulose. Além disso, elas fabricam o próprio alimento através de um processo denominado fotossíntese. Para isso, utilizam energia do Sol, água e dióxido de carbono (também chamado de gás carbônico). Observe a imagem a seguir:</p>



<div class="wp-block-image"><figure class="aligncenter is-resized"><img decoding="async" src="https://lh5.googleusercontent.com/H2uzPv9Pw12PzYpvBC_w3HjdhQE_S0ZuAqqMbZm3rgGSXgs_5BmLlz2PvmdTOAEEjOCEIRMWUbT-O6aTbYPR5I7P9LRq6XpF0A8RXSdfNFTwYua5p4f53vscCheEnQ" alt="" width="560" height="491"/><figcaption>Fotossíntese. 1 fot., color. In Britannica Escola. Web, 2020. Disponível em: &lt;https://escola.britannica.com.br/artigo/fotossíntese/482209/recursos/135271&gt;. Acesso em: 30 de setembro de 2020.</figcaption></figure></div>



<p style="color:#030303" class="has-text-color has-medium-font-size"><a rel="noreferrer noopener" href="https://escola.britannica.com.br/artigo/fotoss%C3%ADntese/482209" target="_blank">Escreva um texto explicando o esquema apresentado pela imagem. Caso tenha dúvida sobre o processo de fotossíntese, clique aqui para ler o artigo sobre a temática.&nbsp;</a></p>



<hr class="wp-block-separator is-style-wide"/>



<p style="font-size:25px" class="has-text-align-center"><strong><em>Ampliando o olhar: Como surgiram as plantas?</em></strong></p>



<p class="has-text-align-center has-medium-font-size">Assista ao vídeo do canal Nerdologia, com o professor Átila, que nos ajudará a compreender essa questão:</p>



<figure class="wp-block-embed-youtube wp-block-embed is-type-video is-provider-youtube wp-embed-aspect-16-9 wp-has-aspect-ratio"><div class="wp-block-embed__wrapper">
<p class="responsive-video-wrap clr"><iframe title="Como surgiram as plantas (fotossíntese) | Nerdologia Ensina 03" width="1200" height="675" src="https://www.youtube.com/embed/b9sfQZrK8jQ?feature=oembed" frameborder="0" allow="accelerometer; autoplay; clipboard-write; encrypted-media; gyroscope; picture-in-picture" allowfullscreen></iframe></p>
</div></figure>



<hr class="wp-block-separator is-style-wide"/>



<p class="has-text-align-center has-medium-font-size">Assista ao programa Conexão Escola &#8211; Reino das Plantas &#8211; Bloco 2</p>



<figure class="wp-block-embed-youtube aligncenter wp-block-embed is-type-video is-provider-youtube wp-embed-aspect-16-9 wp-has-aspect-ratio"><div class="wp-block-embed__wrapper">
<p class="responsive-video-wrap clr"><iframe title="Reino das Plantas - Ensino Fundamental - Ed Ambiental e Saúde - Anos Finais - Bl 02 - 20 out 2020" width="1200" height="675" src="https://www.youtube.com/embed/aDlzMqbsELU?feature=oembed" frameborder="0" allow="accelerometer; autoplay; clipboard-write; encrypted-media; gyroscope; picture-in-picture" allowfullscreen></iframe></p>
</div><figcaption>Reino das Plantas &#8211; Ensino Fundamental &#8211; Ed Ambiental e Saúde &#8211; Anos Finais &#8211; Bl 02 &#8211; 20 out 2020</figcaption></figure>



<hr class="wp-block-separator"/>



<figure class="wp-block-table is-style-stripes"><table><tbody><tr><td>Referências:</td><td>“Reino Plantae: principais características e classificações” em Stoodi. Web, 2020. Consultado em 30/09/2020 às 17:00. Disponível na Internet em&nbsp;<a href="https://www.stoodi.com.br/blog/biologia/reino-plantae/">https://www.stoodi.com.br/blog/biologia/reino-plantae/</a>&nbsp;&#8220;Reino Plantae&#8221; em Só Biologia. Virtuous Tecnologia da Informação, 2008-2020. Consultado em 30/09/2020 às 18:06. Disponível na Internet em <a href="https://www.sobiologia.com.br/conteudos/Reinos4/bioplantas.php">https://www.sobiologia.com.br/conteudos/Reinos4/bioplantas.php</a>&nbsp;&nbsp;Fotossíntese. In Britannica Escola. Web, 2020. Disponível em:&lt;<a href="https://escola.britannica.com.br/artigo/fotoss%C3%ADntese/482209">https://escola.britannica.com.br/artigo/fotossíntese/482209</a>&gt;. Acesso em: 30 de setembro de 2020.</td></tr><tr><td>Habilidades</td><td><strong>(EF07CI07)</strong> Caracterizar os principais ecossistemas brasileiros quanto à paisagem, à quantidade de água, ao tipo de solo, à disponibilidade de luz solar, à temperatura etc., correlacionando essas características à flora e fauna específicas.</td></tr><tr><td>Objetos do Conhecimento</td><td>Diversidade de ecossistemas<br>Fenômenos naturais e impactos ambientais</td></tr><tr><td>Componente Curricular:</td><td>Ciências&nbsp;</td></tr></tbody></table></figure>
