{"id":37801,"date":"2020-10-19T07:01:00","date_gmt":"2020-10-19T10:01:00","guid":{"rendered":"http:\/\/sme.goiania.go.gov.br\/conexaoescola\/?post_type=ensino_fundamental&#038;p=37801"},"modified":"2021-11-26T10:28:43","modified_gmt":"2021-11-26T12:28:43","slug":"plantas-clorofila-fotossintese","status":"publish","type":"ensino_fundamental","link":"https:\/\/sme.goiania.go.gov.br\/conexaoescola\/ensino_fundamental\/plantas-clorofila-fotossintese\/","title":{"rendered":"Ci\u00eancias da Natureza &#8211; PLANTAS: CLOROFILA &#8211; FOTOSS\u00cdNTESE"},"content":{"rendered":"\n<p class=\"has-text-color has-background has-medium-font-size\" style=\"background-color:#fcf4e0;color:#000000\"><em>Ol\u00e1, estudante!<\/em><br><em>Esta aula foi veiculada na TV no dia 20\/10, ter\u00e7a-feira, contemplando o eixo Educa\u00e7\u00e3o Ambiental e Sa\u00fade. Aqui no Portal Conex\u00e3o Escola, ela est\u00e1 apresentada em forma de atividade, mas voc\u00ea pode assistir a videoaula quando desejar, acessando link na parte inferior da tela.<\/em><\/p>\n\n\n\n<p class=\"has-text-align-center has-text-color has-background\" style=\"background-color:#ddffd6;color:#c371c0;font-size:22px\"><strong>COMO AS PLANTAS SE ALIMENTAM? <\/strong><br><strong>ELAS SE ALIMENTAM COMO N\u00d3S, SERES HUMANOS? <\/strong><br><strong>E O QUE \u00c9 FOTOSS\u00cdNTESE?&nbsp; <\/strong><\/p>\n\n\n\n<p class=\"has-text-align-center has-text-color has-background\" style=\"background-color:#ddffd6;color:#c371c0;font-size:22px\"><strong>NESSA PROPOSTA VAMOS CONHECER MAIS SOBRE O REINO DAS PLANTAS!<\/strong><\/p>\n\n\n\n<figure class=\"wp-block-image size-large is-style-rounded\"><img decoding=\"async\" src=\"http:\/\/sme.goiania.go.gov.br\/conexaoescola\/wp-content\/uploads\/2020\/10\/background-4390008_1920-1024x576.jpg\" alt=\"\" class=\"wp-image-37802\"\/><\/figure>\n\n\n\n<hr class=\"wp-block-separator\"\/>\n\n\n\n<p class=\"has-text-align-center has-medium-font-size\"><strong>COMO NOS ALIMENTAMOS? <\/strong><br><strong>POR QUE SE ALIMENTAR \u00c9 IMPORTANTE?<\/strong><\/p>\n\n\n\n<p class=\"has-text-align-center\"><img decoding=\"async\" src=\"https:\/\/lh6.googleusercontent.com\/-QQ4Vxu0vrVUwNBmRDUYo59Fby4CN5_jAJrDUtkVkjfZDwR31_sJ8buPWnlEKs8DdLvC6JSxELU5FA2Qqejka0pxex7TiJZZoK5nSjXb-rMw-vNSp8MOwlpXL_1gbg\" style=\"width: undefinedpx;\"><\/p>\n\n\n\n<p class=\"has-text-align-center\" style=\"font-size:30px\"><strong>SISTEMA DIGEST\u00d3RIO<\/strong><\/p>\n\n\n\n<p class=\"has-text-color has-background has-medium-font-size\" style=\"background-color:#ddffd6;color:#000000\">O CORPO HUMANO POSSUI DIFERENTES \u00d3RG\u00c3OS INTERNOS, CADA UM COM UMA FUN\u00c7\u00c3O. ISSO PERMITE COM QUE NOSSO ORGANISMO FUNCIONE CORRETAMENTE.<\/p>\n\n\n\n<p class=\"has-text-color has-background has-medium-font-size\" style=\"background-color:#ddffd6;color:#030303\"> O <strong>SISTEMA DIGEST\u00d3RIO<\/strong> \u00c9 COMPOSTO POR V\u00c1RIOS DESSES \u00d3RG\u00c3OS. ELE \u00c9 <strong>RESPONS\u00c1VEL<\/strong> PELA <strong>TRANSFORMA\u00c7\u00c3O <\/strong>DOS <strong>ALIMENTOS<\/strong> QUE INGERIMOS EM SUBST\u00c2NCIAS BEM PEQUENAS, FAZENDO COM QUE SEUS NUTRIENTES SEJAM LEVADOS PELO SANGUE A TODO O NOSSO CORPO. DEPOIS DISSO, O QUE N\u00c3O TEM UTILIDADE PARA O ORGANISMO \u00c9 ELIMINADO PELAS FEZES.<\/p>\n\n\n\n<p class=\"has-text-align-left has-text-color has-background has-medium-font-size\" style=\"background-color:#ddffd6;color:#000000\">A ESSE PROCESSO, DAMOS O NOME DE <strong>DIGEST\u00c3O<\/strong>. GRA\u00c7AS A ELA, TEMOS <strong>ENERGIA<\/strong> PARA BRINCARMOS, ESTUDARMOS, ENFIM, PARA FAZERMOS AS NOSSAS ATIVIDADES DI\u00c1RIAS.<\/p>\n\n\n\n<p class=\"has-text-align-right\" style=\"font-size:15px\">EscolaKids.Sistema digest\u00f3rio. Dispon\u00edvel em: https:\/\/bit.ly\/3jdxLvl acesso em 28, set. 2020<\/p>\n\n\n\n<p class=\"has-text-align-center has-medium-font-size\"><strong>ASSISTA AO V\u00cdDEO SOBRE O SISTEMA DIGEST\u00d3RIO:<\/strong><\/p>\n\n\n\n<figure class=\"wp-block-embed is-type-video is-provider-youtube wp-block-embed-youtube wp-embed-aspect-16-9 wp-has-aspect-ratio\"><div class=\"wp-block-embed__wrapper\">\n<p class=\"responsive-video-wrap clr\"><iframe title=\"Corpo Humano - Sistema Digest\u00f3rio - Est\u00f4mago e Intestino\" width=\"1200\" height=\"675\" src=\"https:\/\/www.youtube.com\/embed\/EVJ7ZrTamaQ?feature=oembed\" frameborder=\"0\" allow=\"accelerometer; autoplay; clipboard-write; encrypted-media; gyroscope; picture-in-picture\" allowfullscreen><\/iframe><\/p>\n<\/div><figcaption><strong>Corpo humano &#8211; sistema digest\u00f3rio &#8211; Est\u00f4mago e Intestino<\/strong><\/figcaption><\/figure>\n\n\n\n<p class=\"has-text-align-center has-background has-medium-font-size\" style=\"background-color:#fae3f9\">AGORA QUE SABEMOS UM POUCO MAIS SOBRE O PROCESSO DIGESTIVO DOS SERES HUMANOS CHEGOU A HORA DE REFLETIRMOS SOBRE O PROCESSO DE ALIMENTA\u00c7\u00c3O DOS OUTROS SERES VIVOS.<\/p>\n\n\n\n<p class=\"has-text-color has-medium-font-size\" style=\"color:#ba06b1\"><strong>PENSE: COMO OS ANIMAIS SE ALIMENTAM? <\/strong><strong>SER\u00c1 QUE ACONTECE COM ELES O MESMO QUE ACONTECE COM A GENTE?<\/strong><\/p>\n\n\n\n<p class=\"has-text-color has-background\" style=\"background-color:#ddffd6;color:#000000;font-size:27px\"><strong>E AS PLANTAS? <\/strong><br><strong>ELAS SE ALIMENTAM? <\/strong><br><strong>NOS ALIMENTAMOS PELA BOCA, E AS PLANTAS? <\/strong><br><strong>ELAS T\u00caM BOCA? <\/strong><br><strong>COMO SER\u00c1 QUE AS PLANTAS SE ALIMENTAM?<\/strong><\/p>\n\n\n\n<p class=\"has-luminous-vivid-amber-color has-very-dark-gray-background-color has-text-color has-background has-medium-font-size\"><strong>NO CADERNO, DESENHE, CONFORME SUAS HIP\u00d3TESES, A FORMA COMO AS PLANTAS SE ALIMENTAM.<\/strong><\/p>\n\n\n\n<p class=\"has-text-align-center has-light-green-cyan-background-color has-text-color has-background has-medium-font-size\" style=\"color:#080808\"><strong><strong>AGORA, ASSISTA <\/strong>&nbsp;<strong>ASSISTA AGORA AO EPIS\u00d3DIO VERDES FOLHAS DE&nbsp; O SHOW DA LUNA! <\/strong><\/strong><strong><strong>E AO FINAL, COMPARE O EXPERIMENTO DA LUNA COM O SEU DESENHO:<\/strong><\/strong><\/p>\n\n\n\n<figure class=\"wp-block-embed is-type-video is-provider-youtube wp-block-embed-youtube wp-embed-aspect-16-9 wp-has-aspect-ratio\"><div class=\"wp-block-embed__wrapper\">\n<p class=\"responsive-video-wrap clr\"><iframe title=\"O Show da Luna! - Verdes Folhas - Fotoss\u00edntese - Floresta da Amaz\u00f4nia\" width=\"1200\" height=\"675\" src=\"https:\/\/www.youtube.com\/embed\/KxlY4Zzoxxg?feature=oembed\" frameborder=\"0\" allow=\"accelerometer; autoplay; clipboard-write; encrypted-media; gyroscope; picture-in-picture\" allowfullscreen><\/iframe><\/p>\n<\/div><\/figure>\n\n\n\n<p class=\"has-text-align-center has-luminous-vivid-amber-background-color has-text-color has-background has-medium-font-size\" style=\"color:#080808\"><strong><strong>VOC\u00ca NOTOU ALGUMA SEMELHAN\u00c7A OU DIFEREN\u00c7A ENTRE A SUA HIP\u00d3TESE E O EXPERIMENTO FEITO PELA LUNA? QUAL? REGISTRE EM SEU CADERNO.<\/strong><\/strong><\/p>\n\n\n\n<hr class=\"wp-block-separator\"\/>\n\n\n\n<p class=\"has-text-align-center\" style=\"font-size:25px\"><strong>RECEBER LUZ \u00c9 MUITO IMPORTANTE PARA O DESENVOLVIMENTO DOS SERES VIVOS, ESPECIALMENTE PARA OS VEGETAIS, QUE DEPENDEM DELA O TEMPO TODO.<\/strong><\/p>\n\n\n\n<hr class=\"wp-block-separator\"\/>\n\n\n\n<p class=\"has-very-light-gray-background-color has-text-color has-background has-medium-font-size\" style=\"color:#000000\">PERGUNTAS<\/p>\n\n\n\n<p class=\"has-text-color has-medium-font-size\" style=\"color:#000000\">QUEST\u00c3O 1<br>QUAL A GRANDE FONTE DE LUZ PARA OS VEGETAIS?<\/p>\n\n\n\n<p class=\"has-text-color has-medium-font-size\" style=\"color:#000000\">QUEST\u00c3O 2<br>POR QUE A LUZ \u00c9 T\u00c3O IMPORTANTE PARA AS PLANTAS?<\/p>\n\n\n\n<p class=\"has-text-color has-medium-font-size\" style=\"color:#000000\">QUEST\u00c3O 3<br>O QUE ACONTECE COM AS PLANTAS QUANDO N\u00c3O RECEBEM LUZ?<\/p>\n\n\n\n<hr class=\"wp-block-separator\"\/>\n\n\n\n<p class=\"has-text-align-center has-medium-font-size\">ASSITA AO PROGRAMA CONEX\u00c3O ESCOLA &#8211; FOTOSS\u00cdNTESE &#8211; BLOCO1<\/p>\n\n\n\n<figure class=\"wp-block-embed is-type-video is-provider-youtube wp-block-embed-youtube wp-embed-aspect-16-9 wp-has-aspect-ratio\"><div class=\"wp-block-embed__wrapper\">\n<p class=\"responsive-video-wrap clr\"><iframe title=\"Fotoss\u00edntese - Ensino Fundamental - Ed Ambiental e Sa\u00fade - Anos Iniciais   Bl 01- 20 outubro 2020\" width=\"1200\" height=\"675\" src=\"https:\/\/www.youtube.com\/embed\/W3PnDUflCmw?feature=oembed\" frameborder=\"0\" allow=\"accelerometer; autoplay; clipboard-write; encrypted-media; gyroscope; picture-in-picture\" allowfullscreen><\/iframe><\/p>\n<\/div><figcaption>Fotoss\u00edntese &#8211; Ensino Fundamental &#8211; Ed Ambiental e Sa\u00fade &#8211; Anos Iniciais Bl 01- 20 outubro 2020<\/figcaption><\/figure>\n\n\n\n<hr class=\"wp-block-separator\"\/>\n\n\n\n<figure class=\"wp-block-table aligncenter is-style-stripes\"><table><tbody><tr><td>Refer\u00eancias:<\/td><td>Portal do Professor. Plantas: fotoss\u00edntese. Dispon\u00edvel em: &lt;http:\/\/portaldoprofessor.mec.gov.br\/fichaTecnicaAula.html?aula=21549&gt; acesso em 28, set. 2020.<br>EscolaKids.Sistema digest\u00f3rio. Dispon\u00edvel em: &lt;https:\/\/bit.ly\/3jdxLvl&gt; acesso em 28, set. 2020.<br>Fotoss\u00edntese. In Britannica Escola. Web, 2020. Dispon\u00edvel em:&lt;https:\/\/escola.britannica.com.br\/artigo\/fotoss\u00edntese\/482209&gt;. Acesso em: 29 de setembro de 2020.<\/td><\/tr><tr><td>Habilidades<\/td><td>(EF04CI04-A) Reconhecer o papel do Sol como fonte prim\u00e1ria de energia na produ\u00e7\u00e3o de alimentos pelas plantas e algas, por meio da fotoss\u00edntese.<br>(EF02CI04-A) Descrever caracter\u00edsticas de plantas e animais, como tamanho, forma, cor, fase da vida, local onde se desenvolvem, que fazem parte do cotidiano, relacionando-as ao ambiente em que vivem.<br>(GO-EF02CI09) Identificar caracter\u00edsticas pr\u00f3prias dos seres vivos.<br>(EF02CI05) Investigar a import\u00e2ncia da \u00e1gua e da luz para a manuten\u00e7\u00e3o da vida de plantas em geral.&nbsp;<br>(GO-EF02CI11) Investigar a import\u00e2ncia do ar e do solo para a manuten\u00e7\u00e3o da vida de plantas em geral.&nbsp;<\/td><\/tr><tr><td>Objetos do Conhecimento<\/td><td>Cadeias e teias alimentares simples<br>Fotoss\u00ednteseSeres vivos no ambiente<br>Caracter\u00edsticas dos seres vivos<br>Caracter\u00edsticas de plantas e animais<br>Plantas: \u00e1gua, luz, ar e solo para as plantas<\/td><\/tr><\/tbody><\/table><\/figure>\n","protected":false},"author":30,"featured_media":37802,"template":"","ef_categoria":[13,18],"ef_ano":[87],"ef_componente":[98],"class_list":["post-37801","ensino_fundamental","type-ensino_fundamental","status-publish","has-post-thumbnail","hentry","ef_categoria-ciclo-da-infancia-abc","ef_categoria-educacao-ambiental-e-saude","ef_ano-4o-ano","ef_componente-ciencia-da-natureza-ef","entry","has-media"],"acf":[],"_links":{"self":[{"href":"https:\/\/sme.goiania.go.gov.br\/conexaoescola\/wp-json\/wp\/v2\/ensino_fundamental\/37801","targetHints":{"allow":["GET"]}}],"collection":[{"href":"https:\/\/sme.goiania.go.gov.br\/conexaoescola\/wp-json\/wp\/v2\/ensino_fundamental"}],"about":[{"href":"https:\/\/sme.goiania.go.gov.br\/conexaoescola\/wp-json\/wp\/v2\/types\/ensino_fundamental"}],"author":[{"embeddable":true,"href":"https:\/\/sme.goiania.go.gov.br\/conexaoescola\/wp-json\/wp\/v2\/users\/30"}],"version-history":[{"count":0,"href":"https:\/\/sme.goiania.go.gov.br\/conexaoescola\/wp-json\/wp\/v2\/ensino_fundamental\/37801\/revisions"}],"wp:featuredmedia":[{"embeddable":true,"href":"https:\/\/sme.goiania.go.gov.br\/conexaoescola\/wp-json\/wp\/v2\/media\/37802"}],"wp:attachment":[{"href":"https:\/\/sme.goiania.go.gov.br\/conexaoescola\/wp-json\/wp\/v2\/media?parent=37801"}],"wp:term":[{"taxonomy":"ef_categoria","embeddable":true,"href":"https:\/\/sme.goiania.go.gov.br\/conexaoescola\/wp-json\/wp\/v2\/ef_categoria?post=37801"},{"taxonomy":"ef_ano","embeddable":true,"href":"https:\/\/sme.goiania.go.gov.br\/conexaoescola\/wp-json\/wp\/v2\/ef_ano?post=37801"},{"taxonomy":"ef_componente","embeddable":true,"href":"https:\/\/sme.goiania.go.gov.br\/conexaoescola\/wp-json\/wp\/v2\/ef_componente?post=37801"}],"curies":[{"name":"wp","href":"https:\/\/api.w.org\/{rel}","templated":true}]}}

Ciências da Natureza &#8211; PLANTAS: CLOROFILA &#8211; FOTOSSÍNTESE

<p class="has-text-color has-background has-medium-font-size" style="background-color:#fcf4e0;color:#000000"><em>Olá, estudante!</em><br><em>Esta aula foi veiculada na TV no dia 20/10, terça-feira, contemplando o eixo Educação Ambiental e Saúde. Aqui no Portal Conexão Escola, ela está apresentada em forma de atividade, mas você pode assistir a videoaula quando desejar, acessando link na parte inferior da tela.</em></p>



<p class="has-text-align-center has-text-color has-background" style="background-color:#ddffd6;color:#c371c0;font-size:22px"><strong>COMO AS PLANTAS SE ALIMENTAM? </strong><br><strong>ELAS SE ALIMENTAM COMO NÓS, SERES HUMANOS? </strong><br><strong>E O QUE É FOTOSSÍNTESE?&nbsp; </strong></p>



<p class="has-text-align-center has-text-color has-background" style="background-color:#ddffd6;color:#c371c0;font-size:22px"><strong>NESSA PROPOSTA VAMOS CONHECER MAIS SOBRE O REINO DAS PLANTAS!</strong></p>



<figure class="wp-block-image size-large is-style-rounded"><img decoding="async" src="http://sme.goiania.go.gov.br/conexaoescola/wp-content/uploads/2020/10/background-4390008_1920-1024x576.jpg" alt="" class="wp-image-37802"/></figure>



<hr class="wp-block-separator"/>



<p class="has-text-align-center has-medium-font-size"><strong>COMO NOS ALIMENTAMOS? </strong><br><strong>POR QUE SE ALIMENTAR É IMPORTANTE?</strong></p>



<p class="has-text-align-center"><img decoding="async" src="https://lh6.googleusercontent.com/-QQ4Vxu0vrVUwNBmRDUYo59Fby4CN5_jAJrDUtkVkjfZDwR31_sJ8buPWnlEKs8DdLvC6JSxELU5FA2Qqejka0pxex7TiJZZoK5nSjXb-rMw-vNSp8MOwlpXL_1gbg" style="width: undefinedpx;"></p>



<p class="has-text-align-center" style="font-size:30px"><strong>SISTEMA DIGESTÓRIO</strong></p>



<p class="has-text-color has-background has-medium-font-size" style="background-color:#ddffd6;color:#000000">O CORPO HUMANO POSSUI DIFERENTES ÓRGÃOS INTERNOS, CADA UM COM UMA FUNÇÃO. ISSO PERMITE COM QUE NOSSO ORGANISMO FUNCIONE CORRETAMENTE.</p>



<p class="has-text-color has-background has-medium-font-size" style="background-color:#ddffd6;color:#030303"> O <strong>SISTEMA DIGESTÓRIO</strong> É COMPOSTO POR VÁRIOS DESSES ÓRGÃOS. ELE É <strong>RESPONSÁVEL</strong> PELA <strong>TRANSFORMAÇÃO </strong>DOS <strong>ALIMENTOS</strong> QUE INGERIMOS EM SUBSTÂNCIAS BEM PEQUENAS, FAZENDO COM QUE SEUS NUTRIENTES SEJAM LEVADOS PELO SANGUE A TODO O NOSSO CORPO. DEPOIS DISSO, O QUE NÃO TEM UTILIDADE PARA O ORGANISMO É ELIMINADO PELAS FEZES.</p>



<p class="has-text-align-left has-text-color has-background has-medium-font-size" style="background-color:#ddffd6;color:#000000">A ESSE PROCESSO, DAMOS O NOME DE <strong>DIGESTÃO</strong>. GRAÇAS A ELA, TEMOS <strong>ENERGIA</strong> PARA BRINCARMOS, ESTUDARMOS, ENFIM, PARA FAZERMOS AS NOSSAS ATIVIDADES DIÁRIAS.</p>



<p class="has-text-align-right" style="font-size:15px">EscolaKids.Sistema digestório. Disponível em: https://bit.ly/3jdxLvl acesso em 28, set. 2020</p>



<p class="has-text-align-center has-medium-font-size"><strong>ASSISTA AO VÍDEO SOBRE O SISTEMA DIGESTÓRIO:</strong></p>



<figure class="wp-block-embed is-type-video is-provider-youtube wp-block-embed-youtube wp-embed-aspect-16-9 wp-has-aspect-ratio"><div class="wp-block-embed__wrapper">
<p class="responsive-video-wrap clr"><iframe title="Corpo Humano - Sistema Digestório - Estômago e Intestino" width="1200" height="675" src="https://www.youtube.com/embed/EVJ7ZrTamaQ?feature=oembed" frameborder="0" allow="accelerometer; autoplay; clipboard-write; encrypted-media; gyroscope; picture-in-picture" allowfullscreen></iframe></p>
</div><figcaption><strong>Corpo humano &#8211; sistema digestório &#8211; Estômago e Intestino</strong></figcaption></figure>



<p class="has-text-align-center has-background has-medium-font-size" style="background-color:#fae3f9">AGORA QUE SABEMOS UM POUCO MAIS SOBRE O PROCESSO DIGESTIVO DOS SERES HUMANOS CHEGOU A HORA DE REFLETIRMOS SOBRE O PROCESSO DE ALIMENTAÇÃO DOS OUTROS SERES VIVOS.</p>



<p class="has-text-color has-medium-font-size" style="color:#ba06b1"><strong>PENSE: COMO OS ANIMAIS SE ALIMENTAM? </strong><strong>SERÁ QUE ACONTECE COM ELES O MESMO QUE ACONTECE COM A GENTE?</strong></p>



<p class="has-text-color has-background" style="background-color:#ddffd6;color:#000000;font-size:27px"><strong>E AS PLANTAS? </strong><br><strong>ELAS SE ALIMENTAM? </strong><br><strong>NOS ALIMENTAMOS PELA BOCA, E AS PLANTAS? </strong><br><strong>ELAS TÊM BOCA? </strong><br><strong>COMO SERÁ QUE AS PLANTAS SE ALIMENTAM?</strong></p>



<p class="has-luminous-vivid-amber-color has-very-dark-gray-background-color has-text-color has-background has-medium-font-size"><strong>NO CADERNO, DESENHE, CONFORME SUAS HIPÓTESES, A FORMA COMO AS PLANTAS SE ALIMENTAM.</strong></p>



<p class="has-text-align-center has-light-green-cyan-background-color has-text-color has-background has-medium-font-size" style="color:#080808"><strong><strong>AGORA, ASSISTA </strong>&nbsp;<strong>ASSISTA AGORA AO EPISÓDIO VERDES FOLHAS DE&nbsp; O SHOW DA LUNA! </strong></strong><strong><strong>E AO FINAL, COMPARE O EXPERIMENTO DA LUNA COM O SEU DESENHO:</strong></strong></p>



<figure class="wp-block-embed is-type-video is-provider-youtube wp-block-embed-youtube wp-embed-aspect-16-9 wp-has-aspect-ratio"><div class="wp-block-embed__wrapper">
<p class="responsive-video-wrap clr"><iframe title="O Show da Luna! - Verdes Folhas - Fotossíntese - Floresta da Amazônia" width="1200" height="675" src="https://www.youtube.com/embed/KxlY4Zzoxxg?feature=oembed" frameborder="0" allow="accelerometer; autoplay; clipboard-write; encrypted-media; gyroscope; picture-in-picture" allowfullscreen></iframe></p>
</div></figure>



<p class="has-text-align-center has-luminous-vivid-amber-background-color has-text-color has-background has-medium-font-size" style="color:#080808"><strong><strong>VOCÊ NOTOU ALGUMA SEMELHANÇA OU DIFERENÇA ENTRE A SUA HIPÓTESE E O EXPERIMENTO FEITO PELA LUNA? QUAL? REGISTRE EM SEU CADERNO.</strong></strong></p>



<hr class="wp-block-separator"/>



<p class="has-text-align-center" style="font-size:25px"><strong>RECEBER LUZ É MUITO IMPORTANTE PARA O DESENVOLVIMENTO DOS SERES VIVOS, ESPECIALMENTE PARA OS VEGETAIS, QUE DEPENDEM DELA O TEMPO TODO.</strong></p>



<hr class="wp-block-separator"/>



<p class="has-very-light-gray-background-color has-text-color has-background has-medium-font-size" style="color:#000000">PERGUNTAS</p>



<p class="has-text-color has-medium-font-size" style="color:#000000">QUESTÃO 1<br>QUAL A GRANDE FONTE DE LUZ PARA OS VEGETAIS?</p>



<p class="has-text-color has-medium-font-size" style="color:#000000">QUESTÃO 2<br>POR QUE A LUZ É TÃO IMPORTANTE PARA AS PLANTAS?</p>



<p class="has-text-color has-medium-font-size" style="color:#000000">QUESTÃO 3<br>O QUE ACONTECE COM AS PLANTAS QUANDO NÃO RECEBEM LUZ?</p>



<hr class="wp-block-separator"/>



<p class="has-text-align-center has-medium-font-size">ASSITA AO PROGRAMA CONEXÃO ESCOLA &#8211; FOTOSSÍNTESE &#8211; BLOCO1</p>



<figure class="wp-block-embed is-type-video is-provider-youtube wp-block-embed-youtube wp-embed-aspect-16-9 wp-has-aspect-ratio"><div class="wp-block-embed__wrapper">
<p class="responsive-video-wrap clr"><iframe title="Fotossíntese - Ensino Fundamental - Ed Ambiental e Saúde - Anos Iniciais   Bl 01- 20 outubro 2020" width="1200" height="675" src="https://www.youtube.com/embed/W3PnDUflCmw?feature=oembed" frameborder="0" allow="accelerometer; autoplay; clipboard-write; encrypted-media; gyroscope; picture-in-picture" allowfullscreen></iframe></p>
</div><figcaption>Fotossíntese &#8211; Ensino Fundamental &#8211; Ed Ambiental e Saúde &#8211; Anos Iniciais Bl 01- 20 outubro 2020</figcaption></figure>



<hr class="wp-block-separator"/>



<figure class="wp-block-table aligncenter is-style-stripes"><table><tbody><tr><td>Referências:</td><td>Portal do Professor. Plantas: fotossíntese. Disponível em: &lt;http://portaldoprofessor.mec.gov.br/fichaTecnicaAula.html?aula=21549&gt; acesso em 28, set. 2020.<br>EscolaKids.Sistema digestório. Disponível em: &lt;https://bit.ly/3jdxLvl&gt; acesso em 28, set. 2020.<br>Fotossíntese. In Britannica Escola. Web, 2020. Disponível em:&lt;https://escola.britannica.com.br/artigo/fotossíntese/482209&gt;. Acesso em: 29 de setembro de 2020.</td></tr><tr><td>Habilidades</td><td>(EF04CI04-A) Reconhecer o papel do Sol como fonte primária de energia na produção de alimentos pelas plantas e algas, por meio da fotossíntese.<br>(EF02CI04-A) Descrever características de plantas e animais, como tamanho, forma, cor, fase da vida, local onde se desenvolvem, que fazem parte do cotidiano, relacionando-as ao ambiente em que vivem.<br>(GO-EF02CI09) Identificar características próprias dos seres vivos.<br>(EF02CI05) Investigar a importância da água e da luz para a manutenção da vida de plantas em geral.&nbsp;<br>(GO-EF02CI11) Investigar a importância do ar e do solo para a manutenção da vida de plantas em geral.&nbsp;</td></tr><tr><td>Objetos do Conhecimento</td><td>Cadeias e teias alimentares simples<br>FotossínteseSeres vivos no ambiente<br>Características dos seres vivos<br>Características de plantas e animais<br>Plantas: água, luz, ar e solo para as plantas</td></tr></tbody></table></figure>
