{"id":3780,"date":"2020-08-24T07:00:00","date_gmt":"2020-08-24T10:00:00","guid":{"rendered":"http:\/\/sme.goiania.go.gov.br\/conexaoescola\/?post_type=ensino_fundamental&#038;p=3780"},"modified":"2021-11-25T11:04:15","modified_gmt":"2021-11-25T13:04:15","slug":"nossas-raizes-povos-indigenas","status":"publish","type":"ensino_fundamental","link":"https:\/\/sme.goiania.go.gov.br\/conexaoescola\/ensino_fundamental\/nossas-raizes-povos-indigenas\/","title":{"rendered":"L\u00edngua Portuguesa e Hist\u00f3ria &#8211; Nossas ra\u00edzes: povos ind\u00edgenas"},"content":{"rendered":"\n<p class=\"has-medium-font-size\">Ol\u00e1, caro estudante!<\/p>\n\n\n\n<p class=\"has-medium-font-size\">Voc\u00ea sabe o que \u00e9 Raiz?<\/p>\n\n\n\n<p class=\"has-medium-font-size\">Creio que sim. Toda \u00e1rvore grande e bonita come\u00e7ou como semente&#8230;<\/p>\n\n\n\n<p class=\"has-medium-font-size\">E o que garante que ela seja bela e continue de p\u00e9 s\u00e3o as suas ra\u00edzes.&nbsp;<\/p>\n\n\n\n<p class=\"has-medium-font-size\">Assim como uma \u00e1rvore, um pa\u00eds tamb\u00e9m tem ra\u00edzes.&nbsp;<br>Falamos de nossas ra\u00edzes enquanto processo hist\u00f3rico, ou seja, dos povos que ajudaram a formar esse belo povo e nossa maravilhosa cultura.<\/p>\n\n\n\n<hr class=\"wp-block-separator\"\/>\n\n\n\n<p class=\"has-medium-font-size\">Nessa atividade, vamos falar sobre nossas heran\u00e7as ancestrais, os primeiros povos dessa terra: os povos ind\u00edgenas.<\/p>\n\n\n\n<p class=\"has-medium-font-size\">Vamos ver uma anima\u00e7\u00e3o, constru\u00edda pelo Canal Enraizando, de Santa Catarina.<\/p>\n\n\n\n<figure class=\"wp-block-embed is-type-video is-provider-youtube wp-block-embed-youtube wp-embed-aspect-16-9 wp-has-aspect-ratio\"><div class=\"wp-block-embed__wrapper\">\n<p class=\"responsive-video-wrap clr\"><iframe title=\"Os Ind\u00edgenas - Ra\u00edzes do Brasil #1\" width=\"1200\" height=\"675\" src=\"https:\/\/www.youtube.com\/embed\/cQkA5PDow2s?feature=oembed\" frameborder=\"0\" allow=\"accelerometer; autoplay; encrypted-media; gyroscope; picture-in-picture\" allowfullscreen><\/iframe><\/p>\n<\/div><figcaption>&#8220;Os Ind\u00edgenas &#8211; Ra\u00edzes do Brasil #1&#8221; &#8211; Canal: Enraizado &#8211; Link: <a href=\"https:\/\/www.youtube.com\/watch?v=cQkA5PDow2s&amp;feature=emb_title\">https:\/\/www.youtube.com\/watch?v=cQkA5PDow2s&amp;feature=emb_title<\/a><\/figcaption><\/figure>\n\n\n\n<p class=\"has-medium-font-size\">\u00c9, de fato devemos muito aos povos origin\u00e1rios. Foram e s\u00e3o de grande import\u00e2ncia para o Brasil. Podemos lembrar de uma frase do Jamaicano Honor\u00e1vel Marcus Garvey:<\/p>\n\n\n\n<blockquote class=\"wp-block-quote is-layout-flow wp-block-quote-is-layout-flow\"><p>&nbsp;\u201cUm povo sem o conhecimento da sua hist\u00f3ria, origem e cultura \u00e9 como uma \u00e1rvore sem ra\u00edzes\u201d.<\/p><\/blockquote>\n\n\n\n<hr class=\"wp-block-separator\"\/>\n\n\n\n<p class=\"has-medium-font-size\"><strong>Atividades<\/strong><\/p>\n\n\n\n<p class=\"has-medium-font-size\">1. Sabemos um pouco de Hist\u00f3ria do Brasil e sabemos que os ind\u00edgenas e os africanos trouxeram um grande legado para nossa forma\u00e7\u00e3o, que tal pensar sobre a origem da sua fam\u00edlia? De onde vieram seus ancestrais?<\/p>\n\n\n\n<p class=\"has-medium-font-size\"><br>2. Por que hoje voc\u00ea tem esse nome e sobrenome e por que mora nessa cidade, nesse bairro?<\/p>\n\n\n\n<p class=\"has-medium-font-size\">3. Chame os seus familiares e use as suas pr\u00f3prias palavras para recontar novamente a hist\u00f3ria do v\u00eddeo &#8220;Os Ind\u00edgenas &#8211; Ra\u00edzes do Brasil&#8221;.<\/p>\n\n\n\n<p class=\"has-medium-font-size\">Seja criativo(a)!<\/p>\n\n\n\n<hr class=\"wp-block-separator\"\/>\n\n\n\n<p class=\"has-medium-font-size\">Lembre-se: conhecer voc\u00ea \u00e9 importante para aprender a hist\u00f3ria do restante do mundo.<\/p>\n\n\n\n<hr class=\"wp-block-separator\"\/>\n\n\n\n<figure class=\"wp-block-table\"><table><tbody><tr><td><strong>Componentes:<\/strong><\/td><td><strong>Objetivos de Aprendizagem e Desenvolvimento<\/strong><\/td><\/tr><tr><td>Hist\u00f3ria<\/td><td>(EF03HI03) Identificar e comparar pontos de vista em rela\u00e7\u00e3o a eventos significativos do<br>local em que vive, aspectos relacionados a condi\u00e7\u00f5es sociais e \u00e0 presen\u00e7a de diferentes<br>grupos sociais e culturais, com especial destaque para as culturas africanas, ind\u00edgenas e de<br>migrantes.<\/td><\/tr><tr><td>L\u00edngua Portuguesa<\/td><td>(EF15LP19-C) Recontar, a partir de textos originais e integrais, escritos em<br>registro liter\u00e1rio, em situa\u00e7\u00f5es comunicativas espec\u00edficas para a conta\u00e7\u00e3o de<br>hist\u00f3rias, como rodas com familiares e \/ou colegas, saraus.<br>(EF15LP10-C) Desenvolver o senso cr\u00edtico, ap\u00f3s escuta atenta, sobre assuntos<br>discutidos e estudados em diferentes situa\u00e7\u00f5es comunicativas.<\/td><\/tr><\/tbody><\/table><\/figure>\n\n\n\n<hr class=\"wp-block-separator\"\/>\n\n\n\n<p class=\"has-text-align-center\">Ciclo da Inf\u00e2ncia &#8211; \u00c9tica e Cidadania <\/p>\n","protected":false},"author":14,"featured_media":3186,"template":"","ef_categoria":[13,14,25,20],"ef_ano":[86],"ef_componente":[95,93],"class_list":["post-3780","ensino_fundamental","type-ensino_fundamental","status-publish","has-post-thumbnail","hentry","ef_categoria-ciclo-da-infancia-abc","ef_categoria-ciclo-da-infancia-de","ef_categoria-etica-e-cidadania-ciclo-da-infancia-de","ef_categoria-etica-e-cidadania","ef_ano-3o-ano","ef_componente-historia","ef_componente-portugues","entry","has-media"],"acf":[],"_links":{"self":[{"href":"https:\/\/sme.goiania.go.gov.br\/conexaoescola\/wp-json\/wp\/v2\/ensino_fundamental\/3780","targetHints":{"allow":["GET"]}}],"collection":[{"href":"https:\/\/sme.goiania.go.gov.br\/conexaoescola\/wp-json\/wp\/v2\/ensino_fundamental"}],"about":[{"href":"https:\/\/sme.goiania.go.gov.br\/conexaoescola\/wp-json\/wp\/v2\/types\/ensino_fundamental"}],"author":[{"embeddable":true,"href":"https:\/\/sme.goiania.go.gov.br\/conexaoescola\/wp-json\/wp\/v2\/users\/14"}],"version-history":[{"count":0,"href":"https:\/\/sme.goiania.go.gov.br\/conexaoescola\/wp-json\/wp\/v2\/ensino_fundamental\/3780\/revisions"}],"wp:featuredmedia":[{"embeddable":true,"href":"https:\/\/sme.goiania.go.gov.br\/conexaoescola\/wp-json\/wp\/v2\/media\/3186"}],"wp:attachment":[{"href":"https:\/\/sme.goiania.go.gov.br\/conexaoescola\/wp-json\/wp\/v2\/media?parent=3780"}],"wp:term":[{"taxonomy":"ef_categoria","embeddable":true,"href":"https:\/\/sme.goiania.go.gov.br\/conexaoescola\/wp-json\/wp\/v2\/ef_categoria?post=3780"},{"taxonomy":"ef_ano","embeddable":true,"href":"https:\/\/sme.goiania.go.gov.br\/conexaoescola\/wp-json\/wp\/v2\/ef_ano?post=3780"},{"taxonomy":"ef_componente","embeddable":true,"href":"https:\/\/sme.goiania.go.gov.br\/conexaoescola\/wp-json\/wp\/v2\/ef_componente?post=3780"}],"curies":[{"name":"wp","href":"https:\/\/api.w.org\/{rel}","templated":true}]}}

Língua Portuguesa e História &#8211; Nossas raízes: povos indígenas

<p class="has-medium-font-size">Olá, caro estudante!</p>



<p class="has-medium-font-size">Você sabe o que é Raiz?</p>



<p class="has-medium-font-size">Creio que sim. Toda árvore grande e bonita começou como semente&#8230;</p>



<p class="has-medium-font-size">E o que garante que ela seja bela e continue de pé são as suas raízes.&nbsp;</p>



<p class="has-medium-font-size">Assim como uma árvore, um país também tem raízes.&nbsp;<br>Falamos de nossas raízes enquanto processo histórico, ou seja, dos povos que ajudaram a formar esse belo povo e nossa maravilhosa cultura.</p>



<hr class="wp-block-separator"/>



<p class="has-medium-font-size">Nessa atividade, vamos falar sobre nossas heranças ancestrais, os primeiros povos dessa terra: os povos indígenas.</p>



<p class="has-medium-font-size">Vamos ver uma animação, construída pelo Canal Enraizando, de Santa Catarina.</p>



<figure class="wp-block-embed is-type-video is-provider-youtube wp-block-embed-youtube wp-embed-aspect-16-9 wp-has-aspect-ratio"><div class="wp-block-embed__wrapper">
<p class="responsive-video-wrap clr"><iframe title="Os Indígenas - Raízes do Brasil #1" width="1200" height="675" src="https://www.youtube.com/embed/cQkA5PDow2s?feature=oembed" frameborder="0" allow="accelerometer; autoplay; encrypted-media; gyroscope; picture-in-picture" allowfullscreen></iframe></p>
</div><figcaption>&#8220;Os Indígenas &#8211; Raízes do Brasil #1&#8221; &#8211; Canal: Enraizado &#8211; Link: <a href="https://www.youtube.com/watch?v=cQkA5PDow2s&amp;feature=emb_title">https://www.youtube.com/watch?v=cQkA5PDow2s&amp;feature=emb_title</a></figcaption></figure>



<p class="has-medium-font-size">É, de fato devemos muito aos povos originários. Foram e são de grande importância para o Brasil. Podemos lembrar de uma frase do Jamaicano Honorável Marcus Garvey:</p>



<blockquote class="wp-block-quote is-layout-flow wp-block-quote-is-layout-flow"><p>&nbsp;“Um povo sem o conhecimento da sua história, origem e cultura é como uma árvore sem raízes”.</p></blockquote>



<hr class="wp-block-separator"/>



<p class="has-medium-font-size"><strong>Atividades</strong></p>



<p class="has-medium-font-size">1. Sabemos um pouco de História do Brasil e sabemos que os indígenas e os africanos trouxeram um grande legado para nossa formação, que tal pensar sobre a origem da sua família? De onde vieram seus ancestrais?</p>



<p class="has-medium-font-size"><br>2. Por que hoje você tem esse nome e sobrenome e por que mora nessa cidade, nesse bairro?</p>



<p class="has-medium-font-size">3. Chame os seus familiares e use as suas próprias palavras para recontar novamente a história do vídeo &#8220;Os Indígenas &#8211; Raízes do Brasil&#8221;.</p>



<p class="has-medium-font-size">Seja criativo(a)!</p>



<hr class="wp-block-separator"/>



<p class="has-medium-font-size">Lembre-se: conhecer você é importante para aprender a história do restante do mundo.</p>



<hr class="wp-block-separator"/>



<figure class="wp-block-table"><table><tbody><tr><td><strong>Componentes:</strong></td><td><strong>Objetivos de Aprendizagem e Desenvolvimento</strong></td></tr><tr><td>História</td><td>(EF03HI03) Identificar e comparar pontos de vista em relação a eventos significativos do<br>local em que vive, aspectos relacionados a condições sociais e à presença de diferentes<br>grupos sociais e culturais, com especial destaque para as culturas africanas, indígenas e de<br>migrantes.</td></tr><tr><td>Língua Portuguesa</td><td>(EF15LP19-C) Recontar, a partir de textos originais e integrais, escritos em<br>registro literário, em situações comunicativas específicas para a contação de<br>histórias, como rodas com familiares e /ou colegas, saraus.<br>(EF15LP10-C) Desenvolver o senso crítico, após escuta atenta, sobre assuntos<br>discutidos e estudados em diferentes situações comunicativas.</td></tr></tbody></table></figure>



<hr class="wp-block-separator"/>



<p class="has-text-align-center">Ciclo da Infância &#8211; Ética e Cidadania </p>
