{"id":3768,"date":"2020-08-24T07:00:00","date_gmt":"2020-08-24T10:00:00","guid":{"rendered":"http:\/\/sme.goiania.go.gov.br\/conexaoescola\/?post_type=ensino_fundamental&#038;p=3768"},"modified":"2020-08-28T08:40:48","modified_gmt":"2020-08-28T11:40:48","slug":"corpo-expressao-e-movimento","status":"publish","type":"ensino_fundamental","link":"https:\/\/sme.goiania.go.gov.br\/conexaoescola\/ensino_fundamental\/corpo-expressao-e-movimento\/","title":{"rendered":"M\u00fasica e Cultura popular"},"content":{"rendered":"\n<p class=\"has-text-color has-medium-font-size has-luminous-vivid-orange-color\">M\u00fasica e Cultura popular<\/p>\n\n\n\n<p class=\"has-medium-font-size\">Os saberes populares e a forma\u00e7\u00e3o da Cultura<\/p>\n\n\n\n<p class=\"has-medium-font-size\">A cultura popular \u00e9 muito rica e diversa, n\u00e3o s\u00f3 aqui no Brasil, mas em todos os pa\u00edses. Ent\u00e3o, vamos explorar um pouco desse assunto e descobrir tamb\u00e9m o que sabemos e como contribu\u00edmos para enriquecer e preservar essa nossa cultura.<\/p>\n\n\n\n<p class=\"has-medium-font-size\">Mas o que \u00e9 cultura? Segundo Edward B. Tylor, cultura \u00e9 \u201ctodo aquele complexo que inclui o conhecimento, as cren\u00e7as, a arte, a moral, a lei, os costumes e todos os outros h\u00e1bitos e capacidades adquiridos pelo homem como membro de uma sociedade\u201d. Ufa!<\/p>\n\n\n\n<p class=\"has-medium-font-size\">Simplificando: cultura \u00e9 o conjunto de conhecimentos de um povo. E n\u00f3s contribu\u00edmos com a forma\u00e7\u00e3o e manuten\u00e7\u00e3o de nossas tradi\u00e7\u00f5es na medida que buscamos conhecer nossa hist\u00f3ria, a hist\u00f3ria de nossa fam\u00edlia, a hist\u00f3ria do lugar onde vivemos. E atrav\u00e9s da nossa cria\u00e7\u00e3o atrav\u00e9s das artes, no nosso caso, atrav\u00e9s da m\u00fasica que ouvimos, cantamos, brincamos, dan\u00e7amos ou compomos. As m\u00fasicas e brincadeiras que vamos mostrar aqui fazem parte de nossa imensa e rica cultura popular. Foram passadas de gera\u00e7\u00e3o a gera\u00e7\u00e3o, ou seja, de pais para filhos, de av\u00f3s para os netos, tios (as) para sobrinhos (as), irm\u00e3os para irm\u00e3os. E criadas e compostas por pessoas do nosso tempo atual. \u00c9 isso mesmo, a cultura e as tradi\u00e7\u00f5es caminham e evoluem juntamente com o povo. N\u00e3o s\u00e3o est\u00e1ticas, n\u00e3o ficam paradas no tempo.<\/p>\n\n\n\n<p class=\"has-medium-font-size\">Vamos assistir agora o grupo Cia Bola de Meia, que trabalha com m\u00fasica e brincadeira dentro desse contexto da cultura popular.&nbsp;<\/p>\n\n\n\n<hr class=\"wp-block-separator\"\/>\n\n\n\n<figure class=\"wp-block-embed-youtube wp-block-embed is-type-video is-provider-youtube wp-embed-aspect-16-9 wp-has-aspect-ratio\"><div class=\"wp-block-embed__wrapper\">\n<p class=\"responsive-video-wrap clr\"><iframe title=\"Boi de Mamao - Brinca Brasil - Show Musical Infantil\" width=\"1200\" height=\"675\" src=\"https:\/\/www.youtube.com\/embed\/uG7sb2NqTGc?feature=oembed\" frameborder=\"0\" allow=\"accelerometer; autoplay; encrypted-media; gyroscope; picture-in-picture\" allowfullscreen><\/iframe><\/p>\n<\/div><figcaption>&#8220;Boi de Mamao &#8211; Brinca Brasil &#8211; Show Musical Infantil&#8221; &#8211; Canal: Cia Cultural Bola de Meia &#8211; Link: <a href=\"https:\/\/www.youtube.com\/watch?v=uG7sb2NqTGc&amp;feature=emb_title\">https:\/\/www.youtube.com\/watch?v=uG7sb2NqTGc&amp;feature=emb_title<\/a><\/figcaption><\/figure>\n\n\n\n<hr class=\"wp-block-separator\"\/>\n\n\n\n<p class=\"has-medium-font-size\">Que maravilha! Muito divertido n\u00e3o \u00e9 mesmo? Voc\u00eas prestaram aten\u00e7\u00e3o na letra da m\u00fasica? Observaram as roupas ou o figurino dos m\u00fasicos? E os instrumentos? Perceberam a harmonia das vozes e dos instrumentos? J\u00e1 ouviram a hist\u00f3ria contada na m\u00fasica? Se n\u00e3o conseguiu perceber n\u00e3o tem problema. Vamos deixar o link do v\u00eddeo para que voc\u00ea volte l\u00e1 no youtube e ou\u00e7a quantas vezes for poss\u00edvel ok.<\/p>\n\n\n\n<p class=\"has-medium-font-size\">Vou falar um pouquinho sobre o boi. Essa hist\u00f3ria faz parte das tradi\u00e7\u00f5es de todas as regi\u00f5es do nosso pa\u00eds, especialmente na regi\u00e3o Norte e Nordeste. A hist\u00f3ria e o ritmo se confundem, ent\u00e3o, temos o boi-de-mam\u00e3o, bumba meu boi, bumba boi, boi-bumb\u00e1, e por a\u00ed vai. Que tal voc\u00ea fazer uma pesquisa sobre isso? Pegue uma folha, um l\u00e1pis e anote esses nomes a\u00ed. Assim que acabar essa atividade, e se poss\u00edvel, pesquise quais os personagens que fazem parte dessa hist\u00f3ria, como essa hist\u00f3ria \u00e9 dan\u00e7ada e representada, quais os instrumentos s\u00e3o mais presentes no ritmo do boi. Voc\u00ea poder\u00e1 pesquisar com sua fam\u00edlia, em livros ou mesmo na internet.<\/p>\n\n\n\n<hr class=\"wp-block-separator\"\/>\n\n\n\n<p class=\"has-medium-font-size\">Assim como o Boi, algumas brincadeiras fazem parte da cultura popular, por exemplo: as cantigas de roda, as brincadeiras de m\u00e3os como o \u201cAdoleta\u201d, o Corre cutia. Vamos aprender uma brincadeira com copos com a cantiga popular e trava-l\u00ednguas chamada \u201cEscatumbararib\u00ea\u201d.<\/p>\n\n\n\n<p class=\"has-background has-medium-font-size has-pale-cyan-blue-background-color\">Zum zum zum<\/p>\n\n\n\n<p class=\"has-background has-medium-font-size has-pale-cyan-blue-background-color\">Escatumbararib\u00ea<\/p>\n\n\n\n<p class=\"has-background has-medium-font-size has-pale-cyan-blue-background-color\">Escatumbararib\u00ea<\/p>\n\n\n\n<p class=\"has-background has-medium-font-size has-pale-cyan-blue-background-color\">Escatumbatinga<\/p>\n\n\n\n<p class=\"has-background has-medium-font-size has-pale-cyan-blue-background-color\">Au\u00ea sarub\u00ea ab\u00e1<\/p>\n\n\n\n<p class=\"has-background has-medium-font-size has-pale-cyan-blue-background-color\">Escatumbararib\u00ea<\/p>\n\n\n\n<p class=\"has-background has-medium-font-size has-pale-cyan-blue-background-color\">Escatumbatinga.<\/p>\n\n\n\n<p class=\"has-medium-font-size\">N\u00e3o \u00e9 dif\u00edcil, voc\u00ea s\u00f3 precisa se concentrar. &nbsp;Chame quem estiver com voc\u00ea, peguem um copo ou mesmo uma latinha vazia de extrato de tomates, e divirtam-se com a brincadeira. Assista ao v\u00eddeo para aprender &nbsp;com a professora Madalena como percutir os copos?<\/p>\n\n\n\n<figure class=\"wp-block-embed-youtube wp-block-embed is-type-video is-provider-youtube wp-embed-aspect-16-9 wp-has-aspect-ratio\"><div class=\"wp-block-embed__wrapper\">\n<p class=\"responsive-video-wrap clr\"><iframe title=\"ESCATUMBARARIB\u00ca mp4\" width=\"1200\" height=\"675\" src=\"https:\/\/www.youtube.com\/embed\/dqpz6Tv25E4?feature=oembed\" frameborder=\"0\" allow=\"accelerometer; autoplay; encrypted-media; gyroscope; picture-in-picture\" allowfullscreen><\/iframe><\/p>\n<\/div><figcaption>&#8220;ESCATUMBARARIB\u00ca mp4&#8221; &#8211; Canal: Maria Madalena de Oliveira e Sousa &#8211; Link: <a href=\"https:\/\/www.youtube.com\/channel\/UCsI-L536PvrPf646ZUpD_XA\">https:\/\/www.youtube.com\/channel\/UCsI-L536PvrPf646ZUpD_XA<\/a><\/figcaption><\/figure>\n\n\n\n<p class=\"has-medium-font-size\">Muito legal essa brincadeira! Mais legal \u00e9 saber que ela ficar\u00e1 no Portal Conex\u00e3o Escola para voc\u00ea rever quantas vezes quiser. Falamos de hist\u00f3rias, brincadeiras, dan\u00e7as, roupas e tantas outras coisas que envolvem a cultura, mas, e a M\u00fasica?<\/p>\n\n\n\n<p class=\"has-medium-font-size\">A M\u00fasica esteve e est\u00e1 presente sempre, em todos os lugares e povos de diferentes culturas. A M\u00fasica \u00e9 um elo que liga todas as artes; a dan\u00e7a, o teatro, as artes visuais. \u00c9 ela que conduz nossa imagina\u00e7\u00e3o e nosso olhar para as belezas dos lugares.<\/p>\n\n\n\n<p class=\"has-medium-font-size\">A nossa percuss\u00e3o com copos est\u00e1 obedecendo alguns padr\u00f5es musicais, a nossa brincadeira, al\u00e9m de ser um trava-l\u00edngua, \u00e9 cantada. O andamento que fazemos nossas atividades \u00e9 pura musicalidade.<\/p>\n\n\n\n<hr class=\"wp-block-separator\"\/>\n\n\n\n<p class=\"has-medium-font-size\">M\u00fasica \u00e9 organiza\u00e7\u00e3o de sons e sil\u00eancios. Quando temos a inten\u00e7\u00e3o de usar um som com finalidade musical, automaticamente ele se torna um som musical. Isso porque se eu n\u00e3o tiver essa inten\u00e7\u00e3o musical, o som \u00e9 apenas som. E os sons est\u00e3o em todos os lugares. Voc\u00ea j\u00e1 parou para ouvir os sons dos lugares por onde voc\u00ea anda? Ou os sons que existem em sua casa? E o sil\u00eancio? Ser\u00e1 que ele existe? J\u00e1 parou para pensar nisso? Fa\u00e7a um teste r\u00e1pido a\u00ed na sua casa e depois, quando n\u00f3s nos encontrarmos, voc\u00ea me dir\u00e1 o resultado ok? Fa\u00e7a sil\u00eancio por 1 minuto e perceba se consegue ficar sem ouvir nada. Quero saber o resultado.<\/p>\n\n\n\n<p class=\"has-medium-font-size\">M\u00fasica, al\u00e9m de ser organiza\u00e7\u00e3o de som e sil\u00eancio, \u00e9 vida. Vamos assistir um v\u00eddeo que fala que podemos fazer m\u00fasica com qualquer tipo de som.<\/p>\n\n\n\n<figure class=\"wp-block-embed-youtube wp-block-embed is-type-video is-provider-youtube wp-embed-aspect-16-9 wp-has-aspect-ratio\"><div class=\"wp-block-embed__wrapper\">\n<p class=\"responsive-video-wrap clr\"><iframe title=\"Musicaliza\u00e7\u00e3o Infantil - 6 e 7 anos - Com qual tipo de som podemos fazer m\u00fasica?\" width=\"1200\" height=\"675\" src=\"https:\/\/www.youtube.com\/embed\/nHj0XVO7n_o?feature=oembed\" frameborder=\"0\" allow=\"accelerometer; autoplay; encrypted-media; gyroscope; picture-in-picture\" allowfullscreen><\/iframe><\/p>\n<\/div><figcaption>&#8220;Musicaliza\u00e7\u00e3o Infantil &#8211; 6 e 7 anos &#8211; Com qual tipo de som podemos fazer m\u00fasica?&#8221; &#8211; Canal: Viagem pelo mundo da m\u00fasica &#8211; Link: <a href=\"https:\/\/www.youtube.com\/watch?v=nHj0XVO7n_o&amp;feature=emb_title\">https:\/\/www.youtube.com\/watch?v=nHj0XVO7n_o&amp;feature=emb_title<\/a><\/figcaption><\/figure>\n\n\n\n<p class=\"has-medium-font-size\">Agora voc\u00ea tem muitas informa\u00e7\u00f5es para criar brincadeiras, m\u00fasicas, e o que mais achar interessante para se divertir e contribuir com a cultura de seu lugar.<\/p>\n\n\n\n<p class=\"has-medium-font-size\">Procure saber mais sobre isso para que possamos brincar bastante na escola quando tudo isso passar. Inicie suas pesquisas com as sugest\u00f5es deixadas abaixo. Lembrando que: o que vimos aqui na TV est\u00e1 dispon\u00edvel no Portal Conex\u00e3o Escola, na internet.<\/p>\n\n\n\n<hr class=\"wp-block-separator\"\/>\n\n\n\n<p class=\"has-medium-font-size\">Antes de ir embora vou deixar um recadinho do grupo Cia Bola de Meia para todos!<\/p>\n\n\n\n<figure class=\"wp-block-embed-youtube wp-block-embed is-type-video is-provider-youtube wp-embed-aspect-16-9 wp-has-aspect-ratio\"><div class=\"wp-block-embed__wrapper\">\n<p class=\"responsive-video-wrap clr\"><iframe title=\"Ficar em Casa - M\u00fasica Autoral\" width=\"1200\" height=\"675\" src=\"https:\/\/www.youtube.com\/embed\/qcLgbdqNPuY?feature=oembed\" frameborder=\"0\" allow=\"accelerometer; autoplay; encrypted-media; gyroscope; picture-in-picture\" allowfullscreen><\/iframe><\/p>\n<\/div><figcaption>&#8220;Ficar em Casa &#8211; M\u00fasica Autoral&#8221; &#8211; Canal: Cia Cultural Bola de Meia &#8211; Link: <a href=\"https:\/\/www.youtube.com\/watch?v=qcLgbdqNPuY&amp;feature=emb_title\">https:\/\/www.youtube.com\/watch?v=qcLgbdqNPuY&amp;feature=emb_title<\/a><\/figcaption><\/figure>\n\n\n\n<hr class=\"wp-block-separator\"\/>\n\n\n\n<p class=\"has-text-align-center\">At\u00e9 mais!<\/p>\n\n\n\n<hr class=\"wp-block-separator\"\/>\n\n\n\n<p class=\"has-text-align-center\">Ciclo da Inf\u00e2ncia &#8211; Corpo, Express\u00e3o e Movimento &#8212; Turmas 1\u00ba, 2\u00ba, 3\u00ba, 4\u00ba e 5\u00ba Anos<\/p>\n","protected":false},"author":14,"featured_media":2203,"template":"","ef_categoria":[13,14,22,17],"ef_ano":[],"ef_componente":[],"class_list":["post-3768","ensino_fundamental","type-ensino_fundamental","status-publish","has-post-thumbnail","hentry","ef_categoria-ciclo-da-infancia-abc","ef_categoria-ciclo-da-infancia-de","ef_categoria-corpo-e-movimento-ciclo-da-infancia-de","ef_categoria-corpo-e-movimento","entry","has-media"],"acf":[],"_links":{"self":[{"href":"https:\/\/sme.goiania.go.gov.br\/conexaoescola\/wp-json\/wp\/v2\/ensino_fundamental\/3768","targetHints":{"allow":["GET"]}}],"collection":[{"href":"https:\/\/sme.goiania.go.gov.br\/conexaoescola\/wp-json\/wp\/v2\/ensino_fundamental"}],"about":[{"href":"https:\/\/sme.goiania.go.gov.br\/conexaoescola\/wp-json\/wp\/v2\/types\/ensino_fundamental"}],"author":[{"embeddable":true,"href":"https:\/\/sme.goiania.go.gov.br\/conexaoescola\/wp-json\/wp\/v2\/users\/14"}],"version-history":[{"count":0,"href":"https:\/\/sme.goiania.go.gov.br\/conexaoescola\/wp-json\/wp\/v2\/ensino_fundamental\/3768\/revisions"}],"wp:featuredmedia":[{"embeddable":true,"href":"https:\/\/sme.goiania.go.gov.br\/conexaoescola\/wp-json\/wp\/v2\/media\/2203"}],"wp:attachment":[{"href":"https:\/\/sme.goiania.go.gov.br\/conexaoescola\/wp-json\/wp\/v2\/media?parent=3768"}],"wp:term":[{"taxonomy":"ef_categoria","embeddable":true,"href":"https:\/\/sme.goiania.go.gov.br\/conexaoescola\/wp-json\/wp\/v2\/ef_categoria?post=3768"},{"taxonomy":"ef_ano","embeddable":true,"href":"https:\/\/sme.goiania.go.gov.br\/conexaoescola\/wp-json\/wp\/v2\/ef_ano?post=3768"},{"taxonomy":"ef_componente","embeddable":true,"href":"https:\/\/sme.goiania.go.gov.br\/conexaoescola\/wp-json\/wp\/v2\/ef_componente?post=3768"}],"curies":[{"name":"wp","href":"https:\/\/api.w.org\/{rel}","templated":true}]}}

Música e Cultura popular

<p class="has-text-color has-medium-font-size has-luminous-vivid-orange-color">Música e Cultura popular</p>



<p class="has-medium-font-size">Os saberes populares e a formação da Cultura</p>



<p class="has-medium-font-size">A cultura popular é muito rica e diversa, não só aqui no Brasil, mas em todos os países. Então, vamos explorar um pouco desse assunto e descobrir também o que sabemos e como contribuímos para enriquecer e preservar essa nossa cultura.</p>



<p class="has-medium-font-size">Mas o que é cultura? Segundo Edward B. Tylor, cultura é “todo aquele complexo que inclui o conhecimento, as crenças, a arte, a moral, a lei, os costumes e todos os outros hábitos e capacidades adquiridos pelo homem como membro de uma sociedade”. Ufa!</p>



<p class="has-medium-font-size">Simplificando: cultura é o conjunto de conhecimentos de um povo. E nós contribuímos com a formação e manutenção de nossas tradições na medida que buscamos conhecer nossa história, a história de nossa família, a história do lugar onde vivemos. E através da nossa criação através das artes, no nosso caso, através da música que ouvimos, cantamos, brincamos, dançamos ou compomos. As músicas e brincadeiras que vamos mostrar aqui fazem parte de nossa imensa e rica cultura popular. Foram passadas de geração a geração, ou seja, de pais para filhos, de avós para os netos, tios (as) para sobrinhos (as), irmãos para irmãos. E criadas e compostas por pessoas do nosso tempo atual. É isso mesmo, a cultura e as tradições caminham e evoluem juntamente com o povo. Não são estáticas, não ficam paradas no tempo.</p>



<p class="has-medium-font-size">Vamos assistir agora o grupo Cia Bola de Meia, que trabalha com música e brincadeira dentro desse contexto da cultura popular.&nbsp;</p>



<hr class="wp-block-separator"/>



<figure class="wp-block-embed-youtube wp-block-embed is-type-video is-provider-youtube wp-embed-aspect-16-9 wp-has-aspect-ratio"><div class="wp-block-embed__wrapper">
<p class="responsive-video-wrap clr"><iframe title="Boi de Mamao - Brinca Brasil - Show Musical Infantil" width="1200" height="675" src="https://www.youtube.com/embed/uG7sb2NqTGc?feature=oembed" frameborder="0" allow="accelerometer; autoplay; encrypted-media; gyroscope; picture-in-picture" allowfullscreen></iframe></p>
</div><figcaption>&#8220;Boi de Mamao &#8211; Brinca Brasil &#8211; Show Musical Infantil&#8221; &#8211; Canal: Cia Cultural Bola de Meia &#8211; Link: <a href="https://www.youtube.com/watch?v=uG7sb2NqTGc&amp;feature=emb_title">https://www.youtube.com/watch?v=uG7sb2NqTGc&amp;feature=emb_title</a></figcaption></figure>



<hr class="wp-block-separator"/>



<p class="has-medium-font-size">Que maravilha! Muito divertido não é mesmo? Vocês prestaram atenção na letra da música? Observaram as roupas ou o figurino dos músicos? E os instrumentos? Perceberam a harmonia das vozes e dos instrumentos? Já ouviram a história contada na música? Se não conseguiu perceber não tem problema. Vamos deixar o link do vídeo para que você volte lá no youtube e ouça quantas vezes for possível ok.</p>



<p class="has-medium-font-size">Vou falar um pouquinho sobre o boi. Essa história faz parte das tradições de todas as regiões do nosso país, especialmente na região Norte e Nordeste. A história e o ritmo se confundem, então, temos o boi-de-mamão, bumba meu boi, bumba boi, boi-bumbá, e por aí vai. Que tal você fazer uma pesquisa sobre isso? Pegue uma folha, um lápis e anote esses nomes aí. Assim que acabar essa atividade, e se possível, pesquise quais os personagens que fazem parte dessa história, como essa história é dançada e representada, quais os instrumentos são mais presentes no ritmo do boi. Você poderá pesquisar com sua família, em livros ou mesmo na internet.</p>



<hr class="wp-block-separator"/>



<p class="has-medium-font-size">Assim como o Boi, algumas brincadeiras fazem parte da cultura popular, por exemplo: as cantigas de roda, as brincadeiras de mãos como o “Adoleta”, o Corre cutia. Vamos aprender uma brincadeira com copos com a cantiga popular e trava-línguas chamada “Escatumbararibê”.</p>



<p class="has-background has-medium-font-size has-pale-cyan-blue-background-color">Zum zum zum</p>



<p class="has-background has-medium-font-size has-pale-cyan-blue-background-color">Escatumbararibê</p>



<p class="has-background has-medium-font-size has-pale-cyan-blue-background-color">Escatumbararibê</p>



<p class="has-background has-medium-font-size has-pale-cyan-blue-background-color">Escatumbatinga</p>



<p class="has-background has-medium-font-size has-pale-cyan-blue-background-color">Auê sarubê abá</p>



<p class="has-background has-medium-font-size has-pale-cyan-blue-background-color">Escatumbararibê</p>



<p class="has-background has-medium-font-size has-pale-cyan-blue-background-color">Escatumbatinga.</p>



<p class="has-medium-font-size">Não é difícil, você só precisa se concentrar. &nbsp;Chame quem estiver com você, peguem um copo ou mesmo uma latinha vazia de extrato de tomates, e divirtam-se com a brincadeira. Assista ao vídeo para aprender &nbsp;com a professora Madalena como percutir os copos?</p>



<figure class="wp-block-embed-youtube wp-block-embed is-type-video is-provider-youtube wp-embed-aspect-16-9 wp-has-aspect-ratio"><div class="wp-block-embed__wrapper">
<p class="responsive-video-wrap clr"><iframe title="ESCATUMBARARIBÊ mp4" width="1200" height="675" src="https://www.youtube.com/embed/dqpz6Tv25E4?feature=oembed" frameborder="0" allow="accelerometer; autoplay; encrypted-media; gyroscope; picture-in-picture" allowfullscreen></iframe></p>
</div><figcaption>&#8220;ESCATUMBARARIBÊ mp4&#8221; &#8211; Canal: Maria Madalena de Oliveira e Sousa &#8211; Link: <a href="https://www.youtube.com/channel/UCsI-L536PvrPf646ZUpD_XA">https://www.youtube.com/channel/UCsI-L536PvrPf646ZUpD_XA</a></figcaption></figure>



<p class="has-medium-font-size">Muito legal essa brincadeira! Mais legal é saber que ela ficará no Portal Conexão Escola para você rever quantas vezes quiser. Falamos de histórias, brincadeiras, danças, roupas e tantas outras coisas que envolvem a cultura, mas, e a Música?</p>



<p class="has-medium-font-size">A Música esteve e está presente sempre, em todos os lugares e povos de diferentes culturas. A Música é um elo que liga todas as artes; a dança, o teatro, as artes visuais. É ela que conduz nossa imaginação e nosso olhar para as belezas dos lugares.</p>



<p class="has-medium-font-size">A nossa percussão com copos está obedecendo alguns padrões musicais, a nossa brincadeira, além de ser um trava-língua, é cantada. O andamento que fazemos nossas atividades é pura musicalidade.</p>



<hr class="wp-block-separator"/>



<p class="has-medium-font-size">Música é organização de sons e silêncios. Quando temos a intenção de usar um som com finalidade musical, automaticamente ele se torna um som musical. Isso porque se eu não tiver essa intenção musical, o som é apenas som. E os sons estão em todos os lugares. Você já parou para ouvir os sons dos lugares por onde você anda? Ou os sons que existem em sua casa? E o silêncio? Será que ele existe? Já parou para pensar nisso? Faça um teste rápido aí na sua casa e depois, quando nós nos encontrarmos, você me dirá o resultado ok? Faça silêncio por 1 minuto e perceba se consegue ficar sem ouvir nada. Quero saber o resultado.</p>



<p class="has-medium-font-size">Música, além de ser organização de som e silêncio, é vida. Vamos assistir um vídeo que fala que podemos fazer música com qualquer tipo de som.</p>



<figure class="wp-block-embed-youtube wp-block-embed is-type-video is-provider-youtube wp-embed-aspect-16-9 wp-has-aspect-ratio"><div class="wp-block-embed__wrapper">
<p class="responsive-video-wrap clr"><iframe title="Musicalização Infantil - 6 e 7 anos - Com qual tipo de som podemos fazer música?" width="1200" height="675" src="https://www.youtube.com/embed/nHj0XVO7n_o?feature=oembed" frameborder="0" allow="accelerometer; autoplay; encrypted-media; gyroscope; picture-in-picture" allowfullscreen></iframe></p>
</div><figcaption>&#8220;Musicalização Infantil &#8211; 6 e 7 anos &#8211; Com qual tipo de som podemos fazer música?&#8221; &#8211; Canal: Viagem pelo mundo da música &#8211; Link: <a href="https://www.youtube.com/watch?v=nHj0XVO7n_o&amp;feature=emb_title">https://www.youtube.com/watch?v=nHj0XVO7n_o&amp;feature=emb_title</a></figcaption></figure>



<p class="has-medium-font-size">Agora você tem muitas informações para criar brincadeiras, músicas, e o que mais achar interessante para se divertir e contribuir com a cultura de seu lugar.</p>



<p class="has-medium-font-size">Procure saber mais sobre isso para que possamos brincar bastante na escola quando tudo isso passar. Inicie suas pesquisas com as sugestões deixadas abaixo. Lembrando que: o que vimos aqui na TV está disponível no Portal Conexão Escola, na internet.</p>



<hr class="wp-block-separator"/>



<p class="has-medium-font-size">Antes de ir embora vou deixar um recadinho do grupo Cia Bola de Meia para todos!</p>



<figure class="wp-block-embed-youtube wp-block-embed is-type-video is-provider-youtube wp-embed-aspect-16-9 wp-has-aspect-ratio"><div class="wp-block-embed__wrapper">
<p class="responsive-video-wrap clr"><iframe title="Ficar em Casa - Música Autoral" width="1200" height="675" src="https://www.youtube.com/embed/qcLgbdqNPuY?feature=oembed" frameborder="0" allow="accelerometer; autoplay; encrypted-media; gyroscope; picture-in-picture" allowfullscreen></iframe></p>
</div><figcaption>&#8220;Ficar em Casa &#8211; Música Autoral&#8221; &#8211; Canal: Cia Cultural Bola de Meia &#8211; Link: <a href="https://www.youtube.com/watch?v=qcLgbdqNPuY&amp;feature=emb_title">https://www.youtube.com/watch?v=qcLgbdqNPuY&amp;feature=emb_title</a></figcaption></figure>



<hr class="wp-block-separator"/>



<p class="has-text-align-center">Até mais!</p>



<hr class="wp-block-separator"/>



<p class="has-text-align-center">Ciclo da Infância &#8211; Corpo, Expressão e Movimento &#8212; Turmas 1º, 2º, 3º, 4º e 5º Anos</p>
