{"id":3655,"date":"2020-08-17T07:00:00","date_gmt":"2020-08-17T10:00:00","guid":{"rendered":"http:\/\/sme.goiania.go.gov.br\/conexaoescola\/?post_type=ensino_fundamental&#038;p=3655"},"modified":"2021-12-29T16:59:20","modified_gmt":"2021-12-29T18:59:20","slug":"repensar-uma-acao-que-a-natureza-agradece","status":"publish","type":"ensino_fundamental","link":"https:\/\/sme.goiania.go.gov.br\/conexaoescola\/ensino_fundamental\/repensar-uma-acao-que-a-natureza-agradece\/","title":{"rendered":"Ci\u00eancias da Natureza &#8211; Repensar, uma a\u00e7\u00e3o que a natureza agradece."},"content":{"rendered":"\n<p class=\"has-medium-font-size\">Ol\u00e1! Tudo bem? <\/p>\n\n\n\n<p class=\"has-medium-font-size\">Hoje conversaremos sobre as formas de descartar, reutilizar e reciclar materiais que consumimos diariamente, assim como sobre as diferentes fontes de energia.<\/p>\n\n\n\n<hr class=\"wp-block-separator\"\/>\n\n\n\n<p class=\"has-medium-font-size\">Na atualidade, tem se discutido muito sobre a necessidade de cuidarmos do meio ambiente e da import\u00e2ncia de termos h\u00e1bitos sustent\u00e1veis, colocando em pr\u00e1tica os 5Rs.<\/p>\n\n\n\n<p class=\"has-medium-font-size\"> Vamos aprender mais sobre eles?<\/p>\n\n\n\n<p class=\"has-medium-font-size\"><strong>Atividade 1 <\/strong><strong><\/strong><\/p>\n\n\n\n<p class=\"has-medium-font-size\">Convide algum adulto, ou algu\u00e9m um pouco mais velho que esteja com voc\u00ea para observarem a imagem abaixo.<strong>&nbsp;<\/strong><\/p>\n\n\n\n<div class=\"wp-block-image\"><figure class=\"aligncenter size-large is-resized\"><img fetchpriority=\"high\" decoding=\"async\" src=\"http:\/\/sme.goiania.go.gov.br\/conexaoescola\/wp-content\/uploads\/2020\/08\/5\u00ba_Semana-7_a-e1597357801416.jpg\" alt=\"\" class=\"wp-image-3656\" width=\"721\" height=\"582\" srcset=\"https:\/\/sme.goiania.go.gov.br\/conexaoescola\/wp-content\/uploads\/2020\/08\/5\u00ba_Semana-7_a-e1597357801416.jpg 779w, https:\/\/sme.goiania.go.gov.br\/conexaoescola\/wp-content\/uploads\/2020\/08\/5\u00ba_Semana-7_a-e1597357801416-300x242.jpg 300w, https:\/\/sme.goiania.go.gov.br\/conexaoescola\/wp-content\/uploads\/2020\/08\/5\u00ba_Semana-7_a-e1597357801416-768x620.jpg 768w\" sizes=\"(max-width: 721px) 100vw, 721px\" \/><\/figure><\/div>\n\n\n\n<hr class=\"wp-block-separator\"\/>\n\n\n\n<p class=\"has-medium-font-size\">Converse com a pessoa que est\u00e1 com voc\u00ea sobre a imagem e qual a mensagem ela comunica.<\/p>\n\n\n\n<p class=\"has-medium-font-size\">Agora, leia o texto abaixo. Ele traz novos conceitos ambientais muito relevantes para a preserva\u00e7\u00e3o ambiental.<\/p>\n\n\n\n<figure class=\"wp-block-pullquote alignwide\" style=\"border-color:#313131\"><blockquote><p><strong>5Rs &#8211; Reciclar, Reutilizar, Reduzir, Recusar e Repensar<\/strong><\/p><p>&nbsp;No in\u00edcio eram somente 3 R\u2019s, pouco depois foi necess\u00e1rio acrescentar mais alguns para direcionar nossos pensamentos em rela\u00e7\u00e3o ao Meio Ambiente em que vivemos, consumimos e geramos nossos res\u00edduos.<\/p><p>Nos dias de hoje falamos muito sobre preserva\u00e7\u00e3o ambiental e sustentabilidade devido ao impacto que n\u00f3s, seres humanos, causamos ao meio ambiente em que vivemos e que d\u00e1 todo o suporte para nossas vidas. Com esses assuntos relacionados \u00e0 preserva\u00e7\u00e3o surgiram os chamados R\u2019s como diretrizes para o alcance da Sustentabilidade Ambiental.&nbsp;Esses tais 5 R\u2019s s\u00e3o somente as iniciais de algumas palavras que determinam a\u00e7\u00f5es para amenizar nossos impactos:<\/p><p> <strong>RECICLAR<\/strong><\/p><p>\u00c9 transformar materiais j\u00e1 usados em mat\u00e9rias-primas para outros ou o mesmo produto. Podemos fazer a separa\u00e7\u00e3o de nossos res\u00edduos para reciclagem incentivando essa a\u00e7\u00e3o. A latinha de cerveja ou refrigerante \u00e9 um exemplo cl\u00e1ssico.<\/p><p><span style=\"background-color: initial;\"> <\/span><strong style=\"background-color: initial;\">REUTILIZAR<\/strong><\/p><p>\u00c9 uma forma de evitar que v\u00e1 para o lixo aquilo que pode ser reaproveitado na mesma ou para outras fun\u00e7\u00f5es. Reutilizando materiais que seriam descartados para o aterro, voc\u00ea estar\u00e1 aumentando a vida \u00fatil deste material e tamb\u00e9m do local onde ele seria descartado. Por exemplo, um pote azeitonas que vira um recipiente na sua cozinha.<\/p><p><strong style=\"background-color: initial;\">REDUZIR<\/strong><\/p><p>\u00c9 evitar o desperd\u00edcio e consumir menos produtos que agridam o meio ambiente. Consumir menos \u00e9 \u00f3timo para a natureza! N\u00e3o gaste tanto dinheiro em roupas e eletr\u00f4nicos que pouco vai usar. Pense duas vezes antes de comprar alguma coisa: \u00e9 realmente necess\u00e1rio?<\/p><p><strong style=\"background-color: initial;\">RECUSAR<\/strong><\/p><p>\u00c9 negar a possibilidade de consumo sup\u00e9rfluo e produtos que geram impactos ambientais significativos e que poluam nossa atmosfera, mar\u00e9s e \u00e1guas.<\/p><p>Evite o excesso de sacos pl\u00e1sticos e embalagens. Tenha sempre uma sacola de pano para transportar suas compras.<\/p><p><strong style=\"background-color: initial;\">REPENSAR<\/strong><\/p><p>Em rela\u00e7\u00e3o a necessidade de consumir e os padr\u00f5es de produ\u00e7\u00e3o e descarte adotados nas nossas vidas. Devemos nos questionar: Como isso \u00e9 produzido? Para que vou consumir algo desnecess\u00e1rio? Para onde vai meu res\u00edduo quando sai do meu port\u00e3o? Ele deixa de ser um problema?<\/p><p><\/p><p>Esses e outros questionamentos podem nos levar a a\u00e7\u00f5es que melhorem a qualidade de vida para todos. Devemos repensar em como v\u00e3o estar &nbsp;nossas praias, rios, matas e \u00e1guas subterr\u00e2neas. Nossas vidas dependem do equil\u00edbrio de nosso Meio Ambiente e para isso, poder\u00edamos seguir alguns R\u2019s em nosso cotidiano.<\/p><cite>Fonte: <a href=\"https:\/\/www.vivepipa.com\/br\/publicacoes\/blog\/27-5rs---reciclar--reutilizar--reduzir--recusar-e-repensar\" target=\"_blank\" rel=\"noreferrer noopener\">https:\/\/www.vivepipa.com\/br\/publicacoes\/blog\/27-5rs&#8212;reciclar&#8211;reutilizar&#8211;reduzir&#8211;recusar-e-repensar<\/a><br>Por Daniel Henrique Gil. Texto originalmente publicado na Revista Bora \u2013 edi\u00e7\u00e3o 04 \u2013 Fev\/Mar 2014<br><strong>&nbsp;<\/strong><\/cite><\/blockquote><\/figure>\n\n\n\n<div style=\"height:20px\" aria-hidden=\"true\" class=\"wp-block-spacer\"><\/div>\n\n\n\n<p class=\"has-medium-font-size\"><strong>Atividade 2<\/strong><strong><\/strong><\/p>\n\n\n\n<p class=\"has-medium-font-size\">Como voc\u00ea j\u00e1 viu, podemos reciclar muitos materiais, n\u00e3o \u00e9 mesmo?<\/p>\n\n\n\n<p class=\"has-medium-font-size\">Acesse o link a seguir e conhe\u00e7a uma forma interessante de reciclar as garrafas pets.<\/p>\n\n\n\n<p>Ci\u00eancia Hoje das Crian\u00e7as. <a rel=\"noreferrer noopener\" href=\"http:\/\/chc.org.br\/acervo\/va-plantar-batatas-em-garrafas\/\" target=\"_blank\">V\u00c1 PLANTAR BATATAS\u2026 EM GARRAFAS!<\/a> Link: <a href=\"http:\/\/chc.org.br\/acervo\/va-plantar-batatas-em-garrafas\/\" target=\"_blank\" rel=\"noreferrer noopener\">http:\/\/chc.org.br\/acervo\/va-plantar-batatas-em-garrafas\/<\/a><\/p>\n\n\n\n<p class=\"has-medium-font-size\">Agora \u00e9 com voc\u00ea: encontre um objeto que n\u00e3o est\u00e1 mais sendo utilizado e encontre uma nova utilidade para ele.<strong><\/strong><\/p>\n\n\n\n<hr class=\"wp-block-separator\"\/>\n\n\n\n<p class=\"has-medium-font-size\"><strong>Atividade 3<\/strong><strong><\/strong><\/p>\n\n\n\n<p class=\"has-medium-font-size\">As&nbsp;<strong>fontes de energia<\/strong>&nbsp;s\u00e3o recursos naturais ou artificiais utilizados pela sociedade para produ\u00e7\u00e3o de algum tipo de energia. A energia, por sua vez, \u00e9 utilizada para propiciar o deslocamento de ve\u00edculos, gerar calor ou produzir eletricidade para os mais diversos fins. As fontes de energia tamb\u00e9m possuem rela\u00e7\u00e3o com quest\u00f5es ambientais, pois, dependendo das formas de utiliza\u00e7\u00e3o dos recursos energ\u00e9ticos, graves impactos sobre a natureza podem ser ocasionados.<\/p>\n\n\n\n<ul class=\"wp-block-list\"><li>Imagine que a energia el\u00e9trica n\u00e3o pudesse mais ser utilizada. Como voc\u00ea faria para continuar fazendo as coisas funcionarem a\u00ed na sua casa? Voc\u00ea conhece algum outro tipo de energia que n\u00e3o seja a el\u00e9trica?<\/li><\/ul>\n\n\n\n<ul class=\"wp-block-list\"><li>Veja o infogr\u00e1fico e o cartaz abaixo e amplie seu conhecimento sobre os tipos de energia.<\/li><\/ul>\n\n\n\n<div class=\"wp-block-image\"><figure class=\"aligncenter size-large is-resized\"><img decoding=\"async\" src=\"http:\/\/sme.goiania.go.gov.br\/conexaoescola\/wp-content\/uploads\/2020\/08\/5\u00ba_Semana_b-e1597358596312.jpg\" alt=\"\" class=\"wp-image-3658\" width=\"725\" height=\"556\" srcset=\"https:\/\/sme.goiania.go.gov.br\/conexaoescola\/wp-content\/uploads\/2020\/08\/5\u00ba_Semana_b-e1597358596312.jpg 900w, https:\/\/sme.goiania.go.gov.br\/conexaoescola\/wp-content\/uploads\/2020\/08\/5\u00ba_Semana_b-e1597358596312-300x230.jpg 300w, https:\/\/sme.goiania.go.gov.br\/conexaoescola\/wp-content\/uploads\/2020\/08\/5\u00ba_Semana_b-e1597358596312-768x590.jpg 768w\" sizes=\"(max-width: 725px) 100vw, 725px\" \/><figcaption>Fonte: A Geradora. TIPOS E FONTES DE GERA\u00c7\u00c3O DE ENERGIA EL\u00c9TRICA.<br>Link: <a href=\"https:\/\/www.ageradora.com.br\/tipos-e-fontes-de-geracao-de-energia-eletrica\/\" target=\"_blank\" rel=\"noreferrer noopener\">https:\/\/www.ageradora.com.br\/tipos-e-fontes-de-geracao-de-energia-eletrica\/<\/a><\/figcaption><\/figure><\/div>\n\n\n\n<div style=\"height:20px\" aria-hidden=\"true\" class=\"wp-block-spacer\"><\/div>\n\n\n\n<div class=\"wp-block-image\"><figure class=\"aligncenter size-large is-resized\"><img decoding=\"async\" src=\"http:\/\/sme.goiania.go.gov.br\/conexaoescola\/wp-content\/uploads\/2020\/08\/5\u00ba_Semana-7_c-e1597358741316.jpg\" alt=\"\" class=\"wp-image-3659\" width=\"779\" height=\"566\" srcset=\"https:\/\/sme.goiania.go.gov.br\/conexaoescola\/wp-content\/uploads\/2020\/08\/5\u00ba_Semana-7_c-e1597358741316.jpg 800w, https:\/\/sme.goiania.go.gov.br\/conexaoescola\/wp-content\/uploads\/2020\/08\/5\u00ba_Semana-7_c-e1597358741316-300x218.jpg 300w, https:\/\/sme.goiania.go.gov.br\/conexaoescola\/wp-content\/uploads\/2020\/08\/5\u00ba_Semana-7_c-e1597358741316-768x559.jpg 768w\" sizes=\"(max-width: 779px) 100vw, 779px\" \/><figcaption>Fonte Brasil Escola. Fontes alternativas de energia<br>Link: <a href=\"https:\/\/brasilescola.uol.com.br\/geografia\/fontes-alternativas-energia.htm\" target=\"_blank\" rel=\"noreferrer noopener\">https:\/\/brasilescola.uol.com.br\/geografia\/fontes-alternativas-energia.htm<\/a><\/figcaption><\/figure><\/div>\n\n\n\n<div style=\"height:20px\" aria-hidden=\"true\" class=\"wp-block-spacer\"><\/div>\n\n\n\n<p class=\"has-medium-font-size\">O cartaz traz fontes alternativas de energia. <\/p>\n\n\n\n<p class=\"has-medium-font-size\">Converse com a pessoa que est\u00e1 realizando a atividade com voc\u00ea e escolham uma das fontes que poderia ser utilizada em sua cidade.<\/p>\n\n\n\n<hr class=\"wp-block-separator\"\/>\n\n\n\n<figure class=\"wp-block-table\"><table><tbody><tr><td><strong>Componentes<\/strong><\/td><td><strong>Habilidades<\/strong><\/td><\/tr><tr><td>Ci\u00eancias<\/td><td>(EF05CI05-B) Reconhecer as formas de descarte, reutiliza\u00e7\u00e3o e\/ou reciclagem de materiais consumidos cotidianamente, destacando os res\u00edduos como fonte de mat\u00e9ria-prima.<\/td><\/tr><\/tbody><\/table><\/figure>\n\n\n\n<hr class=\"wp-block-separator\"\/>\n\n\n\n<p>Cr\u00e9ditos: Regime de Colabora\u00e7\u00e3o \u2013 Coordena\u00e7\u00e3o Estadual de Implementa\u00e7\u00e3o da BNCC no Estado de Goi\u00e1s.<\/p>\n","protected":false},"author":10,"featured_media":3656,"template":"","ef_categoria":[],"ef_ano":[88],"ef_componente":[98],"class_list":["post-3655","ensino_fundamental","type-ensino_fundamental","status-publish","has-post-thumbnail","hentry","ef_ano-5o-ano","ef_componente-ciencia-da-natureza-ef","entry","has-media"],"acf":[],"_links":{"self":[{"href":"https:\/\/sme.goiania.go.gov.br\/conexaoescola\/wp-json\/wp\/v2\/ensino_fundamental\/3655","targetHints":{"allow":["GET"]}}],"collection":[{"href":"https:\/\/sme.goiania.go.gov.br\/conexaoescola\/wp-json\/wp\/v2\/ensino_fundamental"}],"about":[{"href":"https:\/\/sme.goiania.go.gov.br\/conexaoescola\/wp-json\/wp\/v2\/types\/ensino_fundamental"}],"author":[{"embeddable":true,"href":"https:\/\/sme.goiania.go.gov.br\/conexaoescola\/wp-json\/wp\/v2\/users\/10"}],"version-history":[{"count":0,"href":"https:\/\/sme.goiania.go.gov.br\/conexaoescola\/wp-json\/wp\/v2\/ensino_fundamental\/3655\/revisions"}],"wp:featuredmedia":[{"embeddable":true,"href":"https:\/\/sme.goiania.go.gov.br\/conexaoescola\/wp-json\/wp\/v2\/media\/3656"}],"wp:attachment":[{"href":"https:\/\/sme.goiania.go.gov.br\/conexaoescola\/wp-json\/wp\/v2\/media?parent=3655"}],"wp:term":[{"taxonomy":"ef_categoria","embeddable":true,"href":"https:\/\/sme.goiania.go.gov.br\/conexaoescola\/wp-json\/wp\/v2\/ef_categoria?post=3655"},{"taxonomy":"ef_ano","embeddable":true,"href":"https:\/\/sme.goiania.go.gov.br\/conexaoescola\/wp-json\/wp\/v2\/ef_ano?post=3655"},{"taxonomy":"ef_componente","embeddable":true,"href":"https:\/\/sme.goiania.go.gov.br\/conexaoescola\/wp-json\/wp\/v2\/ef_componente?post=3655"}],"curies":[{"name":"wp","href":"https:\/\/api.w.org\/{rel}","templated":true}]}}

Ciências da Natureza &#8211; Repensar, uma ação que a natureza agradece.

<p class="has-medium-font-size">Olá! Tudo bem? </p>



<p class="has-medium-font-size">Hoje conversaremos sobre as formas de descartar, reutilizar e reciclar materiais que consumimos diariamente, assim como sobre as diferentes fontes de energia.</p>



<hr class="wp-block-separator"/>



<p class="has-medium-font-size">Na atualidade, tem se discutido muito sobre a necessidade de cuidarmos do meio ambiente e da importância de termos hábitos sustentáveis, colocando em prática os 5Rs.</p>



<p class="has-medium-font-size"> Vamos aprender mais sobre eles?</p>



<p class="has-medium-font-size"><strong>Atividade 1 </strong><strong></strong></p>



<p class="has-medium-font-size">Convide algum adulto, ou alguém um pouco mais velho que esteja com você para observarem a imagem abaixo.<strong>&nbsp;</strong></p>



<div class="wp-block-image"><figure class="aligncenter size-large is-resized"><img fetchpriority="high" decoding="async" src="http://sme.goiania.go.gov.br/conexaoescola/wp-content/uploads/2020/08/5º_Semana-7_a-e1597357801416.jpg" alt="" class="wp-image-3656" width="721" height="582" srcset="https://sme.goiania.go.gov.br/conexaoescola/wp-content/uploads/2020/08/5º_Semana-7_a-e1597357801416.jpg 779w, https://sme.goiania.go.gov.br/conexaoescola/wp-content/uploads/2020/08/5º_Semana-7_a-e1597357801416-300x242.jpg 300w, https://sme.goiania.go.gov.br/conexaoescola/wp-content/uploads/2020/08/5º_Semana-7_a-e1597357801416-768x620.jpg 768w" sizes="(max-width: 721px) 100vw, 721px" /></figure></div>



<hr class="wp-block-separator"/>



<p class="has-medium-font-size">Converse com a pessoa que está com você sobre a imagem e qual a mensagem ela comunica.</p>



<p class="has-medium-font-size">Agora, leia o texto abaixo. Ele traz novos conceitos ambientais muito relevantes para a preservação ambiental.</p>



<figure class="wp-block-pullquote alignwide" style="border-color:#313131"><blockquote><p><strong>5Rs &#8211; Reciclar, Reutilizar, Reduzir, Recusar e Repensar</strong></p><p>&nbsp;No início eram somente 3 R’s, pouco depois foi necessário acrescentar mais alguns para direcionar nossos pensamentos em relação ao Meio Ambiente em que vivemos, consumimos e geramos nossos resíduos.</p><p>Nos dias de hoje falamos muito sobre preservação ambiental e sustentabilidade devido ao impacto que nós, seres humanos, causamos ao meio ambiente em que vivemos e que dá todo o suporte para nossas vidas. Com esses assuntos relacionados à preservação surgiram os chamados R’s como diretrizes para o alcance da Sustentabilidade Ambiental.&nbsp;Esses tais 5 R’s são somente as iniciais de algumas palavras que determinam ações para amenizar nossos impactos:</p><p> <strong>RECICLAR</strong></p><p>É transformar materiais já usados em matérias-primas para outros ou o mesmo produto. Podemos fazer a separação de nossos resíduos para reciclagem incentivando essa ação. A latinha de cerveja ou refrigerante é um exemplo clássico.</p><p><span style="background-color: initial;"> </span><strong style="background-color: initial;">REUTILIZAR</strong></p><p>É uma forma de evitar que vá para o lixo aquilo que pode ser reaproveitado na mesma ou para outras funções. Reutilizando materiais que seriam descartados para o aterro, você estará aumentando a vida útil deste material e também do local onde ele seria descartado. Por exemplo, um pote azeitonas que vira um recipiente na sua cozinha.</p><p><strong style="background-color: initial;">REDUZIR</strong></p><p>É evitar o desperdício e consumir menos produtos que agridam o meio ambiente. Consumir menos é ótimo para a natureza! Não gaste tanto dinheiro em roupas e eletrônicos que pouco vai usar. Pense duas vezes antes de comprar alguma coisa: é realmente necessário?</p><p><strong style="background-color: initial;">RECUSAR</strong></p><p>É negar a possibilidade de consumo supérfluo e produtos que geram impactos ambientais significativos e que poluam nossa atmosfera, marés e águas.</p><p>Evite o excesso de sacos plásticos e embalagens. Tenha sempre uma sacola de pano para transportar suas compras.</p><p><strong style="background-color: initial;">REPENSAR</strong></p><p>Em relação a necessidade de consumir e os padrões de produção e descarte adotados nas nossas vidas. Devemos nos questionar: Como isso é produzido? Para que vou consumir algo desnecessário? Para onde vai meu resíduo quando sai do meu portão? Ele deixa de ser um problema?</p><p></p><p>Esses e outros questionamentos podem nos levar a ações que melhorem a qualidade de vida para todos. Devemos repensar em como vão estar &nbsp;nossas praias, rios, matas e águas subterrâneas. Nossas vidas dependem do equilíbrio de nosso Meio Ambiente e para isso, poderíamos seguir alguns R’s em nosso cotidiano.</p><cite>Fonte: <a href="https://www.vivepipa.com/br/publicacoes/blog/27-5rs---reciclar--reutilizar--reduzir--recusar-e-repensar" target="_blank" rel="noreferrer noopener">https://www.vivepipa.com/br/publicacoes/blog/27-5rs&#8212;reciclar&#8211;reutilizar&#8211;reduzir&#8211;recusar-e-repensar</a><br>Por Daniel Henrique Gil. Texto originalmente publicado na Revista Bora – edição 04 – Fev/Mar 2014<br><strong>&nbsp;</strong></cite></blockquote></figure>



<div style="height:20px" aria-hidden="true" class="wp-block-spacer"></div>



<p class="has-medium-font-size"><strong>Atividade 2</strong><strong></strong></p>



<p class="has-medium-font-size">Como você já viu, podemos reciclar muitos materiais, não é mesmo?</p>



<p class="has-medium-font-size">Acesse o link a seguir e conheça uma forma interessante de reciclar as garrafas pets.</p>



<p>Ciência Hoje das Crianças. <a rel="noreferrer noopener" href="http://chc.org.br/acervo/va-plantar-batatas-em-garrafas/" target="_blank">VÁ PLANTAR BATATAS… EM GARRAFAS!</a> Link: <a href="http://chc.org.br/acervo/va-plantar-batatas-em-garrafas/" target="_blank" rel="noreferrer noopener">http://chc.org.br/acervo/va-plantar-batatas-em-garrafas/</a></p>



<p class="has-medium-font-size">Agora é com você: encontre um objeto que não está mais sendo utilizado e encontre uma nova utilidade para ele.<strong></strong></p>



<hr class="wp-block-separator"/>



<p class="has-medium-font-size"><strong>Atividade 3</strong><strong></strong></p>



<p class="has-medium-font-size">As&nbsp;<strong>fontes de energia</strong>&nbsp;são recursos naturais ou artificiais utilizados pela sociedade para produção de algum tipo de energia. A energia, por sua vez, é utilizada para propiciar o deslocamento de veículos, gerar calor ou produzir eletricidade para os mais diversos fins. As fontes de energia também possuem relação com questões ambientais, pois, dependendo das formas de utilização dos recursos energéticos, graves impactos sobre a natureza podem ser ocasionados.</p>



<ul class="wp-block-list"><li>Imagine que a energia elétrica não pudesse mais ser utilizada. Como você faria para continuar fazendo as coisas funcionarem aí na sua casa? Você conhece algum outro tipo de energia que não seja a elétrica?</li></ul>



<ul class="wp-block-list"><li>Veja o infográfico e o cartaz abaixo e amplie seu conhecimento sobre os tipos de energia.</li></ul>



<div class="wp-block-image"><figure class="aligncenter size-large is-resized"><img decoding="async" src="http://sme.goiania.go.gov.br/conexaoescola/wp-content/uploads/2020/08/5º_Semana_b-e1597358596312.jpg" alt="" class="wp-image-3658" width="725" height="556" srcset="https://sme.goiania.go.gov.br/conexaoescola/wp-content/uploads/2020/08/5º_Semana_b-e1597358596312.jpg 900w, https://sme.goiania.go.gov.br/conexaoescola/wp-content/uploads/2020/08/5º_Semana_b-e1597358596312-300x230.jpg 300w, https://sme.goiania.go.gov.br/conexaoescola/wp-content/uploads/2020/08/5º_Semana_b-e1597358596312-768x590.jpg 768w" sizes="(max-width: 725px) 100vw, 725px" /><figcaption>Fonte: A Geradora. TIPOS E FONTES DE GERAÇÃO DE ENERGIA ELÉTRICA.<br>Link: <a href="https://www.ageradora.com.br/tipos-e-fontes-de-geracao-de-energia-eletrica/" target="_blank" rel="noreferrer noopener">https://www.ageradora.com.br/tipos-e-fontes-de-geracao-de-energia-eletrica/</a></figcaption></figure></div>



<div style="height:20px" aria-hidden="true" class="wp-block-spacer"></div>



<div class="wp-block-image"><figure class="aligncenter size-large is-resized"><img decoding="async" src="http://sme.goiania.go.gov.br/conexaoescola/wp-content/uploads/2020/08/5º_Semana-7_c-e1597358741316.jpg" alt="" class="wp-image-3659" width="779" height="566" srcset="https://sme.goiania.go.gov.br/conexaoescola/wp-content/uploads/2020/08/5º_Semana-7_c-e1597358741316.jpg 800w, https://sme.goiania.go.gov.br/conexaoescola/wp-content/uploads/2020/08/5º_Semana-7_c-e1597358741316-300x218.jpg 300w, https://sme.goiania.go.gov.br/conexaoescola/wp-content/uploads/2020/08/5º_Semana-7_c-e1597358741316-768x559.jpg 768w" sizes="(max-width: 779px) 100vw, 779px" /><figcaption>Fonte Brasil Escola. Fontes alternativas de energia<br>Link: <a href="https://brasilescola.uol.com.br/geografia/fontes-alternativas-energia.htm" target="_blank" rel="noreferrer noopener">https://brasilescola.uol.com.br/geografia/fontes-alternativas-energia.htm</a></figcaption></figure></div>



<div style="height:20px" aria-hidden="true" class="wp-block-spacer"></div>



<p class="has-medium-font-size">O cartaz traz fontes alternativas de energia. </p>



<p class="has-medium-font-size">Converse com a pessoa que está realizando a atividade com você e escolham uma das fontes que poderia ser utilizada em sua cidade.</p>



<hr class="wp-block-separator"/>



<figure class="wp-block-table"><table><tbody><tr><td><strong>Componentes</strong></td><td><strong>Habilidades</strong></td></tr><tr><td>Ciências</td><td>(EF05CI05-B) Reconhecer as formas de descarte, reutilização e/ou reciclagem de materiais consumidos cotidianamente, destacando os resíduos como fonte de matéria-prima.</td></tr></tbody></table></figure>



<hr class="wp-block-separator"/>



<p>Créditos: Regime de Colaboração – Coordenação Estadual de Implementação da BNCC no Estado de Goiás.</p>
