{"id":3620,"date":"2020-08-17T07:00:00","date_gmt":"2020-08-17T10:00:00","guid":{"rendered":"http:\/\/sme.goiania.go.gov.br\/conexaoescola\/?post_type=ensino_fundamental&#038;p=3620"},"modified":"2021-12-29T16:04:08","modified_gmt":"2021-12-29T18:04:08","slug":"nem-tudo-que-parece-ser-lixo-e","status":"publish","type":"ensino_fundamental","link":"https:\/\/sme.goiania.go.gov.br\/conexaoescola\/ensino_fundamental\/nem-tudo-que-parece-ser-lixo-e\/","title":{"rendered":"Ci\u00eancias da Natureza &#8211; Nem tudo que parece ser lixo, \u00e9!"},"content":{"rendered":"\n<p class=\"has-medium-font-size\">Ol\u00e1!<\/p>\n\n\n\n<p class=\"has-medium-font-size\"> Voc\u00ea sabe o que pode ser considerado lixo em sua casa? <\/p>\n\n\n\n<p class=\"has-medium-font-size\">O que voc\u00ea descarta no lixo? <\/p>\n\n\n\n<p class=\"has-medium-font-size\">Como esse lixo pode ser acondicionado e reaproveitado?<\/p>\n\n\n\n<p class=\"has-medium-font-size\"> Vamos saber mais sobre isso?<\/p>\n\n\n\n<hr class=\"wp-block-separator\"\/>\n\n\n\n<p class=\"has-medium-font-size\">Vamos aprender sobre como auxiliar o nosso meio ambiente com o cuidado com o lixo dom\u00e9stico?<strong><\/strong><\/p>\n\n\n\n<p class=\"has-medium-font-size\"><strong>Atividade 1<\/strong><\/p>\n\n\n\n<p class=\"has-medium-font-size\">Acesse o link, assista ao v\u00eddeo e depois responda as quest\u00f5es a seguir.<\/p>\n\n\n\n<figure class=\"wp-block-embed is-type-video is-provider-youtube wp-block-embed-youtube wp-embed-aspect-4-3 wp-has-aspect-ratio\"><div class=\"wp-block-embed__wrapper\">\n<p class=\"responsive-video-wrap clr\"><iframe title=\"Atitudes Positivas | O processo da coleta seletiva\" width=\"1200\" height=\"900\" src=\"https:\/\/www.youtube.com\/embed\/5nu7u0EtRis?feature=oembed\" frameborder=\"0\" allow=\"accelerometer; autoplay; encrypted-media; gyroscope; picture-in-picture\" allowfullscreen><\/iframe><\/p>\n<\/div><figcaption>Fonte: YouTube. Atitudes Positivas | O processo da coleta seletiva. Canal: <a href=\"https:\/\/www.youtube.com\/channel\/UCCq-5aAoOS86AZ0W7NyqchQ\">Porto Seguro<\/a><br>Link: <a rel=\"noreferrer noopener\" href=\"https:\/\/www.youtube.com\/watch?v=5nu7u0EtRis\" target=\"_blank\">https:\/\/www.youtube.com\/watch?v=5nu7u0EtRis<\/a><\/figcaption><\/figure>\n\n\n\n<div style=\"height:20px\" aria-hidden=\"true\" class=\"wp-block-spacer\"><\/div>\n\n\n\n<ol class=\"wp-block-list\" type=\"A\"><li>O que \u00e9 o lixo?<\/li><li>Ser\u00e1 que podemos reciclar tudo que encontramos no lixo?<\/li><li>Qual o material que encontramos no lixo e o que pode ser reciclado?<\/li><\/ol>\n\n\n\n<p class=\"has-medium-font-size\"><strong>Atividade 2<\/strong>:<\/p>\n\n\n\n<p class=\"has-medium-font-size\">Liste alguns materiais que podem ser reciclados. Depois fa\u00e7a um desenho desses materiais.<\/p>\n\n\n\n<hr class=\"wp-block-separator\"\/>\n\n\n\n<p class=\"has-medium-font-size\"><strong>Atividade 3<\/strong><\/p>\n\n\n\n<p class=\"has-medium-font-size\">Observe agora o lixo da sua casa. <\/p>\n\n\n\n<p class=\"has-medium-font-size\">O que voc\u00eas jogam fora?<\/p>\n\n\n\n<p class=\"has-medium-font-size\">O que pode ser reciclado ou reaproveitado no lixo da sua casa? <\/p>\n\n\n\n<p class=\"has-medium-font-size\">Para saber mais sobre esse assunto assista ao v\u00eddeo.<\/p>\n\n\n\n<figure class=\"wp-block-embed is-type-video is-provider-youtube wp-block-embed-youtube wp-embed-aspect-16-9 wp-has-aspect-ratio\"><div class=\"wp-block-embed__wrapper\">\n<p class=\"responsive-video-wrap clr\"><iframe title=\"Por Que a Reciclagem \u00e9 T\u00e3o Importante? | V\u00eddeos Educativos para Crian\u00e7as\" width=\"1200\" height=\"675\" src=\"https:\/\/www.youtube.com\/embed\/ZcymnW5NRYQ?feature=oembed\" frameborder=\"0\" allow=\"accelerometer; autoplay; encrypted-media; gyroscope; picture-in-picture\" allowfullscreen><\/iframe><\/p>\n<\/div><figcaption>Fonte: YouTube.  Por Que a Reciclagem \u00e9 T\u00e3o Importante? | V\u00eddeos Educativos para Crian\u00e7as. Canal: <a href=\"https:\/\/www.youtube.com\/channel\/UCI8qJCvG6BQWAoS3UYVkMog\">Aula365 &#8211; Brasil<\/a><br>Link: <a rel=\"noreferrer noopener\" href=\"https:\/\/www.youtube.com\/watch?v=ZcymnW5NRYQ\" target=\"_blank\">https:\/\/www.youtube.com\/watch?v=ZcymnW5NRYQ<\/a><\/figcaption><\/figure>\n\n\n\n<hr class=\"wp-block-separator\"\/>\n\n\n\n<figure class=\"wp-block-table\"><table><tbody><tr><td><strong>Componentes<\/strong><\/td><td><strong>Habilidades<\/strong><\/td><\/tr><tr><td>Ci\u00eancias da Natureza<\/td><td>EF01CI01) Comparar caracter\u00edsticas de diferentes materiais presentes em objetos de uso cotidiano, discutindo sua origem, os modos como s\u00e3o descartados e como podem ser usados de forma consciente.<\/td><\/tr><\/tbody><\/table><\/figure>\n\n\n\n<hr class=\"wp-block-separator\"\/>\n\n\n\n<p class=\"has-text-align-center\">Cr\u00e9ditos: Regime de Colabora\u00e7\u00e3o \u2013 Coordena\u00e7\u00e3o Estadual de Implementa\u00e7\u00e3o da BNCC no Estado de Goi\u00e1s.<\/p>\n","protected":false},"author":14,"featured_media":3623,"template":"","ef_categoria":[],"ef_ano":[84],"ef_componente":[98],"class_list":["post-3620","ensino_fundamental","type-ensino_fundamental","status-publish","has-post-thumbnail","hentry","ef_ano-1o-ano","ef_componente-ciencia-da-natureza-ef","entry","has-media"],"acf":[],"_links":{"self":[{"href":"https:\/\/sme.goiania.go.gov.br\/conexaoescola\/wp-json\/wp\/v2\/ensino_fundamental\/3620","targetHints":{"allow":["GET"]}}],"collection":[{"href":"https:\/\/sme.goiania.go.gov.br\/conexaoescola\/wp-json\/wp\/v2\/ensino_fundamental"}],"about":[{"href":"https:\/\/sme.goiania.go.gov.br\/conexaoescola\/wp-json\/wp\/v2\/types\/ensino_fundamental"}],"author":[{"embeddable":true,"href":"https:\/\/sme.goiania.go.gov.br\/conexaoescola\/wp-json\/wp\/v2\/users\/14"}],"version-history":[{"count":0,"href":"https:\/\/sme.goiania.go.gov.br\/conexaoescola\/wp-json\/wp\/v2\/ensino_fundamental\/3620\/revisions"}],"wp:featuredmedia":[{"embeddable":true,"href":"https:\/\/sme.goiania.go.gov.br\/conexaoescola\/wp-json\/wp\/v2\/media\/3623"}],"wp:attachment":[{"href":"https:\/\/sme.goiania.go.gov.br\/conexaoescola\/wp-json\/wp\/v2\/media?parent=3620"}],"wp:term":[{"taxonomy":"ef_categoria","embeddable":true,"href":"https:\/\/sme.goiania.go.gov.br\/conexaoescola\/wp-json\/wp\/v2\/ef_categoria?post=3620"},{"taxonomy":"ef_ano","embeddable":true,"href":"https:\/\/sme.goiania.go.gov.br\/conexaoescola\/wp-json\/wp\/v2\/ef_ano?post=3620"},{"taxonomy":"ef_componente","embeddable":true,"href":"https:\/\/sme.goiania.go.gov.br\/conexaoescola\/wp-json\/wp\/v2\/ef_componente?post=3620"}],"curies":[{"name":"wp","href":"https:\/\/api.w.org\/{rel}","templated":true}]}}

Ciências da Natureza &#8211; Nem tudo que parece ser lixo, é!

<p class="has-medium-font-size">Olá!</p>



<p class="has-medium-font-size"> Você sabe o que pode ser considerado lixo em sua casa? </p>



<p class="has-medium-font-size">O que você descarta no lixo? </p>



<p class="has-medium-font-size">Como esse lixo pode ser acondicionado e reaproveitado?</p>



<p class="has-medium-font-size"> Vamos saber mais sobre isso?</p>



<hr class="wp-block-separator"/>



<p class="has-medium-font-size">Vamos aprender sobre como auxiliar o nosso meio ambiente com o cuidado com o lixo doméstico?<strong></strong></p>



<p class="has-medium-font-size"><strong>Atividade 1</strong></p>



<p class="has-medium-font-size">Acesse o link, assista ao vídeo e depois responda as questões a seguir.</p>



<figure class="wp-block-embed is-type-video is-provider-youtube wp-block-embed-youtube wp-embed-aspect-4-3 wp-has-aspect-ratio"><div class="wp-block-embed__wrapper">
<p class="responsive-video-wrap clr"><iframe title="Atitudes Positivas | O processo da coleta seletiva" width="1200" height="900" src="https://www.youtube.com/embed/5nu7u0EtRis?feature=oembed" frameborder="0" allow="accelerometer; autoplay; encrypted-media; gyroscope; picture-in-picture" allowfullscreen></iframe></p>
</div><figcaption>Fonte: YouTube. Atitudes Positivas | O processo da coleta seletiva. Canal: <a href="https://www.youtube.com/channel/UCCq-5aAoOS86AZ0W7NyqchQ">Porto Seguro</a><br>Link: <a rel="noreferrer noopener" href="https://www.youtube.com/watch?v=5nu7u0EtRis" target="_blank">https://www.youtube.com/watch?v=5nu7u0EtRis</a></figcaption></figure>



<div style="height:20px" aria-hidden="true" class="wp-block-spacer"></div>



<ol class="wp-block-list" type="A"><li>O que é o lixo?</li><li>Será que podemos reciclar tudo que encontramos no lixo?</li><li>Qual o material que encontramos no lixo e o que pode ser reciclado?</li></ol>



<p class="has-medium-font-size"><strong>Atividade 2</strong>:</p>



<p class="has-medium-font-size">Liste alguns materiais que podem ser reciclados. Depois faça um desenho desses materiais.</p>



<hr class="wp-block-separator"/>



<p class="has-medium-font-size"><strong>Atividade 3</strong></p>



<p class="has-medium-font-size">Observe agora o lixo da sua casa. </p>



<p class="has-medium-font-size">O que vocês jogam fora?</p>



<p class="has-medium-font-size">O que pode ser reciclado ou reaproveitado no lixo da sua casa? </p>



<p class="has-medium-font-size">Para saber mais sobre esse assunto assista ao vídeo.</p>



<figure class="wp-block-embed is-type-video is-provider-youtube wp-block-embed-youtube wp-embed-aspect-16-9 wp-has-aspect-ratio"><div class="wp-block-embed__wrapper">
<p class="responsive-video-wrap clr"><iframe title="Por Que a Reciclagem é Tão Importante? | Vídeos Educativos para Crianças" width="1200" height="675" src="https://www.youtube.com/embed/ZcymnW5NRYQ?feature=oembed" frameborder="0" allow="accelerometer; autoplay; encrypted-media; gyroscope; picture-in-picture" allowfullscreen></iframe></p>
</div><figcaption>Fonte: YouTube.  Por Que a Reciclagem é Tão Importante? | Vídeos Educativos para Crianças. Canal: <a href="https://www.youtube.com/channel/UCI8qJCvG6BQWAoS3UYVkMog">Aula365 &#8211; Brasil</a><br>Link: <a rel="noreferrer noopener" href="https://www.youtube.com/watch?v=ZcymnW5NRYQ" target="_blank">https://www.youtube.com/watch?v=ZcymnW5NRYQ</a></figcaption></figure>



<hr class="wp-block-separator"/>



<figure class="wp-block-table"><table><tbody><tr><td><strong>Componentes</strong></td><td><strong>Habilidades</strong></td></tr><tr><td>Ciências da Natureza</td><td>EF01CI01) Comparar características de diferentes materiais presentes em objetos de uso cotidiano, discutindo sua origem, os modos como são descartados e como podem ser usados de forma consciente.</td></tr></tbody></table></figure>



<hr class="wp-block-separator"/>



<p class="has-text-align-center">Créditos: Regime de Colaboração – Coordenação Estadual de Implementação da BNCC no Estado de Goiás.</p>
