{"id":3541,"date":"2020-08-10T07:00:00","date_gmt":"2020-08-10T10:00:00","guid":{"rendered":"http:\/\/sme.goiania.go.gov.br\/conexaoescola\/?post_type=ensino_fundamental&#038;p=3541"},"modified":"2022-01-03T10:59:19","modified_gmt":"2022-01-03T12:59:19","slug":"por-que-quando-chove-as-ruas-alagam","status":"publish","type":"ensino_fundamental","link":"https:\/\/sme.goiania.go.gov.br\/conexaoescola\/ensino_fundamental\/por-que-quando-chove-as-ruas-alagam\/","title":{"rendered":"Geografia &#8211; Por que quando chove as ruas alagam?"},"content":{"rendered":"\n<p class=\"has-medium-font-size\">Ol\u00e1! Voc\u00ea j\u00e1 percebeu que toda vez que chove muito as ruas se enchem de \u00e1gua? Em alguns lugares da cidade a \u00e1gua \u00e9 tanta que chega a alagar a rua toda. Voc\u00ea sabe por que isso acontece? Vamos aprender?<\/p>\n\n\n\n<hr class=\"wp-block-separator\"\/>\n\n\n\n<p class=\"has-medium-font-size\">As enchentes s\u00e3o fen\u00f4menos que podem ocorrer por causas naturais ou por consequ\u00eancias das a\u00e7\u00f5es dos seres humanos. Elas ocorrem quando um rio, c\u00f3rrego, lago recebe um volume de \u00e1gua maior ao que pode suportar, acontecendo os transbordamentos. Mas o que acontece quando esse rio cruza uma cidade?&nbsp;<\/p>\n\n\n\n<p class=\"has-medium-font-size\"><strong>Atividade 1<\/strong><\/p>\n\n\n\n<p class=\"has-medium-font-size\">Vamos examinar duas imagens da famosa e hist\u00f3rica Cidade de Goi\u00e1s? Observe o antes e o depois da enchente do Rio Vermelho.<\/p>\n\n\n\n<p class=\"has-medium-font-size\"><strong>Antes<\/strong><\/p>\n\n\n\n<figure class=\"wp-block-image size-large\"><img decoding=\"async\" src=\"https:\/\/2.bp.blogspot.com\/_A1qHhWztehQ\/TTmJc4J6GUI\/AAAAAAAAHRI\/pzefgiGE0FI\/s640\/Cidade+de+Goi%25C3%25A1s+3-10-2005+16-40-10+640x480.jpg\" alt=\"\"\/><\/figure>\n\n\n\n<p class=\"has-medium-font-size\"><strong>Depois<\/strong><\/p>\n\n\n\n<figure class=\"wp-block-image size-large\"><img decoding=\"async\" src=\"https:\/\/cdn.progresso.com.br\/img\/pc\/780\/530\/dn_noticia\/2011\/01\/4d2b50209f4d0f633ee92298841bb27691845eef30c89.jpg\" alt=\"\"\/><\/figure>\n\n\n\n<p class=\"has-medium-font-size\">O que podemos observar nessas duas imagens? Na sua opini\u00e3o como o cen\u00e1rio da segunda imagem poderia ser evitado? Escreva suas respostas em um caderno.<\/p>\n\n\n\n<hr class=\"wp-block-separator\"\/>\n\n\n\n<p class=\"has-medium-font-size\"><strong>Atividade 2<\/strong><\/p>\n\n\n\n<p class=\"has-medium-font-size\">O problema fica ainda pior quando a \u00e1gua n\u00e3o tem para onde escorrer. Vamos assistir o v\u00eddeo abaixo e aprender mais sobre a enchente, acessando o link a seguir.&nbsp;<\/p>\n\n\n\n<figure class=\"wp-block-embed is-type-video is-provider-youtube wp-block-embed-youtube wp-embed-aspect-16-9 wp-has-aspect-ratio\"><div class=\"wp-block-embed__wrapper\">\n<p class=\"responsive-video-wrap clr\"><iframe title=\"ENCHENTE NA CIDADE - M\u00daSICA - PINGUINHO - CRIAN\u00c7AS INTELIGENTES\" width=\"1200\" height=\"675\" src=\"https:\/\/www.youtube.com\/embed\/CvI6d5aPJsQ?feature=oembed\" frameborder=\"0\" allow=\"accelerometer; autoplay; encrypted-media; gyroscope; picture-in-picture\" allowfullscreen><\/iframe><\/p>\n<\/div><figcaption>&#8220;<br>ENCHENTE NA CIDADE &#8211; M\u00daSICA &#8211; PINGUINHO &#8211; CRIAN\u00c7AS INTELIGENTES&#8221; &#8211; Canal: Crian\u00e7as Inteligentes &#8211; Link: <a href=\"https:\/\/www.youtube.com\/watch?v=CvI6d5aPJsQ\">https:\/\/www.youtube.com\/watch?v=CvI6d5aPJsQ<\/a><\/figcaption><\/figure>\n\n\n\n<hr class=\"wp-block-separator\"\/>\n\n\n\n<p class=\"has-medium-font-size\"><strong>Atividade 3<\/strong><\/p>\n\n\n\n<p class=\"has-medium-font-size\">O que podemos fazer para evitar as inunda\u00e7\u00f5es na nossa cidade? Seja criativo e pense em formas de evitarmos os alagamentos. Voc\u00ea pode registrar suas ideias num caderno.<\/p>\n\n\n\n<hr class=\"wp-block-separator\"\/>\n\n\n\n<figure class=\"wp-block-table\"><table><tbody><tr><td><strong>Componentes<\/strong><\/td><td><strong>Habilidades<\/strong><\/td><\/tr><tr><td>Geografia<\/td><td>(EF03GE04-A) Explicar como os processos naturais e antr\u00f3picos atuam na produ\u00e7\u00e3o e na mudan\u00e7a das paisagens.<br>(EF03GE04-B) Perceber como a a\u00e7\u00e3o antr\u00f3pica interfere na din\u00e2mica da paisagem do seu munic\u00edpio.<br>(EF03GE04-C) Conceituar paisagens naturais e antr\u00f3picas e identific\u00e1-las em seu munic\u00edpio.<\/td><\/tr><tr><td>Ci\u00eancias da Natureza<\/td><td>(EF03CI10-D) Compreender a import\u00e2ncia da vegeta\u00e7\u00e3o para a preserva\u00e7\u00e3o do solo.<\/td><\/tr><\/tbody><\/table><\/figure>\n\n\n\n<hr class=\"wp-block-separator\"\/>\n\n\n\n<p>Ciclo da inf\u00e2ncia \u2013 Experi\u00eancias e Curiosidades \u2013 3\u00ba ano \u2013 C<\/p>\n\n\n\n<hr class=\"wp-block-separator\"\/>\n\n\n\n<p class=\"has-text-align-center\">Cr\u00e9ditos: Regime de Colabora\u00e7\u00e3o \u2013 Coordena\u00e7\u00e3o Estadual de Implementa\u00e7\u00e3o da BNCC no Estado de Goi\u00e1s.<\/p>\n\n\n\n<hr class=\"wp-block-separator\"\/>\n\n\n\n<p><\/p>\n","protected":false},"author":14,"featured_media":3542,"template":"","ef_categoria":[],"ef_ano":[86],"ef_componente":[96],"class_list":["post-3541","ensino_fundamental","type-ensino_fundamental","status-publish","has-post-thumbnail","hentry","ef_ano-3o-ano","ef_componente-geografia","entry","has-media"],"acf":[],"_links":{"self":[{"href":"https:\/\/sme.goiania.go.gov.br\/conexaoescola\/wp-json\/wp\/v2\/ensino_fundamental\/3541","targetHints":{"allow":["GET"]}}],"collection":[{"href":"https:\/\/sme.goiania.go.gov.br\/conexaoescola\/wp-json\/wp\/v2\/ensino_fundamental"}],"about":[{"href":"https:\/\/sme.goiania.go.gov.br\/conexaoescola\/wp-json\/wp\/v2\/types\/ensino_fundamental"}],"author":[{"embeddable":true,"href":"https:\/\/sme.goiania.go.gov.br\/conexaoescola\/wp-json\/wp\/v2\/users\/14"}],"version-history":[{"count":0,"href":"https:\/\/sme.goiania.go.gov.br\/conexaoescola\/wp-json\/wp\/v2\/ensino_fundamental\/3541\/revisions"}],"wp:featuredmedia":[{"embeddable":true,"href":"https:\/\/sme.goiania.go.gov.br\/conexaoescola\/wp-json\/wp\/v2\/media\/3542"}],"wp:attachment":[{"href":"https:\/\/sme.goiania.go.gov.br\/conexaoescola\/wp-json\/wp\/v2\/media?parent=3541"}],"wp:term":[{"taxonomy":"ef_categoria","embeddable":true,"href":"https:\/\/sme.goiania.go.gov.br\/conexaoescola\/wp-json\/wp\/v2\/ef_categoria?post=3541"},{"taxonomy":"ef_ano","embeddable":true,"href":"https:\/\/sme.goiania.go.gov.br\/conexaoescola\/wp-json\/wp\/v2\/ef_ano?post=3541"},{"taxonomy":"ef_componente","embeddable":true,"href":"https:\/\/sme.goiania.go.gov.br\/conexaoescola\/wp-json\/wp\/v2\/ef_componente?post=3541"}],"curies":[{"name":"wp","href":"https:\/\/api.w.org\/{rel}","templated":true}]}}

<p class="has-medium-font-size">Olá! Você já percebeu que toda vez que chove muito as ruas se enchem de água? Em alguns lugares da cidade a água é tanta que chega a alagar a rua toda. Você sabe por que isso acontece? Vamos aprender?</p>



<hr class="wp-block-separator"/>



<p class="has-medium-font-size">As enchentes são fenômenos que podem ocorrer por causas naturais ou por consequências das ações dos seres humanos. Elas ocorrem quando um rio, córrego, lago recebe um volume de água maior ao que pode suportar, acontecendo os transbordamentos. Mas o que acontece quando esse rio cruza uma cidade?&nbsp;</p>



<p class="has-medium-font-size"><strong>Atividade 1</strong></p>



<p class="has-medium-font-size">Vamos examinar duas imagens da famosa e histórica Cidade de Goiás? Observe o antes e o depois da enchente do Rio Vermelho.</p>



<p class="has-medium-font-size"><strong>Antes</strong></p>



<figure class="wp-block-image size-large"><img decoding="async" src="https://2.bp.blogspot.com/_A1qHhWztehQ/TTmJc4J6GUI/AAAAAAAAHRI/pzefgiGE0FI/s640/Cidade+de+Goi%25C3%25A1s+3-10-2005+16-40-10+640x480.jpg" alt=""/></figure>



<p class="has-medium-font-size"><strong>Depois</strong></p>



<figure class="wp-block-image size-large"><img decoding="async" src="https://cdn.progresso.com.br/img/pc/780/530/dn_noticia/2011/01/4d2b50209f4d0f633ee92298841bb27691845eef30c89.jpg" alt=""/></figure>



<p class="has-medium-font-size">O que podemos observar nessas duas imagens? Na sua opinião como o cenário da segunda imagem poderia ser evitado? Escreva suas respostas em um caderno.</p>



<hr class="wp-block-separator"/>



<p class="has-medium-font-size"><strong>Atividade 2</strong></p>



<p class="has-medium-font-size">O problema fica ainda pior quando a água não tem para onde escorrer. Vamos assistir o vídeo abaixo e aprender mais sobre a enchente, acessando o link a seguir.&nbsp;</p>



<figure class="wp-block-embed is-type-video is-provider-youtube wp-block-embed-youtube wp-embed-aspect-16-9 wp-has-aspect-ratio"><div class="wp-block-embed__wrapper">
<p class="responsive-video-wrap clr"><iframe title="ENCHENTE NA CIDADE - MÚSICA - PINGUINHO - CRIANÇAS INTELIGENTES" width="1200" height="675" src="https://www.youtube.com/embed/CvI6d5aPJsQ?feature=oembed" frameborder="0" allow="accelerometer; autoplay; encrypted-media; gyroscope; picture-in-picture" allowfullscreen></iframe></p>
</div><figcaption>&#8220;<br>ENCHENTE NA CIDADE &#8211; MÚSICA &#8211; PINGUINHO &#8211; CRIANÇAS INTELIGENTES&#8221; &#8211; Canal: Crianças Inteligentes &#8211; Link: <a href="https://www.youtube.com/watch?v=CvI6d5aPJsQ">https://www.youtube.com/watch?v=CvI6d5aPJsQ</a></figcaption></figure>



<hr class="wp-block-separator"/>



<p class="has-medium-font-size"><strong>Atividade 3</strong></p>



<p class="has-medium-font-size">O que podemos fazer para evitar as inundações na nossa cidade? Seja criativo e pense em formas de evitarmos os alagamentos. Você pode registrar suas ideias num caderno.</p>



<hr class="wp-block-separator"/>



<figure class="wp-block-table"><table><tbody><tr><td><strong>Componentes</strong></td><td><strong>Habilidades</strong></td></tr><tr><td>Geografia</td><td>(EF03GE04-A) Explicar como os processos naturais e antrópicos atuam na produção e na mudança das paisagens.<br>(EF03GE04-B) Perceber como a ação antrópica interfere na dinâmica da paisagem do seu município.<br>(EF03GE04-C) Conceituar paisagens naturais e antrópicas e identificá-las em seu município.</td></tr><tr><td>Ciências da Natureza</td><td>(EF03CI10-D) Compreender a importância da vegetação para a preservação do solo.</td></tr></tbody></table></figure>



<hr class="wp-block-separator"/>



<p>Ciclo da infância – Experiências e Curiosidades – 3º ano – C</p>



<hr class="wp-block-separator"/>



<p class="has-text-align-center">Créditos: Regime de Colaboração – Coordenação Estadual de Implementação da BNCC no Estado de Goiás.</p>



<hr class="wp-block-separator"/>



<p></p>
