{"id":3267,"date":"2020-08-03T07:00:00","date_gmt":"2020-08-03T10:00:00","guid":{"rendered":"http:\/\/sme.goiania.go.gov.br\/conexaoescola\/?post_type=ensino_fundamental&#038;p=3267"},"modified":"2020-06-29T11:15:53","modified_gmt":"2020-06-29T14:15:53","slug":"progresso-sem-respeito-as-diferencas","status":"publish","type":"ensino_fundamental","link":"https:\/\/sme.goiania.go.gov.br\/conexaoescola\/ensino_fundamental\/progresso-sem-respeito-as-diferencas\/","title":{"rendered":"Progresso sem respeito \u00e0s diferen\u00e7as"},"content":{"rendered":"\n<p class=\"has-medium-font-size\">Nesta atividade, voc\u00ea ir\u00e1 aprender sobre modernidade e eurocentrismo, dois conceitos origin\u00e1rios na &nbsp; Europa e que ainda est\u00e3o presentes em nossa sociedade.<\/p>\n\n\n\n<p class=\"has-medium-font-size\">1. Para realizar o exerc\u00edcio voc\u00ea deve assistir ao v\u00eddeo e responder as quest\u00f5es em seu caderno. Lembre-se, voc\u00ea pode assistir ao v\u00eddeo quantas vezes achar necess\u00e1rio:<br><\/p>\n\n\n\n<figure class=\"wp-block-embed-youtube wp-block-embed is-type-video is-provider-youtube wp-embed-aspect-16-9 wp-has-aspect-ratio\"><div class=\"wp-block-embed__wrapper\">\n<p class=\"responsive-video-wrap clr\"><iframe title=\"O conceito de modernidade e o eurocentrismo \u2013 Hist\u00f3ria \u2013 7\u00ba ano \u2013 Ensino Fundamental\" width=\"1200\" height=\"675\" src=\"https:\/\/www.youtube.com\/embed\/REJPD77aCmM?start=38&#038;feature=oembed\" frameborder=\"0\" allow=\"accelerometer; autoplay; encrypted-media; gyroscope; picture-in-picture\" allowfullscreen><\/iframe><\/p>\n<\/div><figcaption>&#8220;O conceito de modernidade e o eurocentrismo&#8221; &#8211; Canal Futura &#8211; Link: <a rel=\"noreferrer noopener\" href=\"https:\/\/www.youtube.com\/watch?v=REJPD77aCmM&amp;t=38s\" target=\"_blank\"><span class=\"has-inline-color has-vivid-cyan-blue-color\">https:\/\/www.youtube.com\/watch?v=REJPD77aCmM&amp;t=38s<\/span><\/a><br><\/figcaption><\/figure>\n\n\n\n<p class=\"has-medium-font-size\">a) Em qual contexto surge o conceito de modernidade na Europa Ocidental?<br>b) O que os historiadores chamam de Renascimento cultural?<br>c) Relacione a forma\u00e7\u00e3o dos estados nacionais com a modernidade?<br><\/p>\n\n\n\n<p class=\"has-medium-font-size\">Observe o mapa mundi do s\u00e9culo 15 apresentado no v\u00eddeo e compare com o mapa mundi atual, no link: <a rel=\"noreferrer noopener\" href=\"https:\/\/atlasescolar.ibge.gov.br\/images\/atlas\/mapas_mundo\/mundo_034_divisao_continentes.pdf\" target=\"_blank\"><span class=\"has-inline-color has-vivid-cyan-blue-color\">https:\/\/atlasescolar.ibge.gov.br\/images\/atlas\/mapas_mundo\/mundo_034_divisao_continentes.pdf<\/span><\/a>. Reflita e responda:<br><\/p>\n\n\n\n<p class=\"has-medium-font-size\">a) No mapa do s\u00e9culo 15, est\u00e1 faltando o registro de quais continentes?<br>b) Por que na proje\u00e7\u00e3o cartogr\u00e1fica de Mercato (atual) representa a Europa no centro do mundo?<br>c) A posi\u00e7\u00e3o geogr\u00e1fica de um continente (na\u00e7\u00e3o) d\u00e1 o direito de classificar os outros continentes como atrasados e incivilizados? Por que?<br><\/p>\n\n\n\n<p class=\"has-medium-font-size\"><strong><span style=\"color:#060606\" class=\"has-inline-color\">Para saber mais:<\/span><\/strong><br><\/p>\n\n\n\n<p class=\"has-medium-font-size\"><a rel=\"noreferrer noopener\" href=\"https:\/\/atlasescolar.ibge.gov.br\/images\/atlas\/mapas_mundo\/mundo_planisferio_politico_a3.pdf\" target=\"_blank\"><span class=\"has-inline-color has-vivid-cyan-blue-color\">https:\/\/atlasescolar.ibge.gov.br\/images\/atlas\/mapas_mundo\/mundo_planisferio_politico_a3.pdf<\/span><\/a><br>(Mapa-mundo de Henricus Martellus Germanus de 1489 &#8211; Site: IBGE)<br><\/p>\n\n\n\n<figure class=\"wp-block-embed-youtube wp-block-embed is-type-video is-provider-youtube wp-embed-aspect-16-9 wp-has-aspect-ratio\"><div class=\"wp-block-embed__wrapper\">\n<p class=\"responsive-video-wrap clr\"><iframe title=\"Astecas e o M\u00e9xico Pr\u00e9-Hisp\u00e2nico | Nerdologia\" width=\"1200\" height=\"675\" src=\"https:\/\/www.youtube.com\/embed\/VQwwlR42mpk?feature=oembed\" frameborder=\"0\" allow=\"accelerometer; autoplay; encrypted-media; gyroscope; picture-in-picture\" allowfullscreen><\/iframe><\/p>\n<\/div><figcaption>&#8220;Astecas e o M\u00e9xico Pr\u00e9-Hisp\u00e2nico&#8221; &#8211; Canal: Nerdologia &#8211; Link: <a rel=\"noreferrer noopener\" href=\"https:\/\/www.youtube.com\/watch?v=VQwwlR42mpk\" target=\"_blank\"><span class=\"has-inline-color has-vivid-cyan-blue-color\">https:\/\/www.youtube.com\/watch?v=VQwwlR42mpk<\/span><\/a><br><\/figcaption><\/figure>\n\n\n\n<p class=\"has-medium-font-size\"><a rel=\"noreferrer noopener\" href=\"https:\/\/brasilescola.uol.com.br\/historiag\/idade-moderna.htm\" target=\"_blank\"><span class=\"has-inline-color has-vivid-cyan-blue-color\">https:\/\/brasilescola.uol.com.br\/historiag\/idade-moderna.htm<\/span><\/a><br>(Idade Moderna \u2013 Site: Brasil Escola)<br><\/p>\n\n\n\n<figure class=\"wp-block-table\"><table><tbody><tr><td><strong><span style=\"color:#020303\" class=\"has-inline-color\">OBJETO DE CONHECIMENTO<\/span><\/strong><\/td><td><strong><span style=\"color:#020303\" class=\"has-inline-color\">HABILIDADES<\/span><\/strong><\/td><\/tr><tr><td><strong><span style=\"color:#010406\" class=\"has-inline-color\">Hist\u00f3ria<\/span><\/strong>: A constru\u00e7\u00e3o da ideia de modernidade e seus impactos na concep\u00e7\u00e3o de Hist\u00f3ria. Reflex\u00e3o sobre a concep\u00e7\u00e3o euroc\u00eantrica que produziu verdades e legitimou discursos que, por sua vez, (in)visibilizou saberes, culturas e sujeitos.<\/td><td><strong><span style=\"color:#040607\" class=\"has-inline-color\">Hist\u00f3ria<\/span><\/strong>: (EF07HI03) Explicar o significado de \u201cModernidade\u201d e suas l\u00f3gicas de inclus\u00e3o e exclus\u00e3o com base em uma concep\u00e7\u00e3o europeia.<br><\/td><\/tr><\/tbody><\/table><\/figure>\n\n\n\n<figure class=\"wp-block-table\"><table><tbody><tr><td><strong><span style=\"color:#040606\" class=\"has-inline-color\">\u00c9TICA E CIDADANIA \u2013 HIST\u00d3RIA \u2013 AGRUPAMENTO G<\/span><\/strong><\/td><\/tr><tr><td>PROPONENTE: Oara Rodrigues \u2013 EM Prof\u00aa Mar\u00edlia Carneiro Azevedo Dias<\/td><\/tr><tr><td>CURADORIA: Warl\u00facia Pereira Guimar\u00e3es&nbsp;<\/td><\/tr><\/tbody><\/table><\/figure>\n\n\n\n<p><\/p>\n","protected":false},"author":7,"featured_media":3270,"template":"","ef_categoria":[15,30],"ef_ano":[],"ef_componente":[],"class_list":["post-3267","ensino_fundamental","type-ensino_fundamental","status-publish","has-post-thumbnail","hentry","ef_categoria-ciclo-da-adolescencia-fg","ef_categoria-etica-e-cidadania-ciclo-da-adolescencia-fg","entry","has-media"],"acf":[],"_links":{"self":[{"href":"https:\/\/sme.goiania.go.gov.br\/conexaoescola\/wp-json\/wp\/v2\/ensino_fundamental\/3267","targetHints":{"allow":["GET"]}}],"collection":[{"href":"https:\/\/sme.goiania.go.gov.br\/conexaoescola\/wp-json\/wp\/v2\/ensino_fundamental"}],"about":[{"href":"https:\/\/sme.goiania.go.gov.br\/conexaoescola\/wp-json\/wp\/v2\/types\/ensino_fundamental"}],"author":[{"embeddable":true,"href":"https:\/\/sme.goiania.go.gov.br\/conexaoescola\/wp-json\/wp\/v2\/users\/7"}],"version-history":[{"count":0,"href":"https:\/\/sme.goiania.go.gov.br\/conexaoescola\/wp-json\/wp\/v2\/ensino_fundamental\/3267\/revisions"}],"wp:featuredmedia":[{"embeddable":true,"href":"https:\/\/sme.goiania.go.gov.br\/conexaoescola\/wp-json\/wp\/v2\/media\/3270"}],"wp:attachment":[{"href":"https:\/\/sme.goiania.go.gov.br\/conexaoescola\/wp-json\/wp\/v2\/media?parent=3267"}],"wp:term":[{"taxonomy":"ef_categoria","embeddable":true,"href":"https:\/\/sme.goiania.go.gov.br\/conexaoescola\/wp-json\/wp\/v2\/ef_categoria?post=3267"},{"taxonomy":"ef_ano","embeddable":true,"href":"https:\/\/sme.goiania.go.gov.br\/conexaoescola\/wp-json\/wp\/v2\/ef_ano?post=3267"},{"taxonomy":"ef_componente","embeddable":true,"href":"https:\/\/sme.goiania.go.gov.br\/conexaoescola\/wp-json\/wp\/v2\/ef_componente?post=3267"}],"curies":[{"name":"wp","href":"https:\/\/api.w.org\/{rel}","templated":true}]}}

Progresso sem respeito às diferenças

<p class="has-medium-font-size">Nesta atividade, você irá aprender sobre modernidade e eurocentrismo, dois conceitos originários na &nbsp; Europa e que ainda estão presentes em nossa sociedade.</p>



<p class="has-medium-font-size">1. Para realizar o exercício você deve assistir ao vídeo e responder as questões em seu caderno. Lembre-se, você pode assistir ao vídeo quantas vezes achar necessário:<br></p>



<figure class="wp-block-embed-youtube wp-block-embed is-type-video is-provider-youtube wp-embed-aspect-16-9 wp-has-aspect-ratio"><div class="wp-block-embed__wrapper">
<p class="responsive-video-wrap clr"><iframe title="O conceito de modernidade e o eurocentrismo – História – 7º ano – Ensino Fundamental" width="1200" height="675" src="https://www.youtube.com/embed/REJPD77aCmM?start=38&#038;feature=oembed" frameborder="0" allow="accelerometer; autoplay; encrypted-media; gyroscope; picture-in-picture" allowfullscreen></iframe></p>
</div><figcaption>&#8220;O conceito de modernidade e o eurocentrismo&#8221; &#8211; Canal Futura &#8211; Link: <a rel="noreferrer noopener" href="https://www.youtube.com/watch?v=REJPD77aCmM&amp;t=38s" target="_blank"><span class="has-inline-color has-vivid-cyan-blue-color">https://www.youtube.com/watch?v=REJPD77aCmM&amp;t=38s</span></a><br></figcaption></figure>



<p class="has-medium-font-size">a) Em qual contexto surge o conceito de modernidade na Europa Ocidental?<br>b) O que os historiadores chamam de Renascimento cultural?<br>c) Relacione a formação dos estados nacionais com a modernidade?<br></p>



<p class="has-medium-font-size">Observe o mapa mundi do século 15 apresentado no vídeo e compare com o mapa mundi atual, no link: <a rel="noreferrer noopener" href="https://atlasescolar.ibge.gov.br/images/atlas/mapas_mundo/mundo_034_divisao_continentes.pdf" target="_blank"><span class="has-inline-color has-vivid-cyan-blue-color">https://atlasescolar.ibge.gov.br/images/atlas/mapas_mundo/mundo_034_divisao_continentes.pdf</span></a>. Reflita e responda:<br></p>



<p class="has-medium-font-size">a) No mapa do século 15, está faltando o registro de quais continentes?<br>b) Por que na projeção cartográfica de Mercato (atual) representa a Europa no centro do mundo?<br>c) A posição geográfica de um continente (nação) dá o direito de classificar os outros continentes como atrasados e incivilizados? Por que?<br></p>



<p class="has-medium-font-size"><strong><span style="color:#060606" class="has-inline-color">Para saber mais:</span></strong><br></p>



<p class="has-medium-font-size"><a rel="noreferrer noopener" href="https://atlasescolar.ibge.gov.br/images/atlas/mapas_mundo/mundo_planisferio_politico_a3.pdf" target="_blank"><span class="has-inline-color has-vivid-cyan-blue-color">https://atlasescolar.ibge.gov.br/images/atlas/mapas_mundo/mundo_planisferio_politico_a3.pdf</span></a><br>(Mapa-mundo de Henricus Martellus Germanus de 1489 &#8211; Site: IBGE)<br></p>



<figure class="wp-block-embed-youtube wp-block-embed is-type-video is-provider-youtube wp-embed-aspect-16-9 wp-has-aspect-ratio"><div class="wp-block-embed__wrapper">
<p class="responsive-video-wrap clr"><iframe title="Astecas e o México Pré-Hispânico | Nerdologia" width="1200" height="675" src="https://www.youtube.com/embed/VQwwlR42mpk?feature=oembed" frameborder="0" allow="accelerometer; autoplay; encrypted-media; gyroscope; picture-in-picture" allowfullscreen></iframe></p>
</div><figcaption>&#8220;Astecas e o México Pré-Hispânico&#8221; &#8211; Canal: Nerdologia &#8211; Link: <a rel="noreferrer noopener" href="https://www.youtube.com/watch?v=VQwwlR42mpk" target="_blank"><span class="has-inline-color has-vivid-cyan-blue-color">https://www.youtube.com/watch?v=VQwwlR42mpk</span></a><br></figcaption></figure>



<p class="has-medium-font-size"><a rel="noreferrer noopener" href="https://brasilescola.uol.com.br/historiag/idade-moderna.htm" target="_blank"><span class="has-inline-color has-vivid-cyan-blue-color">https://brasilescola.uol.com.br/historiag/idade-moderna.htm</span></a><br>(Idade Moderna – Site: Brasil Escola)<br></p>



<figure class="wp-block-table"><table><tbody><tr><td><strong><span style="color:#020303" class="has-inline-color">OBJETO DE CONHECIMENTO</span></strong></td><td><strong><span style="color:#020303" class="has-inline-color">HABILIDADES</span></strong></td></tr><tr><td><strong><span style="color:#010406" class="has-inline-color">História</span></strong>: A construção da ideia de modernidade e seus impactos na concepção de História. Reflexão sobre a concepção eurocêntrica que produziu verdades e legitimou discursos que, por sua vez, (in)visibilizou saberes, culturas e sujeitos.</td><td><strong><span style="color:#040607" class="has-inline-color">História</span></strong>: (EF07HI03) Explicar o significado de “Modernidade” e suas lógicas de inclusão e exclusão com base em uma concepção europeia.<br></td></tr></tbody></table></figure>



<figure class="wp-block-table"><table><tbody><tr><td><strong><span style="color:#040606" class="has-inline-color">ÉTICA E CIDADANIA – HISTÓRIA – AGRUPAMENTO G</span></strong></td></tr><tr><td>PROPONENTE: Oara Rodrigues – EM Profª Marília Carneiro Azevedo Dias</td></tr><tr><td>CURADORIA: Warlúcia Pereira Guimarães&nbsp;</td></tr></tbody></table></figure>



<p></p>
