{"id":3255,"date":"2020-08-03T07:00:00","date_gmt":"2020-08-03T10:00:00","guid":{"rendered":"http:\/\/sme.goiania.go.gov.br\/conexaoescola\/?post_type=ensino_fundamental&#038;p=3255"},"modified":"2020-06-29T10:09:01","modified_gmt":"2020-06-29T13:09:01","slug":"aumenta-aqui-diminui-ali","status":"publish","type":"ensino_fundamental","link":"https:\/\/sme.goiania.go.gov.br\/conexaoescola\/ensino_fundamental\/aumenta-aqui-diminui-ali\/","title":{"rendered":"Aumenta aqui, diminui ali!"},"content":{"rendered":"\n<p class=\"has-medium-font-size\">Ol\u00e1, tudo bem?&nbsp;<\/p>\n\n\n\n<p class=\"has-medium-font-size\">Voc\u00ea viu que alguns produtos da cesta b\u00e1sica e legumes aumentaram de pre\u00e7o? E que outros diminu\u00edram? N\u00e3o?<\/p>\n\n\n\n<p class=\"has-text-align-center\"><img decoding=\"async\" src=\"https:\/\/lh4.googleusercontent.com\/GWtK0YmbuzxS8bThHDscG_0YsM2xpRCRKjdZunMwGQtUIEGwN4om4NRtTLdeiD_qO9bt3ToEKTHdsUyDjRZ3KQg9SUhTk5bUqQqKhHBe8KQRNcsdUfe8b38R-idWPgRdGkmUYTA\" width=\"238.97133803367615\" height=\"186.9738290309906\"><\/p>\n\n\n\n<p>Link da foto: https:\/\/http2.mlstatic.com\/cesta-basica-10-tens-brinde-produtos-de-alta-qualidade-D_NQ_NP_731496-MLB41482950587_042020-F.webp<\/p>\n\n\n\n<p class=\"has-medium-font-size\">Ent\u00e3o assista o v\u00eddeo.<\/p>\n\n\n\n<figure class=\"wp-block-embed-youtube wp-block-embed is-type-video is-provider-youtube wp-embed-aspect-16-9 wp-has-aspect-ratio\"><div class=\"wp-block-embed__wrapper\">\n<p class=\"responsive-video-wrap clr\"><iframe title=\"Coronav\u00edrus: pandemia faz subir pre\u00e7o de alimentos em Caruaru\" width=\"1200\" height=\"675\" src=\"https:\/\/www.youtube.com\/embed\/D5QU6jLa3y4?feature=oembed\" frameborder=\"0\" allow=\"accelerometer; autoplay; encrypted-media; gyroscope; picture-in-picture\" allowfullscreen><\/iframe><\/p>\n<\/div><figcaption>Fonte: YouTube. Coronav\u00edrus: pandemia faz subir pre\u00e7o de alimentos em Caruaru. TV Jornal SBT<\/figcaption><\/figure>\n\n\n\n<p><strong>(v\u00eddeo: Coronav\u00edrus: pandemia faz subir pre\u00e7o de alimentos em Caruaru. YouTube. Canal TV Jornal do SBT)<\/strong><\/p>\n\n\n\n<p class=\"has-medium-font-size\">De acordo com a reportagem, responda as perguntas no caderno:<\/p>\n\n\n\n<ol class=\"wp-block-list\"><li>O que contribuiu para o aumento dos pre\u00e7os durante a pandemia?<\/li><li>Quais itens foram considerados essenciais e que sofreram aumento?<\/li><li>Qual o percentual de aumento do arroz?<\/li><\/ol>\n\n\n\n<p class=\"has-medium-font-size\">Quer aprender como&nbsp; calcular? Ent\u00e3o assista a explica\u00e7\u00e3o do professor&nbsp; Joceley Machado.<\/p>\n\n\n\n<figure class=\"wp-block-embed-youtube wp-block-embed is-type-video is-provider-youtube wp-embed-aspect-16-9 wp-has-aspect-ratio\"><div class=\"wp-block-embed__wrapper\">\n<p class=\"responsive-video-wrap clr\"><iframe title=\"Porcentagem - Aumento e Desconto\" width=\"1200\" height=\"675\" src=\"https:\/\/www.youtube.com\/embed\/jWWlxq9EuY4?feature=oembed\" frameborder=\"0\" allow=\"accelerometer; autoplay; encrypted-media; gyroscope; picture-in-picture\" allowfullscreen><\/iframe><\/p>\n<\/div><figcaption>Fonte: YouTube. Porcentagem &#8211; Aumento e Desconto. Canal Joceley Machado.<\/figcaption><\/figure>\n\n\n\n<p class=\"has-medium-font-size\">Agora que voc\u00ea compreendeu como calcular descontos e acr\u00e9scimos, resolva em seu caderno a seguinte quest\u00e3o:&nbsp;<\/p>\n\n\n\n<ul class=\"wp-block-list\"><li>Ana costuma ir ao mercado toda semana, gastando R$ 50,00 com carne, R$ 40,00 com frutas e verduras e R$ 80,00 com itens b\u00e1sicos (arroz, feij\u00e3o, \u00f3leo etc.). Nesta semana, Ana percebeu que a carne teve um decr\u00e9scimo de 12%, mas frutas e verduras tiveram um aumento de 15% e itens b\u00e1sicos aumentaram 20%. Quanto Ana gastou, nessa semana, no mercado? Qual a diferen\u00e7a, em reais, em rela\u00e7\u00e3o \u00e0 \u00faltima semana?<\/li><\/ul>\n\n\n\n<p class=\"has-medium-font-size\">Voc\u00ea sabe que em alguns lares houve uma dr\u00e1stica redu\u00e7\u00e3o de renda, n\u00e3o \u00e9 mesmo? Por isso, \u00e9 muito importante ficar de olho nesses reajustes de pre\u00e7os, tanto para mais quanto para menos, tentando economizar por meio de pesquisas de pre\u00e7os e corte de gastos desnecess\u00e1rios.<\/p>\n\n\n\n<p class=\"has-medium-font-size\"><strong>Para saber mais!<\/strong><\/p>\n\n\n\n<figure class=\"wp-block-embed-youtube wp-block-embed is-type-video is-provider-youtube wp-embed-aspect-16-9 wp-has-aspect-ratio\"><div class=\"wp-block-embed__wrapper\">\n<p class=\"responsive-video-wrap clr\"><iframe title=\"Porcentagem aumentos e descontos\" width=\"1200\" height=\"675\" src=\"https:\/\/www.youtube.com\/embed\/Zmx6eOuo8rc?feature=oembed\" frameborder=\"0\" allow=\"accelerometer; autoplay; encrypted-media; gyroscope; picture-in-picture\" allowfullscreen><\/iframe><\/p>\n<\/div><figcaption>Fonte: YouTube. Porcentagem aumentos e descontos. Canal Matem\u00e1tica no papel.<\/figcaption><\/figure>\n\n\n\n<figure class=\"wp-block-table\"><table><tbody><tr><td><strong>OBJETOS DE CONHECIMENTO: <\/strong>C\u00e1lculo de porcentagens e de acr\u00e9scimos e decr\u00e9scimos simples.<strong>HABILIDADES: <\/strong>Ler, interpretar, resolver e elaborar problemas que envolvam porcentagens, como os que lidam com acr\u00e9scimos e decr\u00e9scimos simples, utilizando estrat\u00e9gias pessoais, c\u00e1lculo mental e calculadora, no contexto de educa\u00e7\u00e3o financeira, entre outros.<\/td><\/tr><\/tbody><\/table><\/figure>\n\n\n\n<figure class=\"wp-block-table\"><table><tbody><tr><td><strong>Professora Respons\u00e1vel<\/strong>: Samira Moreira Cunha de Paula<\/td><\/tr><tr><td><strong>Coordenador\/Curador<\/strong>: Humberto Nunes Rodrigues<\/td><\/tr><\/tbody><\/table><\/figure>\n","protected":false},"author":13,"featured_media":3256,"template":"","ef_categoria":[15,29],"ef_ano":[],"ef_componente":[],"class_list":["post-3255","ensino_fundamental","type-ensino_fundamental","status-publish","has-post-thumbnail","hentry","ef_categoria-ciclo-da-adolescencia-fg","ef_categoria-educacao-financeira-e-empreendedorismo-ciclo-da-adolescencia-fg","entry","has-media"],"acf":[],"_links":{"self":[{"href":"https:\/\/sme.goiania.go.gov.br\/conexaoescola\/wp-json\/wp\/v2\/ensino_fundamental\/3255","targetHints":{"allow":["GET"]}}],"collection":[{"href":"https:\/\/sme.goiania.go.gov.br\/conexaoescola\/wp-json\/wp\/v2\/ensino_fundamental"}],"about":[{"href":"https:\/\/sme.goiania.go.gov.br\/conexaoescola\/wp-json\/wp\/v2\/types\/ensino_fundamental"}],"author":[{"embeddable":true,"href":"https:\/\/sme.goiania.go.gov.br\/conexaoescola\/wp-json\/wp\/v2\/users\/13"}],"version-history":[{"count":0,"href":"https:\/\/sme.goiania.go.gov.br\/conexaoescola\/wp-json\/wp\/v2\/ensino_fundamental\/3255\/revisions"}],"wp:featuredmedia":[{"embeddable":true,"href":"https:\/\/sme.goiania.go.gov.br\/conexaoescola\/wp-json\/wp\/v2\/media\/3256"}],"wp:attachment":[{"href":"https:\/\/sme.goiania.go.gov.br\/conexaoescola\/wp-json\/wp\/v2\/media?parent=3255"}],"wp:term":[{"taxonomy":"ef_categoria","embeddable":true,"href":"https:\/\/sme.goiania.go.gov.br\/conexaoescola\/wp-json\/wp\/v2\/ef_categoria?post=3255"},{"taxonomy":"ef_ano","embeddable":true,"href":"https:\/\/sme.goiania.go.gov.br\/conexaoescola\/wp-json\/wp\/v2\/ef_ano?post=3255"},{"taxonomy":"ef_componente","embeddable":true,"href":"https:\/\/sme.goiania.go.gov.br\/conexaoescola\/wp-json\/wp\/v2\/ef_componente?post=3255"}],"curies":[{"name":"wp","href":"https:\/\/api.w.org\/{rel}","templated":true}]}}

<p class="has-medium-font-size">Olá, tudo bem?&nbsp;</p>



<p class="has-medium-font-size">Você viu que alguns produtos da cesta básica e legumes aumentaram de preço? E que outros diminuíram? Não?</p>



<p class="has-text-align-center"><img decoding="async" src="https://lh4.googleusercontent.com/GWtK0YmbuzxS8bThHDscG_0YsM2xpRCRKjdZunMwGQtUIEGwN4om4NRtTLdeiD_qO9bt3ToEKTHdsUyDjRZ3KQg9SUhTk5bUqQqKhHBe8KQRNcsdUfe8b38R-idWPgRdGkmUYTA" width="238.97133803367615" height="186.9738290309906"></p>



<p>Link da foto: https://http2.mlstatic.com/cesta-basica-10-tens-brinde-produtos-de-alta-qualidade-D_NQ_NP_731496-MLB41482950587_042020-F.webp</p>



<p class="has-medium-font-size">Então assista o vídeo.</p>



<figure class="wp-block-embed-youtube wp-block-embed is-type-video is-provider-youtube wp-embed-aspect-16-9 wp-has-aspect-ratio"><div class="wp-block-embed__wrapper">
<p class="responsive-video-wrap clr"><iframe title="Coronavírus: pandemia faz subir preço de alimentos em Caruaru" width="1200" height="675" src="https://www.youtube.com/embed/D5QU6jLa3y4?feature=oembed" frameborder="0" allow="accelerometer; autoplay; encrypted-media; gyroscope; picture-in-picture" allowfullscreen></iframe></p>
</div><figcaption>Fonte: YouTube. Coronavírus: pandemia faz subir preço de alimentos em Caruaru. TV Jornal SBT</figcaption></figure>



<p><strong>(vídeo: Coronavírus: pandemia faz subir preço de alimentos em Caruaru. YouTube. Canal TV Jornal do SBT)</strong></p>



<p class="has-medium-font-size">De acordo com a reportagem, responda as perguntas no caderno:</p>



<ol class="wp-block-list"><li>O que contribuiu para o aumento dos preços durante a pandemia?</li><li>Quais itens foram considerados essenciais e que sofreram aumento?</li><li>Qual o percentual de aumento do arroz?</li></ol>



<p class="has-medium-font-size">Quer aprender como&nbsp; calcular? Então assista a explicação do professor&nbsp; Joceley Machado.</p>



<figure class="wp-block-embed-youtube wp-block-embed is-type-video is-provider-youtube wp-embed-aspect-16-9 wp-has-aspect-ratio"><div class="wp-block-embed__wrapper">
<p class="responsive-video-wrap clr"><iframe title="Porcentagem - Aumento e Desconto" width="1200" height="675" src="https://www.youtube.com/embed/jWWlxq9EuY4?feature=oembed" frameborder="0" allow="accelerometer; autoplay; encrypted-media; gyroscope; picture-in-picture" allowfullscreen></iframe></p>
</div><figcaption>Fonte: YouTube. Porcentagem &#8211; Aumento e Desconto. Canal Joceley Machado.</figcaption></figure>



<p class="has-medium-font-size">Agora que você compreendeu como calcular descontos e acréscimos, resolva em seu caderno a seguinte questão:&nbsp;</p>



<ul class="wp-block-list"><li>Ana costuma ir ao mercado toda semana, gastando R$ 50,00 com carne, R$ 40,00 com frutas e verduras e R$ 80,00 com itens básicos (arroz, feijão, óleo etc.). Nesta semana, Ana percebeu que a carne teve um decréscimo de 12%, mas frutas e verduras tiveram um aumento de 15% e itens básicos aumentaram 20%. Quanto Ana gastou, nessa semana, no mercado? Qual a diferença, em reais, em relação à última semana?</li></ul>



<p class="has-medium-font-size">Você sabe que em alguns lares houve uma drástica redução de renda, não é mesmo? Por isso, é muito importante ficar de olho nesses reajustes de preços, tanto para mais quanto para menos, tentando economizar por meio de pesquisas de preços e corte de gastos desnecessários.</p>



<p class="has-medium-font-size"><strong>Para saber mais!</strong></p>



<figure class="wp-block-embed-youtube wp-block-embed is-type-video is-provider-youtube wp-embed-aspect-16-9 wp-has-aspect-ratio"><div class="wp-block-embed__wrapper">
<p class="responsive-video-wrap clr"><iframe title="Porcentagem aumentos e descontos" width="1200" height="675" src="https://www.youtube.com/embed/Zmx6eOuo8rc?feature=oembed" frameborder="0" allow="accelerometer; autoplay; encrypted-media; gyroscope; picture-in-picture" allowfullscreen></iframe></p>
</div><figcaption>Fonte: YouTube. Porcentagem aumentos e descontos. Canal Matemática no papel.</figcaption></figure>



<figure class="wp-block-table"><table><tbody><tr><td><strong>OBJETOS DE CONHECIMENTO: </strong>Cálculo de porcentagens e de acréscimos e decréscimos simples.<strong>HABILIDADES: </strong>Ler, interpretar, resolver e elaborar problemas que envolvam porcentagens, como os que lidam com acréscimos e decréscimos simples, utilizando estratégias pessoais, cálculo mental e calculadora, no contexto de educação financeira, entre outros.</td></tr></tbody></table></figure>



<figure class="wp-block-table"><table><tbody><tr><td><strong>Professora Responsável</strong>: Samira Moreira Cunha de Paula</td></tr><tr><td><strong>Coordenador/Curador</strong>: Humberto Nunes Rodrigues</td></tr></tbody></table></figure>
