{"id":3206,"date":"2020-08-03T07:00:00","date_gmt":"2020-08-03T10:00:00","guid":{"rendered":"http:\/\/sme.goiania.go.gov.br\/conexaoescola\/?post_type=ensino_fundamental&#038;p=3206"},"modified":"2020-06-29T09:59:14","modified_gmt":"2020-06-29T12:59:14","slug":"cuidados-com-os-orgaos-da-audicao-e-visao","status":"publish","type":"ensino_fundamental","link":"https:\/\/sme.goiania.go.gov.br\/conexaoescola\/ensino_fundamental\/cuidados-com-os-orgaos-da-audicao-e-visao\/","title":{"rendered":"Cuidados com os \u00f3rg\u00e3os da audi\u00e7\u00e3o e Vis\u00e3o."},"content":{"rendered":"\n<p class=\"has-medium-font-size\">Ol\u00e1!!!<\/p>\n\n\n\n<p class=\"has-medium-font-size\">Voc\u00ea conhece os \u00f3rg\u00e3os da audi\u00e7\u00e3o e vis\u00e3o? <\/p>\n\n\n\n<p class=\"has-medium-font-size\">Na atividade de hoje voc\u00ea ver\u00e1 no que os \u00f3rg\u00e3os dos sentidos nos ajudam para perceber o mundo a nossa volta e que os nossos olhos precisam de cuidados para se manterem saud\u00e1veis! <\/p>\n\n\n\n<p class=\"has-medium-font-size\">Vamos l\u00e1.<\/p>\n\n\n\n<p class=\"has-medium-font-size\">Nesse v\u00eddeo voc\u00ea vai saber sobre o sentido da audi\u00e7\u00e3o, que nos ajuda a identificar os sons, sendo o principal canal entre a fala e a linguagem. <\/p>\n\n\n\n<p class=\"has-medium-font-size\">Escute com aten\u00e7\u00e3o o v\u00eddeo e adivinhe o som sonoro.<\/p>\n\n\n\n<figure class=\"wp-block-embed-youtube wp-block-embed is-type-video is-provider-youtube wp-embed-aspect-4-3 wp-has-aspect-ratio\"><div class=\"wp-block-embed__wrapper\">\n<p class=\"responsive-video-wrap clr\"><iframe title=\"Descobrindo os Sons - Viajando na Imagina\u00e7\u00e3o - Sons Diversos - Aux\u00edlio na Educa\u00e7\u00e3o Infantil\" width=\"1200\" height=\"900\" src=\"https:\/\/www.youtube.com\/embed\/1eiGSX0t-nc?feature=oembed\" frameborder=\"0\" allow=\"accelerometer; autoplay; encrypted-media; gyroscope; picture-in-picture\" allowfullscreen><\/iframe><\/p>\n<\/div><figcaption>Descobrindo os Sons &#8211; Viajando na Imagina\u00e7\u00e3o &#8211; Sons Diversos &#8211; Aux\u00edlio na Educa\u00e7\u00e3o Infantil<br>Canal: <a href=\"https:\/\/www.youtube.com\/channel\/UCOpBKwOV-hglC5BmW-847Og\">Tio Andr\u00e9 Kids<\/a><br>Fonte: <a rel=\"noreferrer noopener\" href=\"https:\/\/www.youtube.com\/watch?v=1eiGSX0t-nc\" target=\"_blank\">https:\/\/www.youtube.com\/watch?v=1eiGSX0t-nc<\/a><\/figcaption><\/figure>\n\n\n\n<hr class=\"wp-block-separator\"\/>\n\n\n\n<p class=\"has-medium-font-size\">O que voc\u00ea achou do v\u00eddeo?<\/p>\n\n\n\n<p class=\"has-medium-font-size\">Nesse v\u00eddeo voc\u00ea aprender\u00e1 alguns cuidados que devemos ter com os nossos olhos. Voc\u00ea ir\u00e1 gostar!<\/p>\n\n\n\n<figure class=\"wp-block-embed-youtube wp-block-embed is-type-video is-provider-youtube wp-embed-aspect-4-3 wp-has-aspect-ratio\"><div class=\"wp-block-embed__wrapper\">\n<p class=\"responsive-video-wrap clr\"><iframe title=\"Libelu e a Vis\u00e3o\" width=\"1200\" height=\"900\" src=\"https:\/\/www.youtube.com\/embed\/rKsFys1NG1A?start=56&#038;feature=oembed\" frameborder=\"0\" allow=\"accelerometer; autoplay; encrypted-media; gyroscope; picture-in-picture\" allowfullscreen><\/iframe><\/p>\n<\/div><figcaption>Libelu e a Vis\u00e3o<br>Canal: <a href=\"https:\/\/www.youtube.com\/channel\/UCxHTR6YQkliR8MY4YhR6PXQ\">CBO Conselho Brasileiro de Oftalmologia<\/a><br>Fonte: <a rel=\"noreferrer noopener\" href=\"https:\/\/www.youtube.com\/watch?v=rKsFys1NG1A&amp;t=56s\" target=\"_blank\">https:\/\/www.youtube.com\/watch?v=rKsFys1NG1A&amp;t=56s<\/a><\/figcaption><\/figure>\n\n\n\n<hr class=\"wp-block-separator\"\/>\n\n\n\n<ul class=\"wp-block-list\"><li>Conte para sua fam\u00edlia sobre os cuidados que devemos ter com a vis\u00e3o.<\/li><li>Fa\u00e7a um lindo desenho em seu caderno representando o sentido da vis\u00e3o.<\/li><\/ul>\n\n\n\n<hr class=\"wp-block-separator\"\/>\n\n\n\n<p class=\"has-text-color has-medium-font-size has-vivid-purple-color\"><strong>PARA SABER MAIS:<\/strong><\/p>\n\n\n\n<figure class=\"wp-block-embed-youtube wp-block-embed is-type-video is-provider-youtube wp-embed-aspect-16-9 wp-has-aspect-ratio\"><div class=\"wp-block-embed__wrapper\">\n<p class=\"responsive-video-wrap clr\"><iframe title=\"Corpo Humano para Crian\u00e7as - 5 Sentidos\" width=\"1200\" height=\"675\" src=\"https:\/\/www.youtube.com\/embed\/ezwz8TBcjYo?feature=oembed\" frameborder=\"0\" allow=\"accelerometer; autoplay; encrypted-media; gyroscope; picture-in-picture\" allowfullscreen><\/iframe><\/p>\n<\/div><figcaption>Corpo Humano para Crian\u00e7as &#8211; 5 Sentidos<br>Canal: <a href=\"https:\/\/www.youtube.com\/channel\/UCMacCQkwzm9LcBEuRjwqhTg\">Amando para Eternidade<\/a><br>Fonte: <a rel=\"noreferrer noopener\" href=\"https:\/\/www.youtube.com\/watch?v=ezwz8TBcjYo\" target=\"_blank\">https:\/\/www.youtube.com\/watch?v=ezwz8TBcjYo<\/a><\/figcaption><\/figure>\n\n\n\n<hr class=\"wp-block-separator\"\/>\n\n\n\n<figure class=\"wp-block-embed-youtube wp-block-embed is-type-video is-provider-youtube wp-embed-aspect-16-9 wp-has-aspect-ratio\"><div class=\"wp-block-embed__wrapper\">\n<p class=\"responsive-video-wrap clr\"><iframe title=\"Os Sentidos do Corpo Humano - A Turma do Seu Lobato (Volume 3 - m\u00fasica infantil)\" width=\"1200\" height=\"675\" src=\"https:\/\/www.youtube.com\/embed\/Xg3BlG9Q7rQ?feature=oembed\" frameborder=\"0\" allow=\"accelerometer; autoplay; encrypted-media; gyroscope; picture-in-picture\" allowfullscreen><\/iframe><\/p>\n<\/div><figcaption>Os Sentidos do Corpo Humano &#8211; A Turma do Seu Lobato (Volume 3 &#8211; m\u00fasica infantil)<br>Canal: <a href=\"https:\/\/www.youtube.com\/channel\/UC2aeRQWLaIdNCXWGE2Bkdow\">A Turma do Seu Lobato<\/a><br>Fonte: <a rel=\"noreferrer noopener\" href=\"https:\/\/www.youtube.com\/watch?v=Xg3BlG9Q7rQ\" target=\"_blank\">https:\/\/www.youtube.com\/watch?v=Xg3BlG9Q7rQ<\/a><\/figcaption><\/figure>\n\n\n\n<hr class=\"wp-block-separator\"\/>\n\n\n\n<figure class=\"wp-block-table\"><table><tbody><tr><td><strong>OBJETO DE CONHECIMENTO:<\/strong><\/td><td><strong>HABILIDADES:<\/strong><\/td><\/tr><tr><td>Sa\u00fade auditiva e visual<\/td><td>(EF03CI03-B\/C). Discutir h\u00e1bitos necess\u00e1rios para a manuten\u00e7\u00e3o da sa\u00fade auditiva e visual, considerando as condi\u00e7\u00f5es do ambiente em termos de som e luz.<\/td><\/tr><\/tbody><\/table><\/figure>\n\n\n\n<hr class=\"wp-block-separator\"\/>\n\n\n\n<p><strong>Educa\u00e7\u00e3o Ambiental e Sa\u00fade &#8211; Ci\u00eancias da Natureza &#8211; Agrupamento A<\/strong><\/p>\n\n\n\n<p><strong>Proponentes: Luciele Medeiros Moroz \u2013 EM Jo\u00e3o de Paula Teixeira<\/strong><\/p>\n\n\n\n<p><strong>Curadoria: Gislene Sousa de S\u00e1 Azevedo<\/strong><\/p>\n","protected":false},"author":10,"featured_media":3207,"template":"","ef_categoria":[13,18],"ef_ano":[],"ef_componente":[],"class_list":["post-3206","ensino_fundamental","type-ensino_fundamental","status-publish","has-post-thumbnail","hentry","ef_categoria-ciclo-da-infancia-abc","ef_categoria-educacao-ambiental-e-saude","entry","has-media"],"acf":[],"_links":{"self":[{"href":"https:\/\/sme.goiania.go.gov.br\/conexaoescola\/wp-json\/wp\/v2\/ensino_fundamental\/3206","targetHints":{"allow":["GET"]}}],"collection":[{"href":"https:\/\/sme.goiania.go.gov.br\/conexaoescola\/wp-json\/wp\/v2\/ensino_fundamental"}],"about":[{"href":"https:\/\/sme.goiania.go.gov.br\/conexaoescola\/wp-json\/wp\/v2\/types\/ensino_fundamental"}],"author":[{"embeddable":true,"href":"https:\/\/sme.goiania.go.gov.br\/conexaoescola\/wp-json\/wp\/v2\/users\/10"}],"version-history":[{"count":0,"href":"https:\/\/sme.goiania.go.gov.br\/conexaoescola\/wp-json\/wp\/v2\/ensino_fundamental\/3206\/revisions"}],"wp:featuredmedia":[{"embeddable":true,"href":"https:\/\/sme.goiania.go.gov.br\/conexaoescola\/wp-json\/wp\/v2\/media\/3207"}],"wp:attachment":[{"href":"https:\/\/sme.goiania.go.gov.br\/conexaoescola\/wp-json\/wp\/v2\/media?parent=3206"}],"wp:term":[{"taxonomy":"ef_categoria","embeddable":true,"href":"https:\/\/sme.goiania.go.gov.br\/conexaoescola\/wp-json\/wp\/v2\/ef_categoria?post=3206"},{"taxonomy":"ef_ano","embeddable":true,"href":"https:\/\/sme.goiania.go.gov.br\/conexaoescola\/wp-json\/wp\/v2\/ef_ano?post=3206"},{"taxonomy":"ef_componente","embeddable":true,"href":"https:\/\/sme.goiania.go.gov.br\/conexaoescola\/wp-json\/wp\/v2\/ef_componente?post=3206"}],"curies":[{"name":"wp","href":"https:\/\/api.w.org\/{rel}","templated":true}]}}

Cuidados com os órgãos da audição e Visão.

<p class="has-medium-font-size">Olá!!!</p>



<p class="has-medium-font-size">Você conhece os órgãos da audição e visão? </p>



<p class="has-medium-font-size">Na atividade de hoje você verá no que os órgãos dos sentidos nos ajudam para perceber o mundo a nossa volta e que os nossos olhos precisam de cuidados para se manterem saudáveis! </p>



<p class="has-medium-font-size">Vamos lá.</p>



<p class="has-medium-font-size">Nesse vídeo você vai saber sobre o sentido da audição, que nos ajuda a identificar os sons, sendo o principal canal entre a fala e a linguagem. </p>



<p class="has-medium-font-size">Escute com atenção o vídeo e adivinhe o som sonoro.</p>



<figure class="wp-block-embed-youtube wp-block-embed is-type-video is-provider-youtube wp-embed-aspect-4-3 wp-has-aspect-ratio"><div class="wp-block-embed__wrapper">
<p class="responsive-video-wrap clr"><iframe title="Descobrindo os Sons - Viajando na Imaginação - Sons Diversos - Auxílio na Educação Infantil" width="1200" height="900" src="https://www.youtube.com/embed/1eiGSX0t-nc?feature=oembed" frameborder="0" allow="accelerometer; autoplay; encrypted-media; gyroscope; picture-in-picture" allowfullscreen></iframe></p>
</div><figcaption>Descobrindo os Sons &#8211; Viajando na Imaginação &#8211; Sons Diversos &#8211; Auxílio na Educação Infantil<br>Canal: <a href="https://www.youtube.com/channel/UCOpBKwOV-hglC5BmW-847Og">Tio André Kids</a><br>Fonte: <a rel="noreferrer noopener" href="https://www.youtube.com/watch?v=1eiGSX0t-nc" target="_blank">https://www.youtube.com/watch?v=1eiGSX0t-nc</a></figcaption></figure>



<hr class="wp-block-separator"/>



<p class="has-medium-font-size">O que você achou do vídeo?</p>



<p class="has-medium-font-size">Nesse vídeo você aprenderá alguns cuidados que devemos ter com os nossos olhos. Você irá gostar!</p>



<figure class="wp-block-embed-youtube wp-block-embed is-type-video is-provider-youtube wp-embed-aspect-4-3 wp-has-aspect-ratio"><div class="wp-block-embed__wrapper">
<p class="responsive-video-wrap clr"><iframe title="Libelu e a Visão" width="1200" height="900" src="https://www.youtube.com/embed/rKsFys1NG1A?start=56&#038;feature=oembed" frameborder="0" allow="accelerometer; autoplay; encrypted-media; gyroscope; picture-in-picture" allowfullscreen></iframe></p>
</div><figcaption>Libelu e a Visão<br>Canal: <a href="https://www.youtube.com/channel/UCxHTR6YQkliR8MY4YhR6PXQ">CBO Conselho Brasileiro de Oftalmologia</a><br>Fonte: <a rel="noreferrer noopener" href="https://www.youtube.com/watch?v=rKsFys1NG1A&amp;t=56s" target="_blank">https://www.youtube.com/watch?v=rKsFys1NG1A&amp;t=56s</a></figcaption></figure>



<hr class="wp-block-separator"/>



<ul class="wp-block-list"><li>Conte para sua família sobre os cuidados que devemos ter com a visão.</li><li>Faça um lindo desenho em seu caderno representando o sentido da visão.</li></ul>



<hr class="wp-block-separator"/>



<p class="has-text-color has-medium-font-size has-vivid-purple-color"><strong>PARA SABER MAIS:</strong></p>



<figure class="wp-block-embed-youtube wp-block-embed is-type-video is-provider-youtube wp-embed-aspect-16-9 wp-has-aspect-ratio"><div class="wp-block-embed__wrapper">
<p class="responsive-video-wrap clr"><iframe title="Corpo Humano para Crianças - 5 Sentidos" width="1200" height="675" src="https://www.youtube.com/embed/ezwz8TBcjYo?feature=oembed" frameborder="0" allow="accelerometer; autoplay; encrypted-media; gyroscope; picture-in-picture" allowfullscreen></iframe></p>
</div><figcaption>Corpo Humano para Crianças &#8211; 5 Sentidos<br>Canal: <a href="https://www.youtube.com/channel/UCMacCQkwzm9LcBEuRjwqhTg">Amando para Eternidade</a><br>Fonte: <a rel="noreferrer noopener" href="https://www.youtube.com/watch?v=ezwz8TBcjYo" target="_blank">https://www.youtube.com/watch?v=ezwz8TBcjYo</a></figcaption></figure>



<hr class="wp-block-separator"/>



<figure class="wp-block-embed-youtube wp-block-embed is-type-video is-provider-youtube wp-embed-aspect-16-9 wp-has-aspect-ratio"><div class="wp-block-embed__wrapper">
<p class="responsive-video-wrap clr"><iframe title="Os Sentidos do Corpo Humano - A Turma do Seu Lobato (Volume 3 - música infantil)" width="1200" height="675" src="https://www.youtube.com/embed/Xg3BlG9Q7rQ?feature=oembed" frameborder="0" allow="accelerometer; autoplay; encrypted-media; gyroscope; picture-in-picture" allowfullscreen></iframe></p>
</div><figcaption>Os Sentidos do Corpo Humano &#8211; A Turma do Seu Lobato (Volume 3 &#8211; música infantil)<br>Canal: <a href="https://www.youtube.com/channel/UC2aeRQWLaIdNCXWGE2Bkdow">A Turma do Seu Lobato</a><br>Fonte: <a rel="noreferrer noopener" href="https://www.youtube.com/watch?v=Xg3BlG9Q7rQ" target="_blank">https://www.youtube.com/watch?v=Xg3BlG9Q7rQ</a></figcaption></figure>



<hr class="wp-block-separator"/>



<figure class="wp-block-table"><table><tbody><tr><td><strong>OBJETO DE CONHECIMENTO:</strong></td><td><strong>HABILIDADES:</strong></td></tr><tr><td>Saúde auditiva e visual</td><td>(EF03CI03-B/C). Discutir hábitos necessários para a manutenção da saúde auditiva e visual, considerando as condições do ambiente em termos de som e luz.</td></tr></tbody></table></figure>



<hr class="wp-block-separator"/>



<p><strong>Educação Ambiental e Saúde &#8211; Ciências da Natureza &#8211; Agrupamento A</strong></p>



<p><strong>Proponentes: Luciele Medeiros Moroz – EM João de Paula Teixeira</strong></p>



<p><strong>Curadoria: Gislene Sousa de Sá Azevedo</strong></p>
