{"id":3045,"date":"2020-07-06T07:00:00","date_gmt":"2020-07-06T10:00:00","guid":{"rendered":"http:\/\/sme.goiania.go.gov.br\/conexaoescola\/?post_type=ensino_fundamental&#038;p=3045"},"modified":"2020-06-25T15:07:42","modified_gmt":"2020-06-25T18:07:42","slug":"cordel-e-repente","status":"publish","type":"ensino_fundamental","link":"https:\/\/sme.goiania.go.gov.br\/conexaoescola\/ensino_fundamental\/cordel-e-repente\/","title":{"rendered":"Cordel e Repente"},"content":{"rendered":"\n<p class=\"has-medium-font-size\">Ol\u00e1! A literatura de cordel e o repente s\u00e3o manifesta\u00e7\u00f5es tradicionais da cultura popular brasileira, mais precisamente do Nordeste do Brasil. Voc\u00ea j\u00e1 leu um cordel? J\u00e1 ouviu um repente? Vamos aprender!<\/p>\n\n\n\n<p class=\"has-medium-font-size\">Cordel e Repente s\u00e3o manifesta\u00e7\u00f5es da cultura popular! O Cordel, feito pelos cordelistas, \u00e9 escrito com rimas, com tra\u00e7os de oralidade divulgada em folhetos. O Repente, feito pelos repentistas, \u00e9 baseado na poesia falada e improvisada, geralmente acompanhado de instrumentos musicais.<br><\/p>\n\n\n\n<p class=\"has-medium-font-size\"><strong><span style=\"color:#030505\" class=\"has-inline-color\">Atividade 1<\/span><\/strong><br><\/p>\n\n\n\n<p class=\"has-medium-font-size\">Acesse o link e leia sobre a vida e a obra cordelista do Nordeste Severino Mil\u00e2nes da Silva:<br><\/p>\n\n\n\n<p class=\"has-medium-font-size\"><a rel=\"noreferrer noopener\" href=\"http:\/\/www.casaruibarbosa.gov.br\/cordel\/SeverinoMilanes\/severinoMilanes_biografia.html\" target=\"_blank\"><span class=\"has-inline-color has-vivid-cyan-blue-color\">http:\/\/www.casaruibarbosa.gov.br\/cordel\/SeverinoMilanes\/severinoMilanes_biografia.html<\/span><\/a><br>Severino Milan\u00eas &#8211; Site: Casa Rui Barbosa<br><\/p>\n\n\n\n<p class=\"has-medium-font-size\"><strong><span style=\"color:#030505\" class=\"has-inline-color\">Atividade 2<\/span><\/strong><br><\/p>\n\n\n\n<p class=\"has-medium-font-size\">Pesquise o cordel \u201cA greve dos bichos<strong><em>\u201d<\/em><\/strong>, de Severino Milan\u00eas da Silva e fa\u00e7a o que se pede:<br><br>* Leia o cordel \u201cA greve dos bichos\u201d&nbsp;com aten\u00e7\u00e3o as rimas.<br>* Que informa\u00e7\u00e3o o cordel \u201cA greve dos bichos\u201d&nbsp;traz?<br>* Reescreva-o em seu caderno.<br><\/p>\n\n\n\n<p class=\"has-medium-font-size\"><strong><span style=\"color:#030505\" class=\"has-inline-color\">Atividade 3<\/span><\/strong><br><\/p>\n\n\n\n<p class=\"has-medium-font-size\">Agora que voc\u00ea pesquisou sobre cordel,<em> <\/em>vamos conhecer um repente?<em> <\/em>Acesse o link e ou\u00e7a o \u201cRepente da pontua\u00e7\u00e3o\u201d, do Quintal da Cultura:<br><\/p>\n\n\n\n<figure class=\"wp-block-embed-youtube wp-block-embed is-type-video is-provider-youtube wp-embed-aspect-16-9 wp-has-aspect-ratio\"><div class=\"wp-block-embed__wrapper\">\n<p class=\"responsive-video-wrap clr\"><iframe title=\"Repente da Pontua\u00e7\u00e3o - Quintal da Cultura - 06\/02\/14\" width=\"1200\" height=\"675\" src=\"https:\/\/www.youtube.com\/embed\/TNbI-YpFfKw?feature=oembed\" frameborder=\"0\" allow=\"accelerometer; autoplay; encrypted-media; gyroscope; picture-in-picture\" allowfullscreen><\/iframe><\/p>\n<\/div><figcaption>&#8220;Repente da Pontua\u00e7\u00e3o&#8221; &#8211; Quintal da Cultura (06\/12\/14) &#8211; Link: <a rel=\"noreferrer noopener\" href=\"https:\/\/www.youtube.com\/watch?v=TNbI-YpFfKw\" target=\"_blank\"><span class=\"has-inline-color has-vivid-cyan-blue-color\">https:\/\/www.youtube.com\/watch?v=TNbI-YpFfKw<\/span><\/a><\/figcaption><\/figure>\n\n\n\n<p class=\"has-medium-font-size\"><strong><span style=\"color:#030505\" class=\"has-inline-color\">Atividade 4<\/span><\/strong><br><\/p>\n\n\n\n<p class=\"has-medium-font-size\">Do que fala o repente? Voc\u00ea conseguiu identificar qual a import\u00e2ncia dos sinais de pontua\u00e7\u00e3o e quando eles s\u00e3o usados?<\/p>\n\n\n\n<p class=\"has-medium-font-size\">Agora \u00e9 sua vez! Escolha uma tem\u00e1tica e crie um repente. Escreva no seu caderno. Depois, recite em \u00e1udio no WhatsApp e compartilhe com um amigo ou uma pessoa da sua fam\u00edlia que voc\u00ea n\u00e3o est\u00e1 vendo por causa do distanciamento social.<br><\/p>\n\n\n\n<figure class=\"wp-block-table\"><table><tbody><tr><td><strong><span style=\"color:#000000\" class=\"has-inline-color\">Componentes<\/span>&nbsp;<\/strong><\/td><td><strong><span style=\"color:#000000\" class=\"has-inline-color\">Habilidades<\/span>&nbsp;<\/strong><\/td><\/tr><tr><td><strong><span style=\"color:#050708\" class=\"has-inline-color\">L\u00edngua Portuguesa<\/span><\/strong><\/td><td>(EF35LP27) Ler e compreender, com certa autonomia, textos em versos, explorando rimas, sons e jogos de palavras, imagens po\u00e9ticas (sentidos figurados) e recursos visuais e sonoros.<\/td><\/tr><\/tbody><\/table><figcaption><br><\/figcaption><\/figure>\n\n\n\n<p class=\"has-medium-font-size\">Cr\u00e9ditos: Regime de Colabora\u00e7\u00e3o &#8211; Coordena\u00e7\u00e3o Estadual de Implementa\u00e7\u00e3o da BNCC no Estado de Goi\u00e1s.<\/p>\n","protected":false},"author":7,"featured_media":3048,"template":"","ef_categoria":[13,20],"ef_ano":[],"ef_componente":[],"class_list":["post-3045","ensino_fundamental","type-ensino_fundamental","status-publish","has-post-thumbnail","hentry","ef_categoria-ciclo-da-infancia-abc","ef_categoria-etica-e-cidadania","entry","has-media"],"acf":[],"_links":{"self":[{"href":"https:\/\/sme.goiania.go.gov.br\/conexaoescola\/wp-json\/wp\/v2\/ensino_fundamental\/3045","targetHints":{"allow":["GET"]}}],"collection":[{"href":"https:\/\/sme.goiania.go.gov.br\/conexaoescola\/wp-json\/wp\/v2\/ensino_fundamental"}],"about":[{"href":"https:\/\/sme.goiania.go.gov.br\/conexaoescola\/wp-json\/wp\/v2\/types\/ensino_fundamental"}],"author":[{"embeddable":true,"href":"https:\/\/sme.goiania.go.gov.br\/conexaoescola\/wp-json\/wp\/v2\/users\/7"}],"version-history":[{"count":0,"href":"https:\/\/sme.goiania.go.gov.br\/conexaoescola\/wp-json\/wp\/v2\/ensino_fundamental\/3045\/revisions"}],"wp:featuredmedia":[{"embeddable":true,"href":"https:\/\/sme.goiania.go.gov.br\/conexaoescola\/wp-json\/wp\/v2\/media\/3048"}],"wp:attachment":[{"href":"https:\/\/sme.goiania.go.gov.br\/conexaoescola\/wp-json\/wp\/v2\/media?parent=3045"}],"wp:term":[{"taxonomy":"ef_categoria","embeddable":true,"href":"https:\/\/sme.goiania.go.gov.br\/conexaoescola\/wp-json\/wp\/v2\/ef_categoria?post=3045"},{"taxonomy":"ef_ano","embeddable":true,"href":"https:\/\/sme.goiania.go.gov.br\/conexaoescola\/wp-json\/wp\/v2\/ef_ano?post=3045"},{"taxonomy":"ef_componente","embeddable":true,"href":"https:\/\/sme.goiania.go.gov.br\/conexaoescola\/wp-json\/wp\/v2\/ef_componente?post=3045"}],"curies":[{"name":"wp","href":"https:\/\/api.w.org\/{rel}","templated":true}]}}

<p class="has-medium-font-size">Olá! A literatura de cordel e o repente são manifestações tradicionais da cultura popular brasileira, mais precisamente do Nordeste do Brasil. Você já leu um cordel? Já ouviu um repente? Vamos aprender!</p>



<p class="has-medium-font-size">Cordel e Repente são manifestações da cultura popular! O Cordel, feito pelos cordelistas, é escrito com rimas, com traços de oralidade divulgada em folhetos. O Repente, feito pelos repentistas, é baseado na poesia falada e improvisada, geralmente acompanhado de instrumentos musicais.<br></p>



<p class="has-medium-font-size"><strong><span style="color:#030505" class="has-inline-color">Atividade 1</span></strong><br></p>



<p class="has-medium-font-size">Acesse o link e leia sobre a vida e a obra cordelista do Nordeste Severino Milânes da Silva:<br></p>



<p class="has-medium-font-size"><a rel="noreferrer noopener" href="http://www.casaruibarbosa.gov.br/cordel/SeverinoMilanes/severinoMilanes_biografia.html" target="_blank"><span class="has-inline-color has-vivid-cyan-blue-color">http://www.casaruibarbosa.gov.br/cordel/SeverinoMilanes/severinoMilanes_biografia.html</span></a><br>Severino Milanês &#8211; Site: Casa Rui Barbosa<br></p>



<p class="has-medium-font-size"><strong><span style="color:#030505" class="has-inline-color">Atividade 2</span></strong><br></p>



<p class="has-medium-font-size">Pesquise o cordel “A greve dos bichos<strong><em>”</em></strong>, de Severino Milanês da Silva e faça o que se pede:<br><br>* Leia o cordel “A greve dos bichos”&nbsp;com atenção as rimas.<br>* Que informação o cordel “A greve dos bichos”&nbsp;traz?<br>* Reescreva-o em seu caderno.<br></p>



<p class="has-medium-font-size"><strong><span style="color:#030505" class="has-inline-color">Atividade 3</span></strong><br></p>



<p class="has-medium-font-size">Agora que você pesquisou sobre cordel,<em> </em>vamos conhecer um repente?<em> </em>Acesse o link e ouça o “Repente da pontuação”, do Quintal da Cultura:<br></p>



<figure class="wp-block-embed-youtube wp-block-embed is-type-video is-provider-youtube wp-embed-aspect-16-9 wp-has-aspect-ratio"><div class="wp-block-embed__wrapper">
<p class="responsive-video-wrap clr"><iframe title="Repente da Pontuação - Quintal da Cultura - 06/02/14" width="1200" height="675" src="https://www.youtube.com/embed/TNbI-YpFfKw?feature=oembed" frameborder="0" allow="accelerometer; autoplay; encrypted-media; gyroscope; picture-in-picture" allowfullscreen></iframe></p>
</div><figcaption>&#8220;Repente da Pontuação&#8221; &#8211; Quintal da Cultura (06/12/14) &#8211; Link: <a rel="noreferrer noopener" href="https://www.youtube.com/watch?v=TNbI-YpFfKw" target="_blank"><span class="has-inline-color has-vivid-cyan-blue-color">https://www.youtube.com/watch?v=TNbI-YpFfKw</span></a></figcaption></figure>



<p class="has-medium-font-size"><strong><span style="color:#030505" class="has-inline-color">Atividade 4</span></strong><br></p>



<p class="has-medium-font-size">Do que fala o repente? Você conseguiu identificar qual a importância dos sinais de pontuação e quando eles são usados?</p>



<p class="has-medium-font-size">Agora é sua vez! Escolha uma temática e crie um repente. Escreva no seu caderno. Depois, recite em áudio no WhatsApp e compartilhe com um amigo ou uma pessoa da sua família que você não está vendo por causa do distanciamento social.<br></p>



<figure class="wp-block-table"><table><tbody><tr><td><strong><span style="color:#000000" class="has-inline-color">Componentes</span>&nbsp;</strong></td><td><strong><span style="color:#000000" class="has-inline-color">Habilidades</span>&nbsp;</strong></td></tr><tr><td><strong><span style="color:#050708" class="has-inline-color">Língua Portuguesa</span></strong></td><td>(EF35LP27) Ler e compreender, com certa autonomia, textos em versos, explorando rimas, sons e jogos de palavras, imagens poéticas (sentidos figurados) e recursos visuais e sonoros.</td></tr></tbody></table><figcaption><br></figcaption></figure>



<p class="has-medium-font-size">Créditos: Regime de Colaboração &#8211; Coordenação Estadual de Implementação da BNCC no Estado de Goiás.</p>
