{"id":3024,"date":"2020-07-06T07:00:00","date_gmt":"2020-07-06T10:00:00","guid":{"rendered":"http:\/\/sme.goiania.go.gov.br\/conexaoescola\/?post_type=ensino_fundamental&#038;p=3024"},"modified":"2020-06-25T15:06:43","modified_gmt":"2020-06-25T18:06:43","slug":"cantigas-regionais","status":"publish","type":"ensino_fundamental","link":"https:\/\/sme.goiania.go.gov.br\/conexaoescola\/ensino_fundamental\/cantigas-regionais\/","title":{"rendered":"Cantigas regionais"},"content":{"rendered":"\n<p class=\"has-medium-font-size\">Ol\u00e1! Voc\u00ea sabe o que s\u00e3o Cantigas de Roda? <strong>Cantigas de Roda<\/strong>&nbsp;s\u00e3o um tipo de can\u00e7\u00e3o popular, que est\u00e1 diretamente relacionada com a brincadeira de roda. Consiste em formar um grupo com v\u00e1rias crian\u00e7as, dar as m\u00e3os e cantar uma m\u00fasica com caracter\u00edsticas pr\u00f3prias, como melodia e ritmo da cultura local, letras de f\u00e1cil compreens\u00e3o, temas referentes \u00e0 realidade da crian\u00e7a ou ao seu mundo imagin\u00e1rio e geralmente com coreografias. Vamos aprender mais sobre Cantigas de roda?<\/p>\n\n\n\n<p class=\"has-medium-font-size\">As Cantigas de Roda s\u00e3o brincadeiras comuns em todo o Brasil e faz parte do folclore brasileiro. Elas tamb\u00e9m podem ser chamadas de cirandas, e t\u00eam car\u00e1ter folcl\u00f3rico. Esta pr\u00e1tica, hoje em dia n\u00e3o t\u00e3o presente na realidade infantil como antigamente devido \u00e0s tecnologias existentes, \u00e9 geralmente usada como brincadeira de crian\u00e7as de todas as idades em locais como escolas, creches, parques, etc.<br><\/p>\n\n\n\n<p class=\"has-medium-font-size\"><strong><span style=\"color:#020203\" class=\"has-inline-color\">Atividade 1<\/span><\/strong><br><\/p>\n\n\n\n<p class=\"has-medium-font-size\">Acesse o link e cante a cantiga de roda \u201c A Canoa Virou\u201d, do grupo musical Palavra Cantada. Convide algu\u00e9m de sua fam\u00edlia para cantar com voc\u00ea:<br><\/p>\n\n\n\n<figure class=\"wp-block-embed-youtube wp-block-embed is-type-video is-provider-youtube wp-embed-aspect-16-9 wp-has-aspect-ratio\"><div class=\"wp-block-embed__wrapper\">\n<p class=\"responsive-video-wrap clr\"><iframe title=\"Palavra Cantada | A Canoa Virou\" width=\"1200\" height=\"675\" src=\"https:\/\/www.youtube.com\/embed\/_vmxj-adiPo?feature=oembed\" frameborder=\"0\" allow=\"accelerometer; autoplay; encrypted-media; gyroscope; picture-in-picture\" allowfullscreen><\/iframe><\/p>\n<\/div><figcaption>&#8220;A Canoa Virou&#8221; &#8211; Canal: Palavra Cantada Oficial &#8211; Link: <a rel=\"noreferrer noopener\" href=\"https:\/\/www.youtube.com\/watch?v=_vmxj-adiPo\" target=\"_blank\"><span class=\"has-inline-color has-vivid-cyan-blue-color\">https:\/\/www.youtube.com\/watch?v=_vmxj-adiPo<\/span><\/a><br><\/figcaption><\/figure>\n\n\n\n<p class=\"has-medium-font-size\"><strong><span style=\"color:#020203\" class=\"has-inline-color\">Atividade 2<\/span><\/strong><br><\/p>\n\n\n\n<p class=\"has-medium-font-size\">Que tal um desafio? Vamos produzir um livro de cantigas de roda? Para isso:<br><br>* Pegue alguns pap\u00e9is dispon\u00edveis em sua casa.<br>* Defina a quantidade de p\u00e1ginas que ter\u00e1 o seu livro.<br>* Separe a primeira folha para fazer a capa.<br>* Escreva em cada folha as letras das m\u00fasicas das cantigas de roda que voc\u00ea conhece e sabe de cor. Se precisar, com ajuda da sua fam\u00edlia, pesquise outras cantigas de roda na internet.<br>* Ilustre a capa e escreva o seu nome completo. Seja criativo!<br>* Quando acabar o distanciamento social, presenteie um(a) amigo(a) com o seu livro.<br><\/p>\n\n\n\n<p class=\"has-medium-font-size\"><strong><span style=\"color:#020203\" class=\"has-inline-color\">Atividade 3<\/span><\/strong><br><\/p>\n\n\n\n<p class=\"has-medium-font-size\">Vamos brincar de cantigas de roda? Convide seus familiares para brincar e ensinar algumas cantigas de roda da \u00e9poca deles de crian\u00e7a.<br><\/p>\n\n\n\n<figure class=\"wp-block-table\"><table><tbody><tr><td><strong><span style=\"color:#030505\" class=\"has-inline-color\">Componentes<\/span><\/strong><\/td><td><strong><span style=\"color:#030303\" class=\"has-inline-color\">Habilidades&nbsp;<\/span><\/strong><\/td><\/tr><tr><td><strong><span style=\"color:#0b0b0b\" class=\"has-inline-color\">L\u00edngua Portuguesa<\/span><\/strong><\/td><td>(EF12LP01-A) Ler textos conhecidos de mem\u00f3ria, como cantigas regionais e nacionais, poemas, letras de m\u00fasicas, por meio da leitura colaborativa, realizando ajuste do texto falado ao seu registro gr\u00e1fico.<\/td><\/tr><\/tbody><\/table><figcaption><br><\/figcaption><\/figure>\n\n\n\n<p class=\"has-medium-font-size\">Cr\u00e9ditos: Regime de Colabora\u00e7\u00e3o &#8211; Coordena\u00e7\u00e3o Estadual de Implementa\u00e7\u00e3o da BNCC no Estado de Goi\u00e1s.<\/p>\n","protected":false},"author":7,"featured_media":3050,"template":"","ef_categoria":[13,20],"ef_ano":[],"ef_componente":[],"class_list":["post-3024","ensino_fundamental","type-ensino_fundamental","status-publish","has-post-thumbnail","hentry","ef_categoria-ciclo-da-infancia-abc","ef_categoria-etica-e-cidadania","entry","has-media"],"acf":[],"_links":{"self":[{"href":"https:\/\/sme.goiania.go.gov.br\/conexaoescola\/wp-json\/wp\/v2\/ensino_fundamental\/3024","targetHints":{"allow":["GET"]}}],"collection":[{"href":"https:\/\/sme.goiania.go.gov.br\/conexaoescola\/wp-json\/wp\/v2\/ensino_fundamental"}],"about":[{"href":"https:\/\/sme.goiania.go.gov.br\/conexaoescola\/wp-json\/wp\/v2\/types\/ensino_fundamental"}],"author":[{"embeddable":true,"href":"https:\/\/sme.goiania.go.gov.br\/conexaoescola\/wp-json\/wp\/v2\/users\/7"}],"version-history":[{"count":0,"href":"https:\/\/sme.goiania.go.gov.br\/conexaoescola\/wp-json\/wp\/v2\/ensino_fundamental\/3024\/revisions"}],"wp:featuredmedia":[{"embeddable":true,"href":"https:\/\/sme.goiania.go.gov.br\/conexaoescola\/wp-json\/wp\/v2\/media\/3050"}],"wp:attachment":[{"href":"https:\/\/sme.goiania.go.gov.br\/conexaoescola\/wp-json\/wp\/v2\/media?parent=3024"}],"wp:term":[{"taxonomy":"ef_categoria","embeddable":true,"href":"https:\/\/sme.goiania.go.gov.br\/conexaoescola\/wp-json\/wp\/v2\/ef_categoria?post=3024"},{"taxonomy":"ef_ano","embeddable":true,"href":"https:\/\/sme.goiania.go.gov.br\/conexaoescola\/wp-json\/wp\/v2\/ef_ano?post=3024"},{"taxonomy":"ef_componente","embeddable":true,"href":"https:\/\/sme.goiania.go.gov.br\/conexaoescola\/wp-json\/wp\/v2\/ef_componente?post=3024"}],"curies":[{"name":"wp","href":"https:\/\/api.w.org\/{rel}","templated":true}]}}

<p class="has-medium-font-size">Olá! Você sabe o que são Cantigas de Roda? <strong>Cantigas de Roda</strong>&nbsp;são um tipo de canção popular, que está diretamente relacionada com a brincadeira de roda. Consiste em formar um grupo com várias crianças, dar as mãos e cantar uma música com características próprias, como melodia e ritmo da cultura local, letras de fácil compreensão, temas referentes à realidade da criança ou ao seu mundo imaginário e geralmente com coreografias. Vamos aprender mais sobre Cantigas de roda?</p>



<p class="has-medium-font-size">As Cantigas de Roda são brincadeiras comuns em todo o Brasil e faz parte do folclore brasileiro. Elas também podem ser chamadas de cirandas, e têm caráter folclórico. Esta prática, hoje em dia não tão presente na realidade infantil como antigamente devido às tecnologias existentes, é geralmente usada como brincadeira de crianças de todas as idades em locais como escolas, creches, parques, etc.<br></p>



<p class="has-medium-font-size"><strong><span style="color:#020203" class="has-inline-color">Atividade 1</span></strong><br></p>



<p class="has-medium-font-size">Acesse o link e cante a cantiga de roda “ A Canoa Virou”, do grupo musical Palavra Cantada. Convide alguém de sua família para cantar com você:<br></p>



<figure class="wp-block-embed-youtube wp-block-embed is-type-video is-provider-youtube wp-embed-aspect-16-9 wp-has-aspect-ratio"><div class="wp-block-embed__wrapper">
<p class="responsive-video-wrap clr"><iframe title="Palavra Cantada | A Canoa Virou" width="1200" height="675" src="https://www.youtube.com/embed/_vmxj-adiPo?feature=oembed" frameborder="0" allow="accelerometer; autoplay; encrypted-media; gyroscope; picture-in-picture" allowfullscreen></iframe></p>
</div><figcaption>&#8220;A Canoa Virou&#8221; &#8211; Canal: Palavra Cantada Oficial &#8211; Link: <a rel="noreferrer noopener" href="https://www.youtube.com/watch?v=_vmxj-adiPo" target="_blank"><span class="has-inline-color has-vivid-cyan-blue-color">https://www.youtube.com/watch?v=_vmxj-adiPo</span></a><br></figcaption></figure>



<p class="has-medium-font-size"><strong><span style="color:#020203" class="has-inline-color">Atividade 2</span></strong><br></p>



<p class="has-medium-font-size">Que tal um desafio? Vamos produzir um livro de cantigas de roda? Para isso:<br><br>* Pegue alguns papéis disponíveis em sua casa.<br>* Defina a quantidade de páginas que terá o seu livro.<br>* Separe a primeira folha para fazer a capa.<br>* Escreva em cada folha as letras das músicas das cantigas de roda que você conhece e sabe de cor. Se precisar, com ajuda da sua família, pesquise outras cantigas de roda na internet.<br>* Ilustre a capa e escreva o seu nome completo. Seja criativo!<br>* Quando acabar o distanciamento social, presenteie um(a) amigo(a) com o seu livro.<br></p>



<p class="has-medium-font-size"><strong><span style="color:#020203" class="has-inline-color">Atividade 3</span></strong><br></p>



<p class="has-medium-font-size">Vamos brincar de cantigas de roda? Convide seus familiares para brincar e ensinar algumas cantigas de roda da época deles de criança.<br></p>



<figure class="wp-block-table"><table><tbody><tr><td><strong><span style="color:#030505" class="has-inline-color">Componentes</span></strong></td><td><strong><span style="color:#030303" class="has-inline-color">Habilidades&nbsp;</span></strong></td></tr><tr><td><strong><span style="color:#0b0b0b" class="has-inline-color">Língua Portuguesa</span></strong></td><td>(EF12LP01-A) Ler textos conhecidos de memória, como cantigas regionais e nacionais, poemas, letras de músicas, por meio da leitura colaborativa, realizando ajuste do texto falado ao seu registro gráfico.</td></tr></tbody></table><figcaption><br></figcaption></figure>



<p class="has-medium-font-size">Créditos: Regime de Colaboração &#8211; Coordenação Estadual de Implementação da BNCC no Estado de Goiás.</p>
