{"id":3018,"date":"2020-07-06T07:00:00","date_gmt":"2020-07-06T10:00:00","guid":{"rendered":"http:\/\/sme.goiania.go.gov.br\/conexaoescola\/?post_type=ensino_fundamental&#038;p=3018"},"modified":"2020-06-25T14:38:22","modified_gmt":"2020-06-25T17:38:22","slug":"o-lugar-onde-vivemos","status":"publish","type":"ensino_fundamental","link":"https:\/\/sme.goiania.go.gov.br\/conexaoescola\/ensino_fundamental\/o-lugar-onde-vivemos\/","title":{"rendered":"O lugar onde vivemos"},"content":{"rendered":"\n<p class=\"has-medium-font-size\">Ol\u00e1! <\/p>\n\n\n\n<p class=\"has-medium-font-size\">Como tem sido seus dias em casa? S\u00e3o muitos desafios e muitas possibilidades tamb\u00e9m, n\u00e3o \u00e9 mesmo? <\/p>\n\n\n\n<p class=\"has-medium-font-size\">Voc\u00ea j\u00e1 reparou que as paisagens dos diversos lugares n\u00e3o s\u00e3o iguais? <\/p>\n\n\n\n<p class=\"has-medium-font-size\">Na nossa trilha de aprendizagem de hoje vamos descobrir as diferen\u00e7as entre as paisagens que existem.<\/p>\n\n\n\n<p class=\"has-medium-font-size\">Voc\u00ea sabia que paisagem \u00e9 o que o ser humano consegue captar de um espa\u00e7o com os sentidos da audi\u00e7\u00e3o, do tato, do olfato e da vis\u00e3o? <\/p>\n\n\n\n<p class=\"has-medium-font-size\">Vamos conhecer um pouco mais sobre isso?<\/p>\n\n\n\n<p class=\"has-medium-font-size\">&nbsp;<strong>Atividade 1<\/strong><\/p>\n\n\n\n<p class=\"has-medium-font-size\">Observe as imagens a seguir e registre tudo que consegue perceber em cada uma delas.<\/p>\n\n\n\n<figure class=\"wp-block-image size-large\"><img decoding=\"async\" src=\"https:\/\/nova-escola-producao.s3.amazonaws.com\/ZbxSEHfUEWskUzdMPP8zDdhwD8gfMmxvcHWumb7kzQFVPnuwM3WHfsqW4KUf\/tema-da-aula\" alt=\"\"\/><figcaption>Todas as paisagens s\u00e3o iguais?<br>Site: Nova Escola<br>Fonte: <a rel=\"noreferrer noopener\" href=\"https:\/\/novaescola.org.br\/plano-de-aula\/5347\/todas-as-paisagens-sao-iguais\" target=\"_blank\">https:\/\/novaescola.org.br\/plano-de-aula\/5347\/todas-as-paisagens-sao-iguais<\/a><br>Foto: Banco de Imagens Nova Escola.<\/figcaption><\/figure>\n\n\n\n<hr class=\"wp-block-separator\"\/>\n\n\n\n<p class=\"has-medium-font-size\">Com base em seus registros responda:<\/p>\n\n\n\n<ol class=\"wp-block-list\"><li>Em que essas paisagens s\u00e3o semelhantes e em que s\u00e3o diferentes?<\/li><li>Como \u00e9 a paisagem do lugar onde voc\u00ea vive?<\/li><\/ol>\n\n\n\n<hr class=\"wp-block-separator\"\/>\n\n\n\n<p class=\"has-medium-font-size\"><strong>Atividade 2<\/strong><\/p>\n\n\n\n<p class=\"has-medium-font-size\">Acesse o link e assista ao v\u00eddeo com aten\u00e7\u00e3o. Convide sua fam\u00edlia para ver com voc\u00ea.<\/p>\n\n\n\n<figure class=\"wp-block-embed-youtube wp-block-embed is-type-video is-provider-youtube wp-embed-aspect-4-3 wp-has-aspect-ratio\"><div class=\"wp-block-embed__wrapper\">\n<p class=\"responsive-video-wrap clr\"><iframe title=\"Paisagens em Transforma\u00e7\u00e3o\" width=\"1200\" height=\"900\" src=\"https:\/\/www.youtube.com\/embed\/QrAi2-zKy3s?feature=oembed\" frameborder=\"0\" allow=\"accelerometer; autoplay; encrypted-media; gyroscope; picture-in-picture\" allowfullscreen><\/iframe><\/p>\n<\/div><figcaption>Paisagens em Transforma\u00e7\u00e3o<br>Canal: <a href=\"https:\/\/www.youtube.com\/channel\/UCsJdsBUp_AtozV6MpOEN1HQ\">juliowainer<\/a><br>Fonte: <a rel=\"noreferrer noopener\" href=\"https:\/\/www.youtube.com\/watch?v=QrAi2-zKy3s\" target=\"_blank\">https:\/\/www.youtube.com\/watch?v=QrAi2-zKy3s<\/a><\/figcaption><\/figure>\n\n\n\n<hr class=\"wp-block-separator\"\/>\n\n\n\n<p class=\"has-medium-font-size\"><strong>Atividade 3&nbsp;<\/strong><\/p>\n\n\n\n<p class=\"has-medium-font-size\">Agora, escreva um pequeno texto sobre o v\u00eddeo que voc\u00ea assistiu contando como acontece a transforma\u00e7\u00e3o na paisagem atrav\u00e9s do tempo.<\/p>\n\n\n\n<hr class=\"wp-block-separator\"\/>\n\n\n\n<p class=\"has-medium-font-size\"><strong>Atividade 4<\/strong><\/p>\n\n\n\n<p class=\"has-medium-font-size\">Ent\u00e3o agora vamos pensar um pouco sobre as maneiras como as paisagens se apresentam. <\/p>\n\n\n\n<p class=\"has-medium-font-size\">Escolha uma janela da sua casa e observe como \u00e9 a paisagem que voc\u00ea pode ver?<\/p>\n\n\n\n<ol class=\"wp-block-list\"><li>H\u00e1 elementos naturais na paisagem observada? Quais s\u00e3o eles?<\/li><li>H\u00e1 elementos culturais nas paisagens observadas? Quais s\u00e3o eles?<\/li><li>Como essa paisagem foi alterada pelas pessoas?<\/li><li>Por que as altera\u00e7\u00f5es foram feitas?<\/li><\/ol>\n\n\n\n<hr class=\"wp-block-separator\"\/>\n\n\n\n<p class=\"has-medium-font-size\"><strong>Atividade 5<\/strong><\/p>\n\n\n\n<p class=\"has-medium-font-size\">Quer saber mais? Veja sobre diferentes paisagens acessando o link:<\/p>\n\n\n\n<figure class=\"wp-block-embed-youtube wp-block-embed is-type-video is-provider-youtube wp-embed-aspect-16-9 wp-has-aspect-ratio\"><div class=\"wp-block-embed__wrapper\">\n<p class=\"responsive-video-wrap clr\"><iframe title=\"Aula paisagem, espa\u00e7o e lugar (6\u00ba ano)\" width=\"1200\" height=\"675\" src=\"https:\/\/www.youtube.com\/embed\/JMZsTpL0CkM?feature=oembed\" frameborder=\"0\" allow=\"accelerometer; autoplay; encrypted-media; gyroscope; picture-in-picture\" allowfullscreen><\/iframe><\/p>\n<\/div><figcaption>Aula paisagem, espa\u00e7o e lugar (6\u00ba ano)<br>Canal: <a href=\"https:\/\/www.youtube.com\/channel\/UCEhzN5X0P-auXQzPVE9g5QQ\">Dannilo Andrade<\/a><br>Fonte: <a rel=\"noreferrer noopener\" href=\"https:\/\/www.youtube.com\/watch?v=JMZsTpL0CkM\" target=\"_blank\">https:\/\/www.youtube.com\/watch?v=JMZsTpL0CkM<\/a><\/figcaption><\/figure>\n\n\n\n<hr class=\"wp-block-separator\"\/>\n\n\n\n<figure class=\"wp-block-table\"><table><tbody><tr><td><strong>Componentes<\/strong><\/td><td><strong>Habilidades<\/strong><\/td><\/tr><tr><td><strong>L\u00edngua Portuguesa<\/strong><\/td><td>(EF15LP03) Localizar informa\u00e7\u00f5es explicitas em textos.<br><br>(EF02LP20-B) Analisar o tipo de informa\u00e7\u00e3o que os textos apresentam.<br><br>(EF12LP17-B) Identificar o tema\/assunto dos textos do campo das pr\u00e1ticas de estudo e pesquisa, de forma reflexiva e dialogada.<\/td><\/tr><tr><td><strong>Ci\u00eancias da Natureza<\/strong><br>Paisagem naturais e antr\u00f3picas em forma\u00e7\u00e3o<br><\/td><td>(EF03GE04-A) Explicar como os processos naturais e antr\u00f3picos atuam na produ\u00e7\u00e3o e nas mudan\u00e7as das paisagens.<br><br>(EF03GE04-B) Perceber como a a\u00e7\u00e3o antr\u00f3pica interfere na din\u00e2mica da paisagem do seu munic\u00edpio.<\/td><\/tr><\/tbody><\/table><\/figure>\n\n\n\n<hr class=\"wp-block-separator\"\/>\n\n\n\n<p class=\"has-text-align-center\">Cr\u00e9ditos: Regime de Colabora\u00e7\u00e3o &#8211; Coordena\u00e7\u00e3o Estadual de Implementa\u00e7\u00e3o da BNCC no Estado de Goi\u00e1s.<\/p>\n","protected":false},"author":10,"featured_media":3019,"template":"","ef_categoria":[13,18],"ef_ano":[],"ef_componente":[],"class_list":["post-3018","ensino_fundamental","type-ensino_fundamental","status-publish","has-post-thumbnail","hentry","ef_categoria-ciclo-da-infancia-abc","ef_categoria-educacao-ambiental-e-saude","entry","has-media"],"acf":[],"_links":{"self":[{"href":"https:\/\/sme.goiania.go.gov.br\/conexaoescola\/wp-json\/wp\/v2\/ensino_fundamental\/3018","targetHints":{"allow":["GET"]}}],"collection":[{"href":"https:\/\/sme.goiania.go.gov.br\/conexaoescola\/wp-json\/wp\/v2\/ensino_fundamental"}],"about":[{"href":"https:\/\/sme.goiania.go.gov.br\/conexaoescola\/wp-json\/wp\/v2\/types\/ensino_fundamental"}],"author":[{"embeddable":true,"href":"https:\/\/sme.goiania.go.gov.br\/conexaoescola\/wp-json\/wp\/v2\/users\/10"}],"version-history":[{"count":0,"href":"https:\/\/sme.goiania.go.gov.br\/conexaoescola\/wp-json\/wp\/v2\/ensino_fundamental\/3018\/revisions"}],"wp:featuredmedia":[{"embeddable":true,"href":"https:\/\/sme.goiania.go.gov.br\/conexaoescola\/wp-json\/wp\/v2\/media\/3019"}],"wp:attachment":[{"href":"https:\/\/sme.goiania.go.gov.br\/conexaoescola\/wp-json\/wp\/v2\/media?parent=3018"}],"wp:term":[{"taxonomy":"ef_categoria","embeddable":true,"href":"https:\/\/sme.goiania.go.gov.br\/conexaoescola\/wp-json\/wp\/v2\/ef_categoria?post=3018"},{"taxonomy":"ef_ano","embeddable":true,"href":"https:\/\/sme.goiania.go.gov.br\/conexaoescola\/wp-json\/wp\/v2\/ef_ano?post=3018"},{"taxonomy":"ef_componente","embeddable":true,"href":"https:\/\/sme.goiania.go.gov.br\/conexaoescola\/wp-json\/wp\/v2\/ef_componente?post=3018"}],"curies":[{"name":"wp","href":"https:\/\/api.w.org\/{rel}","templated":true}]}}

<p class="has-medium-font-size">Olá! </p>



<p class="has-medium-font-size">Como tem sido seus dias em casa? São muitos desafios e muitas possibilidades também, não é mesmo? </p>



<p class="has-medium-font-size">Você já reparou que as paisagens dos diversos lugares não são iguais? </p>



<p class="has-medium-font-size">Na nossa trilha de aprendizagem de hoje vamos descobrir as diferenças entre as paisagens que existem.</p>



<p class="has-medium-font-size">Você sabia que paisagem é o que o ser humano consegue captar de um espaço com os sentidos da audição, do tato, do olfato e da visão? </p>



<p class="has-medium-font-size">Vamos conhecer um pouco mais sobre isso?</p>



<p class="has-medium-font-size">&nbsp;<strong>Atividade 1</strong></p>



<p class="has-medium-font-size">Observe as imagens a seguir e registre tudo que consegue perceber em cada uma delas.</p>



<figure class="wp-block-image size-large"><img decoding="async" src="https://nova-escola-producao.s3.amazonaws.com/ZbxSEHfUEWskUzdMPP8zDdhwD8gfMmxvcHWumb7kzQFVPnuwM3WHfsqW4KUf/tema-da-aula" alt=""/><figcaption>Todas as paisagens são iguais?<br>Site: Nova Escola<br>Fonte: <a rel="noreferrer noopener" href="https://novaescola.org.br/plano-de-aula/5347/todas-as-paisagens-sao-iguais" target="_blank">https://novaescola.org.br/plano-de-aula/5347/todas-as-paisagens-sao-iguais</a><br>Foto: Banco de Imagens Nova Escola.</figcaption></figure>



<hr class="wp-block-separator"/>



<p class="has-medium-font-size">Com base em seus registros responda:</p>



<ol class="wp-block-list"><li>Em que essas paisagens são semelhantes e em que são diferentes?</li><li>Como é a paisagem do lugar onde você vive?</li></ol>



<hr class="wp-block-separator"/>



<p class="has-medium-font-size"><strong>Atividade 2</strong></p>



<p class="has-medium-font-size">Acesse o link e assista ao vídeo com atenção. Convide sua família para ver com você.</p>



<figure class="wp-block-embed-youtube wp-block-embed is-type-video is-provider-youtube wp-embed-aspect-4-3 wp-has-aspect-ratio"><div class="wp-block-embed__wrapper">
<p class="responsive-video-wrap clr"><iframe title="Paisagens em Transformação" width="1200" height="900" src="https://www.youtube.com/embed/QrAi2-zKy3s?feature=oembed" frameborder="0" allow="accelerometer; autoplay; encrypted-media; gyroscope; picture-in-picture" allowfullscreen></iframe></p>
</div><figcaption>Paisagens em Transformação<br>Canal: <a href="https://www.youtube.com/channel/UCsJdsBUp_AtozV6MpOEN1HQ">juliowainer</a><br>Fonte: <a rel="noreferrer noopener" href="https://www.youtube.com/watch?v=QrAi2-zKy3s" target="_blank">https://www.youtube.com/watch?v=QrAi2-zKy3s</a></figcaption></figure>



<hr class="wp-block-separator"/>



<p class="has-medium-font-size"><strong>Atividade 3&nbsp;</strong></p>



<p class="has-medium-font-size">Agora, escreva um pequeno texto sobre o vídeo que você assistiu contando como acontece a transformação na paisagem através do tempo.</p>



<hr class="wp-block-separator"/>



<p class="has-medium-font-size"><strong>Atividade 4</strong></p>



<p class="has-medium-font-size">Então agora vamos pensar um pouco sobre as maneiras como as paisagens se apresentam. </p>



<p class="has-medium-font-size">Escolha uma janela da sua casa e observe como é a paisagem que você pode ver?</p>



<ol class="wp-block-list"><li>Há elementos naturais na paisagem observada? Quais são eles?</li><li>Há elementos culturais nas paisagens observadas? Quais são eles?</li><li>Como essa paisagem foi alterada pelas pessoas?</li><li>Por que as alterações foram feitas?</li></ol>



<hr class="wp-block-separator"/>



<p class="has-medium-font-size"><strong>Atividade 5</strong></p>



<p class="has-medium-font-size">Quer saber mais? Veja sobre diferentes paisagens acessando o link:</p>



<figure class="wp-block-embed-youtube wp-block-embed is-type-video is-provider-youtube wp-embed-aspect-16-9 wp-has-aspect-ratio"><div class="wp-block-embed__wrapper">
<p class="responsive-video-wrap clr"><iframe title="Aula paisagem, espaço e lugar (6º ano)" width="1200" height="675" src="https://www.youtube.com/embed/JMZsTpL0CkM?feature=oembed" frameborder="0" allow="accelerometer; autoplay; encrypted-media; gyroscope; picture-in-picture" allowfullscreen></iframe></p>
</div><figcaption>Aula paisagem, espaço e lugar (6º ano)<br>Canal: <a href="https://www.youtube.com/channel/UCEhzN5X0P-auXQzPVE9g5QQ">Dannilo Andrade</a><br>Fonte: <a rel="noreferrer noopener" href="https://www.youtube.com/watch?v=JMZsTpL0CkM" target="_blank">https://www.youtube.com/watch?v=JMZsTpL0CkM</a></figcaption></figure>



<hr class="wp-block-separator"/>



<figure class="wp-block-table"><table><tbody><tr><td><strong>Componentes</strong></td><td><strong>Habilidades</strong></td></tr><tr><td><strong>Língua Portuguesa</strong></td><td>(EF15LP03) Localizar informações explicitas em textos.<br><br>(EF02LP20-B) Analisar o tipo de informação que os textos apresentam.<br><br>(EF12LP17-B) Identificar o tema/assunto dos textos do campo das práticas de estudo e pesquisa, de forma reflexiva e dialogada.</td></tr><tr><td><strong>Ciências da Natureza</strong><br>Paisagem naturais e antrópicas em formação<br></td><td>(EF03GE04-A) Explicar como os processos naturais e antrópicos atuam na produção e nas mudanças das paisagens.<br><br>(EF03GE04-B) Perceber como a ação antrópica interfere na dinâmica da paisagem do seu município.</td></tr></tbody></table></figure>



<hr class="wp-block-separator"/>



<p class="has-text-align-center">Créditos: Regime de Colaboração &#8211; Coordenação Estadual de Implementação da BNCC no Estado de Goiás.</p>
