{"id":2967,"date":"2020-07-01T07:00:00","date_gmt":"2020-07-01T10:00:00","guid":{"rendered":"http:\/\/sme.goiania.go.gov.br\/conexaoescola\/?post_type=ensino_fundamental&#038;p=2967"},"modified":"2020-06-25T14:58:11","modified_gmt":"2020-06-25T17:58:11","slug":"aprendendo-com-as-diferencas","status":"publish","type":"ensino_fundamental","link":"https:\/\/sme.goiania.go.gov.br\/conexaoescola\/ensino_fundamental\/aprendendo-com-as-diferencas\/","title":{"rendered":"Aprendendo com as diferen\u00e7as"},"content":{"rendered":"\n<p class=\"has-medium-font-size\">Ol\u00e1! Voc\u00ea j\u00e1 observou sua apar\u00eancia f\u00edsica? Quando nascemos, somos parecidos com os nossos pais, av\u00f3s e outros pessoas da fam\u00edlia. Com quem voc\u00ea se parece? Voc\u00ea valoriza suas caracter\u00edsticas f\u00edsicas?<\/p>\n\n\n\n<p class=\"has-medium-font-size\">Cada pessoa tem caracter\u00edsticas pr\u00f3prias, por isso \u00e9 muito legal saber que somos diferentes. O importante \u00e9 perceber essas diferen\u00e7as e aprender a conviver respeitando cada um na sua diferen\u00e7a!<br><\/p>\n\n\n\n<p class=\"has-medium-font-size\"><strong><span style=\"color:#050505\" class=\"has-inline-color\">Atividade 1<\/span><\/strong><br><\/p>\n\n\n\n<p class=\"has-medium-font-size\">Voc\u00ea conhece a f\u00e1bula \u201cA raposa e a cegonha\u201d? Quais s\u00e3o as caracter\u00edsticas f\u00edsicas desses animais? O que voc\u00ea pensa que vai ocorrer nessa hist\u00f3ria? Converse com uma pessoa da sua fam\u00edlia sobre essas quest\u00f5es.<br><\/p>\n\n\n\n<figure class=\"wp-block-embed-youtube wp-block-embed is-type-video is-provider-youtube wp-embed-aspect-16-9 wp-has-aspect-ratio\"><div class=\"wp-block-embed__wrapper\">\n<p class=\"responsive-video-wrap clr\"><iframe title=\"A Raposa e a Cegonha - Bia Bedran\" width=\"1200\" height=\"675\" src=\"https:\/\/www.youtube.com\/embed\/ZkcjRBWunRs?feature=oembed\" frameborder=\"0\" allow=\"accelerometer; autoplay; encrypted-media; gyroscope; picture-in-picture\" allowfullscreen><\/iframe><\/p>\n<\/div><figcaption>&#8220;A Raposa e a Cegonha&#8221; &#8211; Bia Bedran &#8211; Canal: Sounds Brasil &#8211; Link: <a rel=\"noreferrer noopener\" href=\"https:\/\/www.youtube.com\/watch?v=ZkcjRBWunRs\" target=\"_blank\"><span class=\"has-inline-color has-vivid-cyan-blue-color\">https:\/\/www.youtube.com\/watch?v=ZkcjRBWunRs<\/span><\/a><br><\/figcaption><\/figure>\n\n\n\n<p class=\"has-medium-font-size\"><strong><span style=\"color:#050505\" class=\"has-inline-color\">Atividade 2<\/span><\/strong><br><\/p>\n\n\n\n<p class=\"has-medium-font-size\">Voc\u00ea adivinhou as caracter\u00edsticas f\u00edsicas dos animais? O que voc\u00ea pensou que iria ocorrer aconteceu na hist\u00f3ria que voc\u00ea ouviu? Converse com a sua fam\u00edlia sobre suas hip\u00f3teses e o que aconteceu com a raposa e a cegonha.<br><\/p>\n\n\n\n<p class=\"has-medium-font-size\"><strong><span style=\"color:#050505\" class=\"has-inline-color\">Atividade 3<\/span><\/strong><br><\/p>\n\n\n\n<p class=\"has-medium-font-size\">Voc\u00ea tem amigos? Reconte a f\u00e1bula para um deles. Grave um \u00e1udio para o WhatsApp e envie, com a ajuda da sua fam\u00edlia.<\/p>\n\n\n\n<p class=\"has-medium-font-size\">Lembre-se: estamos no isolamento social, proteja voc\u00ea e seu amigo!<br><\/p>\n\n\n\n<p class=\"has-medium-font-size\"><strong><span style=\"color:#050505\" class=\"has-inline-color\">Atividade 4<\/span><\/strong><br><\/p>\n\n\n\n<p class=\"has-medium-font-size\">Para saber mais sobre como aprender com as diferen\u00e7as, acesse o link e assista ao v\u00eddeo:<br><\/p>\n\n\n\n<figure class=\"wp-block-embed-youtube wp-block-embed is-type-video is-provider-youtube wp-embed-aspect-16-9 wp-has-aspect-ratio\"><div class=\"wp-block-embed__wrapper\">\n<p class=\"responsive-video-wrap clr\"><iframe title=\"Bullying n\u00e3o! Ser diferente \u00e9 legal | Canal da Charlotte\" width=\"1200\" height=\"675\" src=\"https:\/\/www.youtube.com\/embed\/Oi3K9KDt_FY?feature=oembed\" frameborder=\"0\" allow=\"accelerometer; autoplay; encrypted-media; gyroscope; picture-in-picture\" allowfullscreen><\/iframe><\/p>\n<\/div><figcaption>&#8220;Bullying n\u00e3o! Ser diferente \u00e9 normal!&#8221; &#8211; Canal da Charlotte &#8211; Link: <a rel=\"noreferrer noopener\" href=\"https:\/\/www.youtube.com\/watch?v=Oi3K9KDt_FY\" target=\"_blank\"><span class=\"has-inline-color has-vivid-cyan-blue-color\">https:\/\/www.youtube.com\/watch?v=Oi3K9KDt_FY<\/span><\/a><br><\/figcaption><\/figure>\n\n\n\n<p class=\"has-medium-font-size\"><strong><span style=\"color:#050505\" class=\"has-inline-color\">Atividade 5<\/span><\/strong><br><\/p>\n\n\n\n<p class=\"has-medium-font-size\">Imagine que, ao retornar para a escola, sua turma recebeu um colega novo, que ainda n\u00e3o brinca com os outros no recreio. Desenhe o que voc\u00ea faria para acolher esse colega.<br><\/p>\n\n\n\n<figure class=\"wp-block-table\"><table><tbody><tr><td><strong><span style=\"color:#050505\" class=\"has-inline-color\">Componentes<\/span><\/strong><\/td><td><strong><span style=\"color:#050708\" class=\"has-inline-color\">Habilidades<\/span>&nbsp;<\/strong><\/td><\/tr><tr><td><strong><span style=\"color:#070707\" class=\"has-inline-color\">L\u00edngua Portuguesa<\/span><\/strong><\/td><td>(EF15LP02) Estabelecer expectativas em rela\u00e7\u00e3o ao texto que vai ler (pressuposi\u00e7\u00f5es antecipadoras dos sentidos, da forma e da fun\u00e7\u00e3o social do texto), apoiando-se em seus conhecimentos pr\u00e9vios sobre as condi\u00e7\u00f5es de produ\u00e7\u00e3o e recep\u00e7\u00e3o desse texto, o g\u00eanero, o suporte e o universo tem\u00e1tico, bem como sobre sali\u00eancias textuais, recursos gr\u00e1ficos, imagens, dados da pr\u00f3pria obra (\u00edndice, pref\u00e1cio etc.), confirmando antecipa\u00e7\u00f5es e infer\u00eancias realizadas antes e durante a leitura de textos, checando a adequa\u00e7\u00e3o das hip\u00f3teses realizadas.<br>(EF15LP09) Expressar-se em situa\u00e7\u00f5es de interc\u00e2mbio oral com clareza, preocupando-se em ser compreendido pelo interlocutor e usando a palavra com tom de voz aud\u00edvel, boa articula\u00e7\u00e3o e ritmo adequado.<br>(EF12LP04-E) Representar, por meio da linguagem n\u00e3o verbal, a compreens\u00e3o do texto lido.<\/td><\/tr><tr><td><strong><span style=\"color:#0b0b0b\" class=\"has-inline-color\">Hist\u00f3ria&nbsp;<\/span><\/strong><\/td><td>(GO-EF01HI04-A) Conhecer e refletir sobre a diversidade \u00e9tnica, social e cultural de sua origem e de outras crian\u00e7as, valorizando a import\u00e2ncia da conviv\u00eancia entre os diferentes, respeitando as pessoas como elas s\u00e3o, independentes de sua etnia, ra\u00e7a, cor ou religi\u00e3o.&nbsp;<\/td><\/tr><\/tbody><\/table><\/figure>\n\n\n\n<p class=\"has-medium-font-size\">Cr\u00e9ditos: Regime de Colabora\u00e7\u00e3o &#8211; Coordena\u00e7\u00e3o Estadual de Implementa\u00e7\u00e3o da BNCC no Estado de Goi\u00e1s.<\/p>\n","protected":false},"author":7,"featured_media":2970,"template":"","ef_categoria":[13,20],"ef_ano":[],"ef_componente":[],"class_list":["post-2967","ensino_fundamental","type-ensino_fundamental","status-publish","has-post-thumbnail","hentry","ef_categoria-ciclo-da-infancia-abc","ef_categoria-etica-e-cidadania","entry","has-media"],"acf":[],"_links":{"self":[{"href":"https:\/\/sme.goiania.go.gov.br\/conexaoescola\/wp-json\/wp\/v2\/ensino_fundamental\/2967","targetHints":{"allow":["GET"]}}],"collection":[{"href":"https:\/\/sme.goiania.go.gov.br\/conexaoescola\/wp-json\/wp\/v2\/ensino_fundamental"}],"about":[{"href":"https:\/\/sme.goiania.go.gov.br\/conexaoescola\/wp-json\/wp\/v2\/types\/ensino_fundamental"}],"author":[{"embeddable":true,"href":"https:\/\/sme.goiania.go.gov.br\/conexaoescola\/wp-json\/wp\/v2\/users\/7"}],"version-history":[{"count":0,"href":"https:\/\/sme.goiania.go.gov.br\/conexaoescola\/wp-json\/wp\/v2\/ensino_fundamental\/2967\/revisions"}],"wp:featuredmedia":[{"embeddable":true,"href":"https:\/\/sme.goiania.go.gov.br\/conexaoescola\/wp-json\/wp\/v2\/media\/2970"}],"wp:attachment":[{"href":"https:\/\/sme.goiania.go.gov.br\/conexaoescola\/wp-json\/wp\/v2\/media?parent=2967"}],"wp:term":[{"taxonomy":"ef_categoria","embeddable":true,"href":"https:\/\/sme.goiania.go.gov.br\/conexaoescola\/wp-json\/wp\/v2\/ef_categoria?post=2967"},{"taxonomy":"ef_ano","embeddable":true,"href":"https:\/\/sme.goiania.go.gov.br\/conexaoescola\/wp-json\/wp\/v2\/ef_ano?post=2967"},{"taxonomy":"ef_componente","embeddable":true,"href":"https:\/\/sme.goiania.go.gov.br\/conexaoescola\/wp-json\/wp\/v2\/ef_componente?post=2967"}],"curies":[{"name":"wp","href":"https:\/\/api.w.org\/{rel}","templated":true}]}}

Aprendendo com as diferenças

<p class="has-medium-font-size">Olá! Você já observou sua aparência física? Quando nascemos, somos parecidos com os nossos pais, avós e outros pessoas da família. Com quem você se parece? Você valoriza suas características físicas?</p>



<p class="has-medium-font-size">Cada pessoa tem características próprias, por isso é muito legal saber que somos diferentes. O importante é perceber essas diferenças e aprender a conviver respeitando cada um na sua diferença!<br></p>



<p class="has-medium-font-size"><strong><span style="color:#050505" class="has-inline-color">Atividade 1</span></strong><br></p>



<p class="has-medium-font-size">Você conhece a fábula “A raposa e a cegonha”? Quais são as características físicas desses animais? O que você pensa que vai ocorrer nessa história? Converse com uma pessoa da sua família sobre essas questões.<br></p>



<figure class="wp-block-embed-youtube wp-block-embed is-type-video is-provider-youtube wp-embed-aspect-16-9 wp-has-aspect-ratio"><div class="wp-block-embed__wrapper">
<p class="responsive-video-wrap clr"><iframe title="A Raposa e a Cegonha - Bia Bedran" width="1200" height="675" src="https://www.youtube.com/embed/ZkcjRBWunRs?feature=oembed" frameborder="0" allow="accelerometer; autoplay; encrypted-media; gyroscope; picture-in-picture" allowfullscreen></iframe></p>
</div><figcaption>&#8220;A Raposa e a Cegonha&#8221; &#8211; Bia Bedran &#8211; Canal: Sounds Brasil &#8211; Link: <a rel="noreferrer noopener" href="https://www.youtube.com/watch?v=ZkcjRBWunRs" target="_blank"><span class="has-inline-color has-vivid-cyan-blue-color">https://www.youtube.com/watch?v=ZkcjRBWunRs</span></a><br></figcaption></figure>



<p class="has-medium-font-size"><strong><span style="color:#050505" class="has-inline-color">Atividade 2</span></strong><br></p>



<p class="has-medium-font-size">Você adivinhou as características físicas dos animais? O que você pensou que iria ocorrer aconteceu na história que você ouviu? Converse com a sua família sobre suas hipóteses e o que aconteceu com a raposa e a cegonha.<br></p>



<p class="has-medium-font-size"><strong><span style="color:#050505" class="has-inline-color">Atividade 3</span></strong><br></p>



<p class="has-medium-font-size">Você tem amigos? Reconte a fábula para um deles. Grave um áudio para o WhatsApp e envie, com a ajuda da sua família.</p>



<p class="has-medium-font-size">Lembre-se: estamos no isolamento social, proteja você e seu amigo!<br></p>



<p class="has-medium-font-size"><strong><span style="color:#050505" class="has-inline-color">Atividade 4</span></strong><br></p>



<p class="has-medium-font-size">Para saber mais sobre como aprender com as diferenças, acesse o link e assista ao vídeo:<br></p>



<figure class="wp-block-embed-youtube wp-block-embed is-type-video is-provider-youtube wp-embed-aspect-16-9 wp-has-aspect-ratio"><div class="wp-block-embed__wrapper">
<p class="responsive-video-wrap clr"><iframe title="Bullying não! Ser diferente é legal | Canal da Charlotte" width="1200" height="675" src="https://www.youtube.com/embed/Oi3K9KDt_FY?feature=oembed" frameborder="0" allow="accelerometer; autoplay; encrypted-media; gyroscope; picture-in-picture" allowfullscreen></iframe></p>
</div><figcaption>&#8220;Bullying não! Ser diferente é normal!&#8221; &#8211; Canal da Charlotte &#8211; Link: <a rel="noreferrer noopener" href="https://www.youtube.com/watch?v=Oi3K9KDt_FY" target="_blank"><span class="has-inline-color has-vivid-cyan-blue-color">https://www.youtube.com/watch?v=Oi3K9KDt_FY</span></a><br></figcaption></figure>



<p class="has-medium-font-size"><strong><span style="color:#050505" class="has-inline-color">Atividade 5</span></strong><br></p>



<p class="has-medium-font-size">Imagine que, ao retornar para a escola, sua turma recebeu um colega novo, que ainda não brinca com os outros no recreio. Desenhe o que você faria para acolher esse colega.<br></p>



<figure class="wp-block-table"><table><tbody><tr><td><strong><span style="color:#050505" class="has-inline-color">Componentes</span></strong></td><td><strong><span style="color:#050708" class="has-inline-color">Habilidades</span>&nbsp;</strong></td></tr><tr><td><strong><span style="color:#070707" class="has-inline-color">Língua Portuguesa</span></strong></td><td>(EF15LP02) Estabelecer expectativas em relação ao texto que vai ler (pressuposições antecipadoras dos sentidos, da forma e da função social do texto), apoiando-se em seus conhecimentos prévios sobre as condições de produção e recepção desse texto, o gênero, o suporte e o universo temático, bem como sobre saliências textuais, recursos gráficos, imagens, dados da própria obra (índice, prefácio etc.), confirmando antecipações e inferências realizadas antes e durante a leitura de textos, checando a adequação das hipóteses realizadas.<br>(EF15LP09) Expressar-se em situações de intercâmbio oral com clareza, preocupando-se em ser compreendido pelo interlocutor e usando a palavra com tom de voz audível, boa articulação e ritmo adequado.<br>(EF12LP04-E) Representar, por meio da linguagem não verbal, a compreensão do texto lido.</td></tr><tr><td><strong><span style="color:#0b0b0b" class="has-inline-color">História&nbsp;</span></strong></td><td>(GO-EF01HI04-A) Conhecer e refletir sobre a diversidade étnica, social e cultural de sua origem e de outras crianças, valorizando a importância da convivência entre os diferentes, respeitando as pessoas como elas são, independentes de sua etnia, raça, cor ou religião.&nbsp;</td></tr></tbody></table></figure>



<p class="has-medium-font-size">Créditos: Regime de Colaboração &#8211; Coordenação Estadual de Implementação da BNCC no Estado de Goiás.</p>
