{"id":29604,"date":"2020-10-12T07:00:00","date_gmt":"2020-10-12T10:00:00","guid":{"rendered":"http:\/\/sme.goiania.go.gov.br\/conexaoescola\/?post_type=ensino_fundamental&#038;p=29604"},"modified":"2020-10-08T14:42:48","modified_gmt":"2020-10-08T17:42:48","slug":"quem-estava-na-america-antes-da-chegada-dos-europeus","status":"publish","type":"ensino_fundamental","link":"https:\/\/sme.goiania.go.gov.br\/conexaoescola\/ensino_fundamental\/quem-estava-na-america-antes-da-chegada-dos-europeus\/","title":{"rendered":"Quem estava na Am\u00e9rica antes da chegada dos europeus?"},"content":{"rendered":"\n<p class=\"has-background has-medium-font-size has-pale-cyan-blue-background-color\"><strong>ATIVIDADE<\/strong><\/p>\n\n\n\n<p class=\"has-medium-font-size\">Nessa atividade voc\u00ea ir\u00e1 aprender sobre os usos, costumes e saberes dos povos que habitavam a Am\u00e9rica antes da chegada dos europeus.<\/p>\n\n\n\n<p class=\"has-medium-font-size\"><strong>Quest\u00e3o 1: <\/strong>Para realizar o exerc\u00edcio voc\u00ea deve acessar o link, assistir ao v\u00eddeo e responder as quest\u00f5es em seu caderno. Lembre-se, voc\u00ea pode assistir ao v\u00eddeo quantas vezes achar necess\u00e1rio:<\/p>\n\n\n\n<figure class=\"wp-block-embed-youtube wp-block-embed is-type-video is-provider-youtube wp-embed-aspect-16-9 wp-has-aspect-ratio\"><div class=\"wp-block-embed__wrapper\">\n<p class=\"responsive-video-wrap clr\"><iframe title=\"A Am\u00e9rica antes dos europeus \u2013 Hist\u00f3ria \u2013 7\u00ba ano \u2013 Ensino Fundamental\" width=\"1200\" height=\"675\" src=\"https:\/\/www.youtube.com\/embed\/x3XM7xU55xs?feature=oembed\" frameborder=\"0\" allow=\"accelerometer; autoplay; clipboard-write; encrypted-media; gyroscope; picture-in-picture\" allowfullscreen><\/iframe><\/p>\n<\/div><figcaption><a href=\"https:\/\/www.youtube.com\/watch?v=x3XM7xU55xs&amp;feature=youtu.be\" target=\"_blank\" rel=\"noreferrer noopener\">A Am\u00e9rica antes dos europeus \u2013 Hist\u00f3ria \u2013 7\u00ba ano \u2013 Ensino Fundamental &#8211; Canal Futura &#8211; YouTube<\/a><\/figcaption><\/figure>\n\n\n\n<p class=\"has-medium-font-size\">a) Explique como se davam as rela\u00e7\u00f5es de trabalho das sociedades pr\u00e9-colombianas.<\/p>\n\n\n\n<p class=\"has-medium-font-size\">b) Como se organizava a agricultura nas sociedades pr\u00e9-colombianas? Qual alimento era considerado especial?<\/p>\n\n\n\n<p class=\"has-medium-font-size\">c) Explique de que forma os povos pr\u00e9-colombianos demonstravam temor e gratid\u00e3o aos deuses que cultuavam.<\/p>\n\n\n\n<p class=\"has-medium-font-size\">d) Explique as formas que estas sociedades desenvolveram para registrar e transmitir a outras pessoas os seus saberes.<\/p>\n\n\n\n<p class=\"has-medium-font-size\"><strong>Quest\u00e3o 2:<\/strong> Observe os mapas e realize o exerc\u00edcio:<\/p>\n\n\n\n<div class=\"wp-block-columns is-layout-flex wp-container-core-columns-is-layout-9d6595d7 wp-block-columns-is-layout-flex\">\n<div class=\"wp-block-column is-layout-flow wp-block-column-is-layout-flow\">\n<figure class=\"wp-block-image size-large\"><img fetchpriority=\"high\" decoding=\"async\" width=\"379\" height=\"516\" src=\"http:\/\/sme.goiania.go.gov.br\/conexaoescola\/wp-content\/uploads\/2020\/10\/mapa-e1602177361434.jpg\" alt=\"\" class=\"wp-image-29607\" srcset=\"https:\/\/sme.goiania.go.gov.br\/conexaoescola\/wp-content\/uploads\/2020\/10\/mapa-e1602177361434.jpg 379w, https:\/\/sme.goiania.go.gov.br\/conexaoescola\/wp-content\/uploads\/2020\/10\/mapa-e1602177361434-220x300.jpg 220w\" sizes=\"(max-width: 379px) 100vw, 379px\" \/><\/figure>\n<\/div>\n\n\n\n<div class=\"wp-block-column is-layout-flow wp-block-column-is-layout-flow\">\n<figure class=\"wp-block-image size-large is-resized\"><img decoding=\"async\" src=\"http:\/\/sme.goiania.go.gov.br\/conexaoescola\/wp-content\/uploads\/2020\/10\/mapa2-e1602177588464.png\" alt=\"\" class=\"wp-image-29608\" width=\"495\" height=\"505\"\/><\/figure>\n<\/div>\n<\/div>\n\n\n\n<p class=\"has-medium-font-size\">a) No seu caderno elabore um quadro em que nele conste as civiliza\u00e7\u00f5es Asteca, Maia e Inca. Neste quadro escreva os nomes dos pa\u00edses atuais nos quais estas civiliza\u00e7\u00f5es se desenvolveram.<\/p>\n\n\n\n<p class=\"has-medium-font-size\">b) Ap\u00f3s o estudo realizado escreva um texto sobre os povos pr\u00e9-colombianos e seu legado para a humanidade. Se quiser voc\u00ea pode desenhar ou mesmo escrever uma HQ, use a criatividade e m\u00e3os \u00e0 obra!<\/p>\n\n\n\n<p style=\"color:#ffffff\" class=\"has-text-color has-background has-medium-font-size has-vivid-cyan-blue-background-color\"><strong>Para saber mais:<\/strong><\/p>\n\n\n\n<p class=\"has-medium-font-size\">\u2192 Astecas | Trilogia Pr\u00e9-Colombiana<\/p>\n\n\n\n<figure class=\"wp-block-embed-youtube wp-block-embed is-type-video is-provider-youtube wp-embed-aspect-16-9 wp-has-aspect-ratio\"><div class=\"wp-block-embed__wrapper\">\n<p class=\"responsive-video-wrap clr\"><iframe title=\"Astecas | Trilogia Pr\u00e9-Colombiana\" width=\"1200\" height=\"675\" src=\"https:\/\/www.youtube.com\/embed\/NnoVCqhVFZg?feature=oembed\" frameborder=\"0\" allow=\"accelerometer; autoplay; clipboard-write; encrypted-media; gyroscope; picture-in-picture\" allowfullscreen><\/iframe><\/p>\n<\/div><figcaption><a href=\"https:\/\/www.youtube.com\/watch?v=NnoVCqhVFZg\" target=\"_blank\" rel=\"noreferrer noopener\">Astecas | Trilogia Pr\u00e9-Colombiana &#8211; Canal Se Liga Nessa Hist\u00f3ria<br>Se Liga Nessa Hist\u00f3ria &#8211; YouTube<\/a><\/figcaption><\/figure>\n\n\n\n<p class=\"has-medium-font-size\">\u2192 Maias | Trilogia Pr\u00e9-Colombiana<\/p>\n\n\n\n<figure class=\"wp-block-embed-youtube wp-block-embed is-type-video is-provider-youtube wp-embed-aspect-16-9 wp-has-aspect-ratio\"><div class=\"wp-block-embed__wrapper\">\n<p class=\"responsive-video-wrap clr\"><iframe title=\"Maias | Trilogia Pr\u00e9-Colombiana\" width=\"1200\" height=\"675\" src=\"https:\/\/www.youtube.com\/embed\/IwACK2ZxryE?start=26&#038;feature=oembed\" frameborder=\"0\" allow=\"accelerometer; autoplay; clipboard-write; encrypted-media; gyroscope; picture-in-picture\" allowfullscreen><\/iframe><\/p>\n<\/div><figcaption><a href=\"https:\/\/www.youtube.com\/watch?v=IwACK2ZxryE&amp;feature=emb_logo\" target=\"_blank\" rel=\"noreferrer noopener\">Maias | Trilogia Pr\u00e9-Colombiana &#8211; Canal Se Liga Nessa Hist\u00f3ria<br>Se Liga Nessa Hist\u00f3ria &#8211; YouTube<\/a><\/figcaption><\/figure>\n\n\n\n<p class=\"has-medium-font-size\">\u2192 Incas | Trilogia Pr\u00e9-Colombiana<\/p>\n\n\n\n<figure class=\"wp-block-embed-youtube wp-block-embed is-type-video is-provider-youtube wp-embed-aspect-16-9 wp-has-aspect-ratio\"><div class=\"wp-block-embed__wrapper\">\n<p class=\"responsive-video-wrap clr\"><iframe title=\"Incas | Trilogia Pr\u00e9-Colombiana\" width=\"1200\" height=\"675\" src=\"https:\/\/www.youtube.com\/embed\/-5sImPo4EFU?feature=oembed\" frameborder=\"0\" allow=\"accelerometer; autoplay; clipboard-write; encrypted-media; gyroscope; picture-in-picture\" allowfullscreen><\/iframe><\/p>\n<\/div><figcaption><a href=\"https:\/\/www.youtube.com\/watch?v=-5sImPo4EFU\" target=\"_blank\" rel=\"noreferrer noopener\">Incas | Trilogia Pr\u00e9-Colombiana &#8211; Canal Se Liga Nessa Hist\u00f3ria<br>Se Liga Nessa Hist\u00f3ria &#8211; YouTube<\/a><\/figcaption><\/figure>\n\n\n\n<figure class=\"wp-block-table alignfull is-style-regular\"><table><tbody><tr><td><strong>OBJETO DE CONHECIMENTO:<\/strong> Hist\u00f3ria: Conex\u00f5es e intera\u00e7\u00f5es entre as sociedades da Am\u00e9rica e da Europa. Saberes dos povos pr\u00e9-colombianos expressos na cultura material e imaterial.<\/td><\/tr><tr><td><strong>HABILIDADES: <\/strong>Hist\u00f3ria: (GO-EF07HI03-C) Localizar as civiliza\u00e7\u00f5es amer\u00edndias, Incas, Maias e Astecas, antes da chegada dos europeus, comparando-os como os povos e sociedades europeias, quanto ao sistema monet\u00e1rio e de escrita, forma de marca\u00e7\u00e3o do tempo, com\u00e9rcio, circula\u00e7\u00e3o de produtos e mercadorias.<\/td><\/tr><\/tbody><\/table><\/figure>\n\n\n\n<hr class=\"wp-block-separator\"\/>\n\n\n\n<p class=\"has-text-align-center\">Ciclo da Adolesc\u00eancia \u2013 Turma G (7\u00ba ano) \u2013 \u00c9tica e Cidadania<\/p>\n","protected":false},"author":28,"featured_media":29613,"template":"","ef_categoria":[15,30],"ef_ano":[],"ef_componente":[],"class_list":["post-29604","ensino_fundamental","type-ensino_fundamental","status-publish","has-post-thumbnail","hentry","ef_categoria-ciclo-da-adolescencia-fg","ef_categoria-etica-e-cidadania-ciclo-da-adolescencia-fg","entry","has-media"],"acf":[],"_links":{"self":[{"href":"https:\/\/sme.goiania.go.gov.br\/conexaoescola\/wp-json\/wp\/v2\/ensino_fundamental\/29604","targetHints":{"allow":["GET"]}}],"collection":[{"href":"https:\/\/sme.goiania.go.gov.br\/conexaoescola\/wp-json\/wp\/v2\/ensino_fundamental"}],"about":[{"href":"https:\/\/sme.goiania.go.gov.br\/conexaoescola\/wp-json\/wp\/v2\/types\/ensino_fundamental"}],"author":[{"embeddable":true,"href":"https:\/\/sme.goiania.go.gov.br\/conexaoescola\/wp-json\/wp\/v2\/users\/28"}],"version-history":[{"count":0,"href":"https:\/\/sme.goiania.go.gov.br\/conexaoescola\/wp-json\/wp\/v2\/ensino_fundamental\/29604\/revisions"}],"wp:featuredmedia":[{"embeddable":true,"href":"https:\/\/sme.goiania.go.gov.br\/conexaoescola\/wp-json\/wp\/v2\/media\/29613"}],"wp:attachment":[{"href":"https:\/\/sme.goiania.go.gov.br\/conexaoescola\/wp-json\/wp\/v2\/media?parent=29604"}],"wp:term":[{"taxonomy":"ef_categoria","embeddable":true,"href":"https:\/\/sme.goiania.go.gov.br\/conexaoescola\/wp-json\/wp\/v2\/ef_categoria?post=29604"},{"taxonomy":"ef_ano","embeddable":true,"href":"https:\/\/sme.goiania.go.gov.br\/conexaoescola\/wp-json\/wp\/v2\/ef_ano?post=29604"},{"taxonomy":"ef_componente","embeddable":true,"href":"https:\/\/sme.goiania.go.gov.br\/conexaoescola\/wp-json\/wp\/v2\/ef_componente?post=29604"}],"curies":[{"name":"wp","href":"https:\/\/api.w.org\/{rel}","templated":true}]}}

Quem estava na América antes da chegada dos europeus?

<p class="has-background has-medium-font-size has-pale-cyan-blue-background-color"><strong>ATIVIDADE</strong></p>



<p class="has-medium-font-size">Nessa atividade você irá aprender sobre os usos, costumes e saberes dos povos que habitavam a América antes da chegada dos europeus.</p>



<p class="has-medium-font-size"><strong>Questão 1: </strong>Para realizar o exercício você deve acessar o link, assistir ao vídeo e responder as questões em seu caderno. Lembre-se, você pode assistir ao vídeo quantas vezes achar necessário:</p>



<figure class="wp-block-embed-youtube wp-block-embed is-type-video is-provider-youtube wp-embed-aspect-16-9 wp-has-aspect-ratio"><div class="wp-block-embed__wrapper">
<p class="responsive-video-wrap clr"><iframe title="A América antes dos europeus – História – 7º ano – Ensino Fundamental" width="1200" height="675" src="https://www.youtube.com/embed/x3XM7xU55xs?feature=oembed" frameborder="0" allow="accelerometer; autoplay; clipboard-write; encrypted-media; gyroscope; picture-in-picture" allowfullscreen></iframe></p>
</div><figcaption><a href="https://www.youtube.com/watch?v=x3XM7xU55xs&amp;feature=youtu.be" target="_blank" rel="noreferrer noopener">A América antes dos europeus – História – 7º ano – Ensino Fundamental &#8211; Canal Futura &#8211; YouTube</a></figcaption></figure>



<p class="has-medium-font-size">a) Explique como se davam as relações de trabalho das sociedades pré-colombianas.</p>



<p class="has-medium-font-size">b) Como se organizava a agricultura nas sociedades pré-colombianas? Qual alimento era considerado especial?</p>



<p class="has-medium-font-size">c) Explique de que forma os povos pré-colombianos demonstravam temor e gratidão aos deuses que cultuavam.</p>



<p class="has-medium-font-size">d) Explique as formas que estas sociedades desenvolveram para registrar e transmitir a outras pessoas os seus saberes.</p>



<p class="has-medium-font-size"><strong>Questão 2:</strong> Observe os mapas e realize o exercício:</p>



<div class="wp-block-columns is-layout-flex wp-container-core-columns-is-layout-9d6595d7 wp-block-columns-is-layout-flex">
<div class="wp-block-column is-layout-flow wp-block-column-is-layout-flow">
<figure class="wp-block-image size-large"><img fetchpriority="high" decoding="async" width="379" height="516" src="http://sme.goiania.go.gov.br/conexaoescola/wp-content/uploads/2020/10/mapa-e1602177361434.jpg" alt="" class="wp-image-29607" srcset="https://sme.goiania.go.gov.br/conexaoescola/wp-content/uploads/2020/10/mapa-e1602177361434.jpg 379w, https://sme.goiania.go.gov.br/conexaoescola/wp-content/uploads/2020/10/mapa-e1602177361434-220x300.jpg 220w" sizes="(max-width: 379px) 100vw, 379px" /></figure>
</div>



<div class="wp-block-column is-layout-flow wp-block-column-is-layout-flow">
<figure class="wp-block-image size-large is-resized"><img decoding="async" src="http://sme.goiania.go.gov.br/conexaoescola/wp-content/uploads/2020/10/mapa2-e1602177588464.png" alt="" class="wp-image-29608" width="495" height="505"/></figure>
</div>
</div>



<p class="has-medium-font-size">a) No seu caderno elabore um quadro em que nele conste as civilizações Asteca, Maia e Inca. Neste quadro escreva os nomes dos países atuais nos quais estas civilizações se desenvolveram.</p>



<p class="has-medium-font-size">b) Após o estudo realizado escreva um texto sobre os povos pré-colombianos e seu legado para a humanidade. Se quiser você pode desenhar ou mesmo escrever uma HQ, use a criatividade e mãos à obra!</p>



<p style="color:#ffffff" class="has-text-color has-background has-medium-font-size has-vivid-cyan-blue-background-color"><strong>Para saber mais:</strong></p>



<p class="has-medium-font-size">→ Astecas | Trilogia Pré-Colombiana</p>



<figure class="wp-block-embed-youtube wp-block-embed is-type-video is-provider-youtube wp-embed-aspect-16-9 wp-has-aspect-ratio"><div class="wp-block-embed__wrapper">
<p class="responsive-video-wrap clr"><iframe title="Astecas | Trilogia Pré-Colombiana" width="1200" height="675" src="https://www.youtube.com/embed/NnoVCqhVFZg?feature=oembed" frameborder="0" allow="accelerometer; autoplay; clipboard-write; encrypted-media; gyroscope; picture-in-picture" allowfullscreen></iframe></p>
</div><figcaption><a href="https://www.youtube.com/watch?v=NnoVCqhVFZg" target="_blank" rel="noreferrer noopener">Astecas | Trilogia Pré-Colombiana &#8211; Canal Se Liga Nessa História<br>Se Liga Nessa História &#8211; YouTube</a></figcaption></figure>



<p class="has-medium-font-size">→ Maias | Trilogia Pré-Colombiana</p>



<figure class="wp-block-embed-youtube wp-block-embed is-type-video is-provider-youtube wp-embed-aspect-16-9 wp-has-aspect-ratio"><div class="wp-block-embed__wrapper">
<p class="responsive-video-wrap clr"><iframe title="Maias | Trilogia Pré-Colombiana" width="1200" height="675" src="https://www.youtube.com/embed/IwACK2ZxryE?start=26&#038;feature=oembed" frameborder="0" allow="accelerometer; autoplay; clipboard-write; encrypted-media; gyroscope; picture-in-picture" allowfullscreen></iframe></p>
</div><figcaption><a href="https://www.youtube.com/watch?v=IwACK2ZxryE&amp;feature=emb_logo" target="_blank" rel="noreferrer noopener">Maias | Trilogia Pré-Colombiana &#8211; Canal Se Liga Nessa História<br>Se Liga Nessa História &#8211; YouTube</a></figcaption></figure>



<p class="has-medium-font-size">→ Incas | Trilogia Pré-Colombiana</p>



<figure class="wp-block-embed-youtube wp-block-embed is-type-video is-provider-youtube wp-embed-aspect-16-9 wp-has-aspect-ratio"><div class="wp-block-embed__wrapper">
<p class="responsive-video-wrap clr"><iframe title="Incas | Trilogia Pré-Colombiana" width="1200" height="675" src="https://www.youtube.com/embed/-5sImPo4EFU?feature=oembed" frameborder="0" allow="accelerometer; autoplay; clipboard-write; encrypted-media; gyroscope; picture-in-picture" allowfullscreen></iframe></p>
</div><figcaption><a href="https://www.youtube.com/watch?v=-5sImPo4EFU" target="_blank" rel="noreferrer noopener">Incas | Trilogia Pré-Colombiana &#8211; Canal Se Liga Nessa História<br>Se Liga Nessa História &#8211; YouTube</a></figcaption></figure>



<figure class="wp-block-table alignfull is-style-regular"><table><tbody><tr><td><strong>OBJETO DE CONHECIMENTO:</strong> História: Conexões e interações entre as sociedades da América e da Europa. Saberes dos povos pré-colombianos expressos na cultura material e imaterial.</td></tr><tr><td><strong>HABILIDADES: </strong>História: (GO-EF07HI03-C) Localizar as civilizações ameríndias, Incas, Maias e Astecas, antes da chegada dos europeus, comparando-os como os povos e sociedades europeias, quanto ao sistema monetário e de escrita, forma de marcação do tempo, comércio, circulação de produtos e mercadorias.</td></tr></tbody></table></figure>



<hr class="wp-block-separator"/>



<p class="has-text-align-center">Ciclo da Adolescência – Turma G (7º ano) – Ética e Cidadania</p>
