{"id":2831,"date":"2020-06-20T10:44:54","date_gmt":"2020-06-20T13:44:54","guid":{"rendered":"http:\/\/sme.goiania.go.gov.br\/conexaoescola\/?post_type=ensino_fundamental&#038;p=2831"},"modified":"2020-06-25T14:40:04","modified_gmt":"2020-06-25T17:40:04","slug":"de-nomades-a-agricultores","status":"publish","type":"ensino_fundamental","link":"https:\/\/sme.goiania.go.gov.br\/conexaoescola\/ensino_fundamental\/de-nomades-a-agricultores\/","title":{"rendered":"De n\u00f4mades a agricultores"},"content":{"rendered":"\n<p class=\"has-medium-font-size\">Ol\u00e1! Tudo bem? Voc\u00ea sabia que as primeiras comunidades se estabeleceram pr\u00f3ximas aos rios, pela necessidade de terra f\u00e9rtil e \u00e1gua para a agricultura? Que tal saber mais sobre o assunto? Vamos l\u00e1!<\/p>\n\n\n\n<p class=\"has-medium-font-size\">Por volta de 4000 a.C., as primeiras comunidades se estabeleceram pr\u00f3ximos aos rios, pela necessidade de terra f\u00e9rtil e \u00e1gua para a agricultura. Desta forma, ocorreu o processo de sedentariza\u00e7\u00e3o, isto \u00e9, deixaram de ser n\u00f4mades permanecendo em um lugar fixo.<br><br><\/p>\n\n\n\n<p><strong><span style=\"color:#030405\" class=\"has-inline-color\">Atividade 1:<\/span><\/strong><br><br><\/p>\n\n\n\n<p>Acesse o link abaixo para assistir ao v\u00eddeo:<br><br><\/p>\n\n\n\n<figure class=\"wp-block-embed-youtube wp-block-embed is-type-video is-provider-youtube wp-embed-aspect-16-9 wp-has-aspect-ratio\"><div class=\"wp-block-embed__wrapper\">\n<p class=\"responsive-video-wrap clr\"><iframe title=\"Quem os povos n\u00f4mades e sedent\u00e1rios eram?\" width=\"1200\" height=\"675\" src=\"https:\/\/www.youtube.com\/embed\/UVqQtRhUaHY?feature=oembed\" frameborder=\"0\" allow=\"accelerometer; autoplay; encrypted-media; gyroscope; picture-in-picture\" allowfullscreen><\/iframe><\/p>\n<\/div><figcaption>&#8220;Quem os povos n\u00f4mades eram?&#8221; &#8211; Canal: Lousa Digital &#8211; Link: <a rel=\"noreferrer noopener\" href=\"https:\/\/www.youtube.com\/watch?v=UVqQtRhUaHY\" target=\"_blank\"><span class=\"has-inline-color has-vivid-cyan-blue-color\">https:\/\/www.youtube.com\/watch?v=UVqQtRhUaHY<\/span><\/a><\/figcaption><\/figure>\n\n\n\n<p><strong><span style=\"color:#030405\" class=\"has-inline-color\">Atividade 2:<\/span><\/strong><br><br><\/p>\n\n\n\n<p>Agora que voc\u00ea assistiu ao v\u00eddeo, escreva em seu caderno em que regi\u00e3o e como ocorreu o processo de mudan\u00e7a dos povos, de n\u00f4mades para agricultores.<br><br><\/p>\n\n\n\n<p><strong><span style=\"color:#030405\" class=\"has-inline-color\">Atividade 3:<\/span><\/strong><br><br><\/p>\n\n\n\n<p>Voc\u00ea aprendeu que os povos n\u00f4mades n\u00e3o t\u00eam uma habita\u00e7\u00e3o fixa, vivem permanentemente mudando de lugar. Atualmente existem povos n\u00f4mades como: os ciganos na Europa, os bedu\u00ednos no Oriente M\u00e9dio e os abor\u00edgenes na Austr\u00e1lia. Fa\u00e7a uma pesquisa sobre um desses povos e escreva em seu caderno sobre o que te chamou mais aten\u00e7\u00e3o.<br><br><\/p>\n\n\n\n<figure class=\"wp-block-table\"><table><tbody><tr><td><strong><span style=\"color:#080808\" class=\"has-inline-color\">Componentes:<\/span><\/strong><\/td><td><span style=\"color:#040607\" class=\"has-inline-color\"><strong>Habilidades<\/strong>:<\/span><\/td><\/tr><tr><td><strong><span style=\"color:#070707\" class=\"has-inline-color\">Hist\u00f3ria<\/span><\/strong><\/td><td>Tema\/ Conhecimento: Povos e culturas: meu lugar no mundo e meu grupo social.&nbsp;<br>(EF05HI01) Identificar os processos de forma\u00e7\u00e3o das culturas e dos povos, relacionando-os com o espa\u00e7o geogr\u00e1fico ocupado.<\/td><\/tr><\/tbody><\/table><figcaption><br><br><\/figcaption><\/figure>\n\n\n\n<p class=\"has-medium-font-size\">Cr\u00e9ditos: Regime de Colabora\u00e7\u00e3o &#8211; Coordena\u00e7\u00e3o Estadual de Implementa\u00e7\u00e3o da BNCC no Estado de Goi\u00e1s.<\/p>\n","protected":false},"author":7,"featured_media":2834,"template":"","ef_categoria":[14,25],"ef_ano":[],"ef_componente":[],"class_list":["post-2831","ensino_fundamental","type-ensino_fundamental","status-publish","has-post-thumbnail","hentry","ef_categoria-ciclo-da-infancia-de","ef_categoria-etica-e-cidadania-ciclo-da-infancia-de","entry","has-media"],"acf":[],"_links":{"self":[{"href":"https:\/\/sme.goiania.go.gov.br\/conexaoescola\/wp-json\/wp\/v2\/ensino_fundamental\/2831","targetHints":{"allow":["GET"]}}],"collection":[{"href":"https:\/\/sme.goiania.go.gov.br\/conexaoescola\/wp-json\/wp\/v2\/ensino_fundamental"}],"about":[{"href":"https:\/\/sme.goiania.go.gov.br\/conexaoescola\/wp-json\/wp\/v2\/types\/ensino_fundamental"}],"author":[{"embeddable":true,"href":"https:\/\/sme.goiania.go.gov.br\/conexaoescola\/wp-json\/wp\/v2\/users\/7"}],"version-history":[{"count":0,"href":"https:\/\/sme.goiania.go.gov.br\/conexaoescola\/wp-json\/wp\/v2\/ensino_fundamental\/2831\/revisions"}],"wp:featuredmedia":[{"embeddable":true,"href":"https:\/\/sme.goiania.go.gov.br\/conexaoescola\/wp-json\/wp\/v2\/media\/2834"}],"wp:attachment":[{"href":"https:\/\/sme.goiania.go.gov.br\/conexaoescola\/wp-json\/wp\/v2\/media?parent=2831"}],"wp:term":[{"taxonomy":"ef_categoria","embeddable":true,"href":"https:\/\/sme.goiania.go.gov.br\/conexaoescola\/wp-json\/wp\/v2\/ef_categoria?post=2831"},{"taxonomy":"ef_ano","embeddable":true,"href":"https:\/\/sme.goiania.go.gov.br\/conexaoescola\/wp-json\/wp\/v2\/ef_ano?post=2831"},{"taxonomy":"ef_componente","embeddable":true,"href":"https:\/\/sme.goiania.go.gov.br\/conexaoescola\/wp-json\/wp\/v2\/ef_componente?post=2831"}],"curies":[{"name":"wp","href":"https:\/\/api.w.org\/{rel}","templated":true}]}}

De nômades a agricultores

<p class="has-medium-font-size">Olá! Tudo bem? Você sabia que as primeiras comunidades se estabeleceram próximas aos rios, pela necessidade de terra fértil e água para a agricultura? Que tal saber mais sobre o assunto? Vamos lá!</p>



<p class="has-medium-font-size">Por volta de 4000 a.C., as primeiras comunidades se estabeleceram próximos aos rios, pela necessidade de terra fértil e água para a agricultura. Desta forma, ocorreu o processo de sedentarização, isto é, deixaram de ser nômades permanecendo em um lugar fixo.<br><br></p>



<p><strong><span style="color:#030405" class="has-inline-color">Atividade 1:</span></strong><br><br></p>



<p>Acesse o link abaixo para assistir ao vídeo:<br><br></p>



<figure class="wp-block-embed-youtube wp-block-embed is-type-video is-provider-youtube wp-embed-aspect-16-9 wp-has-aspect-ratio"><div class="wp-block-embed__wrapper">
<p class="responsive-video-wrap clr"><iframe title="Quem os povos nômades e sedentários eram?" width="1200" height="675" src="https://www.youtube.com/embed/UVqQtRhUaHY?feature=oembed" frameborder="0" allow="accelerometer; autoplay; encrypted-media; gyroscope; picture-in-picture" allowfullscreen></iframe></p>
</div><figcaption>&#8220;Quem os povos nômades eram?&#8221; &#8211; Canal: Lousa Digital &#8211; Link: <a rel="noreferrer noopener" href="https://www.youtube.com/watch?v=UVqQtRhUaHY" target="_blank"><span class="has-inline-color has-vivid-cyan-blue-color">https://www.youtube.com/watch?v=UVqQtRhUaHY</span></a></figcaption></figure>



<p><strong><span style="color:#030405" class="has-inline-color">Atividade 2:</span></strong><br><br></p>



<p>Agora que você assistiu ao vídeo, escreva em seu caderno em que região e como ocorreu o processo de mudança dos povos, de nômades para agricultores.<br><br></p>



<p><strong><span style="color:#030405" class="has-inline-color">Atividade 3:</span></strong><br><br></p>



<p>Você aprendeu que os povos nômades não têm uma habitação fixa, vivem permanentemente mudando de lugar. Atualmente existem povos nômades como: os ciganos na Europa, os beduínos no Oriente Médio e os aborígenes na Austrália. Faça uma pesquisa sobre um desses povos e escreva em seu caderno sobre o que te chamou mais atenção.<br><br></p>



<figure class="wp-block-table"><table><tbody><tr><td><strong><span style="color:#080808" class="has-inline-color">Componentes:</span></strong></td><td><span style="color:#040607" class="has-inline-color"><strong>Habilidades</strong>:</span></td></tr><tr><td><strong><span style="color:#070707" class="has-inline-color">História</span></strong></td><td>Tema/ Conhecimento: Povos e culturas: meu lugar no mundo e meu grupo social.&nbsp;<br>(EF05HI01) Identificar os processos de formação das culturas e dos povos, relacionando-os com o espaço geográfico ocupado.</td></tr></tbody></table><figcaption><br><br></figcaption></figure>



<p class="has-medium-font-size">Créditos: Regime de Colaboração &#8211; Coordenação Estadual de Implementação da BNCC no Estado de Goiás.</p>
