{"id":2796,"date":"2020-06-19T17:43:02","date_gmt":"2020-06-19T20:43:02","guid":{"rendered":"http:\/\/sme.goiania.go.gov.br\/conexaoescola\/?post_type=ensino_fundamental&#038;p=2796"},"modified":"2020-06-25T15:15:41","modified_gmt":"2020-06-25T18:15:41","slug":"o-corpo-humano-e-suas-partes","status":"publish","type":"ensino_fundamental","link":"https:\/\/sme.goiania.go.gov.br\/conexaoescola\/ensino_fundamental\/o-corpo-humano-e-suas-partes\/","title":{"rendered":"O corpo humano e suas partes"},"content":{"rendered":"\n<p class=\"has-medium-font-size\">Ol\u00e1 estudante! <\/p>\n\n\n\n<p class=\"has-medium-font-size\">\u00c9 com o nosso corpo que habitamos, conhecemos e experimentamos o mundo. Com ele sentimos alegria, tristeza e todas as sensa\u00e7\u00f5es da nossa vida. Por isso ele precisa de cuidados e aten\u00e7\u00e3o! Vamos aprender um pouco mais sobre o nosso corpo?<\/p>\n\n\n\n<hr class=\"wp-block-separator\"\/>\n\n\n\n<p class=\"has-medium-font-size\">Nenhuma pessoa \u00e9 igual a outra! Temos caracter\u00edsticas f\u00edsicas diferentes, cor do cabelo, do olho, formato do rosto etc. Apesar da diversidade dessas caracter\u00edsticas, todos n\u00f3s temos um corpo semelhante, com a mesma organiza\u00e7\u00e3o e estrutura. Nesta atividade voc\u00ea vai aprender mais sobre a estrutura do corpo humano.<\/p>\n\n\n\n<p class=\"has-medium-font-size\"><strong>Atividade 1<\/strong>:<\/p>\n\n\n\n<p class=\"has-medium-font-size\">Acesse ao v\u00eddeo<strong> <\/strong>e assista. Convide sua fam\u00edlia para ver com voc\u00ea.<\/p>\n\n\n\n<figure class=\"wp-block-embed-youtube wp-block-embed is-type-video is-provider-youtube wp-embed-aspect-16-9 wp-has-aspect-ratio\"><div class=\"wp-block-embed__wrapper\">\n<p class=\"responsive-video-wrap clr\"><iframe title=\"As partes do corpo humano para crian\u00e7as - V\u00eddeo educativo para crian\u00e7as -\" width=\"1200\" height=\"675\" src=\"https:\/\/www.youtube.com\/embed\/qelEiERtEUY?feature=oembed\" frameborder=\"0\" allow=\"accelerometer; autoplay; encrypted-media; gyroscope; picture-in-picture\" allowfullscreen><\/iframe><\/p>\n<\/div><figcaption>As partes do corpo humano para crian\u00e7as &#8211; V\u00eddeo educativo para crian\u00e7as<br>Canal: <a href=\"https:\/\/www.youtube.com\/channel\/UCYKeu41LiJOIoyEkStWqCLw\">Smile and Learn &#8211; Portugu\u00eas<\/a><br>Fonte: <a href=\"https:\/\/www.youtube.com\/watch?v=qelEiERtEUY\" target=\"_blank\" rel=\"noreferrer noopener\">https:\/\/www.youtube.com\/watch?v=qelEiERtEUY<\/a><\/figcaption><\/figure>\n\n\n\n<hr class=\"wp-block-separator\"\/>\n\n\n\n<p class=\"has-medium-font-size\"><strong>Atividade 2:<\/strong><\/p>\n\n\n\n<p class=\"has-medium-font-size\">Agora, desenhe o corpo humano com as tr\u00eas partes completas: cabe\u00e7a, tronco, membros superiores e inferiores. Depois escreva no seu desenho o nome de cada uma das partes.<\/p>\n\n\n\n<hr class=\"wp-block-separator\"\/>\n\n\n\n<p class=\"has-medium-font-size\"><strong>Atividade 3:<\/strong><\/p>\n\n\n\n<p class=\"has-medium-font-size\">Acesse ao v\u00eddeo e assista. Convide sua fam\u00edlia para se exercitar e se divertir com voc\u00ea!<\/p>\n\n\n\n<figure class=\"wp-block-embed-youtube wp-block-embed is-type-video is-provider-youtube wp-embed-aspect-16-9 wp-has-aspect-ratio\"><div class=\"wp-block-embed__wrapper\">\n<p class=\"responsive-video-wrap clr\"><iframe title=\"Dancinha do Corpo - A Turma do Seu Lobato (Volume 3 - m\u00fasica infantil)\" width=\"1200\" height=\"675\" src=\"https:\/\/www.youtube.com\/embed\/k0j0tk0Br9c?feature=oembed\" frameborder=\"0\" allow=\"accelerometer; autoplay; encrypted-media; gyroscope; picture-in-picture\" allowfullscreen><\/iframe><\/p>\n<\/div><figcaption>Dancinha do Corpo &#8211; A Turma do Seu Lobato (Volume 3 &#8211; m\u00fasica infantil)<br>Canal: <a href=\"https:\/\/www.youtube.com\/channel\/UC2aeRQWLaIdNCXWGE2Bkdow\">A Turma do Seu Lobato<\/a><br>Fonte: <a href=\"https:\/\/www.youtube.com\/watch?v=k0j0tk0Br9c\" target=\"_blank\" rel=\"noreferrer noopener\">https:\/\/www.youtube.com\/watch?v=k0j0tk0Br9c<\/a><\/figcaption><\/figure>\n\n\n\n<hr class=\"wp-block-separator\"\/>\n\n\n\n<figure class=\"wp-block-table\"><table><tbody><tr><td><strong>Componentes<\/strong><\/td><td><strong>Habilidades<\/strong><\/td><\/tr><tr><td>Ci\u00eancias da Natureza<\/td><td>(EF01CI02-A\/B\/C) Localizar, nomear e representar, por meio de desenhos, partes do corpo humano (incluindo \u00f3rg\u00e3os dos sentidos) e explicar oralmente suas fun\u00e7\u00f5es.<\/td><\/tr><tr><td>L\u00edngua Portuguesa<br><\/td><td>(EF15LP03) Localizar informa\u00e7\u00f5es expl\u00edcitas em textos.<\/td><\/tr><\/tbody><\/table><\/figure>\n\n\n\n<hr class=\"wp-block-separator\"\/>\n\n\n\n<p class=\"has-text-align-center\">Cr\u00e9ditos: Regime de Colabora\u00e7\u00e3o &#8211; Coordena\u00e7\u00e3o Estadual de Implementa\u00e7\u00e3o da BNCC no Estado de Goi\u00e1s.<\/p>\n","protected":false},"author":10,"featured_media":2802,"template":"","ef_categoria":[13,18],"ef_ano":[],"ef_componente":[],"class_list":["post-2796","ensino_fundamental","type-ensino_fundamental","status-publish","has-post-thumbnail","hentry","ef_categoria-ciclo-da-infancia-abc","ef_categoria-educacao-ambiental-e-saude","entry","has-media"],"acf":[],"_links":{"self":[{"href":"https:\/\/sme.goiania.go.gov.br\/conexaoescola\/wp-json\/wp\/v2\/ensino_fundamental\/2796","targetHints":{"allow":["GET"]}}],"collection":[{"href":"https:\/\/sme.goiania.go.gov.br\/conexaoescola\/wp-json\/wp\/v2\/ensino_fundamental"}],"about":[{"href":"https:\/\/sme.goiania.go.gov.br\/conexaoescola\/wp-json\/wp\/v2\/types\/ensino_fundamental"}],"author":[{"embeddable":true,"href":"https:\/\/sme.goiania.go.gov.br\/conexaoescola\/wp-json\/wp\/v2\/users\/10"}],"version-history":[{"count":0,"href":"https:\/\/sme.goiania.go.gov.br\/conexaoescola\/wp-json\/wp\/v2\/ensino_fundamental\/2796\/revisions"}],"wp:featuredmedia":[{"embeddable":true,"href":"https:\/\/sme.goiania.go.gov.br\/conexaoescola\/wp-json\/wp\/v2\/media\/2802"}],"wp:attachment":[{"href":"https:\/\/sme.goiania.go.gov.br\/conexaoescola\/wp-json\/wp\/v2\/media?parent=2796"}],"wp:term":[{"taxonomy":"ef_categoria","embeddable":true,"href":"https:\/\/sme.goiania.go.gov.br\/conexaoescola\/wp-json\/wp\/v2\/ef_categoria?post=2796"},{"taxonomy":"ef_ano","embeddable":true,"href":"https:\/\/sme.goiania.go.gov.br\/conexaoescola\/wp-json\/wp\/v2\/ef_ano?post=2796"},{"taxonomy":"ef_componente","embeddable":true,"href":"https:\/\/sme.goiania.go.gov.br\/conexaoescola\/wp-json\/wp\/v2\/ef_componente?post=2796"}],"curies":[{"name":"wp","href":"https:\/\/api.w.org\/{rel}","templated":true}]}}

<p class="has-medium-font-size">Olá estudante! </p>



<p class="has-medium-font-size">É com o nosso corpo que habitamos, conhecemos e experimentamos o mundo. Com ele sentimos alegria, tristeza e todas as sensações da nossa vida. Por isso ele precisa de cuidados e atenção! Vamos aprender um pouco mais sobre o nosso corpo?</p>



<hr class="wp-block-separator"/>



<p class="has-medium-font-size">Nenhuma pessoa é igual a outra! Temos características físicas diferentes, cor do cabelo, do olho, formato do rosto etc. Apesar da diversidade dessas características, todos nós temos um corpo semelhante, com a mesma organização e estrutura. Nesta atividade você vai aprender mais sobre a estrutura do corpo humano.</p>



<p class="has-medium-font-size"><strong>Atividade 1</strong>:</p>



<p class="has-medium-font-size">Acesse ao vídeo<strong> </strong>e assista. Convide sua família para ver com você.</p>



<figure class="wp-block-embed-youtube wp-block-embed is-type-video is-provider-youtube wp-embed-aspect-16-9 wp-has-aspect-ratio"><div class="wp-block-embed__wrapper">
<p class="responsive-video-wrap clr"><iframe title="As partes do corpo humano para crianças - Vídeo educativo para crianças -" width="1200" height="675" src="https://www.youtube.com/embed/qelEiERtEUY?feature=oembed" frameborder="0" allow="accelerometer; autoplay; encrypted-media; gyroscope; picture-in-picture" allowfullscreen></iframe></p>
</div><figcaption>As partes do corpo humano para crianças &#8211; Vídeo educativo para crianças<br>Canal: <a href="https://www.youtube.com/channel/UCYKeu41LiJOIoyEkStWqCLw">Smile and Learn &#8211; Português</a><br>Fonte: <a href="https://www.youtube.com/watch?v=qelEiERtEUY" target="_blank" rel="noreferrer noopener">https://www.youtube.com/watch?v=qelEiERtEUY</a></figcaption></figure>



<hr class="wp-block-separator"/>



<p class="has-medium-font-size"><strong>Atividade 2:</strong></p>



<p class="has-medium-font-size">Agora, desenhe o corpo humano com as três partes completas: cabeça, tronco, membros superiores e inferiores. Depois escreva no seu desenho o nome de cada uma das partes.</p>



<hr class="wp-block-separator"/>



<p class="has-medium-font-size"><strong>Atividade 3:</strong></p>



<p class="has-medium-font-size">Acesse ao vídeo e assista. Convide sua família para se exercitar e se divertir com você!</p>



<figure class="wp-block-embed-youtube wp-block-embed is-type-video is-provider-youtube wp-embed-aspect-16-9 wp-has-aspect-ratio"><div class="wp-block-embed__wrapper">
<p class="responsive-video-wrap clr"><iframe title="Dancinha do Corpo - A Turma do Seu Lobato (Volume 3 - música infantil)" width="1200" height="675" src="https://www.youtube.com/embed/k0j0tk0Br9c?feature=oembed" frameborder="0" allow="accelerometer; autoplay; encrypted-media; gyroscope; picture-in-picture" allowfullscreen></iframe></p>
</div><figcaption>Dancinha do Corpo &#8211; A Turma do Seu Lobato (Volume 3 &#8211; música infantil)<br>Canal: <a href="https://www.youtube.com/channel/UC2aeRQWLaIdNCXWGE2Bkdow">A Turma do Seu Lobato</a><br>Fonte: <a href="https://www.youtube.com/watch?v=k0j0tk0Br9c" target="_blank" rel="noreferrer noopener">https://www.youtube.com/watch?v=k0j0tk0Br9c</a></figcaption></figure>



<hr class="wp-block-separator"/>



<figure class="wp-block-table"><table><tbody><tr><td><strong>Componentes</strong></td><td><strong>Habilidades</strong></td></tr><tr><td>Ciências da Natureza</td><td>(EF01CI02-A/B/C) Localizar, nomear e representar, por meio de desenhos, partes do corpo humano (incluindo órgãos dos sentidos) e explicar oralmente suas funções.</td></tr><tr><td>Língua Portuguesa<br></td><td>(EF15LP03) Localizar informações explícitas em textos.</td></tr></tbody></table></figure>



<hr class="wp-block-separator"/>



<p class="has-text-align-center">Créditos: Regime de Colaboração &#8211; Coordenação Estadual de Implementação da BNCC no Estado de Goiás.</p>
