{"id":2788,"date":"2020-06-19T15:50:12","date_gmt":"2020-06-19T18:50:12","guid":{"rendered":"http:\/\/sme.goiania.go.gov.br\/conexaoescola\/?post_type=ensino_fundamental&#038;p=2788"},"modified":"2020-06-19T15:53:44","modified_gmt":"2020-06-19T18:53:44","slug":"escravos-da-tecnologia","status":"publish","type":"ensino_fundamental","link":"https:\/\/sme.goiania.go.gov.br\/conexaoescola\/ensino_fundamental\/escravos-da-tecnologia\/","title":{"rendered":"Escravos da tecnologia?"},"content":{"rendered":"\n<p class=\"has-medium-font-size\">Ol\u00e1! Voc\u00ea gosta de conversar com as pessoas? Existem pessoas que preferem conversar \u201cpessoalmente\u201d e outras que preferem conversar pelas redes sociais. Na atividade de hoje, voc\u00ea aprender\u00e1 um pouco mais a respeito do impacto das tecnologias nas rela\u00e7\u00f5es entre as pessoas. Vamos l\u00e1?<\/p>\n\n\n\n<p class=\"has-medium-font-size\">Vamos pensar a respeito de como a tecnologia tem mudado o jeito das pessoas se relacionarem umas com as outras? Assista ao v\u00eddeo a seguir e reflita sobre essa quest\u00e3o:<br><br><\/p>\n\n\n\n<figure class=\"wp-block-embed-youtube wp-block-embed is-type-video is-provider-youtube wp-embed-aspect-16-9 wp-has-aspect-ratio\"><div class=\"wp-block-embed__wrapper\">\n<p class=\"responsive-video-wrap clr\"><iframe title=\"Os Meios de Comunica\u00e7\u00e3o | V\u00eddeos Educativos para Crian\u00e7as\" width=\"1200\" height=\"675\" src=\"https:\/\/www.youtube.com\/embed\/9_CQ-nrwqyU?feature=oembed\" frameborder=\"0\" allow=\"accelerometer; autoplay; encrypted-media; gyroscope; picture-in-picture\" allowfullscreen><\/iframe><\/p>\n<\/div><figcaption>\u201cOs meios de comunica\u00e7\u00e3o\u201d \u2013 Canal: Aula365 &#8211; Link: <a rel=\"noreferrer noopener\" href=\"https:\/\/www.youtube.com\/watch?v=9_CQ-nrwqyU\" target=\"_blank\"><span class=\"has-inline-color has-vivid-cyan-blue-color\">https:\/\/www.youtube.com\/watch?v=9_CQ-nrwqyU<\/span><\/a><br><br><\/figcaption><\/figure>\n\n\n\n<p>Agora, veja a imagem abaixo:<br><br><\/p>\n\n\n\n<p><img fetchpriority=\"high\" decoding=\"async\" src=\"https:\/\/lh5.googleusercontent.com\/-q7QxiwsIVf0CUrXXoaJ7DTkMg_5IG5q79fmWainVsbVjjRuNfIl04z-iF5zPgxhIDFUcgf-QzoLDheVxeGwpTbXo1sYrR0fnwq5-h6frL80Qw8UsTAZaSwYXofeXRZJ9ie3U2MH\" width=\"458\" height=\"277\"><br><br><\/p>\n\n\n\n<p><img decoding=\"async\" src=\"https:\/\/lh6.googleusercontent.com\/X8g6afa9Gv8tqs78ilhzu7i8dJhRcDmJgO01awufuljL1T7lcbonTNEYdjSQwSQells8BmTT7H4J4vJbbs89j2GcJzDMfrFcxjHUoMIP1SXwkGyjtrfghRrYBWPr36TpAjngWUUw\" width=\"275\" height=\"286\"><br>Fonte: <a rel=\"noreferrer noopener\" href=\"http:\/\/portalsq.com.br\/alerta-saude-conheca-os-efeitos-do-uso-excessivo-de-tecnologia\/\" target=\"_blank\"><span class=\"has-inline-color has-vivid-cyan-blue-color\">http:\/\/portalsq.com.br\/alerta-saude-conheca-os-efeitos-do-uso-excessivo-de-tecnologia\/<\/span><\/a><br><br><\/p>\n\n\n\n<p class=\"has-medium-font-size\">Ent\u00e3o, qual a sua opini\u00e3o sobre o impacto da tecnologia digital na vida das pessoas, atualmente? Fa\u00e7a, em seu caderno, um pequeno texto explicando sua opini\u00e3o acerca desse assunto. N\u00e3o se esque\u00e7a de se basear nas informa\u00e7\u00f5es trazidas pelo v\u00eddeo e pela imagem acima.<\/p>\n\n\n\n<p class=\"has-medium-font-size\">Agora, transforme seu texto em um cordel. Cordel \u00e9 um g\u00eanero liter\u00e1rio que utiliza poesia e rimas dos poetas populares, escrito em folhetos, para trazer algum assunto de forma divertida, a fim de agradar aos leitores. Veja, no link abaixo, uma instru\u00e7\u00e3o sobre como fazer um cordel:<br><br><\/p>\n\n\n\n<figure class=\"wp-block-embed-youtube wp-block-embed is-type-video is-provider-youtube wp-embed-aspect-16-9 wp-has-aspect-ratio\"><div class=\"wp-block-embed__wrapper\">\n<p class=\"responsive-video-wrap clr\"><iframe title=\"O que \u00e9 literatura de cordel? | Quintal Musical\" width=\"1200\" height=\"675\" src=\"https:\/\/www.youtube.com\/embed\/P3xqKjsemI4?feature=oembed\" frameborder=\"0\" allow=\"accelerometer; autoplay; encrypted-media; gyroscope; picture-in-picture\" allowfullscreen><\/iframe><\/p>\n<\/div><figcaption>\u201cO que \u00e9 literatura de cordel?\u201d \u2013 Canal: Quintal da Cultura &#8211; Link: <a rel=\"noreferrer noopener\" href=\"https:\/\/www.youtube.com\/watch?v=P3xqKjsemI4\" target=\"_blank\"><span class=\"has-inline-color has-vivid-cyan-blue-color\">https:\/\/www.youtube.com\/watch?v=P3xqKjsemI4<\/span><\/a><br><br><\/figcaption><\/figure>\n\n\n\n<p class=\"has-medium-font-size\">N\u00e3o se esque\u00e7a de mostrar o cordel para sua fam\u00edlia. At\u00e9 a pr\u00f3xima!<br><br><\/p>\n\n\n\n<p><strong><span style=\"color:#050505\" class=\"has-inline-color\">PARA SABER MAIS:<\/span><\/strong><br><br><\/p>\n\n\n\n<figure class=\"wp-block-embed-youtube wp-block-embed is-type-video is-provider-youtube wp-embed-aspect-4-3 wp-has-aspect-ratio\"><div class=\"wp-block-embed__wrapper\">\n<p class=\"responsive-video-wrap clr\"><iframe title=\"Tia Cec\u00e9u - Tecnologia - desenho\" width=\"1200\" height=\"900\" src=\"https:\/\/www.youtube.com\/embed\/Y8nkjyTk1-Q?feature=oembed\" frameborder=\"0\" allow=\"accelerometer; autoplay; encrypted-media; gyroscope; picture-in-picture\" allowfullscreen><\/iframe><\/p>\n<\/div><figcaption>\u201cTia Cec\u00e9u \u2013 Tecnologia \u2013 Desenho\u201d &#8211; Canal Tia Cec\u00e9u &#8211; Link: <a rel=\"noreferrer noopener\" href=\"https:\/\/www.youtube.com\/watch?v=Y8nkjyTk1-Q\" target=\"_blank\"><span class=\"has-inline-color has-vivid-cyan-blue-color\">https:\/\/www.youtube.com\/watch?v=Y8nkjyTk1-Q<\/span><\/a><br><br><\/figcaption><\/figure>\n\n\n\n<p><a href=\"http:\/\/sme.goiania.go.gov.br\/conexaoescola\/ef_categoria\/ciclo-da-infancia-de\/\"><span class=\"has-inline-color has-vivid-cyan-blue-color\">\u00c9tica e Cidadania<\/span><\/a> | D &#8211; 4\u00ba ano<br><br><\/p>\n\n\n\n<figure class=\"wp-block-table\"><table><tbody><tr><td><strong><span style=\"color:#020303\" class=\"has-inline-color\">OBJETO DE CONHECIMENTO:<\/span><\/strong><br>Campo art\u00edstico-liter\u00e1rio<br>G\u00eanero: Cord\u00e9is Circula\u00e7\u00e3o de pessoas, produtos e culturas. Povos e culturas: meu lugar no mundo e meu grupo social. O mundo da tecnologia: a integra\u00e7\u00e3o de pessoas e as exclus\u00f5es sociais e culturais.<br><br><br><br><br><\/td><td><strong><span style=\"color:#0b0f11\" class=\"has-inline-color\">HABILIDADES<\/span><\/strong>:<br><strong><span style=\"color:#0f0f0f\" class=\"has-inline-color\">Hist\u00f3ria<\/span><\/strong><span style=\"color:#030506\" class=\"has-inline-color\">:<\/span> (EF04HI08) Identificar as transforma\u00e7\u00f5es ocorridas nos meios de comunica\u00e7\u00e3o (cultura oral, imprensa, r\u00e1dio, televis\u00e3o, cinema, internet e demais tecnologias digitais de informa\u00e7\u00e3o e comunica\u00e7\u00e3o) e discutir seus significados para os diferentes grupos ou estratos sociais.<br><strong><span style=\"color:#000505\" class=\"has-inline-color\">Portugu\u00eas:<\/span><\/strong>(EF35LP03) Identificar a ideia central de textos, demonstrando compreens\u00e3o global.&nbsp; &nbsp; &nbsp;&nbsp; &nbsp; &nbsp;&nbsp; &nbsp;&nbsp; &nbsp; &nbsp; &nbsp; &nbsp; &nbsp; &nbsp; &nbsp; &nbsp; &nbsp; &nbsp; <br><\/td><\/tr><\/tbody><\/table><\/figure>\n","protected":false},"author":7,"featured_media":2794,"template":"","ef_categoria":[14,25],"ef_ano":[],"ef_componente":[],"class_list":["post-2788","ensino_fundamental","type-ensino_fundamental","status-publish","has-post-thumbnail","hentry","ef_categoria-ciclo-da-infancia-de","ef_categoria-etica-e-cidadania-ciclo-da-infancia-de","entry","has-media"],"acf":[],"_links":{"self":[{"href":"https:\/\/sme.goiania.go.gov.br\/conexaoescola\/wp-json\/wp\/v2\/ensino_fundamental\/2788","targetHints":{"allow":["GET"]}}],"collection":[{"href":"https:\/\/sme.goiania.go.gov.br\/conexaoescola\/wp-json\/wp\/v2\/ensino_fundamental"}],"about":[{"href":"https:\/\/sme.goiania.go.gov.br\/conexaoescola\/wp-json\/wp\/v2\/types\/ensino_fundamental"}],"author":[{"embeddable":true,"href":"https:\/\/sme.goiania.go.gov.br\/conexaoescola\/wp-json\/wp\/v2\/users\/7"}],"version-history":[{"count":0,"href":"https:\/\/sme.goiania.go.gov.br\/conexaoescola\/wp-json\/wp\/v2\/ensino_fundamental\/2788\/revisions"}],"wp:featuredmedia":[{"embeddable":true,"href":"https:\/\/sme.goiania.go.gov.br\/conexaoescola\/wp-json\/wp\/v2\/media\/2794"}],"wp:attachment":[{"href":"https:\/\/sme.goiania.go.gov.br\/conexaoescola\/wp-json\/wp\/v2\/media?parent=2788"}],"wp:term":[{"taxonomy":"ef_categoria","embeddable":true,"href":"https:\/\/sme.goiania.go.gov.br\/conexaoescola\/wp-json\/wp\/v2\/ef_categoria?post=2788"},{"taxonomy":"ef_ano","embeddable":true,"href":"https:\/\/sme.goiania.go.gov.br\/conexaoescola\/wp-json\/wp\/v2\/ef_ano?post=2788"},{"taxonomy":"ef_componente","embeddable":true,"href":"https:\/\/sme.goiania.go.gov.br\/conexaoescola\/wp-json\/wp\/v2\/ef_componente?post=2788"}],"curies":[{"name":"wp","href":"https:\/\/api.w.org\/{rel}","templated":true}]}}

<p class="has-medium-font-size">Olá! Você gosta de conversar com as pessoas? Existem pessoas que preferem conversar “pessoalmente” e outras que preferem conversar pelas redes sociais. Na atividade de hoje, você aprenderá um pouco mais a respeito do impacto das tecnologias nas relações entre as pessoas. Vamos lá?</p>



<p class="has-medium-font-size">Vamos pensar a respeito de como a tecnologia tem mudado o jeito das pessoas se relacionarem umas com as outras? Assista ao vídeo a seguir e reflita sobre essa questão:<br><br></p>



<figure class="wp-block-embed-youtube wp-block-embed is-type-video is-provider-youtube wp-embed-aspect-16-9 wp-has-aspect-ratio"><div class="wp-block-embed__wrapper">
<p class="responsive-video-wrap clr"><iframe title="Os Meios de Comunicação | Vídeos Educativos para Crianças" width="1200" height="675" src="https://www.youtube.com/embed/9_CQ-nrwqyU?feature=oembed" frameborder="0" allow="accelerometer; autoplay; encrypted-media; gyroscope; picture-in-picture" allowfullscreen></iframe></p>
</div><figcaption>“Os meios de comunicação” – Canal: Aula365 &#8211; Link: <a rel="noreferrer noopener" href="https://www.youtube.com/watch?v=9_CQ-nrwqyU" target="_blank"><span class="has-inline-color has-vivid-cyan-blue-color">https://www.youtube.com/watch?v=9_CQ-nrwqyU</span></a><br><br></figcaption></figure>



<p>Agora, veja a imagem abaixo:<br><br></p>



<p><img fetchpriority="high" decoding="async" src="https://lh5.googleusercontent.com/-q7QxiwsIVf0CUrXXoaJ7DTkMg_5IG5q79fmWainVsbVjjRuNfIl04z-iF5zPgxhIDFUcgf-QzoLDheVxeGwpTbXo1sYrR0fnwq5-h6frL80Qw8UsTAZaSwYXofeXRZJ9ie3U2MH" width="458" height="277"><br><br></p>



<p><img decoding="async" src="https://lh6.googleusercontent.com/X8g6afa9Gv8tqs78ilhzu7i8dJhRcDmJgO01awufuljL1T7lcbonTNEYdjSQwSQells8BmTT7H4J4vJbbs89j2GcJzDMfrFcxjHUoMIP1SXwkGyjtrfghRrYBWPr36TpAjngWUUw" width="275" height="286"><br>Fonte: <a rel="noreferrer noopener" href="http://portalsq.com.br/alerta-saude-conheca-os-efeitos-do-uso-excessivo-de-tecnologia/" target="_blank"><span class="has-inline-color has-vivid-cyan-blue-color">http://portalsq.com.br/alerta-saude-conheca-os-efeitos-do-uso-excessivo-de-tecnologia/</span></a><br><br></p>



<p class="has-medium-font-size">Então, qual a sua opinião sobre o impacto da tecnologia digital na vida das pessoas, atualmente? Faça, em seu caderno, um pequeno texto explicando sua opinião acerca desse assunto. Não se esqueça de se basear nas informações trazidas pelo vídeo e pela imagem acima.</p>



<p class="has-medium-font-size">Agora, transforme seu texto em um cordel. Cordel é um gênero literário que utiliza poesia e rimas dos poetas populares, escrito em folhetos, para trazer algum assunto de forma divertida, a fim de agradar aos leitores. Veja, no link abaixo, uma instrução sobre como fazer um cordel:<br><br></p>



<figure class="wp-block-embed-youtube wp-block-embed is-type-video is-provider-youtube wp-embed-aspect-16-9 wp-has-aspect-ratio"><div class="wp-block-embed__wrapper">
<p class="responsive-video-wrap clr"><iframe title="O que é literatura de cordel? | Quintal Musical" width="1200" height="675" src="https://www.youtube.com/embed/P3xqKjsemI4?feature=oembed" frameborder="0" allow="accelerometer; autoplay; encrypted-media; gyroscope; picture-in-picture" allowfullscreen></iframe></p>
</div><figcaption>“O que é literatura de cordel?” – Canal: Quintal da Cultura &#8211; Link: <a rel="noreferrer noopener" href="https://www.youtube.com/watch?v=P3xqKjsemI4" target="_blank"><span class="has-inline-color has-vivid-cyan-blue-color">https://www.youtube.com/watch?v=P3xqKjsemI4</span></a><br><br></figcaption></figure>



<p class="has-medium-font-size">Não se esqueça de mostrar o cordel para sua família. Até a próxima!<br><br></p>



<p><strong><span style="color:#050505" class="has-inline-color">PARA SABER MAIS:</span></strong><br><br></p>



<figure class="wp-block-embed-youtube wp-block-embed is-type-video is-provider-youtube wp-embed-aspect-4-3 wp-has-aspect-ratio"><div class="wp-block-embed__wrapper">
<p class="responsive-video-wrap clr"><iframe title="Tia Cecéu - Tecnologia - desenho" width="1200" height="900" src="https://www.youtube.com/embed/Y8nkjyTk1-Q?feature=oembed" frameborder="0" allow="accelerometer; autoplay; encrypted-media; gyroscope; picture-in-picture" allowfullscreen></iframe></p>
</div><figcaption>“Tia Cecéu – Tecnologia – Desenho” &#8211; Canal Tia Cecéu &#8211; Link: <a rel="noreferrer noopener" href="https://www.youtube.com/watch?v=Y8nkjyTk1-Q" target="_blank"><span class="has-inline-color has-vivid-cyan-blue-color">https://www.youtube.com/watch?v=Y8nkjyTk1-Q</span></a><br><br></figcaption></figure>



<p><a href="http://sme.goiania.go.gov.br/conexaoescola/ef_categoria/ciclo-da-infancia-de/"><span class="has-inline-color has-vivid-cyan-blue-color">Ética e Cidadania</span></a> | D &#8211; 4º ano<br><br></p>



<figure class="wp-block-table"><table><tbody><tr><td><strong><span style="color:#020303" class="has-inline-color">OBJETO DE CONHECIMENTO:</span></strong><br>Campo artístico-literário<br>Gênero: Cordéis Circulação de pessoas, produtos e culturas. Povos e culturas: meu lugar no mundo e meu grupo social. O mundo da tecnologia: a integração de pessoas e as exclusões sociais e culturais.<br><br><br><br><br></td><td><strong><span style="color:#0b0f11" class="has-inline-color">HABILIDADES</span></strong>:<br><strong><span style="color:#0f0f0f" class="has-inline-color">História</span></strong><span style="color:#030506" class="has-inline-color">:</span> (EF04HI08) Identificar as transformações ocorridas nos meios de comunicação (cultura oral, imprensa, rádio, televisão, cinema, internet e demais tecnologias digitais de informação e comunicação) e discutir seus significados para os diferentes grupos ou estratos sociais.<br><strong><span style="color:#000505" class="has-inline-color">Português:</span></strong>(EF35LP03) Identificar a ideia central de textos, demonstrando compreensão global.&nbsp; &nbsp; &nbsp;&nbsp; &nbsp; &nbsp;&nbsp; &nbsp;&nbsp; &nbsp; &nbsp; &nbsp; &nbsp; &nbsp; &nbsp; &nbsp; &nbsp; &nbsp; &nbsp; <br></td></tr></tbody></table></figure>
