{"id":2787,"date":"2020-06-19T15:39:46","date_gmt":"2020-06-19T18:39:46","guid":{"rendered":"http:\/\/sme.goiania.go.gov.br\/conexaoescola\/?post_type=ensino_fundamental&#038;p=2787"},"modified":"2020-06-19T15:39:48","modified_gmt":"2020-06-19T18:39:48","slug":"ilustrar-a-minha-historia","status":"publish","type":"ensino_fundamental","link":"https:\/\/sme.goiania.go.gov.br\/conexaoescola\/ensino_fundamental\/ilustrar-a-minha-historia\/","title":{"rendered":"Ilustrar a minha hist\u00f3ria"},"content":{"rendered":"\n<figure class=\"wp-block-embed-youtube wp-block-embed is-type-video is-provider-youtube wp-embed-aspect-16-9 wp-has-aspect-ratio\"><div class=\"wp-block-embed__wrapper\">\n<p class=\"responsive-video-wrap clr\"><iframe title=\"Ilustrar a minha hist\u00f3ria | EF | Corpo, Express\u00e3o e Movimento\" width=\"1200\" height=\"675\" src=\"https:\/\/www.youtube.com\/embed\/vXNTIqEmK8w?feature=oembed\" frameborder=\"0\" allow=\"accelerometer; autoplay; encrypted-media; gyroscope; picture-in-picture\" allowfullscreen><\/iframe><\/p>\n<\/div><figcaption>Ilustrar a minha hist\u00f3ria| Corpo, Express\u00e3o e Movimento<br>Canal: <a href=\"https:\/\/www.youtube.com\/channel\/UCtoYS7J0PS_iO3KMA1JsnCA\">Portal Conex\u00e3o Escola<\/a><\/figcaption><\/figure>\n\n\n\n<p class=\"has-medium-font-size\">Ol\u00e1!! Voc\u00ea j\u00e1 visitou algum museu ou exposi\u00e7\u00e3o de arte? Sabe por que existem os museus?? Quer descobrir a resposta para esta pergunta?<\/p>\n\n\n\n<p class=\"has-medium-font-size\">Ent\u00e3o assista ao v\u00eddeo.<\/p>\n\n\n\n<figure class=\"wp-block-embed-youtube wp-block-embed is-type-video is-provider-youtube wp-embed-aspect-16-9 wp-has-aspect-ratio\"><div class=\"wp-block-embed__wrapper\">\n<p class=\"responsive-video-wrap clr\"><iframe title=\"Por que existem os museus? #Ticolicos|Narrativas do Brasil\" width=\"1200\" height=\"675\" src=\"https:\/\/www.youtube.com\/embed\/jZmh2eQWU50?feature=oembed\" frameborder=\"0\" allow=\"accelerometer; autoplay; encrypted-media; gyroscope; picture-in-picture\" allowfullscreen><\/iframe><\/p>\n<\/div><figcaption>Por que existem os museus?<br>Canal: <a href=\"https:\/\/www.youtube.com\/channel\/UCWLNF6wlHEAin0kukYW0uow\">Ticolicos &#8211; Canal Infantil<\/a><br>Fonte: <a href=\"https:\/\/www.youtube.com\/watch?v=jZmh2eQWU50\" target=\"_blank\" rel=\"noreferrer noopener\">https:\/\/www.youtube.com\/watch?v=jZmh2eQWU50<\/a><\/figcaption><\/figure>\n\n\n\n<hr class=\"wp-block-separator\"\/>\n\n\n\n<p class=\"has-medium-font-size\">Percebeu atrav\u00e9s do v\u00eddeo por que existem os museus? Descobriu que o museu pode contar muitas hist\u00f3rias diferentes de um pa\u00eds, de um lugar, de culturas ou de pessoas?<\/p>\n\n\n\n<p class=\"has-medium-font-size\">Ent\u00e3o, agora voc\u00ea ir\u00e1 produzir uma atividade bem legal. Vamos l\u00e1??<\/p>\n\n\n\n<p class=\"has-medium-font-size\">Pense em uma hist\u00f3ria que tenha acontecido com voc\u00ea. Escolha as imagens para ilustrar sua hist\u00f3ria e desenhe o que voc\u00ea gostaria de contar para outras pessoas, como se fosse guardar essa hist\u00f3ria num museu para outras pessoas conhecerem. Utilize l\u00e1pis, papel e solte sua imagina\u00e7\u00e3o!<\/p>\n\n\n\n<p class=\"has-medium-font-size\">Depois dos desenhos prontos, escolha um lugar para expor as imagens. Convide seus familiares para conhecerem a sua hist\u00f3ria e as suas produ\u00e7\u00f5es. Conte para eles o que foi que voc\u00ea criou.<\/p>\n\n\n\n<p class=\"has-medium-font-size\">Ser\u00e1 bem divertido esse momento juntos!!<\/p>\n\n\n\n<hr class=\"wp-block-separator\"\/>\n\n\n\n<p class=\"has-text-color has-medium-font-size has-vivid-purple-color\"><strong>SAIBA MAIS:<\/strong><\/p>\n\n\n\n<figure class=\"wp-block-embed-youtube wp-block-embed is-type-video is-provider-youtube wp-embed-aspect-4-3 wp-has-aspect-ratio\"><div class=\"wp-block-embed__wrapper\">\n<p class=\"responsive-video-wrap clr\"><iframe title=\"HELENA VASCONCELOS\" width=\"1200\" height=\"900\" src=\"https:\/\/www.youtube.com\/embed\/IwvV2zbR7Vw?feature=oembed\" frameborder=\"0\" allow=\"accelerometer; autoplay; encrypted-media; gyroscope; picture-in-picture\" allowfullscreen><\/iframe><\/p>\n<\/div><figcaption>Helena Vasconcelos <br>Canal: <a href=\"https:\/\/www.youtube.com\/channel\/UC-wV4owbKXT3I0ft373Yzyw\">Agenda Cultural<\/a><br>Fonte: <a href=\"https:\/\/www.youtube.com\/watch?v=IwvV2zbR7Vw\" target=\"_blank\" rel=\"noreferrer noopener\">https:\/\/www.youtube.com\/watch?v=IwvV2zbR7Vw<\/a><\/figcaption><\/figure>\n\n\n\n<hr class=\"wp-block-separator\"\/>\n\n\n\n<figure class=\"wp-block-embed-youtube wp-block-embed is-type-video is-provider-youtube wp-embed-aspect-16-9 wp-has-aspect-ratio\"><div class=\"wp-block-embed__wrapper\">\n<p class=\"responsive-video-wrap clr\"><iframe title=\"SagresTV: Filho mant\u00e9m vivas obras de arte do pai no Instituto Ant\u00f4nio Poteiro\" width=\"1200\" height=\"675\" src=\"https:\/\/www.youtube.com\/embed\/rVECFXP9zGQ?feature=oembed\" frameborder=\"0\" allow=\"accelerometer; autoplay; encrypted-media; gyroscope; picture-in-picture\" allowfullscreen><\/iframe><\/p>\n<\/div><figcaption>Filho mant\u00e9m vivas obras de arte do pai no Instituto Ant\u00f4nio Poteiro<br>Canal: <a href=\"https:\/\/www.youtube.com\/channel\/UCf4Ez6ZNWZXFhgH-3eSZCjQ\">Sagres TV<\/a><br>Fonte: <a rel=\"noreferrer noopener\" href=\"https:\/\/www.youtube.com\/watch?v=rVECFXP9zGQ\" target=\"_blank\">https:\/\/www.youtube.com\/watch?v=rVECFXP9zGQ<\/a><\/figcaption><\/figure>\n\n\n\n<hr class=\"wp-block-separator\"\/>\n\n\n\n<figure class=\"wp-block-embed-youtube wp-block-embed is-type-video is-provider-youtube wp-embed-aspect-16-9 wp-has-aspect-ratio\"><div class=\"wp-block-embed__wrapper\">\n<p class=\"responsive-video-wrap clr\"><iframe title=\"HELENA VASCONCELOS - Artista Visual Naif.\" width=\"1200\" height=\"675\" src=\"https:\/\/www.youtube.com\/embed\/AlCPvlIDolI?feature=oembed\" frameborder=\"0\" allow=\"accelerometer; autoplay; encrypted-media; gyroscope; picture-in-picture\" allowfullscreen><\/iframe><\/p>\n<\/div><figcaption>HELENA VASCONCELOS &#8211; Artista Visual Naif.<br>Canal: <a href=\"https:\/\/www.youtube.com\/channel\/UCRMMyqxfq7fKqS4buSK_8-Q\">H\u00e9lio Costa Costa<\/a><br>Fonte: <a rel=\"noreferrer noopener\" href=\"https:\/\/www.youtube.com\/watch?v=AlCPvlIDolI\" target=\"_blank\">https:\/\/www.youtube.com\/watch?v=AlCPvlIDolI<\/a><\/figcaption><\/figure>\n\n\n\n<hr class=\"wp-block-separator\"\/>\n\n\n\n<figure class=\"wp-block-embed-youtube wp-block-embed is-type-video is-provider-youtube wp-embed-aspect-16-9 wp-has-aspect-ratio\"><div class=\"wp-block-embed__wrapper\">\n<p class=\"responsive-video-wrap clr\"><iframe title=\"Artefilia: D.J. Oliveira | Enredo Cultural\" width=\"1200\" height=\"675\" src=\"https:\/\/www.youtube.com\/embed\/MZLjIV-PU2M?feature=oembed\" frameborder=\"0\" allow=\"accelerometer; autoplay; encrypted-media; gyroscope; picture-in-picture\" allowfullscreen><\/iframe><\/p>\n<\/div><figcaption>Artefilia: D.J. Oliveira | Enredo Cultural<br>Canal: <a href=\"https:\/\/www.youtube.com\/channel\/UCw4zvDMD-XLk1b63cH6QklQ\">TV UFG<\/a><br>Fonte: <a href=\"https:\/\/www.youtube.com\/watch?v=MZLjIV-PU2M\">https:\/\/www.youtube.com\/watch?v=MZLjIV-PU2M<\/a><\/figcaption><\/figure>\n\n\n\n<hr class=\"wp-block-separator\"\/>\n\n\n\n<figure class=\"wp-block-table\"><table><tbody><tr><td><strong>OBJETO DE CONHECIMENTO:<\/strong><\/td><td><strong>HABILIDADES:<\/strong><\/td><\/tr><tr><td>Sistemas (Espa\u00e7os e Atua\u00e7\u00f5es) da Linguagem:<br>Sistema das artes visuais<br>Artistas e artes\u00e3os<\/td><td>(GO-EF01AR07-A) Conhecer, valorizar e habituar-se a frequentar algumas categorias do sistema das artes visuais, como museus, galerias, espa\u00e7os culturais, centros culturais, funda\u00e7\u00f5es, ateli\u00eas de artistas\/artes\u00e3os, aprender de forma significativa as rela\u00e7\u00f5es entre o sujeito e as experi\u00eancias em artes visuais, ampliando o seu repert\u00f3rio imag\u00e9tico e est\u00e9tico<br><\/td><\/tr><\/tbody><\/table><\/figure>\n","protected":false},"author":10,"featured_media":2790,"template":"","ef_categoria":[13,17],"ef_ano":[],"ef_componente":[],"class_list":["post-2787","ensino_fundamental","type-ensino_fundamental","status-publish","has-post-thumbnail","hentry","ef_categoria-ciclo-da-infancia-abc","ef_categoria-corpo-e-movimento","entry","has-media"],"acf":[],"_links":{"self":[{"href":"https:\/\/sme.goiania.go.gov.br\/conexaoescola\/wp-json\/wp\/v2\/ensino_fundamental\/2787","targetHints":{"allow":["GET"]}}],"collection":[{"href":"https:\/\/sme.goiania.go.gov.br\/conexaoescola\/wp-json\/wp\/v2\/ensino_fundamental"}],"about":[{"href":"https:\/\/sme.goiania.go.gov.br\/conexaoescola\/wp-json\/wp\/v2\/types\/ensino_fundamental"}],"author":[{"embeddable":true,"href":"https:\/\/sme.goiania.go.gov.br\/conexaoescola\/wp-json\/wp\/v2\/users\/10"}],"version-history":[{"count":0,"href":"https:\/\/sme.goiania.go.gov.br\/conexaoescola\/wp-json\/wp\/v2\/ensino_fundamental\/2787\/revisions"}],"wp:featuredmedia":[{"embeddable":true,"href":"https:\/\/sme.goiania.go.gov.br\/conexaoescola\/wp-json\/wp\/v2\/media\/2790"}],"wp:attachment":[{"href":"https:\/\/sme.goiania.go.gov.br\/conexaoescola\/wp-json\/wp\/v2\/media?parent=2787"}],"wp:term":[{"taxonomy":"ef_categoria","embeddable":true,"href":"https:\/\/sme.goiania.go.gov.br\/conexaoescola\/wp-json\/wp\/v2\/ef_categoria?post=2787"},{"taxonomy":"ef_ano","embeddable":true,"href":"https:\/\/sme.goiania.go.gov.br\/conexaoescola\/wp-json\/wp\/v2\/ef_ano?post=2787"},{"taxonomy":"ef_componente","embeddable":true,"href":"https:\/\/sme.goiania.go.gov.br\/conexaoescola\/wp-json\/wp\/v2\/ef_componente?post=2787"}],"curies":[{"name":"wp","href":"https:\/\/api.w.org\/{rel}","templated":true}]}}

Ilustrar a minha história

<figure class="wp-block-embed-youtube wp-block-embed is-type-video is-provider-youtube wp-embed-aspect-16-9 wp-has-aspect-ratio"><div class="wp-block-embed__wrapper">
<p class="responsive-video-wrap clr"><iframe title="Ilustrar a minha história | EF | Corpo, Expressão e Movimento" width="1200" height="675" src="https://www.youtube.com/embed/vXNTIqEmK8w?feature=oembed" frameborder="0" allow="accelerometer; autoplay; encrypted-media; gyroscope; picture-in-picture" allowfullscreen></iframe></p>
</div><figcaption>Ilustrar a minha história| Corpo, Expressão e Movimento<br>Canal: <a href="https://www.youtube.com/channel/UCtoYS7J0PS_iO3KMA1JsnCA">Portal Conexão Escola</a></figcaption></figure>



<p class="has-medium-font-size">Olá!! Você já visitou algum museu ou exposição de arte? Sabe por que existem os museus?? Quer descobrir a resposta para esta pergunta?</p>



<p class="has-medium-font-size">Então assista ao vídeo.</p>



<figure class="wp-block-embed-youtube wp-block-embed is-type-video is-provider-youtube wp-embed-aspect-16-9 wp-has-aspect-ratio"><div class="wp-block-embed__wrapper">
<p class="responsive-video-wrap clr"><iframe title="Por que existem os museus? #Ticolicos|Narrativas do Brasil" width="1200" height="675" src="https://www.youtube.com/embed/jZmh2eQWU50?feature=oembed" frameborder="0" allow="accelerometer; autoplay; encrypted-media; gyroscope; picture-in-picture" allowfullscreen></iframe></p>
</div><figcaption>Por que existem os museus?<br>Canal: <a href="https://www.youtube.com/channel/UCWLNF6wlHEAin0kukYW0uow">Ticolicos &#8211; Canal Infantil</a><br>Fonte: <a href="https://www.youtube.com/watch?v=jZmh2eQWU50" target="_blank" rel="noreferrer noopener">https://www.youtube.com/watch?v=jZmh2eQWU50</a></figcaption></figure>



<hr class="wp-block-separator"/>



<p class="has-medium-font-size">Percebeu através do vídeo por que existem os museus? Descobriu que o museu pode contar muitas histórias diferentes de um país, de um lugar, de culturas ou de pessoas?</p>



<p class="has-medium-font-size">Então, agora você irá produzir uma atividade bem legal. Vamos lá??</p>



<p class="has-medium-font-size">Pense em uma história que tenha acontecido com você. Escolha as imagens para ilustrar sua história e desenhe o que você gostaria de contar para outras pessoas, como se fosse guardar essa história num museu para outras pessoas conhecerem. Utilize lápis, papel e solte sua imaginação!</p>



<p class="has-medium-font-size">Depois dos desenhos prontos, escolha um lugar para expor as imagens. Convide seus familiares para conhecerem a sua história e as suas produções. Conte para eles o que foi que você criou.</p>



<p class="has-medium-font-size">Será bem divertido esse momento juntos!!</p>



<hr class="wp-block-separator"/>



<p class="has-text-color has-medium-font-size has-vivid-purple-color"><strong>SAIBA MAIS:</strong></p>



<figure class="wp-block-embed-youtube wp-block-embed is-type-video is-provider-youtube wp-embed-aspect-4-3 wp-has-aspect-ratio"><div class="wp-block-embed__wrapper">
<p class="responsive-video-wrap clr"><iframe title="HELENA VASCONCELOS" width="1200" height="900" src="https://www.youtube.com/embed/IwvV2zbR7Vw?feature=oembed" frameborder="0" allow="accelerometer; autoplay; encrypted-media; gyroscope; picture-in-picture" allowfullscreen></iframe></p>
</div><figcaption>Helena Vasconcelos <br>Canal: <a href="https://www.youtube.com/channel/UC-wV4owbKXT3I0ft373Yzyw">Agenda Cultural</a><br>Fonte: <a href="https://www.youtube.com/watch?v=IwvV2zbR7Vw" target="_blank" rel="noreferrer noopener">https://www.youtube.com/watch?v=IwvV2zbR7Vw</a></figcaption></figure>



<hr class="wp-block-separator"/>



<figure class="wp-block-embed-youtube wp-block-embed is-type-video is-provider-youtube wp-embed-aspect-16-9 wp-has-aspect-ratio"><div class="wp-block-embed__wrapper">
<p class="responsive-video-wrap clr"><iframe title="SagresTV: Filho mantém vivas obras de arte do pai no Instituto Antônio Poteiro" width="1200" height="675" src="https://www.youtube.com/embed/rVECFXP9zGQ?feature=oembed" frameborder="0" allow="accelerometer; autoplay; encrypted-media; gyroscope; picture-in-picture" allowfullscreen></iframe></p>
</div><figcaption>Filho mantém vivas obras de arte do pai no Instituto Antônio Poteiro<br>Canal: <a href="https://www.youtube.com/channel/UCf4Ez6ZNWZXFhgH-3eSZCjQ">Sagres TV</a><br>Fonte: <a rel="noreferrer noopener" href="https://www.youtube.com/watch?v=rVECFXP9zGQ" target="_blank">https://www.youtube.com/watch?v=rVECFXP9zGQ</a></figcaption></figure>



<hr class="wp-block-separator"/>



<figure class="wp-block-embed-youtube wp-block-embed is-type-video is-provider-youtube wp-embed-aspect-16-9 wp-has-aspect-ratio"><div class="wp-block-embed__wrapper">
<p class="responsive-video-wrap clr"><iframe title="HELENA VASCONCELOS - Artista Visual Naif." width="1200" height="675" src="https://www.youtube.com/embed/AlCPvlIDolI?feature=oembed" frameborder="0" allow="accelerometer; autoplay; encrypted-media; gyroscope; picture-in-picture" allowfullscreen></iframe></p>
</div><figcaption>HELENA VASCONCELOS &#8211; Artista Visual Naif.<br>Canal: <a href="https://www.youtube.com/channel/UCRMMyqxfq7fKqS4buSK_8-Q">Hélio Costa Costa</a><br>Fonte: <a rel="noreferrer noopener" href="https://www.youtube.com/watch?v=AlCPvlIDolI" target="_blank">https://www.youtube.com/watch?v=AlCPvlIDolI</a></figcaption></figure>



<hr class="wp-block-separator"/>



<figure class="wp-block-embed-youtube wp-block-embed is-type-video is-provider-youtube wp-embed-aspect-16-9 wp-has-aspect-ratio"><div class="wp-block-embed__wrapper">
<p class="responsive-video-wrap clr"><iframe title="Artefilia: D.J. Oliveira | Enredo Cultural" width="1200" height="675" src="https://www.youtube.com/embed/MZLjIV-PU2M?feature=oembed" frameborder="0" allow="accelerometer; autoplay; encrypted-media; gyroscope; picture-in-picture" allowfullscreen></iframe></p>
</div><figcaption>Artefilia: D.J. Oliveira | Enredo Cultural<br>Canal: <a href="https://www.youtube.com/channel/UCw4zvDMD-XLk1b63cH6QklQ">TV UFG</a><br>Fonte: <a href="https://www.youtube.com/watch?v=MZLjIV-PU2M">https://www.youtube.com/watch?v=MZLjIV-PU2M</a></figcaption></figure>



<hr class="wp-block-separator"/>



<figure class="wp-block-table"><table><tbody><tr><td><strong>OBJETO DE CONHECIMENTO:</strong></td><td><strong>HABILIDADES:</strong></td></tr><tr><td>Sistemas (Espaços e Atuações) da Linguagem:<br>Sistema das artes visuais<br>Artistas e artesãos</td><td>(GO-EF01AR07-A) Conhecer, valorizar e habituar-se a frequentar algumas categorias do sistema das artes visuais, como museus, galerias, espaços culturais, centros culturais, fundações, ateliês de artistas/artesãos, aprender de forma significativa as relações entre o sujeito e as experiências em artes visuais, ampliando o seu repertório imagético e estético<br></td></tr></tbody></table></figure>
