{"id":2779,"date":"2020-06-19T16:43:24","date_gmt":"2020-06-19T19:43:24","guid":{"rendered":"http:\/\/sme.goiania.go.gov.br\/conexaoescola\/?post_type=ensino_fundamental&#038;p=2779"},"modified":"2020-06-25T14:37:30","modified_gmt":"2020-06-25T17:37:30","slug":"direitos-e-protecao-das-criancas","status":"publish","type":"ensino_fundamental","link":"https:\/\/sme.goiania.go.gov.br\/conexaoescola\/ensino_fundamental\/direitos-e-protecao-das-criancas\/","title":{"rendered":"Direitos e  prote\u00e7\u00e3o das crian\u00e7as"},"content":{"rendered":"\n<p class=\"has-medium-font-size\">Ol\u00e1! Voc\u00ea sabe o que \u00e9 cuidado? Como voc\u00ea tem se sentido nesse tempo de corona v\u00edrus?&nbsp; Quem tem cuidado de voc\u00ea? Voc\u00ea cuida de algum animal de estima\u00e7\u00e3o? Vamos conversar sobre os cuidados necess\u00e1rios para garantir o crescimento saud\u00e1vel do \u201cbicho\u201d homem. Vamos l\u00e1!<\/p>\n\n\n\n<p class=\"has-medium-font-size\">Cuidar significa proteger, acolher, zelar por algu\u00e9m ou por algo. O beb\u00ea quando nasce necessita da fam\u00edlia para sobreviver, porque depende de algu\u00e9m para comer, dormir, vestir e se alimentar. A medida que crescemos, desenvolvemos a autonomia e os cuidados s\u00e3o diferentes. Vamos aprender mais sobre esses cuidados nas diferentes fases da vida?<br><\/p>\n\n\n\n<p class=\"has-medium-font-size\"><strong><span style=\"color:#000000\" class=\"has-inline-color\">Atividade 1:<\/span><\/strong><br><\/p>\n\n\n\n<p class=\"has-medium-font-size\">Acesse o link e assista ao v\u00eddeo abaixo. Convide a sua fam\u00edlia para assistir com voc\u00ea:<br><\/p>\n\n\n\n<figure class=\"wp-block-embed-youtube wp-block-embed is-type-video is-provider-youtube wp-embed-aspect-16-9 wp-has-aspect-ratio\"><div class=\"wp-block-embed__wrapper\">\n<p class=\"responsive-video-wrap clr\"><iframe title=\"Palavra Cantada | Cuida com Cuidado\" width=\"1200\" height=\"675\" src=\"https:\/\/www.youtube.com\/embed\/1X_ow1SKMys?feature=oembed\" frameborder=\"0\" allow=\"accelerometer; autoplay; encrypted-media; gyroscope; picture-in-picture\" allowfullscreen><\/iframe><\/p>\n<\/div><figcaption>&#8220;Cuida com Cuidado&#8221; &#8211; Palavra Cantada &#8211; Link: <a rel=\"noreferrer noopener\" href=\"https:\/\/www.youtube.com\/watch?v=1X_ow1SKMys\" target=\"_blank\"><span class=\"has-inline-color has-vivid-cyan-blue-color\">https:\/\/www.youtube.com\/watch?v=1X_ow1SKMys<\/span><\/a><br><br><\/figcaption><\/figure>\n\n\n\n<p class=\"has-medium-font-size\"><strong><span style=\"color:#000000\" class=\"has-inline-color\">Atividade 2:<\/span><\/strong><br><\/p>\n\n\n\n<p class=\"has-medium-font-size\">Converse com a sua fam\u00edlia sobre o tempo e os cuidados que o ser humano precisa para crescer e desenvolver e compare com o tempo e o cuidado dos animais apresentados na m\u00fasica (peixe, passarinho, cachorro e potrinho).<br><\/p>\n\n\n\n<p class=\"has-medium-font-size\"><strong><span style=\"color:#000000\" class=\"has-inline-color\">Atividade 3:<\/span><\/strong><br><\/p>\n\n\n\n<p class=\"has-medium-font-size\">Pergunte para uma pessoa da sua fam\u00edlia como ela foi cuidada quando era crian\u00e7a e adolescente. Dialoguem sobre as diferen\u00e7as que existem entre a \u00e9poca em que ela foi crian\u00e7a e a sua atualmente.<\/p>\n\n\n\n<p class=\"has-medium-font-size\">Desenhe e escreva como voc\u00ea percebe os cuidados da sua fam\u00edlia para com voc\u00ea. Depois mostre para as pessoas que moram com voc\u00ea.<br><\/p>\n\n\n\n<p><strong><span style=\"color:#000000\" class=\"has-inline-color\">PARA SABER MAIS:<\/span><\/strong><br><\/p>\n\n\n\n<p class=\"has-medium-font-size\">Voc\u00ea conhece a hist\u00f3ria \u201cOs Tr\u00eas Porquinhos\u201d?&nbsp;<\/p>\n\n\n\n<p class=\"has-medium-font-size\">Acesse o link e assista ao v\u00eddeo abaixo. Convide sua fam\u00edlia para ver com voc\u00ea:<br><\/p>\n\n\n\n<figure class=\"wp-block-embed-youtube wp-block-embed is-type-video is-provider-youtube wp-embed-aspect-16-9 wp-has-aspect-ratio\"><div class=\"wp-block-embed__wrapper\">\n<p class=\"responsive-video-wrap clr\"><iframe title=\"Os Tr\u00eas Porquinhos em Portugu\u00eas - Hist\u00f3ria Infantil Completa\" width=\"1200\" height=\"675\" src=\"https:\/\/www.youtube.com\/embed\/c5fX4g7T5FI?start=130&#038;feature=oembed\" frameborder=\"0\" allow=\"accelerometer; autoplay; encrypted-media; gyroscope; picture-in-picture\" allowfullscreen><\/iframe><\/p>\n<\/div><figcaption>&#8220;Os Tr\u00eas Porquinhos em Portugu\u00eas &#8211; Hist\u00f3ria Infantil Completa &#8211; Link: <a href=\"https:\/\/www.youtube.com\/watch?v=c5fX4g7T5FI&amp;t=130s\"><span class=\"has-inline-color has-vivid-cyan-blue-color\">https:\/\/www.youtube.com\/watch?v=c5fX4g7T5FI&amp;t=130s<\/span><\/a><br><br><\/figcaption><\/figure>\n\n\n\n<p class=\"has-medium-font-size\">Dialogue com a sua fam\u00edlia sobre:<\/p>\n\n\n\n<p class=\"has-medium-font-size\">O que eu percebo nas figuras?<br>O que aconteceu na fam\u00edlia dos porquinhos para os tr\u00eas irm\u00e3os irem embora?<br>Ser\u00e1 que os tr\u00eas porquinhos n\u00e3o precisavam mais dos cuidados dos pais?<\/p>\n\n\n\n<p class=\"has-medium-font-size\">Agora, use sua criatividade e os materiais dispon\u00edveis em sua casa para fazer as m\u00e1scaras dos tr\u00eas porquinhos e brincar de teatro com sua fam\u00edlia.<br><br><\/p>\n\n\n\n<figure class=\"wp-block-table\"><table><tbody><tr><td><strong><span style=\"color:#030303\" class=\"has-inline-color\">Componentes<\/span><\/strong><\/td><td><strong><span style=\"color:#020303\" class=\"has-inline-color\">Habilidades<\/span><\/strong><\/td><\/tr><tr><td><strong><span style=\"color:#070707\" class=\"has-inline-color\">Hist\u00f3ria<\/span><\/strong><\/td><td>(EF01HI02) Identificar a rela\u00e7\u00e3o entre as suas hist\u00f3rias e as hist\u00f3rias de sua fam\u00edlia e de sua comunidade.<br>(GO-EF01HI03-B) Discutir e compreender os direitos e deveres das crian\u00e7as em expressar sua opini\u00e3o e de obter conhecimentos relacionados \u00e0 aprendizagem, sa\u00fade, lazer e afeto.<\/td><\/tr><tr><td><strong><span style=\"color:#030303\" class=\"has-inline-color\">L\u00edngua Portuguesa<\/span><\/strong><\/td><td>(EF15LP19-C) Recontar, a partir de textos originais e integrais, escritos em registro liter\u00e1rio, em situa\u00e7\u00f5es comunicativas espec\u00edficas para a conta\u00e7\u00e3o de hist\u00f3rias, como rodas com familiares e \/ou colegas, saraus.<\/td><\/tr><\/tbody><\/table><figcaption><br><br><\/figcaption><\/figure>\n\n\n\n<p class=\"has-medium-font-size\">Cr\u00e9ditos: Regime de Colabora\u00e7\u00e3o &#8211; Coordena\u00e7\u00e3o Estadual de Implementa\u00e7\u00e3o da BNCC no Estado de Goi\u00e1s.<\/p>\n","protected":false},"author":7,"featured_media":2800,"template":"","ef_categoria":[13,20],"ef_ano":[],"ef_componente":[],"class_list":["post-2779","ensino_fundamental","type-ensino_fundamental","status-publish","has-post-thumbnail","hentry","ef_categoria-ciclo-da-infancia-abc","ef_categoria-etica-e-cidadania","entry","has-media"],"acf":[],"_links":{"self":[{"href":"https:\/\/sme.goiania.go.gov.br\/conexaoescola\/wp-json\/wp\/v2\/ensino_fundamental\/2779","targetHints":{"allow":["GET"]}}],"collection":[{"href":"https:\/\/sme.goiania.go.gov.br\/conexaoescola\/wp-json\/wp\/v2\/ensino_fundamental"}],"about":[{"href":"https:\/\/sme.goiania.go.gov.br\/conexaoescola\/wp-json\/wp\/v2\/types\/ensino_fundamental"}],"author":[{"embeddable":true,"href":"https:\/\/sme.goiania.go.gov.br\/conexaoescola\/wp-json\/wp\/v2\/users\/7"}],"version-history":[{"count":0,"href":"https:\/\/sme.goiania.go.gov.br\/conexaoescola\/wp-json\/wp\/v2\/ensino_fundamental\/2779\/revisions"}],"wp:featuredmedia":[{"embeddable":true,"href":"https:\/\/sme.goiania.go.gov.br\/conexaoescola\/wp-json\/wp\/v2\/media\/2800"}],"wp:attachment":[{"href":"https:\/\/sme.goiania.go.gov.br\/conexaoescola\/wp-json\/wp\/v2\/media?parent=2779"}],"wp:term":[{"taxonomy":"ef_categoria","embeddable":true,"href":"https:\/\/sme.goiania.go.gov.br\/conexaoescola\/wp-json\/wp\/v2\/ef_categoria?post=2779"},{"taxonomy":"ef_ano","embeddable":true,"href":"https:\/\/sme.goiania.go.gov.br\/conexaoescola\/wp-json\/wp\/v2\/ef_ano?post=2779"},{"taxonomy":"ef_componente","embeddable":true,"href":"https:\/\/sme.goiania.go.gov.br\/conexaoescola\/wp-json\/wp\/v2\/ef_componente?post=2779"}],"curies":[{"name":"wp","href":"https:\/\/api.w.org\/{rel}","templated":true}]}}

Direitos e  proteção das crianças

<p class="has-medium-font-size">Olá! Você sabe o que é cuidado? Como você tem se sentido nesse tempo de corona vírus?&nbsp; Quem tem cuidado de você? Você cuida de algum animal de estimação? Vamos conversar sobre os cuidados necessários para garantir o crescimento saudável do “bicho” homem. Vamos lá!</p>



<p class="has-medium-font-size">Cuidar significa proteger, acolher, zelar por alguém ou por algo. O bebê quando nasce necessita da família para sobreviver, porque depende de alguém para comer, dormir, vestir e se alimentar. A medida que crescemos, desenvolvemos a autonomia e os cuidados são diferentes. Vamos aprender mais sobre esses cuidados nas diferentes fases da vida?<br></p>



<p class="has-medium-font-size"><strong><span style="color:#000000" class="has-inline-color">Atividade 1:</span></strong><br></p>



<p class="has-medium-font-size">Acesse o link e assista ao vídeo abaixo. Convide a sua família para assistir com você:<br></p>



<figure class="wp-block-embed-youtube wp-block-embed is-type-video is-provider-youtube wp-embed-aspect-16-9 wp-has-aspect-ratio"><div class="wp-block-embed__wrapper">
<p class="responsive-video-wrap clr"><iframe title="Palavra Cantada | Cuida com Cuidado" width="1200" height="675" src="https://www.youtube.com/embed/1X_ow1SKMys?feature=oembed" frameborder="0" allow="accelerometer; autoplay; encrypted-media; gyroscope; picture-in-picture" allowfullscreen></iframe></p>
</div><figcaption>&#8220;Cuida com Cuidado&#8221; &#8211; Palavra Cantada &#8211; Link: <a rel="noreferrer noopener" href="https://www.youtube.com/watch?v=1X_ow1SKMys" target="_blank"><span class="has-inline-color has-vivid-cyan-blue-color">https://www.youtube.com/watch?v=1X_ow1SKMys</span></a><br><br></figcaption></figure>



<p class="has-medium-font-size"><strong><span style="color:#000000" class="has-inline-color">Atividade 2:</span></strong><br></p>



<p class="has-medium-font-size">Converse com a sua família sobre o tempo e os cuidados que o ser humano precisa para crescer e desenvolver e compare com o tempo e o cuidado dos animais apresentados na música (peixe, passarinho, cachorro e potrinho).<br></p>



<p class="has-medium-font-size"><strong><span style="color:#000000" class="has-inline-color">Atividade 3:</span></strong><br></p>



<p class="has-medium-font-size">Pergunte para uma pessoa da sua família como ela foi cuidada quando era criança e adolescente. Dialoguem sobre as diferenças que existem entre a época em que ela foi criança e a sua atualmente.</p>



<p class="has-medium-font-size">Desenhe e escreva como você percebe os cuidados da sua família para com você. Depois mostre para as pessoas que moram com você.<br></p>



<p><strong><span style="color:#000000" class="has-inline-color">PARA SABER MAIS:</span></strong><br></p>



<p class="has-medium-font-size">Você conhece a história “Os Três Porquinhos”?&nbsp;</p>



<p class="has-medium-font-size">Acesse o link e assista ao vídeo abaixo. Convide sua família para ver com você:<br></p>



<figure class="wp-block-embed-youtube wp-block-embed is-type-video is-provider-youtube wp-embed-aspect-16-9 wp-has-aspect-ratio"><div class="wp-block-embed__wrapper">
<p class="responsive-video-wrap clr"><iframe title="Os Três Porquinhos em Português - História Infantil Completa" width="1200" height="675" src="https://www.youtube.com/embed/c5fX4g7T5FI?start=130&#038;feature=oembed" frameborder="0" allow="accelerometer; autoplay; encrypted-media; gyroscope; picture-in-picture" allowfullscreen></iframe></p>
</div><figcaption>&#8220;Os Três Porquinhos em Português &#8211; História Infantil Completa &#8211; Link: <a href="https://www.youtube.com/watch?v=c5fX4g7T5FI&amp;t=130s"><span class="has-inline-color has-vivid-cyan-blue-color">https://www.youtube.com/watch?v=c5fX4g7T5FI&amp;t=130s</span></a><br><br></figcaption></figure>



<p class="has-medium-font-size">Dialogue com a sua família sobre:</p>



<p class="has-medium-font-size">O que eu percebo nas figuras?<br>O que aconteceu na família dos porquinhos para os três irmãos irem embora?<br>Será que os três porquinhos não precisavam mais dos cuidados dos pais?</p>



<p class="has-medium-font-size">Agora, use sua criatividade e os materiais disponíveis em sua casa para fazer as máscaras dos três porquinhos e brincar de teatro com sua família.<br><br></p>



<figure class="wp-block-table"><table><tbody><tr><td><strong><span style="color:#030303" class="has-inline-color">Componentes</span></strong></td><td><strong><span style="color:#020303" class="has-inline-color">Habilidades</span></strong></td></tr><tr><td><strong><span style="color:#070707" class="has-inline-color">História</span></strong></td><td>(EF01HI02) Identificar a relação entre as suas histórias e as histórias de sua família e de sua comunidade.<br>(GO-EF01HI03-B) Discutir e compreender os direitos e deveres das crianças em expressar sua opinião e de obter conhecimentos relacionados à aprendizagem, saúde, lazer e afeto.</td></tr><tr><td><strong><span style="color:#030303" class="has-inline-color">Língua Portuguesa</span></strong></td><td>(EF15LP19-C) Recontar, a partir de textos originais e integrais, escritos em registro literário, em situações comunicativas específicas para a contação de histórias, como rodas com familiares e /ou colegas, saraus.</td></tr></tbody></table><figcaption><br><br></figcaption></figure>



<p class="has-medium-font-size">Créditos: Regime de Colaboração &#8211; Coordenação Estadual de Implementação da BNCC no Estado de Goiás.</p>
