{"id":2767,"date":"2020-06-19T14:45:28","date_gmt":"2020-06-19T17:45:28","guid":{"rendered":"http:\/\/sme.goiania.go.gov.br\/conexaoescola\/?post_type=ensino_fundamental&#038;p=2767"},"modified":"2020-06-19T14:45:29","modified_gmt":"2020-06-19T17:45:29","slug":"respeitando-as-leis-do-espaco-que-vivo","status":"publish","type":"ensino_fundamental","link":"https:\/\/sme.goiania.go.gov.br\/conexaoescola\/ensino_fundamental\/respeitando-as-leis-do-espaco-que-vivo\/","title":{"rendered":"Respeitando as leis do espa\u00e7o que vivo"},"content":{"rendered":"\n<p class=\"has-medium-font-size\">Ol\u00e1!\u00a0 Voc\u00eas gostam de ir \u00e0 escola, shoppings e pra\u00e7as? Esses s\u00e3o espa\u00e7os em que as pessoas se relacionam. Nesse momento, temos que ficar em casa para nossa seguran\u00e7a, mas \u00e9 importante aprender a conviver bem com todos ao nosso redor. Na atividade de hoje, voc\u00ea aprender\u00e1 a import\u00e2ncia de respeitar as leis e cuidar dos espa\u00e7os em que vive.<\/p>\n\n\n\n<p class=\"has-medium-font-size\">No bairro, existem diferentes espa\u00e7os de viv\u00eancias. Vamos assistir a uma hist\u00f3ria e conhecer alguns desses lugares?<br><br><\/p>\n\n\n\n<figure class=\"wp-block-embed-youtube wp-block-embed is-type-video is-provider-youtube wp-embed-aspect-16-9 wp-has-aspect-ratio\"><div class=\"wp-block-embed__wrapper\">\n<p class=\"responsive-video-wrap clr\"><iframe title=\"O Bairro Do Marcelo - por Ruth Rocha -AudioBook\/Historinha Infantil\/Livro Infantil\/LivroAudio\/Contos\" width=\"1200\" height=\"675\" src=\"https:\/\/www.youtube.com\/embed\/KPhrkI008QA?feature=oembed\" frameborder=\"0\" allow=\"accelerometer; autoplay; encrypted-media; gyroscope; picture-in-picture\" allowfullscreen><\/iframe><\/p>\n<\/div><figcaption>\u00a0\u201cO Bairro de Marcelo\u201d \u2013 Canal: Bisnagas Kids &#8211; Link: <a rel=\"noreferrer noopener\" href=\"https:\/\/www.youtube.com\/watch?v=KPhrkI008QA\" target=\"_blank\"><span class=\"has-inline-color has-vivid-cyan-blue-color\">https:\/\/www.youtube.com\/watch?v=KPhrkI008QA<\/span><\/a><br><br><\/figcaption><\/figure>\n\n\n\n<p class=\"has-medium-font-size\">No bairro em que voc\u00ea vive, \u00e9 poss\u00edvel se relacionar com diferentes pessoas, em diferentes espa\u00e7os: na sua casa, na escola, no supermercado, na feira, nos parques e nas pra\u00e7as.\u00a0 Voc\u00ea sabia que existem diferentes tipos de bairro? Veja o v\u00eddeo abaixo:<br><br><\/p>\n\n\n\n<figure class=\"wp-block-embed-youtube wp-block-embed is-type-video is-provider-youtube wp-embed-aspect-16-9 wp-has-aspect-ratio\"><div class=\"wp-block-embed__wrapper\">\n<p class=\"responsive-video-wrap clr\"><iframe title=\"tipos de bairros\" width=\"1200\" height=\"675\" src=\"https:\/\/www.youtube.com\/embed\/xu_jPFpfobE?feature=oembed\" frameborder=\"0\" allow=\"accelerometer; autoplay; encrypted-media; gyroscope; picture-in-picture\" allowfullscreen><\/iframe><\/p>\n<\/div><figcaption>\u201cTipos de bairros\u201d &#8211; Canal: Pamella Santos &#8211; Link: <a rel=\"noreferrer noopener\" href=\"https:\/\/www.youtube.com\/watch?v=xu_jPFpfobE\" target=\"_blank\"><span class=\"has-inline-color has-vivid-cyan-blue-color\">https:\/\/www.youtube.com\/watch?v=xu_jPFpfobE<\/span><\/a><br><br><\/figcaption><\/figure>\n\n\n\n<p class=\"has-medium-font-size\">Interessante essa informa\u00e7\u00e3o!<\/p>\n\n\n\n<p class=\"has-medium-font-size\">Acesse o link a seguir e veja as atitudes poss\u00edveis que promovem uma conviv\u00eancia respeitosa e que preservam o ambiente onde se vive:<br><br><\/p>\n\n\n\n<p><a rel=\"noreferrer noopener\" href=\"https:\/\/plenarinho.leg.br\/index.php\/2017\/01\/crianca-cidada\/\" target=\"_blank\"><span class=\"has-inline-color has-vivid-cyan-blue-color\">https:\/\/plenarinho.leg.br\/index.php\/2017\/01\/crianca-cidada\/<\/span><\/a><br>\u201cCrian\u00e7a Cidad\u00e3\u201d \u2013 Site: Plenarinho<br><br><\/p>\n\n\n\n<p class=\"has-medium-font-size\">Para finalizar, escreva uma carta para um amigo explicando os tipos de atitudes que promovem rela\u00e7\u00f5es positivas de conv\u00edvio. Conte tamb\u00e9m para ele quais as atitudes que voc\u00ea j\u00e1 tem que contribuem para rela\u00e7\u00f5es respeitosas.<br><br><\/p>\n\n\n\n<p class=\"has-medium-font-size\"><strong><span style=\"color:#060606\" class=\"has-inline-color\">Para saber mais:<\/span><\/strong><br><br><\/p>\n\n\n\n<figure class=\"wp-block-embed-wordpress wp-block-embed is-type-wp-embed is-provider-estudo-kids\"><div class=\"wp-block-embed__wrapper\">\n<div class=\"oceanwp-oembed-wrap clr\"><blockquote class=\"wp-embedded-content\" data-secret=\"ercYHmdsnk\"><a href=\"https:\/\/www.estudokids.com.br\/os-bairros\/\">Os bairros<\/a><\/blockquote><iframe class=\"wp-embedded-content\" sandbox=\"allow-scripts\" security=\"restricted\" style=\"position: absolute; clip: rect(1px, 1px, 1px, 1px);\" title=\"&#8220;Os bairros&#8221; &#8212; Estudo Kids\" src=\"https:\/\/www.estudokids.com.br\/os-bairros\/embed\/#?secret=ercYHmdsnk\" data-secret=\"ercYHmdsnk\" width=\"600\" height=\"338\" frameborder=\"0\" marginwidth=\"0\" marginheight=\"0\" scrolling=\"no\"><\/iframe><\/div>\n<\/div><figcaption>\u201cOs Bairros\u201d \u2013 Site: Estudo Kids<br><br><\/figcaption><\/figure>\n\n\n\n<p><a href=\"http:\/\/sme.goiania.go.gov.br\/conexaoescola\/ef_categoria\/ciclo-da-infancia-abc\/\"><span class=\"has-inline-color has-vivid-cyan-blue-color\">\u00c9tica e Cidadania<\/span><\/a> | C &#8211; 3\u00ba ano<br><br><\/p>\n\n\n\n<figure class=\"wp-block-table alignleft\"><table><tbody><tr><td><strong><span style=\"color:#070707\" class=\"has-inline-color\">OBJETO DE CONHECIMENTO<\/span><\/strong><br><strong><span style=\"color:#06090b\" class=\"has-inline-color\">Hist\u00f3ria<\/span><\/strong>: A no\u00e7\u00e3o do \u201cEu\u201d e do \u201cOutro\u201d: registros de experi\u00eancias pessoais e da comunidade no tempo e no espa\u00e7o: espa\u00e7o de viv\u00eancia e sociabilidade<br><strong><span style=\"color:#060606\" class=\"has-inline-color\">L\u00edngua Portuguesa<\/span><\/strong>: Estrat\u00e9gias de leitura: Localiza\u00e7\u00e3o de informa\u00e7\u00f5es expl\u00edcitas em textos.<\/td><td><strong><span style=\"color:#040404\" class=\"has-inline-color\">HABILIDADES:<\/span><\/strong><br>(EF02HI01) Reconhecer espa\u00e7os de sociabilidade e identificar os motivos que aproximam e separam as pessoas em diferentes grupos sociais ou de parentesco.\u00a0\u00a0\u00a0\u00a0\u00a0\u00a0\u00a0\u00a0\u00a0\u00a0\u00a0\u00a0\u00a0\u00a0\u00a0\u00a0\u00a0\u00a0\u00a0\u00a0\u00a0\u00a0\u00a0\u00a0\u00a0\u00a0\u00a0\u00a0\u00a0\u00a0\u00a0\u00a0\u00a0\u00a0\u00a0\u00a0\u00a0\u00a0\u00a0\u00a0\u00a0\u00a0\u00a0\u00a0\u00a0\u00a0\u00a0\u00a0\u00a0\u00a0\u00a0\u00a0\u00a0\u00a0\u00a0\u00a0\u00a0\u00a0\u00a0\u00a0\u00a0\u00a0\u00a0\u00a0\u00a0\u00a0\u00a0\u00a0\u00a0\u00a0\u00a0\u00a0\u00a0\u00a0\u00a0\u00a0\u00a0\u00a0\u00a0\u00a0\u00a0\u00a0\u00a0<br>\u00a0\u00a0\u00a0\u00a0\u00a0\u00a0\u00a0\u00a0\u00a0\u00a0\u00a0\u00a0\u00a0\u00a0\u00a0\u00a0\u00a0\u00a0\u00a0\u00a0\u00a0\u00a0\u00a0\u00a0\u00a0\u00a0\u00a0\u00a0\u00a0\u00a0\u00a0\u00a0\u00a0\u00a0<br><strong>(<\/strong>EF15LP03) Localizar informa\u00e7\u00f5es expl\u00edcitas em textos.<br><br><\/td><\/tr><\/tbody><\/table><\/figure>\n","protected":false},"author":7,"featured_media":2771,"template":"","ef_categoria":[13,20],"ef_ano":[],"ef_componente":[],"class_list":["post-2767","ensino_fundamental","type-ensino_fundamental","status-publish","has-post-thumbnail","hentry","ef_categoria-ciclo-da-infancia-abc","ef_categoria-etica-e-cidadania","entry","has-media"],"acf":[],"_links":{"self":[{"href":"https:\/\/sme.goiania.go.gov.br\/conexaoescola\/wp-json\/wp\/v2\/ensino_fundamental\/2767","targetHints":{"allow":["GET"]}}],"collection":[{"href":"https:\/\/sme.goiania.go.gov.br\/conexaoescola\/wp-json\/wp\/v2\/ensino_fundamental"}],"about":[{"href":"https:\/\/sme.goiania.go.gov.br\/conexaoescola\/wp-json\/wp\/v2\/types\/ensino_fundamental"}],"author":[{"embeddable":true,"href":"https:\/\/sme.goiania.go.gov.br\/conexaoescola\/wp-json\/wp\/v2\/users\/7"}],"version-history":[{"count":0,"href":"https:\/\/sme.goiania.go.gov.br\/conexaoescola\/wp-json\/wp\/v2\/ensino_fundamental\/2767\/revisions"}],"wp:featuredmedia":[{"embeddable":true,"href":"https:\/\/sme.goiania.go.gov.br\/conexaoescola\/wp-json\/wp\/v2\/media\/2771"}],"wp:attachment":[{"href":"https:\/\/sme.goiania.go.gov.br\/conexaoescola\/wp-json\/wp\/v2\/media?parent=2767"}],"wp:term":[{"taxonomy":"ef_categoria","embeddable":true,"href":"https:\/\/sme.goiania.go.gov.br\/conexaoescola\/wp-json\/wp\/v2\/ef_categoria?post=2767"},{"taxonomy":"ef_ano","embeddable":true,"href":"https:\/\/sme.goiania.go.gov.br\/conexaoescola\/wp-json\/wp\/v2\/ef_ano?post=2767"},{"taxonomy":"ef_componente","embeddable":true,"href":"https:\/\/sme.goiania.go.gov.br\/conexaoescola\/wp-json\/wp\/v2\/ef_componente?post=2767"}],"curies":[{"name":"wp","href":"https:\/\/api.w.org\/{rel}","templated":true}]}}

Respeitando as leis do espaço que vivo

<p class="has-medium-font-size">Olá!  Vocês gostam de ir à escola, shoppings e praças? Esses são espaços em que as pessoas se relacionam. Nesse momento, temos que ficar em casa para nossa segurança, mas é importante aprender a conviver bem com todos ao nosso redor. Na atividade de hoje, você aprenderá a importância de respeitar as leis e cuidar dos espaços em que vive.</p>



<p class="has-medium-font-size">No bairro, existem diferentes espaços de vivências. Vamos assistir a uma história e conhecer alguns desses lugares?<br><br></p>



<figure class="wp-block-embed-youtube wp-block-embed is-type-video is-provider-youtube wp-embed-aspect-16-9 wp-has-aspect-ratio"><div class="wp-block-embed__wrapper">
<p class="responsive-video-wrap clr"><iframe title="O Bairro Do Marcelo - por Ruth Rocha -AudioBook/Historinha Infantil/Livro Infantil/LivroAudio/Contos" width="1200" height="675" src="https://www.youtube.com/embed/KPhrkI008QA?feature=oembed" frameborder="0" allow="accelerometer; autoplay; encrypted-media; gyroscope; picture-in-picture" allowfullscreen></iframe></p>
</div><figcaption> “O Bairro de Marcelo” – Canal: Bisnagas Kids &#8211; Link: <a rel="noreferrer noopener" href="https://www.youtube.com/watch?v=KPhrkI008QA" target="_blank"><span class="has-inline-color has-vivid-cyan-blue-color">https://www.youtube.com/watch?v=KPhrkI008QA</span></a><br><br></figcaption></figure>



<p class="has-medium-font-size">No bairro em que você vive, é possível se relacionar com diferentes pessoas, em diferentes espaços: na sua casa, na escola, no supermercado, na feira, nos parques e nas praças.  Você sabia que existem diferentes tipos de bairro? Veja o vídeo abaixo:<br><br></p>



<figure class="wp-block-embed-youtube wp-block-embed is-type-video is-provider-youtube wp-embed-aspect-16-9 wp-has-aspect-ratio"><div class="wp-block-embed__wrapper">
<p class="responsive-video-wrap clr"><iframe title="tipos de bairros" width="1200" height="675" src="https://www.youtube.com/embed/xu_jPFpfobE?feature=oembed" frameborder="0" allow="accelerometer; autoplay; encrypted-media; gyroscope; picture-in-picture" allowfullscreen></iframe></p>
</div><figcaption>“Tipos de bairros” &#8211; Canal: Pamella Santos &#8211; Link: <a rel="noreferrer noopener" href="https://www.youtube.com/watch?v=xu_jPFpfobE" target="_blank"><span class="has-inline-color has-vivid-cyan-blue-color">https://www.youtube.com/watch?v=xu_jPFpfobE</span></a><br><br></figcaption></figure>



<p class="has-medium-font-size">Interessante essa informação!</p>



<p class="has-medium-font-size">Acesse o link a seguir e veja as atitudes possíveis que promovem uma convivência respeitosa e que preservam o ambiente onde se vive:<br><br></p>



<p><a rel="noreferrer noopener" href="https://plenarinho.leg.br/index.php/2017/01/crianca-cidada/" target="_blank"><span class="has-inline-color has-vivid-cyan-blue-color">https://plenarinho.leg.br/index.php/2017/01/crianca-cidada/</span></a><br>“Criança Cidadã” – Site: Plenarinho<br><br></p>



<p class="has-medium-font-size">Para finalizar, escreva uma carta para um amigo explicando os tipos de atitudes que promovem relações positivas de convívio. Conte também para ele quais as atitudes que você já tem que contribuem para relações respeitosas.<br><br></p>



<p class="has-medium-font-size"><strong><span style="color:#060606" class="has-inline-color">Para saber mais:</span></strong><br><br></p>



<figure class="wp-block-embed-wordpress wp-block-embed is-type-wp-embed is-provider-estudo-kids"><div class="wp-block-embed__wrapper">
<div class="oceanwp-oembed-wrap clr"><blockquote class="wp-embedded-content" data-secret="ercYHmdsnk"><a href="https://www.estudokids.com.br/os-bairros/">Os bairros</a></blockquote><iframe class="wp-embedded-content" sandbox="allow-scripts" security="restricted" style="position: absolute; clip: rect(1px, 1px, 1px, 1px);" title="&#8220;Os bairros&#8221; &#8212; Estudo Kids" src="https://www.estudokids.com.br/os-bairros/embed/#?secret=ercYHmdsnk" data-secret="ercYHmdsnk" width="600" height="338" frameborder="0" marginwidth="0" marginheight="0" scrolling="no"></iframe></div>
</div><figcaption>“Os Bairros” – Site: Estudo Kids<br><br></figcaption></figure>



<p><a href="http://sme.goiania.go.gov.br/conexaoescola/ef_categoria/ciclo-da-infancia-abc/"><span class="has-inline-color has-vivid-cyan-blue-color">Ética e Cidadania</span></a> | C &#8211; 3º ano<br><br></p>



<figure class="wp-block-table alignleft"><table><tbody><tr><td><strong><span style="color:#070707" class="has-inline-color">OBJETO DE CONHECIMENTO</span></strong><br><strong><span style="color:#06090b" class="has-inline-color">História</span></strong>: A noção do “Eu” e do “Outro”: registros de experiências pessoais e da comunidade no tempo e no espaço: espaço de vivência e sociabilidade<br><strong><span style="color:#060606" class="has-inline-color">Língua Portuguesa</span></strong>: Estratégias de leitura: Localização de informações explícitas em textos.</td><td><strong><span style="color:#040404" class="has-inline-color">HABILIDADES:</span></strong><br>(EF02HI01) Reconhecer espaços de sociabilidade e identificar os motivos que aproximam e separam as pessoas em diferentes grupos sociais ou de parentesco.                                                                                   <br>                                  <br><strong>(</strong>EF15LP03) Localizar informações explícitas em textos.<br><br></td></tr></tbody></table></figure>
