{"id":2751,"date":"2020-06-19T11:48:36","date_gmt":"2020-06-19T14:48:36","guid":{"rendered":"http:\/\/sme.goiania.go.gov.br\/conexaoescola\/?post_type=ensino_fundamental&#038;p=2751"},"modified":"2021-11-25T11:05:03","modified_gmt":"2021-11-25T13:05:03","slug":"cuidando-do-meu-bairro","status":"publish","type":"ensino_fundamental","link":"https:\/\/sme.goiania.go.gov.br\/conexaoescola\/ensino_fundamental\/cuidando-do-meu-bairro\/","title":{"rendered":"L\u00edngua Portuguesa e Hist\u00f3ria &#8211; Cuidando do meu Bairro"},"content":{"rendered":"\n<p class=\"has-medium-font-size\">Ol\u00e1, crian\u00e7as! Voc\u00eas gostam de ir \u00e0 escola, shoppings e pra\u00e7as? Esses s\u00e3o espa\u00e7os que as pessoas se relacionam. Nesse momento, temos que ficar em casa para nossa seguran\u00e7a, mas \u00e9 importante aprender a conviver bem com todos ao nosso redor. Na atividade de hoje, voc\u00ea ser\u00e1 desafiado a refletir sobre a import\u00e2ncia de se cuidar do espa\u00e7o no qual voc\u00ea vive.<\/p>\n\n\n\n<p class=\"has-medium-font-size\">Voc\u00ea sabe o que \u00e9 bairro? Assista ao v\u00eddeo e conhe\u00e7a a hist\u00f3ria do Bairro de Marcelo:<br><br><\/p>\n\n\n\n<figure class=\"wp-block-embed is-type-video is-provider-youtube wp-block-embed-youtube wp-embed-aspect-16-9 wp-has-aspect-ratio\"><div class=\"wp-block-embed__wrapper\">\n<p class=\"responsive-video-wrap clr\"><iframe title=\"A Rua Do Marcelo - por Ruth Rocha -AudioBook\/Historinha Infantil\/Livro Infantil\/LivroAudio\/Narra\u00e7\u00e3o\" width=\"1200\" height=\"675\" src=\"https:\/\/www.youtube.com\/embed\/t9i-uKYovbo?feature=oembed\" frameborder=\"0\" allow=\"accelerometer; autoplay; encrypted-media; gyroscope; picture-in-picture\" allowfullscreen><\/iframe><\/p>\n<\/div><figcaption>\u201cO Bairro de Marcelo\u201d \u2013 Canal: Bisnagas Kids &#8211; Link: <a rel=\"noreferrer noopener\" href=\"https:\/\/www.youtube.com\/watch?v=t9i-uKYovbo\" target=\"_blank\"><span class=\"has-inline-color has-vivid-cyan-blue-color\">https:\/\/www.youtube.com\/watch?v=t9i-uKYovbo<\/span><\/a><br><br><\/figcaption><\/figure>\n\n\n\n<p class=\"has-medium-font-size\">O bairro \u00e9 um espa\u00e7o de conviv\u00eancia social. Em Goi\u00e2nia, o bairro tamb\u00e9m \u00e9 chamado de setor.&nbsp; No lugar em que voc\u00ea mora, tem espa\u00e7os p\u00fablicos onde as pessoas possam conviver? Escreva o nome desses lugares e conte como esses locais contribuem para a sua conviv\u00eancia com as pessoas.<\/p>\n\n\n\n<p class=\"has-medium-font-size\">Assista ao v\u00eddeo, abaixo, e conhe\u00e7a como podemos conviver melhor no bairro:<br><br><\/p>\n\n\n\n<figure class=\"wp-block-embed is-type-video is-provider-youtube wp-block-embed-youtube wp-embed-aspect-16-9 wp-has-aspect-ratio\"><div class=\"wp-block-embed__wrapper\">\n<p class=\"responsive-video-wrap clr\"><iframe title=\"Conviv\u00eancia no bairro\" width=\"1200\" height=\"675\" src=\"https:\/\/www.youtube.com\/embed\/LpeMs8n7Vrs?feature=oembed\" frameborder=\"0\" allow=\"accelerometer; autoplay; encrypted-media; gyroscope; picture-in-picture\" allowfullscreen><\/iframe><\/p>\n<\/div><figcaption>\u201cConviv\u00eancia no bairro\u201d &#8211; Canal: Bruna Lira &#8211; Link: <a rel=\"noreferrer noopener\" href=\"https:\/\/www.youtube.com\/watch?v=LpeMs8n7Vrs\" target=\"_blank\"><span class=\"has-inline-color has-vivid-cyan-blue-color\">https:\/\/www.youtube.com\/watch?v=LpeMs8n7Vrs<\/span><\/a><br><br><\/figcaption><\/figure>\n\n\n\n<p class=\"has-medium-font-size\">Gostou do v\u00eddeo? No nosso bairro, passam v\u00e1rios trabalhadores: carteiros, policiais, vendedores e motoristas de \u00f4nibus. Para conviver bem, temos que respeitar as pessoas e o ambiente que a gente vive.<\/p>\n\n\n\n<p class=\"has-medium-font-size\">Escreva, em seu caderno, um texto apontando como voc\u00ea pode cuidar do seu bairro e respeitar as pessoas que vivem nele. Se quiser, pode tamb\u00e9m ilustrar! Bom trabalho!<br><br><\/p>\n\n\n\n<p class=\"has-medium-font-size\"><strong><span style=\"color:#040404\" class=\"has-inline-color\">Para saber mais:<\/span><\/strong><br><br><\/p>\n\n\n\n<p><a rel=\"noreferrer noopener\" href=\"https:\/\/www.canalkids.com.br\/cidadania\/genteboa\/index.htm\" target=\"_blank\"><span class=\"has-inline-color has-vivid-cyan-blue-color\">https:\/\/www.canalkids.com.br\/cidadania\/genteboa\/index.htm<\/span><\/a><br>\u201cSer cidad\u00e3o\u201d \u2013 Site: Canal Kids<br><br><\/p>\n\n\n\n<figure class=\"wp-block-embed is-type-video is-provider-youtube wp-block-embed-youtube wp-embed-aspect-16-9 wp-has-aspect-ratio\"><div class=\"wp-block-embed__wrapper\">\n<p class=\"responsive-video-wrap clr\"><iframe title=\"Minuto Verde, S\u00e9rie Passear e Cuidar [Cuidando da cidade]\" width=\"1200\" height=\"675\" src=\"https:\/\/www.youtube.com\/embed\/m5eVHf-W9T8?feature=oembed\" frameborder=\"0\" allow=\"accelerometer; autoplay; encrypted-media; gyroscope; picture-in-picture\" allowfullscreen><\/iframe><\/p>\n<\/div><figcaption>\u201cPassear e cuidar da cidade\u201d \u2013 Canal: Escola Governo de S\u00e3o Paulo &#8211; Link: <a rel=\"noreferrer noopener\" href=\"https:\/\/www.youtube.com\/watch?v=m5eVHf-W9T8\" target=\"_blank\"><span class=\"has-inline-color has-vivid-cyan-blue-color\">https:\/\/www.youtube.com\/watch?v=m5eVHf-W9T8<\/span><\/a><br><br><\/figcaption><\/figure>\n\n\n\n<figure class=\"wp-block-embed is-type-video is-provider-youtube wp-block-embed-youtube wp-embed-aspect-16-9 wp-has-aspect-ratio\"><div class=\"wp-block-embed__wrapper\">\n<p class=\"responsive-video-wrap clr\"><iframe title=\"tipos de bairros\" width=\"1200\" height=\"675\" src=\"https:\/\/www.youtube.com\/embed\/xu_jPFpfobE?feature=oembed\" frameborder=\"0\" allow=\"accelerometer; autoplay; encrypted-media; gyroscope; picture-in-picture\" allowfullscreen><\/iframe><\/p>\n<\/div><figcaption>\u201cTipos de bairro\u201d &#8211; Canal: Pamella Santos &#8211; Link: <a rel=\"noreferrer noopener\" href=\"https:\/\/www.youtube.com\/watch?v=xu_jPFpfobE\" target=\"_blank\"><span class=\"has-inline-color has-vivid-cyan-blue-color\">https:\/\/www.youtube.com\/watch?v=xu_jPFpfobE<\/span><\/a><br><br><\/figcaption><\/figure>\n\n\n\n<p><a href=\"http:\/\/sme.goiania.go.gov.br\/conexaoescola\/ef_categoria\/ciclo-da-infancia-abc\/\"><span class=\"has-inline-color has-vivid-cyan-blue-color\">\u00c9tica e Cidadania<\/span><\/a> | B &#8211; 2\u00ba ano<br><br><\/p>\n\n\n\n<figure class=\"wp-block-table\"><table><tbody><tr><td><strong><span style=\"color:#070707\" class=\"has-inline-color\">OBJETO DE CONHECIMENTO<\/span><\/strong><br><strong><span style=\"color:#060606\" class=\"has-inline-color\">Hist\u00f3ria<\/span><\/strong>: A no\u00e7\u00e3o do \u201cEu\u201d e do \u201cOutro\u201d: registros de experi\u00eancias pessoais e da comunidade no tempo e no espa\u00e7o: espa\u00e7o de viv\u00eancia e sociabilidade.<br><strong><span style=\"color:#030505\" class=\"has-inline-color\">L\u00edngua Portuguesa<\/span><\/strong>:<strong> <\/strong>Escrita aut\u00f4noma e compartilhada: Organiza\u00e7\u00e3o da sequ\u00eancia de ideias com coer\u00eancia, na escrita de texto.<br><\/td><td><strong><span style=\"color:#030405\" class=\"has-inline-color\">HABILIDADES<\/span><\/strong><br>(EF02HI01) Reconhecer espa\u00e7os de sociabilidade e identificar os motivos que aproximam e separam as pessoas em diferentes grupos sociais ou de parentesco.<br><strong>(<\/strong>EF02LP14) Planejar e produzir pequenos relatos de observa\u00e7\u00e3o de processos, de fatos, de experi\u00eancias pessoais, mantendo as caracter\u00edsticas do g\u00eanero, considerando a situa\u00e7\u00e3o comunicativa e o tema\/assunto do texto.<\/td><\/tr><\/tbody><\/table><\/figure>\n","protected":false},"author":7,"featured_media":2754,"template":"","ef_categoria":[13,20],"ef_ano":[85],"ef_componente":[95,93],"class_list":["post-2751","ensino_fundamental","type-ensino_fundamental","status-publish","has-post-thumbnail","hentry","ef_categoria-ciclo-da-infancia-abc","ef_categoria-etica-e-cidadania","ef_ano-2o-ano","ef_componente-historia","ef_componente-portugues","entry","has-media"],"acf":[],"_links":{"self":[{"href":"https:\/\/sme.goiania.go.gov.br\/conexaoescola\/wp-json\/wp\/v2\/ensino_fundamental\/2751","targetHints":{"allow":["GET"]}}],"collection":[{"href":"https:\/\/sme.goiania.go.gov.br\/conexaoescola\/wp-json\/wp\/v2\/ensino_fundamental"}],"about":[{"href":"https:\/\/sme.goiania.go.gov.br\/conexaoescola\/wp-json\/wp\/v2\/types\/ensino_fundamental"}],"author":[{"embeddable":true,"href":"https:\/\/sme.goiania.go.gov.br\/conexaoescola\/wp-json\/wp\/v2\/users\/7"}],"version-history":[{"count":0,"href":"https:\/\/sme.goiania.go.gov.br\/conexaoescola\/wp-json\/wp\/v2\/ensino_fundamental\/2751\/revisions"}],"wp:featuredmedia":[{"embeddable":true,"href":"https:\/\/sme.goiania.go.gov.br\/conexaoescola\/wp-json\/wp\/v2\/media\/2754"}],"wp:attachment":[{"href":"https:\/\/sme.goiania.go.gov.br\/conexaoescola\/wp-json\/wp\/v2\/media?parent=2751"}],"wp:term":[{"taxonomy":"ef_categoria","embeddable":true,"href":"https:\/\/sme.goiania.go.gov.br\/conexaoescola\/wp-json\/wp\/v2\/ef_categoria?post=2751"},{"taxonomy":"ef_ano","embeddable":true,"href":"https:\/\/sme.goiania.go.gov.br\/conexaoescola\/wp-json\/wp\/v2\/ef_ano?post=2751"},{"taxonomy":"ef_componente","embeddable":true,"href":"https:\/\/sme.goiania.go.gov.br\/conexaoescola\/wp-json\/wp\/v2\/ef_componente?post=2751"}],"curies":[{"name":"wp","href":"https:\/\/api.w.org\/{rel}","templated":true}]}}

Língua Portuguesa e História &#8211; Cuidando do meu Bairro

<p class="has-medium-font-size">Olá, crianças! Vocês gostam de ir à escola, shoppings e praças? Esses são espaços que as pessoas se relacionam. Nesse momento, temos que ficar em casa para nossa segurança, mas é importante aprender a conviver bem com todos ao nosso redor. Na atividade de hoje, você será desafiado a refletir sobre a importância de se cuidar do espaço no qual você vive.</p>



<p class="has-medium-font-size">Você sabe o que é bairro? Assista ao vídeo e conheça a história do Bairro de Marcelo:<br><br></p>



<figure class="wp-block-embed is-type-video is-provider-youtube wp-block-embed-youtube wp-embed-aspect-16-9 wp-has-aspect-ratio"><div class="wp-block-embed__wrapper">
<p class="responsive-video-wrap clr"><iframe title="A Rua Do Marcelo - por Ruth Rocha -AudioBook/Historinha Infantil/Livro Infantil/LivroAudio/Narração" width="1200" height="675" src="https://www.youtube.com/embed/t9i-uKYovbo?feature=oembed" frameborder="0" allow="accelerometer; autoplay; encrypted-media; gyroscope; picture-in-picture" allowfullscreen></iframe></p>
</div><figcaption>“O Bairro de Marcelo” – Canal: Bisnagas Kids &#8211; Link: <a rel="noreferrer noopener" href="https://www.youtube.com/watch?v=t9i-uKYovbo" target="_blank"><span class="has-inline-color has-vivid-cyan-blue-color">https://www.youtube.com/watch?v=t9i-uKYovbo</span></a><br><br></figcaption></figure>



<p class="has-medium-font-size">O bairro é um espaço de convivência social. Em Goiânia, o bairro também é chamado de setor.&nbsp; No lugar em que você mora, tem espaços públicos onde as pessoas possam conviver? Escreva o nome desses lugares e conte como esses locais contribuem para a sua convivência com as pessoas.</p>



<p class="has-medium-font-size">Assista ao vídeo, abaixo, e conheça como podemos conviver melhor no bairro:<br><br></p>



<figure class="wp-block-embed is-type-video is-provider-youtube wp-block-embed-youtube wp-embed-aspect-16-9 wp-has-aspect-ratio"><div class="wp-block-embed__wrapper">
<p class="responsive-video-wrap clr"><iframe title="Convivência no bairro" width="1200" height="675" src="https://www.youtube.com/embed/LpeMs8n7Vrs?feature=oembed" frameborder="0" allow="accelerometer; autoplay; encrypted-media; gyroscope; picture-in-picture" allowfullscreen></iframe></p>
</div><figcaption>“Convivência no bairro” &#8211; Canal: Bruna Lira &#8211; Link: <a rel="noreferrer noopener" href="https://www.youtube.com/watch?v=LpeMs8n7Vrs" target="_blank"><span class="has-inline-color has-vivid-cyan-blue-color">https://www.youtube.com/watch?v=LpeMs8n7Vrs</span></a><br><br></figcaption></figure>



<p class="has-medium-font-size">Gostou do vídeo? No nosso bairro, passam vários trabalhadores: carteiros, policiais, vendedores e motoristas de ônibus. Para conviver bem, temos que respeitar as pessoas e o ambiente que a gente vive.</p>



<p class="has-medium-font-size">Escreva, em seu caderno, um texto apontando como você pode cuidar do seu bairro e respeitar as pessoas que vivem nele. Se quiser, pode também ilustrar! Bom trabalho!<br><br></p>



<p class="has-medium-font-size"><strong><span style="color:#040404" class="has-inline-color">Para saber mais:</span></strong><br><br></p>



<p><a rel="noreferrer noopener" href="https://www.canalkids.com.br/cidadania/genteboa/index.htm" target="_blank"><span class="has-inline-color has-vivid-cyan-blue-color">https://www.canalkids.com.br/cidadania/genteboa/index.htm</span></a><br>“Ser cidadão” – Site: Canal Kids<br><br></p>



<figure class="wp-block-embed is-type-video is-provider-youtube wp-block-embed-youtube wp-embed-aspect-16-9 wp-has-aspect-ratio"><div class="wp-block-embed__wrapper">
<p class="responsive-video-wrap clr"><iframe title="Minuto Verde, Série Passear e Cuidar [Cuidando da cidade]" width="1200" height="675" src="https://www.youtube.com/embed/m5eVHf-W9T8?feature=oembed" frameborder="0" allow="accelerometer; autoplay; encrypted-media; gyroscope; picture-in-picture" allowfullscreen></iframe></p>
</div><figcaption>“Passear e cuidar da cidade” – Canal: Escola Governo de São Paulo &#8211; Link: <a rel="noreferrer noopener" href="https://www.youtube.com/watch?v=m5eVHf-W9T8" target="_blank"><span class="has-inline-color has-vivid-cyan-blue-color">https://www.youtube.com/watch?v=m5eVHf-W9T8</span></a><br><br></figcaption></figure>



<figure class="wp-block-embed is-type-video is-provider-youtube wp-block-embed-youtube wp-embed-aspect-16-9 wp-has-aspect-ratio"><div class="wp-block-embed__wrapper">
<p class="responsive-video-wrap clr"><iframe title="tipos de bairros" width="1200" height="675" src="https://www.youtube.com/embed/xu_jPFpfobE?feature=oembed" frameborder="0" allow="accelerometer; autoplay; encrypted-media; gyroscope; picture-in-picture" allowfullscreen></iframe></p>
</div><figcaption>“Tipos de bairro” &#8211; Canal: Pamella Santos &#8211; Link: <a rel="noreferrer noopener" href="https://www.youtube.com/watch?v=xu_jPFpfobE" target="_blank"><span class="has-inline-color has-vivid-cyan-blue-color">https://www.youtube.com/watch?v=xu_jPFpfobE</span></a><br><br></figcaption></figure>



<p><a href="http://sme.goiania.go.gov.br/conexaoescola/ef_categoria/ciclo-da-infancia-abc/"><span class="has-inline-color has-vivid-cyan-blue-color">Ética e Cidadania</span></a> | B &#8211; 2º ano<br><br></p>



<figure class="wp-block-table"><table><tbody><tr><td><strong><span style="color:#070707" class="has-inline-color">OBJETO DE CONHECIMENTO</span></strong><br><strong><span style="color:#060606" class="has-inline-color">História</span></strong>: A noção do “Eu” e do “Outro”: registros de experiências pessoais e da comunidade no tempo e no espaço: espaço de vivência e sociabilidade.<br><strong><span style="color:#030505" class="has-inline-color">Língua Portuguesa</span></strong>:<strong> </strong>Escrita autônoma e compartilhada: Organização da sequência de ideias com coerência, na escrita de texto.<br></td><td><strong><span style="color:#030405" class="has-inline-color">HABILIDADES</span></strong><br>(EF02HI01) Reconhecer espaços de sociabilidade e identificar os motivos que aproximam e separam as pessoas em diferentes grupos sociais ou de parentesco.<br><strong>(</strong>EF02LP14) Planejar e produzir pequenos relatos de observação de processos, de fatos, de experiências pessoais, mantendo as características do gênero, considerando a situação comunicativa e o tema/assunto do texto.</td></tr></tbody></table></figure>
