{"id":2734,"date":"2020-06-19T10:44:18","date_gmt":"2020-06-19T13:44:18","guid":{"rendered":"http:\/\/sme.goiania.go.gov.br\/conexaoescola\/?post_type=ensino_fundamental&#038;p=2734"},"modified":"2021-08-18T09:04:59","modified_gmt":"2021-08-18T12:04:59","slug":"a-natureza-tambem-muda","status":"publish","type":"ensino_fundamental","link":"https:\/\/sme.goiania.go.gov.br\/conexaoescola\/ensino_fundamental\/a-natureza-tambem-muda\/","title":{"rendered":"A natureza tamb\u00e9m muda"},"content":{"rendered":"\n<figure class=\"wp-block-embed is-type-video is-provider-youtube wp-block-embed-youtube wp-embed-aspect-16-9 wp-has-aspect-ratio\"><div class=\"wp-block-embed__wrapper\">\n<p class=\"responsive-video-wrap clr\"><iframe title=\"As coisas mudam com o tempo - EF \u2013 Experi\u00eancias e Curiosidades - Turma A\" width=\"1200\" height=\"675\" src=\"https:\/\/www.youtube.com\/embed\/5xvSu0yhQUM?feature=oembed\" frameborder=\"0\" allow=\"accelerometer; autoplay; encrypted-media; gyroscope; picture-in-picture\" allowfullscreen><\/iframe><\/p>\n<\/div><figcaption>Fonte: Youtube, &#8220;As coisas mudam com o tempo &#8211; EF \u2013 Experi\u00eancias e Curiosidades &#8211; Turma A&#8221; do canal Portal Conex\u00e3o Escola<\/figcaption><\/figure>\n\n\n\n<p class=\"has-medium-font-size\">Oieee! Voc\u00ea sabia que muitas coisas podem mudar com o passar do tempo? Pois \u00e9! Voc\u00ea j\u00e1 foi um beb\u00ea e hoje \u00e9 crian\u00e7a. Futuramente, ser\u00e1 adulto. A natureza tamb\u00e9m muda e at\u00e9 o dia vira noite. Se liga a\u00ed, que esse \u00e9 o tema desta aula!<\/p>\n\n\n\n<p class=\"has-medium-font-size\">Veja esse clipe do Canal Mundo Bita \u2013 A natureza sempre se transforma:<\/p>\n\n\n\n<figure class=\"wp-block-embed is-type-video is-provider-youtube wp-block-embed-youtube wp-embed-aspect-16-9 wp-has-aspect-ratio\"><div class=\"wp-block-embed__wrapper\">\n<p class=\"responsive-video-wrap clr\"><iframe title=\"Mundo Bita - Natureza Sempre Se Transforma\" width=\"1200\" height=\"675\" src=\"https:\/\/www.youtube.com\/embed\/ntReWqrlYbE?feature=oembed\" frameborder=\"0\" allow=\"accelerometer; autoplay; encrypted-media; gyroscope; picture-in-picture\" allowfullscreen><\/iframe><\/p>\n<\/div><figcaption>Fonte: Youtube, &#8220;Mundo Bita &#8211; Natureza Sempre Se Transforma&#8221; do canal MundoBitaVEVO<\/figcaption><\/figure>\n\n\n\n<p class=\"has-medium-font-size\">No v\u00eddeo, voc\u00ea viu que a natureza sempre se transforma: a lagarta vira borboleta, o dia vira noite, na colmeia, a abelha faz o mel a partir da flor, o pintinho quebra a casca do ovo e nasce, a semente brota, a planta cresce at\u00e9 nascer a fruta que nos alimenta para a gente crescer e mudar tamb\u00e9m.<\/p>\n\n\n\n<p class=\"has-medium-font-size\"><strong>Desenhe, em seu caderno, duas mudan\u00e7as que voc\u00ea achou interessantes no v\u00eddeo.<\/strong><\/p>\n\n\n\n<p class=\"has-medium-font-size\">S\u00e3o muitas mudan\u00e7as, n\u00e3o \u00e9 mesmo? Olha s\u00f3 um exemplo: a mudan\u00e7a do dia para a noite:<\/p>\n\n\n\n<figure class=\"wp-block-embed is-type-video is-provider-youtube wp-block-embed-youtube wp-embed-aspect-16-9 wp-has-aspect-ratio\"><div class=\"wp-block-embed__wrapper\">\n<p class=\"responsive-video-wrap clr\"><iframe title=\"O Di\u00e1rio de Mika | Quem Apagou o Dia? #Epis\u00f3dio\" width=\"1200\" height=\"675\" src=\"https:\/\/www.youtube.com\/embed\/kbI_lJRIhUw?feature=oembed\" frameborder=\"0\" allow=\"accelerometer; autoplay; encrypted-media; gyroscope; picture-in-picture\" allowfullscreen><\/iframe><\/p>\n<\/div><figcaption>Fonte: O Di\u00e1rio de Mika | Quem Apagou o Dia?&nbsp;<a href=\"https:\/\/www.youtube.com\/results?search_query=%23Epis%C3%B3dio\">#Epis\u00f3dio<\/a><br><\/figcaption><\/figure>\n\n\n\n<p class=\"has-medium-font-size\">Essa mudan\u00e7a interfere na vida de toda a natureza. Olhe para a sua vida. O que voc\u00ea costuma fazer durante o dia? E durante a noite? Voc\u00ea percebeu que, durante a noite, voc\u00ea faz coisas diferentes do que voc\u00ea faz durante o dia?<\/p>\n\n\n\n<p class=\"has-medium-font-size\">Escreva e separe no seu caderno, com a ajuda de um adulto, o que voc\u00ea faz durante o dia e o que voc\u00ea faz durante a noite. Fa\u00e7a um desenho bem caprichado para ilustrar.<\/p>\n\n\n\n<p class=\"has-medium-font-size\">Para saber mais:<\/p>\n\n\n\n<figure class=\"wp-block-embed is-type-video is-provider-youtube wp-block-embed-youtube wp-embed-aspect-4-3 wp-has-aspect-ratio\"><div class=\"wp-block-embed__wrapper\">\n<p class=\"responsive-video-wrap clr\"><iframe title=\"De Onde Vem o Dia e a Noite? #Epis\u00f3dio 8\" width=\"1200\" height=\"900\" src=\"https:\/\/www.youtube.com\/embed\/Nux_3PVdo9U?feature=oembed\" frameborder=\"0\" allow=\"accelerometer; autoplay; encrypted-media; gyroscope; picture-in-picture\" allowfullscreen><\/iframe><\/p>\n<\/div><figcaption>Fonte: De Onde Vem o Dia e a Noite? #Epis\u00f3dio 8 do canal De onde vem?<\/figcaption><\/figure>\n\n\n\n<hr class=\"wp-block-separator\"\/>\n\n\n\n<figure class=\"wp-block-table\"><table><tbody><tr><td>OBJETO DE CONHECIMENTO:&nbsp;Ciclos naturais e a vida cotidiana: fen\u00f4menos e ciclos naturais<\/td><td>HABILIDADES:<strong>&nbsp;<\/strong>(EF01GE05-A) Observar e conhecer os fen\u00f4menos naturais.(EF01GE05-B) Reconhecer a import\u00e2ncia dos fen\u00f4menos naturais para a manuten\u00e7\u00e3o da vida.(EF01GE05-C) Comparar e descrever as din\u00e2micas dos fen\u00f4menos naturais, como dia e noite, varia\u00e7\u00e3o de temperatura e umidade, em diferentes escalas espaciais e temporais, comparando a sua realidade com outras.<\/td><\/tr><\/tbody><\/table><\/figure>\n\n\n\n<hr class=\"wp-block-separator\"\/>\n\n\n\n<p class=\"has-text-align-center\">(\u201cEixo tem\u00e1tico\u201d) Experi\u00eancias e Curiosidades | A &#8211; 1\u00ba ano<\/p>\n","protected":false},"author":14,"featured_media":2735,"template":"","ef_categoria":[13,21],"ef_ano":[],"ef_componente":[],"class_list":["post-2734","ensino_fundamental","type-ensino_fundamental","status-publish","has-post-thumbnail","hentry","ef_categoria-ciclo-da-infancia-abc","ef_categoria-experiencias-e-curiosidades","entry","has-media"],"acf":[],"_links":{"self":[{"href":"https:\/\/sme.goiania.go.gov.br\/conexaoescola\/wp-json\/wp\/v2\/ensino_fundamental\/2734","targetHints":{"allow":["GET"]}}],"collection":[{"href":"https:\/\/sme.goiania.go.gov.br\/conexaoescola\/wp-json\/wp\/v2\/ensino_fundamental"}],"about":[{"href":"https:\/\/sme.goiania.go.gov.br\/conexaoescola\/wp-json\/wp\/v2\/types\/ensino_fundamental"}],"author":[{"embeddable":true,"href":"https:\/\/sme.goiania.go.gov.br\/conexaoescola\/wp-json\/wp\/v2\/users\/14"}],"version-history":[{"count":0,"href":"https:\/\/sme.goiania.go.gov.br\/conexaoescola\/wp-json\/wp\/v2\/ensino_fundamental\/2734\/revisions"}],"wp:featuredmedia":[{"embeddable":true,"href":"https:\/\/sme.goiania.go.gov.br\/conexaoescola\/wp-json\/wp\/v2\/media\/2735"}],"wp:attachment":[{"href":"https:\/\/sme.goiania.go.gov.br\/conexaoescola\/wp-json\/wp\/v2\/media?parent=2734"}],"wp:term":[{"taxonomy":"ef_categoria","embeddable":true,"href":"https:\/\/sme.goiania.go.gov.br\/conexaoescola\/wp-json\/wp\/v2\/ef_categoria?post=2734"},{"taxonomy":"ef_ano","embeddable":true,"href":"https:\/\/sme.goiania.go.gov.br\/conexaoescola\/wp-json\/wp\/v2\/ef_ano?post=2734"},{"taxonomy":"ef_componente","embeddable":true,"href":"https:\/\/sme.goiania.go.gov.br\/conexaoescola\/wp-json\/wp\/v2\/ef_componente?post=2734"}],"curies":[{"name":"wp","href":"https:\/\/api.w.org\/{rel}","templated":true}]}}

A natureza também muda

<figure class="wp-block-embed is-type-video is-provider-youtube wp-block-embed-youtube wp-embed-aspect-16-9 wp-has-aspect-ratio"><div class="wp-block-embed__wrapper">
<p class="responsive-video-wrap clr"><iframe title="As coisas mudam com o tempo - EF – Experiências e Curiosidades - Turma A" width="1200" height="675" src="https://www.youtube.com/embed/5xvSu0yhQUM?feature=oembed" frameborder="0" allow="accelerometer; autoplay; encrypted-media; gyroscope; picture-in-picture" allowfullscreen></iframe></p>
</div><figcaption>Fonte: Youtube, &#8220;As coisas mudam com o tempo &#8211; EF – Experiências e Curiosidades &#8211; Turma A&#8221; do canal Portal Conexão Escola</figcaption></figure>



<p class="has-medium-font-size">Oieee! Você sabia que muitas coisas podem mudar com o passar do tempo? Pois é! Você já foi um bebê e hoje é criança. Futuramente, será adulto. A natureza também muda e até o dia vira noite. Se liga aí, que esse é o tema desta aula!</p>



<p class="has-medium-font-size">Veja esse clipe do Canal Mundo Bita – A natureza sempre se transforma:</p>



<figure class="wp-block-embed is-type-video is-provider-youtube wp-block-embed-youtube wp-embed-aspect-16-9 wp-has-aspect-ratio"><div class="wp-block-embed__wrapper">
<p class="responsive-video-wrap clr"><iframe title="Mundo Bita - Natureza Sempre Se Transforma" width="1200" height="675" src="https://www.youtube.com/embed/ntReWqrlYbE?feature=oembed" frameborder="0" allow="accelerometer; autoplay; encrypted-media; gyroscope; picture-in-picture" allowfullscreen></iframe></p>
</div><figcaption>Fonte: Youtube, &#8220;Mundo Bita &#8211; Natureza Sempre Se Transforma&#8221; do canal MundoBitaVEVO</figcaption></figure>



<p class="has-medium-font-size">No vídeo, você viu que a natureza sempre se transforma: a lagarta vira borboleta, o dia vira noite, na colmeia, a abelha faz o mel a partir da flor, o pintinho quebra a casca do ovo e nasce, a semente brota, a planta cresce até nascer a fruta que nos alimenta para a gente crescer e mudar também.</p>



<p class="has-medium-font-size"><strong>Desenhe, em seu caderno, duas mudanças que você achou interessantes no vídeo.</strong></p>



<p class="has-medium-font-size">São muitas mudanças, não é mesmo? Olha só um exemplo: a mudança do dia para a noite:</p>



<figure class="wp-block-embed is-type-video is-provider-youtube wp-block-embed-youtube wp-embed-aspect-16-9 wp-has-aspect-ratio"><div class="wp-block-embed__wrapper">
<p class="responsive-video-wrap clr"><iframe title="O Diário de Mika | Quem Apagou o Dia? #Episódio" width="1200" height="675" src="https://www.youtube.com/embed/kbI_lJRIhUw?feature=oembed" frameborder="0" allow="accelerometer; autoplay; encrypted-media; gyroscope; picture-in-picture" allowfullscreen></iframe></p>
</div><figcaption>Fonte: O Diário de Mika | Quem Apagou o Dia?&nbsp;<a href="https://www.youtube.com/results?search_query=%23Epis%C3%B3dio">#Episódio</a><br></figcaption></figure>



<p class="has-medium-font-size">Essa mudança interfere na vida de toda a natureza. Olhe para a sua vida. O que você costuma fazer durante o dia? E durante a noite? Você percebeu que, durante a noite, você faz coisas diferentes do que você faz durante o dia?</p>



<p class="has-medium-font-size">Escreva e separe no seu caderno, com a ajuda de um adulto, o que você faz durante o dia e o que você faz durante a noite. Faça um desenho bem caprichado para ilustrar.</p>



<p class="has-medium-font-size">Para saber mais:</p>



<figure class="wp-block-embed is-type-video is-provider-youtube wp-block-embed-youtube wp-embed-aspect-4-3 wp-has-aspect-ratio"><div class="wp-block-embed__wrapper">
<p class="responsive-video-wrap clr"><iframe title="De Onde Vem o Dia e a Noite? #Episódio 8" width="1200" height="900" src="https://www.youtube.com/embed/Nux_3PVdo9U?feature=oembed" frameborder="0" allow="accelerometer; autoplay; encrypted-media; gyroscope; picture-in-picture" allowfullscreen></iframe></p>
</div><figcaption>Fonte: De Onde Vem o Dia e a Noite? #Episódio 8 do canal De onde vem?</figcaption></figure>



<hr class="wp-block-separator"/>



<figure class="wp-block-table"><table><tbody><tr><td>OBJETO DE CONHECIMENTO:&nbsp;Ciclos naturais e a vida cotidiana: fenômenos e ciclos naturais</td><td>HABILIDADES:<strong>&nbsp;</strong>(EF01GE05-A) Observar e conhecer os fenômenos naturais.(EF01GE05-B) Reconhecer a importância dos fenômenos naturais para a manutenção da vida.(EF01GE05-C) Comparar e descrever as dinâmicas dos fenômenos naturais, como dia e noite, variação de temperatura e umidade, em diferentes escalas espaciais e temporais, comparando a sua realidade com outras.</td></tr></tbody></table></figure>



<hr class="wp-block-separator"/>



<p class="has-text-align-center">(“Eixo temático”) Experiências e Curiosidades | A &#8211; 1º ano</p>
