{"id":2714,"date":"2020-06-18T20:09:45","date_gmt":"2020-06-18T23:09:45","guid":{"rendered":"http:\/\/sme.goiania.go.gov.br\/conexaoescola\/?post_type=ensino_fundamental&#038;p=2714"},"modified":"2020-06-18T22:23:00","modified_gmt":"2020-06-19T01:23:00","slug":"as-radiacoes-do-seu-dia-a-dia","status":"publish","type":"ensino_fundamental","link":"https:\/\/sme.goiania.go.gov.br\/conexaoescola\/ensino_fundamental\/as-radiacoes-do-seu-dia-a-dia\/","title":{"rendered":"As Radia\u00e7\u00f5es do seu Dia a Dia"},"content":{"rendered":"\n<p class=\"has-medium-font-size\">Ol\u00e1!<\/p>\n\n\n\n<p class=\"has-medium-font-size\">Voc\u00ea j\u00e1 ouviu falar em \u201cradia\u00e7\u00e3o\u201d? Qual seria sua rea\u00e7\u00e3o ao saber que, a todo o momento, voc\u00ea tem contato com v\u00e1rias radia\u00e7\u00f5es? Isso desperta preocupa\u00e7\u00e3o em voc\u00ea?<\/p>\n\n\n\n<p class=\"has-medium-font-size\">As radia\u00e7\u00f5es fazem parte do nosso dia a dia e, sem elas, n\u00e3o haveria vida no planeta Terra.<\/p>\n\n\n\n<p class=\"has-medium-font-size\">Entenda o porqu\u00ea nesta atividade!<\/p>\n\n\n\n<p class=\"has-medium-font-size\">Para compreender melhor a atividade, \u00e9 importante que voc\u00ea veja o v\u00eddeo abaixo, que explica sobre os \u00e1tomos, elementos qu\u00edmicos e a tabela peri\u00f3dica. Veja com bastante aten\u00e7\u00e3o!<\/p>\n\n\n\n<figure class=\"wp-block-embed-youtube wp-block-embed is-type-video is-provider-youtube wp-embed-aspect-16-9 wp-has-aspect-ratio\"><div class=\"wp-block-embed__wrapper\">\n<p class=\"responsive-video-wrap clr\"><iframe title=\"O Que \u00c9 Um \u00c1tomo? | V\u00eddeos Educativos para Crian\u00e7as\" width=\"1200\" height=\"675\" src=\"https:\/\/www.youtube.com\/embed\/_XgUZ5SuL18?feature=oembed\" frameborder=\"0\" allow=\"accelerometer; autoplay; encrypted-media; gyroscope; picture-in-picture\" allowfullscreen><\/iframe><\/p>\n<\/div><figcaption>Fonte: YouTube. \u201cO que \u00e9 um \u00c1tomo?\u201d \u2013 Canal: Aula 365<br><\/figcaption><\/figure>\n\n\n\n<p class=\"has-medium-font-size\">Como voc\u00ea pode perceber, tudo o que est\u00e1 \u00e0 nossa volta \u00e9 formado por \u00e1tomos. Ao nosso redor, h\u00e1 tamb\u00e9m diversas radia\u00e7\u00f5es. Voc\u00ea saber\u00e1 o que elas s\u00e3o e conhecer\u00e1 alguns exemplos nos v\u00eddeos indicados a seguir:<\/p>\n\n\n\n<figure class=\"wp-block-embed-youtube wp-block-embed is-type-video is-provider-youtube wp-embed-aspect-16-9 wp-has-aspect-ratio\"><div class=\"wp-block-embed__wrapper\">\n<p class=\"responsive-video-wrap clr\"><iframe title=\"O que \u00e9 a radia\u00e7\u00e3o, e como ela interage com os seres vivos?\" width=\"1200\" height=\"675\" src=\"https:\/\/www.youtube.com\/embed\/WzUmXlHI-M8?feature=oembed\" frameborder=\"0\" allow=\"accelerometer; autoplay; encrypted-media; gyroscope; picture-in-picture\" allowfullscreen><\/iframe><\/p>\n<\/div><figcaption>Fonte: YouTube. \u201cO que \u00e9 radia\u00e7\u00e3o e como ela interage com os seres vivos?\u201d Canal: Niu<br><\/figcaption><\/figure>\n\n\n\n<figure class=\"wp-block-embed-youtube wp-block-embed is-type-video is-provider-youtube wp-embed-aspect-16-9 wp-has-aspect-ratio\"><div class=\"wp-block-embed__wrapper\">\n<p class=\"responsive-video-wrap clr\"><iframe title=\"Quer que desenhe? Espectro eletromagn\u00e9tico\" width=\"1200\" height=\"675\" src=\"https:\/\/www.youtube.com\/embed\/3po0Ek5aPKE?feature=oembed\" frameborder=\"0\" allow=\"accelerometer; autoplay; encrypted-media; gyroscope; picture-in-picture\" allowfullscreen><\/iframe><\/p>\n<\/div><figcaption>Fonte: YouTube. \u201cEspectro Eletromagn\u00e9tico\u201d \u2013 Canal: QuerQueDesenhe<br>&nbsp;<br><\/figcaption><\/figure>\n\n\n\n<p class=\"has-medium-font-size\">Relembre, reflita e, se poss\u00edvel, pesquise e converse com seus familiares sobre as quest\u00f5es abaixo. N\u00e3o se esque\u00e7a de respond\u00ea-las no seu caderno:<\/p>\n\n\n\n<p class=\"has-medium-font-size\">&#8211; O que \u00e9 radia\u00e7\u00e3o?<\/p>\n\n\n\n<p class=\"has-medium-font-size\">&#8211; Quais s\u00e3o algumas das radia\u00e7\u00f5es do nosso dia a dia?<\/p>\n\n\n\n<p class=\"has-medium-font-size\">&#8211; Quais s\u00e3o as principais diferen\u00e7as entre as radia\u00e7\u00f5es ionizantes e n\u00e3o ionizantes?<\/p>\n\n\n\n<p class=\"has-medium-font-size\">&#8211; Por que durante o dia o c\u00e9u tem tons azuis?<\/p>\n\n\n\n<p class=\"has-medium-font-size\">&#8211; Como os cientistas percebem o que h\u00e1 em outros planetas sem terem ido at\u00e9 eles?<\/p>\n\n\n\n<p class=\"has-medium-font-size\">&#8211; Quais seriam poss\u00edveis solu\u00e7\u00f5es para lidar com as radia\u00e7\u00f5es na explora\u00e7\u00e3o espacial?<\/p>\n\n\n\n<p class=\"has-medium-font-size\">Voc\u00ea quer saber por que sem a radia\u00e7\u00e3o n\u00e3o haveria vida na Terra?<\/p>\n\n\n\n<p class=\"has-medium-font-size\">Porque as radia\u00e7\u00f5es solares aquecem o planeta e tamb\u00e9m s\u00e3o essenciais no processo da fotoss\u00edntese. A fotoss\u00edntese garante a nutri\u00e7\u00e3o das plantas, que, por sua vez, alimentam os seres vivos herb\u00edvoros e on\u00edvoros, que s\u00e3o alimentos dos animais carn\u00edvoros.<\/p>\n\n\n\n<p class=\"has-medium-font-size\">N\u00e3o \u00e9 interessante?<\/p>\n\n\n\n<p class=\"has-medium-font-size\">Agora, com base nessas reflex\u00f5es, fa\u00e7a no seu caderno uma reda\u00e7\u00e3o com o t\u00edtulo: \u201cA Radia\u00e7\u00e3o\u201d. N\u00e3o se esque\u00e7a de separar os par\u00e1grafos e escrever com bastante aten\u00e7\u00e3o!<\/p>\n\n\n\n<p class=\"has-medium-font-size\">At\u00e9 mais! Cuide-se bem!<\/p>\n\n\n\n<p class=\"has-medium-font-size\"><strong>Para Saber Mais:<\/strong><\/p>\n\n\n\n<p><a href=\"https:\/\/escolakids.uol.com.br\/ciencias\/tipos-radiacoes.htm\">https:\/\/escolakids.uol.com.br\/ciencias\/tipos-radiacoes.htm<\/a><\/p>\n\n\n\n<p>\u201cTipos de Radia\u00e7\u00f5es\u201d &#8211; Diogo Lopes Dias \u2013 Site: Escola Kids)<\/p>\n\n\n\n<p><a href=\"https:\/\/www.inca.gov.br\/exposicao-no-trabalho-e-no-ambiente\/radiacoes\/radiacoes-nao-ionizantes\">https:\/\/www.inca.gov.br\/exposicao-no-trabalho-e-no-ambiente\/radiacoes\/radiacoes-nao-ionizantes<\/a><\/p>\n\n\n\n<p>\u201cRadia\u00e7\u00f5es N\u00e3o Ionizantes\u201d \u2013 Site: Inca\/Minist\u00e9rio da Sa\u00fade<\/p>\n\n\n\n<figure class=\"wp-block-table\"><table><tbody><tr><td><strong>OBJETO DE CONHECIMENTO<\/strong><br>Radia\u00e7\u00e3o &#8211; Espectros e comportamento da luz; transmiss\u00e3o e recep\u00e7\u00e3o da imagem e do som.<\/td><td><strong>HABILIDADES<\/strong>&nbsp;(EF09CI05) Investigar os principais mecanismos envolvidos na transmiss\u00e3o e recep\u00e7\u00e3o de imagem e som que revolucionaram os sistemas de comunica\u00e7\u00e3o humana.<\/td><\/tr><\/tbody><\/table><figcaption><br><\/figcaption><\/figure>\n\n\n\n<p><\/p>\n","protected":false},"author":13,"featured_media":2726,"template":"","ef_categoria":[16,37],"ef_ano":[],"ef_componente":[],"class_list":["post-2714","ensino_fundamental","type-ensino_fundamental","status-publish","has-post-thumbnail","hentry","ef_categoria-ciclo-da-adolescencia-hi","ef_categoria-experiencias-e-curiosidades-ciclo-da-adolescencia-hi","entry","has-media"],"acf":[],"_links":{"self":[{"href":"https:\/\/sme.goiania.go.gov.br\/conexaoescola\/wp-json\/wp\/v2\/ensino_fundamental\/2714","targetHints":{"allow":["GET"]}}],"collection":[{"href":"https:\/\/sme.goiania.go.gov.br\/conexaoescola\/wp-json\/wp\/v2\/ensino_fundamental"}],"about":[{"href":"https:\/\/sme.goiania.go.gov.br\/conexaoescola\/wp-json\/wp\/v2\/types\/ensino_fundamental"}],"author":[{"embeddable":true,"href":"https:\/\/sme.goiania.go.gov.br\/conexaoescola\/wp-json\/wp\/v2\/users\/13"}],"version-history":[{"count":0,"href":"https:\/\/sme.goiania.go.gov.br\/conexaoescola\/wp-json\/wp\/v2\/ensino_fundamental\/2714\/revisions"}],"wp:featuredmedia":[{"embeddable":true,"href":"https:\/\/sme.goiania.go.gov.br\/conexaoescola\/wp-json\/wp\/v2\/media\/2726"}],"wp:attachment":[{"href":"https:\/\/sme.goiania.go.gov.br\/conexaoescola\/wp-json\/wp\/v2\/media?parent=2714"}],"wp:term":[{"taxonomy":"ef_categoria","embeddable":true,"href":"https:\/\/sme.goiania.go.gov.br\/conexaoescola\/wp-json\/wp\/v2\/ef_categoria?post=2714"},{"taxonomy":"ef_ano","embeddable":true,"href":"https:\/\/sme.goiania.go.gov.br\/conexaoescola\/wp-json\/wp\/v2\/ef_ano?post=2714"},{"taxonomy":"ef_componente","embeddable":true,"href":"https:\/\/sme.goiania.go.gov.br\/conexaoescola\/wp-json\/wp\/v2\/ef_componente?post=2714"}],"curies":[{"name":"wp","href":"https:\/\/api.w.org\/{rel}","templated":true}]}}

As Radiações do seu Dia a Dia

<p class="has-medium-font-size">Olá!</p>



<p class="has-medium-font-size">Você já ouviu falar em “radiação”? Qual seria sua reação ao saber que, a todo o momento, você tem contato com várias radiações? Isso desperta preocupação em você?</p>



<p class="has-medium-font-size">As radiações fazem parte do nosso dia a dia e, sem elas, não haveria vida no planeta Terra.</p>



<p class="has-medium-font-size">Entenda o porquê nesta atividade!</p>



<p class="has-medium-font-size">Para compreender melhor a atividade, é importante que você veja o vídeo abaixo, que explica sobre os átomos, elementos químicos e a tabela periódica. Veja com bastante atenção!</p>



<figure class="wp-block-embed-youtube wp-block-embed is-type-video is-provider-youtube wp-embed-aspect-16-9 wp-has-aspect-ratio"><div class="wp-block-embed__wrapper">
<p class="responsive-video-wrap clr"><iframe title="O Que É Um Átomo? | Vídeos Educativos para Crianças" width="1200" height="675" src="https://www.youtube.com/embed/_XgUZ5SuL18?feature=oembed" frameborder="0" allow="accelerometer; autoplay; encrypted-media; gyroscope; picture-in-picture" allowfullscreen></iframe></p>
</div><figcaption>Fonte: YouTube. “O que é um Átomo?” – Canal: Aula 365<br></figcaption></figure>



<p class="has-medium-font-size">Como você pode perceber, tudo o que está à nossa volta é formado por átomos. Ao nosso redor, há também diversas radiações. Você saberá o que elas são e conhecerá alguns exemplos nos vídeos indicados a seguir:</p>



<figure class="wp-block-embed-youtube wp-block-embed is-type-video is-provider-youtube wp-embed-aspect-16-9 wp-has-aspect-ratio"><div class="wp-block-embed__wrapper">
<p class="responsive-video-wrap clr"><iframe title="O que é a radiação, e como ela interage com os seres vivos?" width="1200" height="675" src="https://www.youtube.com/embed/WzUmXlHI-M8?feature=oembed" frameborder="0" allow="accelerometer; autoplay; encrypted-media; gyroscope; picture-in-picture" allowfullscreen></iframe></p>
</div><figcaption>Fonte: YouTube. “O que é radiação e como ela interage com os seres vivos?” Canal: Niu<br></figcaption></figure>



<figure class="wp-block-embed-youtube wp-block-embed is-type-video is-provider-youtube wp-embed-aspect-16-9 wp-has-aspect-ratio"><div class="wp-block-embed__wrapper">
<p class="responsive-video-wrap clr"><iframe title="Quer que desenhe? Espectro eletromagnético" width="1200" height="675" src="https://www.youtube.com/embed/3po0Ek5aPKE?feature=oembed" frameborder="0" allow="accelerometer; autoplay; encrypted-media; gyroscope; picture-in-picture" allowfullscreen></iframe></p>
</div><figcaption>Fonte: YouTube. “Espectro Eletromagnético” – Canal: QuerQueDesenhe<br>&nbsp;<br></figcaption></figure>



<p class="has-medium-font-size">Relembre, reflita e, se possível, pesquise e converse com seus familiares sobre as questões abaixo. Não se esqueça de respondê-las no seu caderno:</p>



<p class="has-medium-font-size">&#8211; O que é radiação?</p>



<p class="has-medium-font-size">&#8211; Quais são algumas das radiações do nosso dia a dia?</p>



<p class="has-medium-font-size">&#8211; Quais são as principais diferenças entre as radiações ionizantes e não ionizantes?</p>



<p class="has-medium-font-size">&#8211; Por que durante o dia o céu tem tons azuis?</p>



<p class="has-medium-font-size">&#8211; Como os cientistas percebem o que há em outros planetas sem terem ido até eles?</p>



<p class="has-medium-font-size">&#8211; Quais seriam possíveis soluções para lidar com as radiações na exploração espacial?</p>



<p class="has-medium-font-size">Você quer saber por que sem a radiação não haveria vida na Terra?</p>



<p class="has-medium-font-size">Porque as radiações solares aquecem o planeta e também são essenciais no processo da fotossíntese. A fotossíntese garante a nutrição das plantas, que, por sua vez, alimentam os seres vivos herbívoros e onívoros, que são alimentos dos animais carnívoros.</p>



<p class="has-medium-font-size">Não é interessante?</p>



<p class="has-medium-font-size">Agora, com base nessas reflexões, faça no seu caderno uma redação com o título: “A Radiação”. Não se esqueça de separar os parágrafos e escrever com bastante atenção!</p>



<p class="has-medium-font-size">Até mais! Cuide-se bem!</p>



<p class="has-medium-font-size"><strong>Para Saber Mais:</strong></p>



<p><a href="https://escolakids.uol.com.br/ciencias/tipos-radiacoes.htm">https://escolakids.uol.com.br/ciencias/tipos-radiacoes.htm</a></p>



<p>“Tipos de Radiações” &#8211; Diogo Lopes Dias – Site: Escola Kids)</p>



<p><a href="https://www.inca.gov.br/exposicao-no-trabalho-e-no-ambiente/radiacoes/radiacoes-nao-ionizantes">https://www.inca.gov.br/exposicao-no-trabalho-e-no-ambiente/radiacoes/radiacoes-nao-ionizantes</a></p>



<p>“Radiações Não Ionizantes” – Site: Inca/Ministério da Saúde</p>



<figure class="wp-block-table"><table><tbody><tr><td><strong>OBJETO DE CONHECIMENTO</strong><br>Radiação &#8211; Espectros e comportamento da luz; transmissão e recepção da imagem e do som.</td><td><strong>HABILIDADES</strong>&nbsp;(EF09CI05) Investigar os principais mecanismos envolvidos na transmissão e recepção de imagem e som que revolucionaram os sistemas de comunicação humana.</td></tr></tbody></table><figcaption><br></figcaption></figure>



<p></p>
