{"id":2666,"date":"2020-06-17T15:11:18","date_gmt":"2020-06-17T18:11:18","guid":{"rendered":"http:\/\/sme.goiania.go.gov.br\/conexaoescola\/?post_type=ensino_fundamental&#038;p=2666"},"modified":"2020-06-17T15:11:20","modified_gmt":"2020-06-17T18:11:20","slug":"retratos","status":"publish","type":"ensino_fundamental","link":"https:\/\/sme.goiania.go.gov.br\/conexaoescola\/ensino_fundamental\/retratos\/","title":{"rendered":"Retratos"},"content":{"rendered":"\n<p>Assista ao v\u00eddeo e observe, principalmente, a obra ABAPORU, de Tarsila do Amaral:<br><\/p>\n\n\n\n<figure class=\"wp-block-embed-youtube wp-block-embed is-type-video is-provider-youtube wp-embed-aspect-16-9 wp-has-aspect-ratio\"><div class=\"wp-block-embed__wrapper\">\n<p class=\"responsive-video-wrap clr\"><iframe title=\"A trajet\u00f3ria de Tarsila do Amaral\" width=\"1200\" height=\"675\" src=\"https:\/\/www.youtube.com\/embed\/0vWwEQeKTEw?feature=oembed\" frameborder=\"0\" allow=\"accelerometer; autoplay; encrypted-media; gyroscope; picture-in-picture\" allowfullscreen><\/iframe><\/p>\n<\/div><figcaption>&#8220;A trajet\u00f3ria de Tarsila do Amaral&#8221; \u2013 Canal Metr\u00f3polis &#8211; Link: <a rel=\"noreferrer noopener\" href=\"https:\/\/www.youtube.com\/watch?v=0vWwEQeKTEw\" target=\"_blank\"><span class=\"has-inline-color has-vivid-cyan-blue-color\">https:\/\/www.youtube.com\/watch?v=0vWwEQeKTEw<\/span><\/a><br><br><\/figcaption><\/figure>\n\n\n\n<p>Agora que voc\u00ea observou a imagem no v\u00eddeo da principal obra de Tarsila do Amaral, o ABAPORU, pense sobre alguns questionamentos:<\/p>\n\n\n\n<ul class=\"wp-block-list\"><li>Por que Tarsila pintou assim?<\/li><li>O que queria dizer?<\/li><li>O que quer dizer \u201cAbaporu\u201d?<\/li><li>Por que esse nome?<\/li><li>Por que a tela foi pintada desse modo, com essas formas, essas cores?<\/li><\/ul>\n\n\n\n<p>Al\u00e9m do que o v\u00eddeo apresentou sobre a obra ABAPORU, h\u00e1 registros que dizem que Tarsila pode ter pintado olhando para si mesma no espelho e vendo, de maneira distorcida, a sua pr\u00f3pria imagem. Ser\u00e1 que \u00e9 poss\u00edvel? Que tal experimentar?<\/p>\n\n\n\n<p>Primeiro, observe a si mesmo em frente ao espelho. Repare como \u00e9 seu rosto, seu cabelo, seu nariz, sua boca, seus olhos, seus bra\u00e7os, suas pernas, seu corpo.<\/p>\n\n\n\n<p>Em seguida, brinque com o espelho, coloque-o em outras posi\u00e7\u00f5es. Veja como voc\u00ea pode ser visto por posi\u00e7\u00f5es diferentes:<\/p>\n\n\n\n<ul class=\"wp-block-list\"><li>de lado;<\/li><li>deitado no ch\u00e3o com o espelho acima do seu corpo;<\/li><li>com o espelho no ch\u00e3o, se observando de baixo para cima.<\/li><\/ul>\n\n\n\n<p>Depois de fazer esse exerc\u00edcio com o espelho e se observar, desenhe num papel qual a imagem que voc\u00ea mais achou interessante. Ressalte os tra\u00e7os distorcidos que foram marcantes na sua imagem e acrescente detalhes que mostre onde voc\u00ea gostaria de estar (paisagem, sala, quarto, parque de divers\u00f5es, escola, etc).<\/p>\n\n\n\n<p>Voc\u00ea poder\u00e1 ainda colorir seu desenho com qualquer material dispon\u00edvel e, depois, coloque-o em um lugar de destaque na sua casa.<\/p>\n\n\n\n<p>Solte a sua imagina\u00e7\u00e3o e bom trabalho!<br><\/p>\n\n\n\n<p><strong><span style=\"color:#000000\" class=\"has-inline-color\">SAIBA MAIS:<\/span><\/strong><br><br><\/p>\n\n\n\n<figure class=\"wp-block-embed-youtube wp-block-embed is-type-video is-provider-youtube wp-embed-aspect-4-3 wp-has-aspect-ratio\"><div class=\"wp-block-embed__wrapper\">\n<p class=\"responsive-video-wrap clr\"><iframe title=\"Arte na Tela - IZA COSTA- Parte1de2\" width=\"1200\" height=\"900\" src=\"https:\/\/www.youtube.com\/embed\/TWz_fqmqj5I?feature=oembed\" frameborder=\"0\" allow=\"accelerometer; autoplay; encrypted-media; gyroscope; picture-in-picture\" allowfullscreen><\/iframe><\/p>\n<\/div><figcaption>&#8220;Arte na Tela &#8211; IZA COSTA- Parte 1 de 2&#8221; \u2013 Canal TV Assembleia &#8211; Link: <a rel=\"noreferrer noopener\" href=\"https:\/\/www.youtube.com\/watch?v=TWz_fqmqj5I\" target=\"_blank\"><span class=\"has-inline-color has-vivid-cyan-blue-color\">https:\/\/www.youtube.com\/watch?v=TWz_fqmqj5I<\/span><\/a><br><br><\/figcaption><\/figure>\n\n\n\n<figure class=\"wp-block-embed-youtube wp-block-embed is-type-video is-provider-youtube wp-embed-aspect-4-3 wp-has-aspect-ratio\"><div class=\"wp-block-embed__wrapper\">\n<p class=\"responsive-video-wrap clr\"><iframe title=\"OBRAS DE TARSILA DO AMARAL\" width=\"1200\" height=\"900\" src=\"https:\/\/www.youtube.com\/embed\/xEsQ2dtE6aQ?feature=oembed\" frameborder=\"0\" allow=\"accelerometer; autoplay; encrypted-media; gyroscope; picture-in-picture\" allowfullscreen><\/iframe><\/p>\n<\/div><figcaption>&#8220;Artista goiano abre exposi\u00e7\u00e3o Casa Colagem pela primeira vez em Goi\u00e2nia&#8221; \u2013 Canal 2008CarlosPena &#8211; Link: <a rel=\"noreferrer noopener\" href=\"https:\/\/www.youtube.com\/watch?v=xEsQ2dtE6aQ\" target=\"_blank\"><span class=\"has-inline-color has-vivid-cyan-blue-color\">https:\/\/www.youtube.com\/watch?v=xEsQ2dtE6aQ<\/span><\/a><br><br><\/figcaption><\/figure>\n\n\n\n<figure class=\"wp-block-embed-youtube wp-block-embed is-type-video is-provider-youtube wp-embed-aspect-16-9 wp-has-aspect-ratio\"><div class=\"wp-block-embed__wrapper\">\n<p class=\"responsive-video-wrap clr\"><iframe title=\"Gilvan cabral\" width=\"1200\" height=\"675\" src=\"https:\/\/www.youtube.com\/embed\/G9Legts_NW0?feature=oembed\" frameborder=\"0\" allow=\"accelerometer; autoplay; encrypted-media; gyroscope; picture-in-picture\" allowfullscreen><\/iframe><\/p>\n<\/div><figcaption>&#8220;Gilvan Cabral&#8221; \u2013 Canal Gabriel Sosnoski &#8211; Link: <a href=\"https:\/\/www.youtube.com\/watch?v=G9Legts_NW0\"><span class=\"has-inline-color has-vivid-cyan-blue-color\">https:\/\/www.youtube.com\/watch?v=G9Legts_NW0<\/span><\/a><br><br><\/figcaption><\/figure>\n\n\n\n<figure class=\"wp-block-embed-youtube wp-block-embed is-type-video is-provider-youtube wp-embed-aspect-16-9 wp-has-aspect-ratio\"><div class=\"wp-block-embed__wrapper\">\n<p class=\"responsive-video-wrap clr\"><iframe title=\"16 L\u00e1 vem hist\u00f3ria   Di Cavalcanti\" width=\"1200\" height=\"675\" src=\"https:\/\/www.youtube.com\/embed\/Q9hAZZYAhZc?feature=oembed\" frameborder=\"0\" allow=\"accelerometer; autoplay; encrypted-media; gyroscope; picture-in-picture\" allowfullscreen><\/iframe><\/p>\n<\/div><figcaption>&#8220;16 L\u00e1 vem hist\u00f3ria Di Cavalcanti&#8221; \u2013 Canal Renata Ramiro \u2013 Link: <a rel=\"noreferrer noopener\" href=\"https:\/\/www.youtube.com\/watch?v=Q9hAZZYAhZc\" target=\"_blank\"><span class=\"has-inline-color has-vivid-cyan-blue-color\">https:\/\/www.youtube.com\/watch?v=Q9hAZZYAhZc<\/span><\/a><br><br><\/figcaption><\/figure>\n\n\n\n<p><a href=\"http:\/\/sme.goiania.go.gov.br\/conexaoescola\/ef_categoria\/ciclo-da-adolescencia-fg\/\"><span class=\"has-inline-color has-vivid-cyan-blue-color\">Corpo, Express\u00e3o e Movimento<\/span><\/a>\u23b9\u00a0 G &#8211; 7\u00ba ANO<br><br><\/p>\n\n\n\n<figure class=\"wp-block-table\"><table><tbody><tr><td><strong>OBJETO DE CONHECIMENTO:<\/strong><br>Contextos e Pr\u00e1ticas:Formas distintas das artes visuais tradicionais e contempor\u00e2neas locais, regionais e nacionais.<br><br><br><br><br><br><br><br><br><\/td><td><strong>HABILIDADES:<\/strong><br>(GO-EF07AR01-A) Apontar, relacionar, compreender criticamente as formas distintas das artes visuais tradicionais e contempor\u00e2neas, locais, regionais e nacionais, desenvolvendo a percep\u00e7\u00e3o, o imagin\u00e1rio, o pensamento cr\u00edtico e sens\u00edvel, a capacidade de simbolizar e valorizar o repert\u00f3rio imag\u00e9tico pessoal e do cotidiano.(GO-EF07AR01) Pesquisar, apreciar, analisar formas distintas das artes visuais tradicionais e contempor\u00e2neas, em obras de artistas goianos, brasileiros, bem como estrangeiros, de diferentes \u00e9pocas e em diferentes matrizes est\u00e9ticas e culturais, de modo a ampliar a experi\u00eancia com diferentes contextos e pr\u00e1ticas art\u00edstico-visuais e cultivar a percep\u00e7\u00e3o, o imagin\u00e1rio, a capacidade de simbolizar, de interpretar e ampliar o repert\u00f3rio imag\u00e9tico.<\/td><\/tr><\/tbody><\/table><\/figure>\n","protected":false},"author":7,"featured_media":2669,"template":"","ef_categoria":[15,27],"ef_ano":[],"ef_componente":[],"class_list":["post-2666","ensino_fundamental","type-ensino_fundamental","status-publish","has-post-thumbnail","hentry","ef_categoria-ciclo-da-adolescencia-fg","ef_categoria-corpo-e-movimento-ciclo-da-adolescencia-fg","entry","has-media"],"acf":[],"_links":{"self":[{"href":"https:\/\/sme.goiania.go.gov.br\/conexaoescola\/wp-json\/wp\/v2\/ensino_fundamental\/2666","targetHints":{"allow":["GET"]}}],"collection":[{"href":"https:\/\/sme.goiania.go.gov.br\/conexaoescola\/wp-json\/wp\/v2\/ensino_fundamental"}],"about":[{"href":"https:\/\/sme.goiania.go.gov.br\/conexaoescola\/wp-json\/wp\/v2\/types\/ensino_fundamental"}],"author":[{"embeddable":true,"href":"https:\/\/sme.goiania.go.gov.br\/conexaoescola\/wp-json\/wp\/v2\/users\/7"}],"version-history":[{"count":0,"href":"https:\/\/sme.goiania.go.gov.br\/conexaoescola\/wp-json\/wp\/v2\/ensino_fundamental\/2666\/revisions"}],"wp:featuredmedia":[{"embeddable":true,"href":"https:\/\/sme.goiania.go.gov.br\/conexaoescola\/wp-json\/wp\/v2\/media\/2669"}],"wp:attachment":[{"href":"https:\/\/sme.goiania.go.gov.br\/conexaoescola\/wp-json\/wp\/v2\/media?parent=2666"}],"wp:term":[{"taxonomy":"ef_categoria","embeddable":true,"href":"https:\/\/sme.goiania.go.gov.br\/conexaoescola\/wp-json\/wp\/v2\/ef_categoria?post=2666"},{"taxonomy":"ef_ano","embeddable":true,"href":"https:\/\/sme.goiania.go.gov.br\/conexaoescola\/wp-json\/wp\/v2\/ef_ano?post=2666"},{"taxonomy":"ef_componente","embeddable":true,"href":"https:\/\/sme.goiania.go.gov.br\/conexaoescola\/wp-json\/wp\/v2\/ef_componente?post=2666"}],"curies":[{"name":"wp","href":"https:\/\/api.w.org\/{rel}","templated":true}]}}

<p>Assista ao vídeo e observe, principalmente, a obra ABAPORU, de Tarsila do Amaral:<br></p>



<figure class="wp-block-embed-youtube wp-block-embed is-type-video is-provider-youtube wp-embed-aspect-16-9 wp-has-aspect-ratio"><div class="wp-block-embed__wrapper">
<p class="responsive-video-wrap clr"><iframe title="A trajetória de Tarsila do Amaral" width="1200" height="675" src="https://www.youtube.com/embed/0vWwEQeKTEw?feature=oembed" frameborder="0" allow="accelerometer; autoplay; encrypted-media; gyroscope; picture-in-picture" allowfullscreen></iframe></p>
</div><figcaption>&#8220;A trajetória de Tarsila do Amaral&#8221; – Canal Metrópolis &#8211; Link: <a rel="noreferrer noopener" href="https://www.youtube.com/watch?v=0vWwEQeKTEw" target="_blank"><span class="has-inline-color has-vivid-cyan-blue-color">https://www.youtube.com/watch?v=0vWwEQeKTEw</span></a><br><br></figcaption></figure>



<p>Agora que você observou a imagem no vídeo da principal obra de Tarsila do Amaral, o ABAPORU, pense sobre alguns questionamentos:</p>



<ul class="wp-block-list"><li>Por que Tarsila pintou assim?</li><li>O que queria dizer?</li><li>O que quer dizer “Abaporu”?</li><li>Por que esse nome?</li><li>Por que a tela foi pintada desse modo, com essas formas, essas cores?</li></ul>



<p>Além do que o vídeo apresentou sobre a obra ABAPORU, há registros que dizem que Tarsila pode ter pintado olhando para si mesma no espelho e vendo, de maneira distorcida, a sua própria imagem. Será que é possível? Que tal experimentar?</p>



<p>Primeiro, observe a si mesmo em frente ao espelho. Repare como é seu rosto, seu cabelo, seu nariz, sua boca, seus olhos, seus braços, suas pernas, seu corpo.</p>



<p>Em seguida, brinque com o espelho, coloque-o em outras posições. Veja como você pode ser visto por posições diferentes:</p>



<ul class="wp-block-list"><li>de lado;</li><li>deitado no chão com o espelho acima do seu corpo;</li><li>com o espelho no chão, se observando de baixo para cima.</li></ul>



<p>Depois de fazer esse exercício com o espelho e se observar, desenhe num papel qual a imagem que você mais achou interessante. Ressalte os traços distorcidos que foram marcantes na sua imagem e acrescente detalhes que mostre onde você gostaria de estar (paisagem, sala, quarto, parque de diversões, escola, etc).</p>



<p>Você poderá ainda colorir seu desenho com qualquer material disponível e, depois, coloque-o em um lugar de destaque na sua casa.</p>



<p>Solte a sua imaginação e bom trabalho!<br></p>



<p><strong><span style="color:#000000" class="has-inline-color">SAIBA MAIS:</span></strong><br><br></p>



<figure class="wp-block-embed-youtube wp-block-embed is-type-video is-provider-youtube wp-embed-aspect-4-3 wp-has-aspect-ratio"><div class="wp-block-embed__wrapper">
<p class="responsive-video-wrap clr"><iframe title="Arte na Tela - IZA COSTA- Parte1de2" width="1200" height="900" src="https://www.youtube.com/embed/TWz_fqmqj5I?feature=oembed" frameborder="0" allow="accelerometer; autoplay; encrypted-media; gyroscope; picture-in-picture" allowfullscreen></iframe></p>
</div><figcaption>&#8220;Arte na Tela &#8211; IZA COSTA- Parte 1 de 2&#8221; – Canal TV Assembleia &#8211; Link: <a rel="noreferrer noopener" href="https://www.youtube.com/watch?v=TWz_fqmqj5I" target="_blank"><span class="has-inline-color has-vivid-cyan-blue-color">https://www.youtube.com/watch?v=TWz_fqmqj5I</span></a><br><br></figcaption></figure>



<figure class="wp-block-embed-youtube wp-block-embed is-type-video is-provider-youtube wp-embed-aspect-4-3 wp-has-aspect-ratio"><div class="wp-block-embed__wrapper">
<p class="responsive-video-wrap clr"><iframe title="OBRAS DE TARSILA DO AMARAL" width="1200" height="900" src="https://www.youtube.com/embed/xEsQ2dtE6aQ?feature=oembed" frameborder="0" allow="accelerometer; autoplay; encrypted-media; gyroscope; picture-in-picture" allowfullscreen></iframe></p>
</div><figcaption>&#8220;Artista goiano abre exposição Casa Colagem pela primeira vez em Goiânia&#8221; – Canal 2008CarlosPena &#8211; Link: <a rel="noreferrer noopener" href="https://www.youtube.com/watch?v=xEsQ2dtE6aQ" target="_blank"><span class="has-inline-color has-vivid-cyan-blue-color">https://www.youtube.com/watch?v=xEsQ2dtE6aQ</span></a><br><br></figcaption></figure>



<figure class="wp-block-embed-youtube wp-block-embed is-type-video is-provider-youtube wp-embed-aspect-16-9 wp-has-aspect-ratio"><div class="wp-block-embed__wrapper">
<p class="responsive-video-wrap clr"><iframe title="Gilvan cabral" width="1200" height="675" src="https://www.youtube.com/embed/G9Legts_NW0?feature=oembed" frameborder="0" allow="accelerometer; autoplay; encrypted-media; gyroscope; picture-in-picture" allowfullscreen></iframe></p>
</div><figcaption>&#8220;Gilvan Cabral&#8221; – Canal Gabriel Sosnoski &#8211; Link: <a href="https://www.youtube.com/watch?v=G9Legts_NW0"><span class="has-inline-color has-vivid-cyan-blue-color">https://www.youtube.com/watch?v=G9Legts_NW0</span></a><br><br></figcaption></figure>



<figure class="wp-block-embed-youtube wp-block-embed is-type-video is-provider-youtube wp-embed-aspect-16-9 wp-has-aspect-ratio"><div class="wp-block-embed__wrapper">
<p class="responsive-video-wrap clr"><iframe title="16 Lá vem história   Di Cavalcanti" width="1200" height="675" src="https://www.youtube.com/embed/Q9hAZZYAhZc?feature=oembed" frameborder="0" allow="accelerometer; autoplay; encrypted-media; gyroscope; picture-in-picture" allowfullscreen></iframe></p>
</div><figcaption>&#8220;16 Lá vem história Di Cavalcanti&#8221; – Canal Renata Ramiro – Link: <a rel="noreferrer noopener" href="https://www.youtube.com/watch?v=Q9hAZZYAhZc" target="_blank"><span class="has-inline-color has-vivid-cyan-blue-color">https://www.youtube.com/watch?v=Q9hAZZYAhZc</span></a><br><br></figcaption></figure>



<p><a href="http://sme.goiania.go.gov.br/conexaoescola/ef_categoria/ciclo-da-adolescencia-fg/"><span class="has-inline-color has-vivid-cyan-blue-color">Corpo, Expressão e Movimento</span></a>⎹  G &#8211; 7º ANO<br><br></p>



<figure class="wp-block-table"><table><tbody><tr><td><strong>OBJETO DE CONHECIMENTO:</strong><br>Contextos e Práticas:Formas distintas das artes visuais tradicionais e contemporâneas locais, regionais e nacionais.<br><br><br><br><br><br><br><br><br></td><td><strong>HABILIDADES:</strong><br>(GO-EF07AR01-A) Apontar, relacionar, compreender criticamente as formas distintas das artes visuais tradicionais e contemporâneas, locais, regionais e nacionais, desenvolvendo a percepção, o imaginário, o pensamento crítico e sensível, a capacidade de simbolizar e valorizar o repertório imagético pessoal e do cotidiano.(GO-EF07AR01) Pesquisar, apreciar, analisar formas distintas das artes visuais tradicionais e contemporâneas, em obras de artistas goianos, brasileiros, bem como estrangeiros, de diferentes épocas e em diferentes matrizes estéticas e culturais, de modo a ampliar a experiência com diferentes contextos e práticas artístico-visuais e cultivar a percepção, o imaginário, a capacidade de simbolizar, de interpretar e ampliar o repertório imagético.</td></tr></tbody></table></figure>
