{"id":2663,"date":"2020-06-17T14:46:50","date_gmt":"2020-06-17T17:46:50","guid":{"rendered":"http:\/\/sme.goiania.go.gov.br\/conexaoescola\/?post_type=ensino_fundamental&#038;p=2663"},"modified":"2020-06-17T14:47:34","modified_gmt":"2020-06-17T17:47:34","slug":"autorretrato","status":"publish","type":"ensino_fundamental","link":"https:\/\/sme.goiania.go.gov.br\/conexaoescola\/ensino_fundamental\/autorretrato\/","title":{"rendered":"Autorretrato"},"content":{"rendered":"\n<p>Voc\u00ea gosta de Arte?? Ent\u00e3o assista ao v\u00eddeo, aprecie as pinturas e observe a obra mais famosa de Tarsila do Amaral, ABAPORU, dedicada ao seu marido, Oswald de Andrade:<br><br><\/p>\n\n\n\n<figure class=\"wp-block-embed-youtube wp-block-embed is-type-video is-provider-youtube wp-embed-aspect-16-9 wp-has-aspect-ratio\"><div class=\"wp-block-embed__wrapper\">\n<p class=\"responsive-video-wrap clr\"><iframe title=\"A trajet\u00f3ria de Tarsila do Amaral\" width=\"1200\" height=\"675\" src=\"https:\/\/www.youtube.com\/embed\/0vWwEQeKTEw?feature=oembed\" frameborder=\"0\" allow=\"accelerometer; autoplay; encrypted-media; gyroscope; picture-in-picture\" allowfullscreen><\/iframe><\/p>\n<\/div><figcaption>&#8220;A trajet\u00f3ria de Tarsila do Amaral \u2013 Canal Metr\u00f3polis&#8221; &#8211; Link: <a rel=\"noreferrer noopener\" href=\"https:\/\/www.youtube.com\/watch?v=0vWwEQeKTEw\" target=\"_blank\"><span class=\"has-inline-color has-vivid-cyan-blue-color\">https:\/\/www.youtube.com\/watch?v=0vWwEQeKTEw<\/span><\/a><br><br><\/figcaption><\/figure>\n\n\n\n<p>Agora que voc\u00ea observou a imagem da obra ABAPORU no v\u00eddeo, pense:<\/p>\n\n\n\n<p>\u2022&nbsp; &nbsp; &nbsp; &nbsp; &nbsp; &nbsp; &nbsp; &nbsp; &nbsp; &nbsp; Por que Tarsila pintou assim?<\/p>\n\n\n\n<p>\u2022&nbsp; &nbsp; &nbsp; &nbsp; &nbsp; &nbsp; &nbsp; &nbsp; &nbsp; &nbsp; O que queria dizer?<\/p>\n\n\n\n<p>\u2022&nbsp; &nbsp; &nbsp; &nbsp; &nbsp; &nbsp; &nbsp; &nbsp; &nbsp; &nbsp; Seria um autorretrato?<\/p>\n\n\n\n<p>Segundo algumas an\u00e1lises na hist\u00f3ria da arte, ABAPORU pode ser um autorretrato. E, partindo dessa ideia, agora voc\u00ea vai experimentar desenhar a si mesmo. Mas, antes, vai fazer um exerc\u00edcio olhando-se no espelho. Observe-se bastante, veja o formato do seu rosto, do seu cabelo, do seu nariz, da sua boca, dos seus olhos. Depois, observe-se de corpo inteiro e veja como s\u00e3o seus bra\u00e7os, suas pernas e seus p\u00e9s.<\/p>\n\n\n\n<p>Depois de fazer esse exerc\u00edcio com o espelho e se observar, desenhe num papel a imagem de voc\u00ea mesmo, o seu autorretrato. Acrescente ao seu autorretrato, detalhes que mostre onde voc\u00ea gostaria de estar (paisagem, sala, quarto, parque de divers\u00f5es, escola etc).<\/p>\n\n\n\n<p>Voc\u00ea poder\u00e1 ainda colorir seu desenho com qualquer material dispon\u00edvel e, depois, coloque em um lugar de destaque na sua casa.<\/p>\n\n\n\n<p>Bom trabalho!<br><br><\/p>\n\n\n\n<p><strong><span style=\"color:#000000\" class=\"has-inline-color\">SAIBA MAIS:<\/span><\/strong><br><\/p>\n\n\n\n<figure class=\"wp-block-embed-youtube wp-block-embed is-type-video is-provider-youtube wp-embed-aspect-4-3 wp-has-aspect-ratio\"><div class=\"wp-block-embed__wrapper\">\n<p class=\"responsive-video-wrap clr\"><iframe title=\"Arte na Tela - IZA COSTA- Parte1de2\" width=\"1200\" height=\"900\" src=\"https:\/\/www.youtube.com\/embed\/TWz_fqmqj5I?feature=oembed\" frameborder=\"0\" allow=\"accelerometer; autoplay; encrypted-media; gyroscope; picture-in-picture\" allowfullscreen><\/iframe><\/p>\n<\/div><figcaption>&#8220;Arte na Tela &#8211; IZA COSTA &#8211; Parte 1 de 2&#8221; \u2013 Canal: TV Assembleia &#8211; Link: <a rel=\"noreferrer noopener\" href=\"https:\/\/www.youtube.com\/watch?v=TWz_fqmqj5I\" target=\"_blank\"><span class=\"has-inline-color has-vivid-cyan-blue-color\">https:\/\/www.youtube.com\/watch?v=TWz_fqmqj5I<\/span><\/a><br><br><\/figcaption><\/figure>\n\n\n\n<figure class=\"wp-block-embed-youtube wp-block-embed is-type-video is-provider-youtube wp-embed-aspect-4-3 wp-has-aspect-ratio\"><div class=\"wp-block-embed__wrapper\">\n<p class=\"responsive-video-wrap clr\"><iframe title=\"OBRAS DE TARSILA DO AMARAL\" width=\"1200\" height=\"900\" src=\"https:\/\/www.youtube.com\/embed\/xEsQ2dtE6aQ?feature=oembed\" frameborder=\"0\" allow=\"accelerometer; autoplay; encrypted-media; gyroscope; picture-in-picture\" allowfullscreen><\/iframe><\/p>\n<\/div><figcaption>&#8220;Artista goiano abre exposi\u00e7\u00e3o Casa Colagem pela primeira vez em Goi\u00e2nia&#8221; \u2013 Canal: 2008CarlosPena &#8211; Link: <a rel=\"noreferrer noopener\" href=\"https:\/\/www.youtube.com\/watch?v=xEsQ2dtE6aQ\" target=\"_blank\"><span class=\"has-inline-color has-vivid-cyan-blue-color\">https:\/\/www.youtube.com\/watch?v=xEsQ2dtE6aQ<\/span><\/a><br><br><\/figcaption><\/figure>\n\n\n\n<figure class=\"wp-block-embed-youtube wp-block-embed is-type-video is-provider-youtube wp-embed-aspect-16-9 wp-has-aspect-ratio\"><div class=\"wp-block-embed__wrapper\">\n<p class=\"responsive-video-wrap clr\"><iframe title=\"Gilvan cabral\" width=\"1200\" height=\"675\" src=\"https:\/\/www.youtube.com\/embed\/G9Legts_NW0?feature=oembed\" frameborder=\"0\" allow=\"accelerometer; autoplay; encrypted-media; gyroscope; picture-in-picture\" allowfullscreen><\/iframe><\/p>\n<\/div><figcaption>&#8220;Gilvan Cabral&#8221; \u2013 Canal Gabriel Sosnoski &#8211; Link: <a rel=\"noreferrer noopener\" href=\"https:\/\/www.youtube.com\/watch?v=G9Legts_NW0\" target=\"_blank\"><span class=\"has-inline-color has-vivid-cyan-blue-color\">https:\/\/www.youtube.com\/watch?v=G9Legts_NW0<\/span><\/a><br><br><\/figcaption><\/figure>\n\n\n\n<figure class=\"wp-block-embed-youtube wp-block-embed is-type-video is-provider-youtube wp-embed-aspect-16-9 wp-has-aspect-ratio\"><div class=\"wp-block-embed__wrapper\">\n<p class=\"responsive-video-wrap clr\"><iframe title=\"16 L\u00e1 vem hist\u00f3ria   Di Cavalcanti\" width=\"1200\" height=\"675\" src=\"https:\/\/www.youtube.com\/embed\/Q9hAZZYAhZc?feature=oembed\" frameborder=\"0\" allow=\"accelerometer; autoplay; encrypted-media; gyroscope; picture-in-picture\" allowfullscreen><\/iframe><\/p>\n<\/div><figcaption>&#8220;16 L\u00e1 vem hist\u00f3ria Di Cavalcanti&#8221; \u2013 Canal Renata RamiroLink: <a rel=\"noreferrer noopener\" href=\"https:\/\/www.youtube.com\/watch?v=Q9hAZZYAhZc\" target=\"_blank\"><span class=\"has-inline-color has-vivid-cyan-blue-color\">https:\/\/www.youtube.com\/watch?v=Q9hAZZYAhZc<\/span><\/a><br><br><\/figcaption><\/figure>\n\n\n\n<p><a href=\"http:\/\/sme.goiania.go.gov.br\/conexaoescola\/ef_categoria\/ciclo-da-adolescencia-fg\/\"><span class=\"has-inline-color has-vivid-cyan-blue-color\">Corpo, Express\u00e3o e Movimento<\/span><\/a>\u23b9\u00a0 F &#8211; 6\u00ba ANO<br><\/p>\n\n\n\n<figure class=\"wp-block-table\"><table><tbody><tr><td><strong>OBJETO DE CONHECIMENTO:<\/strong><br>Contextos e Pr\u00e1ticas:Formas distintas das artes visuais tradicionais e contempor\u00e2neas locais, regionais e nacionais<br><br><br><\/td><td><strong>HABILIDADES:<\/strong><br>(GO-EF06AR01-A) Apontar, relacionar, compreender, explorar, representar e criar criticamente, formas distintas das artes visuais tradicionais e contempor\u00e2neas, locais, regionais e nacionais, desenvolvendo a percep\u00e7\u00e3o, o olhar sens\u00edvel, o imagin\u00e1rio, o pensamento cr\u00edtico e investigativo, a capacidade de simbolizar, bem como valorizar o repert\u00f3rio imag\u00e9tico pessoal e do cotidiano.<\/td><\/tr><\/tbody><\/table><\/figure>\n","protected":false},"author":7,"featured_media":2665,"template":"","ef_categoria":[15,27],"ef_ano":[],"ef_componente":[],"class_list":["post-2663","ensino_fundamental","type-ensino_fundamental","status-publish","has-post-thumbnail","hentry","ef_categoria-ciclo-da-adolescencia-fg","ef_categoria-corpo-e-movimento-ciclo-da-adolescencia-fg","entry","has-media"],"acf":[],"_links":{"self":[{"href":"https:\/\/sme.goiania.go.gov.br\/conexaoescola\/wp-json\/wp\/v2\/ensino_fundamental\/2663","targetHints":{"allow":["GET"]}}],"collection":[{"href":"https:\/\/sme.goiania.go.gov.br\/conexaoescola\/wp-json\/wp\/v2\/ensino_fundamental"}],"about":[{"href":"https:\/\/sme.goiania.go.gov.br\/conexaoescola\/wp-json\/wp\/v2\/types\/ensino_fundamental"}],"author":[{"embeddable":true,"href":"https:\/\/sme.goiania.go.gov.br\/conexaoescola\/wp-json\/wp\/v2\/users\/7"}],"version-history":[{"count":0,"href":"https:\/\/sme.goiania.go.gov.br\/conexaoescola\/wp-json\/wp\/v2\/ensino_fundamental\/2663\/revisions"}],"wp:featuredmedia":[{"embeddable":true,"href":"https:\/\/sme.goiania.go.gov.br\/conexaoescola\/wp-json\/wp\/v2\/media\/2665"}],"wp:attachment":[{"href":"https:\/\/sme.goiania.go.gov.br\/conexaoescola\/wp-json\/wp\/v2\/media?parent=2663"}],"wp:term":[{"taxonomy":"ef_categoria","embeddable":true,"href":"https:\/\/sme.goiania.go.gov.br\/conexaoescola\/wp-json\/wp\/v2\/ef_categoria?post=2663"},{"taxonomy":"ef_ano","embeddable":true,"href":"https:\/\/sme.goiania.go.gov.br\/conexaoescola\/wp-json\/wp\/v2\/ef_ano?post=2663"},{"taxonomy":"ef_componente","embeddable":true,"href":"https:\/\/sme.goiania.go.gov.br\/conexaoescola\/wp-json\/wp\/v2\/ef_componente?post=2663"}],"curies":[{"name":"wp","href":"https:\/\/api.w.org\/{rel}","templated":true}]}}

<p>Você gosta de Arte?? Então assista ao vídeo, aprecie as pinturas e observe a obra mais famosa de Tarsila do Amaral, ABAPORU, dedicada ao seu marido, Oswald de Andrade:<br><br></p>



<figure class="wp-block-embed-youtube wp-block-embed is-type-video is-provider-youtube wp-embed-aspect-16-9 wp-has-aspect-ratio"><div class="wp-block-embed__wrapper">
<p class="responsive-video-wrap clr"><iframe title="A trajetória de Tarsila do Amaral" width="1200" height="675" src="https://www.youtube.com/embed/0vWwEQeKTEw?feature=oembed" frameborder="0" allow="accelerometer; autoplay; encrypted-media; gyroscope; picture-in-picture" allowfullscreen></iframe></p>
</div><figcaption>&#8220;A trajetória de Tarsila do Amaral – Canal Metrópolis&#8221; &#8211; Link: <a rel="noreferrer noopener" href="https://www.youtube.com/watch?v=0vWwEQeKTEw" target="_blank"><span class="has-inline-color has-vivid-cyan-blue-color">https://www.youtube.com/watch?v=0vWwEQeKTEw</span></a><br><br></figcaption></figure>



<p>Agora que você observou a imagem da obra ABAPORU no vídeo, pense:</p>



<p>•&nbsp; &nbsp; &nbsp; &nbsp; &nbsp; &nbsp; &nbsp; &nbsp; &nbsp; &nbsp; Por que Tarsila pintou assim?</p>



<p>•&nbsp; &nbsp; &nbsp; &nbsp; &nbsp; &nbsp; &nbsp; &nbsp; &nbsp; &nbsp; O que queria dizer?</p>



<p>•&nbsp; &nbsp; &nbsp; &nbsp; &nbsp; &nbsp; &nbsp; &nbsp; &nbsp; &nbsp; Seria um autorretrato?</p>



<p>Segundo algumas análises na história da arte, ABAPORU pode ser um autorretrato. E, partindo dessa ideia, agora você vai experimentar desenhar a si mesmo. Mas, antes, vai fazer um exercício olhando-se no espelho. Observe-se bastante, veja o formato do seu rosto, do seu cabelo, do seu nariz, da sua boca, dos seus olhos. Depois, observe-se de corpo inteiro e veja como são seus braços, suas pernas e seus pés.</p>



<p>Depois de fazer esse exercício com o espelho e se observar, desenhe num papel a imagem de você mesmo, o seu autorretrato. Acrescente ao seu autorretrato, detalhes que mostre onde você gostaria de estar (paisagem, sala, quarto, parque de diversões, escola etc).</p>



<p>Você poderá ainda colorir seu desenho com qualquer material disponível e, depois, coloque em um lugar de destaque na sua casa.</p>



<p>Bom trabalho!<br><br></p>



<p><strong><span style="color:#000000" class="has-inline-color">SAIBA MAIS:</span></strong><br></p>



<figure class="wp-block-embed-youtube wp-block-embed is-type-video is-provider-youtube wp-embed-aspect-4-3 wp-has-aspect-ratio"><div class="wp-block-embed__wrapper">
<p class="responsive-video-wrap clr"><iframe title="Arte na Tela - IZA COSTA- Parte1de2" width="1200" height="900" src="https://www.youtube.com/embed/TWz_fqmqj5I?feature=oembed" frameborder="0" allow="accelerometer; autoplay; encrypted-media; gyroscope; picture-in-picture" allowfullscreen></iframe></p>
</div><figcaption>&#8220;Arte na Tela &#8211; IZA COSTA &#8211; Parte 1 de 2&#8221; – Canal: TV Assembleia &#8211; Link: <a rel="noreferrer noopener" href="https://www.youtube.com/watch?v=TWz_fqmqj5I" target="_blank"><span class="has-inline-color has-vivid-cyan-blue-color">https://www.youtube.com/watch?v=TWz_fqmqj5I</span></a><br><br></figcaption></figure>



<figure class="wp-block-embed-youtube wp-block-embed is-type-video is-provider-youtube wp-embed-aspect-4-3 wp-has-aspect-ratio"><div class="wp-block-embed__wrapper">
<p class="responsive-video-wrap clr"><iframe title="OBRAS DE TARSILA DO AMARAL" width="1200" height="900" src="https://www.youtube.com/embed/xEsQ2dtE6aQ?feature=oembed" frameborder="0" allow="accelerometer; autoplay; encrypted-media; gyroscope; picture-in-picture" allowfullscreen></iframe></p>
</div><figcaption>&#8220;Artista goiano abre exposição Casa Colagem pela primeira vez em Goiânia&#8221; – Canal: 2008CarlosPena &#8211; Link: <a rel="noreferrer noopener" href="https://www.youtube.com/watch?v=xEsQ2dtE6aQ" target="_blank"><span class="has-inline-color has-vivid-cyan-blue-color">https://www.youtube.com/watch?v=xEsQ2dtE6aQ</span></a><br><br></figcaption></figure>



<figure class="wp-block-embed-youtube wp-block-embed is-type-video is-provider-youtube wp-embed-aspect-16-9 wp-has-aspect-ratio"><div class="wp-block-embed__wrapper">
<p class="responsive-video-wrap clr"><iframe title="Gilvan cabral" width="1200" height="675" src="https://www.youtube.com/embed/G9Legts_NW0?feature=oembed" frameborder="0" allow="accelerometer; autoplay; encrypted-media; gyroscope; picture-in-picture" allowfullscreen></iframe></p>
</div><figcaption>&#8220;Gilvan Cabral&#8221; – Canal Gabriel Sosnoski &#8211; Link: <a rel="noreferrer noopener" href="https://www.youtube.com/watch?v=G9Legts_NW0" target="_blank"><span class="has-inline-color has-vivid-cyan-blue-color">https://www.youtube.com/watch?v=G9Legts_NW0</span></a><br><br></figcaption></figure>



<figure class="wp-block-embed-youtube wp-block-embed is-type-video is-provider-youtube wp-embed-aspect-16-9 wp-has-aspect-ratio"><div class="wp-block-embed__wrapper">
<p class="responsive-video-wrap clr"><iframe title="16 Lá vem história   Di Cavalcanti" width="1200" height="675" src="https://www.youtube.com/embed/Q9hAZZYAhZc?feature=oembed" frameborder="0" allow="accelerometer; autoplay; encrypted-media; gyroscope; picture-in-picture" allowfullscreen></iframe></p>
</div><figcaption>&#8220;16 Lá vem história Di Cavalcanti&#8221; – Canal Renata RamiroLink: <a rel="noreferrer noopener" href="https://www.youtube.com/watch?v=Q9hAZZYAhZc" target="_blank"><span class="has-inline-color has-vivid-cyan-blue-color">https://www.youtube.com/watch?v=Q9hAZZYAhZc</span></a><br><br></figcaption></figure>



<p><a href="http://sme.goiania.go.gov.br/conexaoescola/ef_categoria/ciclo-da-adolescencia-fg/"><span class="has-inline-color has-vivid-cyan-blue-color">Corpo, Expressão e Movimento</span></a>⎹  F &#8211; 6º ANO<br></p>



<figure class="wp-block-table"><table><tbody><tr><td><strong>OBJETO DE CONHECIMENTO:</strong><br>Contextos e Práticas:Formas distintas das artes visuais tradicionais e contemporâneas locais, regionais e nacionais<br><br><br></td><td><strong>HABILIDADES:</strong><br>(GO-EF06AR01-A) Apontar, relacionar, compreender, explorar, representar e criar criticamente, formas distintas das artes visuais tradicionais e contemporâneas, locais, regionais e nacionais, desenvolvendo a percepção, o olhar sensível, o imaginário, o pensamento crítico e investigativo, a capacidade de simbolizar, bem como valorizar o repertório imagético pessoal e do cotidiano.</td></tr></tbody></table></figure>
