{"id":2613,"date":"2020-06-16T14:02:40","date_gmt":"2020-06-16T17:02:40","guid":{"rendered":"http:\/\/sme.goiania.go.gov.br\/conexaoescola\/?post_type=ensino_fundamental&#038;p=2613"},"modified":"2020-06-19T14:41:57","modified_gmt":"2020-06-19T17:41:57","slug":"desenho-criativo-2","status":"publish","type":"ensino_fundamental","link":"https:\/\/sme.goiania.go.gov.br\/conexaoescola\/ensino_fundamental\/desenho-criativo-2\/","title":{"rendered":"Desenho criativo"},"content":{"rendered":"\n<figure class=\"wp-block-embed-youtube wp-block-embed is-type-video is-provider-youtube wp-embed-aspect-16-9 wp-has-aspect-ratio\"><div class=\"wp-block-embed__wrapper\">\n<p class=\"responsive-video-wrap clr\"><iframe title=\"Desenho criativo | EF | Corpo, Express\u00e3o e Movimento\" width=\"1200\" height=\"675\" src=\"https:\/\/www.youtube.com\/embed\/KRRdQr1_1mY?feature=oembed\" frameborder=\"0\" allow=\"accelerometer; autoplay; encrypted-media; gyroscope; picture-in-picture\" allowfullscreen><\/iframe><\/p>\n<\/div><figcaption>Desenho Criativo | Corpo, Express\u00e3o e Movimento.<\/figcaption><\/figure>\n\n\n\n<p class=\"has-medium-font-size\">Ol\u00e1!!<\/p>\n\n\n\n<p class=\"has-medium-font-size\"> Voc\u00ea j\u00e1 visitou um ateli\u00ea de arte?<\/p>\n\n\n\n<p class=\"has-medium-font-size\"> Sabe o que \u00e9 produzido l\u00e1?<\/p>\n\n\n\n<p class=\"has-medium-font-size\"><strong>Assista ao v\u00eddeo abaixo <\/strong>e conhe\u00e7a o <strong>Instituto Antonio Poteiro<\/strong>, local de trabalho do artista quando ainda era vivo e agora \u00e9 ocupado pelo seu filho Am\u00e9rico Poteiro, que segue o caminho do pai, pintando e esculpindo em argila.<\/p>\n\n\n\n<figure class=\"wp-block-embed-youtube wp-block-embed is-type-video is-provider-youtube wp-embed-aspect-16-9 wp-has-aspect-ratio\"><div class=\"wp-block-embed__wrapper\">\n<p class=\"responsive-video-wrap clr\"><iframe title=\"SagresTV: Filho mant\u00e9m vivas obras de arte do pai no Instituto Ant\u00f4nio Poteiro\" width=\"1200\" height=\"675\" src=\"https:\/\/www.youtube.com\/embed\/rVECFXP9zGQ?feature=oembed\" frameborder=\"0\" allow=\"accelerometer; autoplay; encrypted-media; gyroscope; picture-in-picture\" allowfullscreen><\/iframe><\/p>\n<\/div><figcaption>(SagresTV: Filho mant\u00e9m vivas obras de arte do pai no Instituto Ant\u00f4nio Poteiro &#8211; Canal 4Ez6ZNWZXFhgH-3eSZCjQ&#8221;Sagres TV \u2013 Youtube)<\/figcaption><\/figure>\n\n\n\n<hr class=\"wp-block-separator\"\/>\n\n\n\n<p class=\"has-medium-font-size\">Apreciar <strong>obras de arte<\/strong> \u00e9 importante para ampliar o repert\u00f3rio de imagens. <\/p>\n\n\n\n<p class=\"has-medium-font-size\">Por esta raz\u00e3o, voc\u00ea assistiu ao v\u00eddeo que apresenta o <strong>artista Am\u00e9rico Poteiro<\/strong> e percebeu que ele busca inspira\u00e7\u00e3o de v\u00e1rias formas para fazer os seus trabalhos.<\/p>\n\n\n\n<p class=\"has-medium-font-size\">Agora, ser\u00e1 a sua vez de buscar inspira\u00e7\u00e3o para criar seu pr\u00f3prio trabalho:<\/p>\n\n\n\n<p class=\"has-medium-font-size\">1- D\u00ea um passeio pelo quintal ou nas proximidades de sua casa para ver e observar os p\u00e1ssaros.<\/p>\n\n\n\n<p class=\"has-medium-font-size\">2- Escolha qual voc\u00ea deseja desenhar e vai criar um desenho diferente. Vai misturar a imagem do p\u00e1ssaro com o jacar\u00e9 e vai observar o que deu o resultado.<\/p>\n\n\n\n<p class=\"has-medium-font-size\">3- O nome desse desenho poder\u00e1 ser PASSAR\u00c9, o que acha? Se n\u00e3o gostar, poder\u00e1 escolher outro nome tamb\u00e9m.<\/p>\n\n\n\n<p class=\"has-medium-font-size\">&#8211; Mas o <strong>importante \u00e9 usar a imagina\u00e7\u00e3o <\/strong>e criar um desenho que n\u00e3o existe, que n\u00e3o pare\u00e7a real.<\/p>\n\n\n\n<p class=\"has-medium-font-size\"><strong>Solte sua imagina\u00e7\u00e3o!!<\/strong><\/p>\n\n\n\n<p class=\"has-medium-font-size\">&nbsp;<strong>SAIBA MAIS:<\/strong><\/p>\n\n\n\n<figure class=\"wp-block-embed-youtube wp-block-embed is-type-video is-provider-youtube wp-embed-aspect-16-9 wp-has-aspect-ratio\"><div class=\"wp-block-embed__wrapper\">\n<p class=\"responsive-video-wrap clr\"><iframe title=\"Por que existem os museus? #Ticolicos|Narrativas do Brasil\" width=\"1200\" height=\"675\" src=\"https:\/\/www.youtube.com\/embed\/jZmh2eQWU50?feature=oembed\" frameborder=\"0\" allow=\"accelerometer; autoplay; encrypted-media; gyroscope; picture-in-picture\" allowfullscreen><\/iframe><\/p>\n<\/div><figcaption>(Por que existem os museus? <a href=\"https:\/\/www.youtube.com\/results?search_query=%23Ticolicos\">#HYPERLINK &#8220;https:\/\/www.youtube.com\/results?search_query=%23Ticolicos&#8221;Ticolicos<\/a>|Narrativas do Brasil &#8211; Canal Ticolicos Canal Infantil &#8211;&nbsp; Youtube)<\/figcaption><\/figure>\n\n\n\n<hr class=\"wp-block-separator\"\/>\n\n\n\n<figure class=\"wp-block-embed-youtube wp-block-embed is-type-video is-provider-youtube wp-embed-aspect-4-3 wp-has-aspect-ratio\"><div class=\"wp-block-embed__wrapper\">\n<p class=\"responsive-video-wrap clr\"><iframe title=\"HELENA VASCONCELOS\" width=\"1200\" height=\"900\" src=\"https:\/\/www.youtube.com\/embed\/IwvV2zbR7Vw?feature=oembed\" frameborder=\"0\" allow=\"accelerometer; autoplay; encrypted-media; gyroscope; picture-in-picture\" allowfullscreen><\/iframe><\/p>\n<\/div><figcaption>(HELENA VASCONCELOS &#8211; Canal 4owbKXT3I0ft373Yzyw&#8221;Agenda Cultural \u2013 Youtube)<\/figcaption><\/figure>\n\n\n\n<hr class=\"wp-block-separator\"\/>\n\n\n\n<figure class=\"wp-block-embed-youtube wp-block-embed is-type-video is-provider-youtube wp-embed-aspect-16-9 wp-has-aspect-ratio\"><div class=\"wp-block-embed__wrapper\">\n<p class=\"responsive-video-wrap clr\"><iframe title=\"HELENA VASCONCELOS - Artista Visual Naif.\" width=\"1200\" height=\"675\" src=\"https:\/\/www.youtube.com\/embed\/AlCPvlIDolI?feature=oembed\" frameborder=\"0\" allow=\"accelerometer; autoplay; encrypted-media; gyroscope; picture-in-picture\" allowfullscreen><\/iframe><\/p>\n<\/div><figcaption>(HELENA VASCONCELOS &#8211; Artista Visual Naif. &#8211; Canal 7fKqS4buSK_8-Q&#8221;H\u00e9lio Costa HYPERLINK &#8220;https:\/\/www.youtube.com\/channel\/UCRMMyqxfq7fKqS4buSK_8-Q&#8221;Costa \u2013 Youtube)<\/figcaption><\/figure>\n\n\n\n<hr class=\"wp-block-separator\"\/>\n\n\n\n<figure class=\"wp-block-embed-youtube wp-block-embed is-type-video is-provider-youtube wp-embed-aspect-16-9 wp-has-aspect-ratio\"><div class=\"wp-block-embed__wrapper\">\n<p class=\"responsive-video-wrap clr\"><iframe title=\"Artefilia: D.J. Oliveira | Enredo Cultural\" width=\"1200\" height=\"675\" src=\"https:\/\/www.youtube.com\/embed\/MZLjIV-PU2M?feature=oembed\" frameborder=\"0\" allow=\"accelerometer; autoplay; encrypted-media; gyroscope; picture-in-picture\" allowfullscreen><\/iframe><\/p>\n<\/div><figcaption>(Artefilia: D.J. Oliveira | Enredo Cultural &#8211; Canal 4zvDMD-XLk1b63cH6QklQ&#8221;TV UFG \u2013 Youtube)<\/figcaption><\/figure>\n\n\n\n<p><\/p>\n\n\n\n<hr class=\"wp-block-separator\"\/>\n\n\n\n<figure class=\"wp-block-table\"><table><tbody><tr><td><strong>OBJETO DE CONHECIMENTO\/CONTE\u00daDO<\/strong><\/td><td><strong>HABILIDADES<\/strong><\/td><\/tr><tr><td>Sistemas (Espa\u00e7os e Atua\u00e7\u00f5es) da Linguagem:<br>Sistema das artes visuais<br>Artistas e artes\u00e3os<br><\/td><td>(GO-EF03AR07-A) Conhecer, valorizar e habituar-se a frequentar espa\u00e7os do sistema das artes visuais, tais como: museus, espa\u00e7os culturais, centros culturais, funda\u00e7\u00f5es, ateli\u00eas de artistas e artes\u00e3os, ampliar o sentido de pertencimento a uma cultura, aprender de forma significativa as rela\u00e7\u00f5es entre o sujeito e as experi\u00eancias em artes visuais, ampliar o seu repert\u00f3rio imag\u00e9tico, est\u00e9tico, bem como o pensamento cr\u00edtico e sens\u00edvel.<br><br>(GO-EF03AR07-B) Conhecer e respeitar os artistas e artes\u00e3os locais e regionais, bem como estabelecer rela\u00e7\u00f5es com os nacionais e internacionais, de forma investigativa e cr\u00edtica<br><\/td><\/tr><\/tbody><\/table><figcaption>(\u201cEixo Tem\u00e1tico\u201d) Corpo, Express\u00e3o e Movimento | C &#8211; 3\u00ba ano<\/figcaption><\/figure>\n\n\n\n<p>Ensino Fundamental \u2013 Ciclo da Inf\u00e2ncia \u2013 ABC \u2013 Corpo, Express\u00e3o e Movimento.<\/p>\n\n\n\n<p><\/p>\n","protected":false},"author":10,"featured_media":2615,"template":"","ef_categoria":[13,17],"ef_ano":[],"ef_componente":[],"class_list":["post-2613","ensino_fundamental","type-ensino_fundamental","status-publish","has-post-thumbnail","hentry","ef_categoria-ciclo-da-infancia-abc","ef_categoria-corpo-e-movimento","entry","has-media"],"acf":[],"_links":{"self":[{"href":"https:\/\/sme.goiania.go.gov.br\/conexaoescola\/wp-json\/wp\/v2\/ensino_fundamental\/2613","targetHints":{"allow":["GET"]}}],"collection":[{"href":"https:\/\/sme.goiania.go.gov.br\/conexaoescola\/wp-json\/wp\/v2\/ensino_fundamental"}],"about":[{"href":"https:\/\/sme.goiania.go.gov.br\/conexaoescola\/wp-json\/wp\/v2\/types\/ensino_fundamental"}],"author":[{"embeddable":true,"href":"https:\/\/sme.goiania.go.gov.br\/conexaoescola\/wp-json\/wp\/v2\/users\/10"}],"version-history":[{"count":0,"href":"https:\/\/sme.goiania.go.gov.br\/conexaoescola\/wp-json\/wp\/v2\/ensino_fundamental\/2613\/revisions"}],"wp:featuredmedia":[{"embeddable":true,"href":"https:\/\/sme.goiania.go.gov.br\/conexaoescola\/wp-json\/wp\/v2\/media\/2615"}],"wp:attachment":[{"href":"https:\/\/sme.goiania.go.gov.br\/conexaoescola\/wp-json\/wp\/v2\/media?parent=2613"}],"wp:term":[{"taxonomy":"ef_categoria","embeddable":true,"href":"https:\/\/sme.goiania.go.gov.br\/conexaoescola\/wp-json\/wp\/v2\/ef_categoria?post=2613"},{"taxonomy":"ef_ano","embeddable":true,"href":"https:\/\/sme.goiania.go.gov.br\/conexaoescola\/wp-json\/wp\/v2\/ef_ano?post=2613"},{"taxonomy":"ef_componente","embeddable":true,"href":"https:\/\/sme.goiania.go.gov.br\/conexaoescola\/wp-json\/wp\/v2\/ef_componente?post=2613"}],"curies":[{"name":"wp","href":"https:\/\/api.w.org\/{rel}","templated":true}]}}

<figure class="wp-block-embed-youtube wp-block-embed is-type-video is-provider-youtube wp-embed-aspect-16-9 wp-has-aspect-ratio"><div class="wp-block-embed__wrapper">
<p class="responsive-video-wrap clr"><iframe title="Desenho criativo | EF | Corpo, Expressão e Movimento" width="1200" height="675" src="https://www.youtube.com/embed/KRRdQr1_1mY?feature=oembed" frameborder="0" allow="accelerometer; autoplay; encrypted-media; gyroscope; picture-in-picture" allowfullscreen></iframe></p>
</div><figcaption>Desenho Criativo | Corpo, Expressão e Movimento.</figcaption></figure>



<p class="has-medium-font-size">Olá!!</p>



<p class="has-medium-font-size"> Você já visitou um ateliê de arte?</p>



<p class="has-medium-font-size"> Sabe o que é produzido lá?</p>



<p class="has-medium-font-size"><strong>Assista ao vídeo abaixo </strong>e conheça o <strong>Instituto Antonio Poteiro</strong>, local de trabalho do artista quando ainda era vivo e agora é ocupado pelo seu filho Américo Poteiro, que segue o caminho do pai, pintando e esculpindo em argila.</p>



<figure class="wp-block-embed-youtube wp-block-embed is-type-video is-provider-youtube wp-embed-aspect-16-9 wp-has-aspect-ratio"><div class="wp-block-embed__wrapper">
<p class="responsive-video-wrap clr"><iframe title="SagresTV: Filho mantém vivas obras de arte do pai no Instituto Antônio Poteiro" width="1200" height="675" src="https://www.youtube.com/embed/rVECFXP9zGQ?feature=oembed" frameborder="0" allow="accelerometer; autoplay; encrypted-media; gyroscope; picture-in-picture" allowfullscreen></iframe></p>
</div><figcaption>(SagresTV: Filho mantém vivas obras de arte do pai no Instituto Antônio Poteiro &#8211; Canal 4Ez6ZNWZXFhgH-3eSZCjQ&#8221;Sagres TV – Youtube)</figcaption></figure>



<hr class="wp-block-separator"/>



<p class="has-medium-font-size">Apreciar <strong>obras de arte</strong> é importante para ampliar o repertório de imagens. </p>



<p class="has-medium-font-size">Por esta razão, você assistiu ao vídeo que apresenta o <strong>artista Américo Poteiro</strong> e percebeu que ele busca inspiração de várias formas para fazer os seus trabalhos.</p>



<p class="has-medium-font-size">Agora, será a sua vez de buscar inspiração para criar seu próprio trabalho:</p>



<p class="has-medium-font-size">1- Dê um passeio pelo quintal ou nas proximidades de sua casa para ver e observar os pássaros.</p>



<p class="has-medium-font-size">2- Escolha qual você deseja desenhar e vai criar um desenho diferente. Vai misturar a imagem do pássaro com o jacaré e vai observar o que deu o resultado.</p>



<p class="has-medium-font-size">3- O nome desse desenho poderá ser PASSARÉ, o que acha? Se não gostar, poderá escolher outro nome também.</p>



<p class="has-medium-font-size">&#8211; Mas o <strong>importante é usar a imaginação </strong>e criar um desenho que não existe, que não pareça real.</p>



<p class="has-medium-font-size"><strong>Solte sua imaginação!!</strong></p>



<p class="has-medium-font-size">&nbsp;<strong>SAIBA MAIS:</strong></p>



<figure class="wp-block-embed-youtube wp-block-embed is-type-video is-provider-youtube wp-embed-aspect-16-9 wp-has-aspect-ratio"><div class="wp-block-embed__wrapper">
<p class="responsive-video-wrap clr"><iframe title="Por que existem os museus? #Ticolicos|Narrativas do Brasil" width="1200" height="675" src="https://www.youtube.com/embed/jZmh2eQWU50?feature=oembed" frameborder="0" allow="accelerometer; autoplay; encrypted-media; gyroscope; picture-in-picture" allowfullscreen></iframe></p>
</div><figcaption>(Por que existem os museus? <a href="https://www.youtube.com/results?search_query=%23Ticolicos">#HYPERLINK &#8220;https://www.youtube.com/results?search_query=%23Ticolicos&#8221;Ticolicos</a>|Narrativas do Brasil &#8211; Canal Ticolicos Canal Infantil &#8211;&nbsp; Youtube)</figcaption></figure>



<hr class="wp-block-separator"/>



<figure class="wp-block-embed-youtube wp-block-embed is-type-video is-provider-youtube wp-embed-aspect-4-3 wp-has-aspect-ratio"><div class="wp-block-embed__wrapper">
<p class="responsive-video-wrap clr"><iframe title="HELENA VASCONCELOS" width="1200" height="900" src="https://www.youtube.com/embed/IwvV2zbR7Vw?feature=oembed" frameborder="0" allow="accelerometer; autoplay; encrypted-media; gyroscope; picture-in-picture" allowfullscreen></iframe></p>
</div><figcaption>(HELENA VASCONCELOS &#8211; Canal 4owbKXT3I0ft373Yzyw&#8221;Agenda Cultural – Youtube)</figcaption></figure>



<hr class="wp-block-separator"/>



<figure class="wp-block-embed-youtube wp-block-embed is-type-video is-provider-youtube wp-embed-aspect-16-9 wp-has-aspect-ratio"><div class="wp-block-embed__wrapper">
<p class="responsive-video-wrap clr"><iframe title="HELENA VASCONCELOS - Artista Visual Naif." width="1200" height="675" src="https://www.youtube.com/embed/AlCPvlIDolI?feature=oembed" frameborder="0" allow="accelerometer; autoplay; encrypted-media; gyroscope; picture-in-picture" allowfullscreen></iframe></p>
</div><figcaption>(HELENA VASCONCELOS &#8211; Artista Visual Naif. &#8211; Canal 7fKqS4buSK_8-Q&#8221;Hélio Costa HYPERLINK &#8220;https://www.youtube.com/channel/UCRMMyqxfq7fKqS4buSK_8-Q&#8221;Costa – Youtube)</figcaption></figure>



<hr class="wp-block-separator"/>



<figure class="wp-block-embed-youtube wp-block-embed is-type-video is-provider-youtube wp-embed-aspect-16-9 wp-has-aspect-ratio"><div class="wp-block-embed__wrapper">
<p class="responsive-video-wrap clr"><iframe title="Artefilia: D.J. Oliveira | Enredo Cultural" width="1200" height="675" src="https://www.youtube.com/embed/MZLjIV-PU2M?feature=oembed" frameborder="0" allow="accelerometer; autoplay; encrypted-media; gyroscope; picture-in-picture" allowfullscreen></iframe></p>
</div><figcaption>(Artefilia: D.J. Oliveira | Enredo Cultural &#8211; Canal 4zvDMD-XLk1b63cH6QklQ&#8221;TV UFG – Youtube)</figcaption></figure>



<p></p>



<hr class="wp-block-separator"/>



<figure class="wp-block-table"><table><tbody><tr><td><strong>OBJETO DE CONHECIMENTO/CONTEÚDO</strong></td><td><strong>HABILIDADES</strong></td></tr><tr><td>Sistemas (Espaços e Atuações) da Linguagem:<br>Sistema das artes visuais<br>Artistas e artesãos<br></td><td>(GO-EF03AR07-A) Conhecer, valorizar e habituar-se a frequentar espaços do sistema das artes visuais, tais como: museus, espaços culturais, centros culturais, fundações, ateliês de artistas e artesãos, ampliar o sentido de pertencimento a uma cultura, aprender de forma significativa as relações entre o sujeito e as experiências em artes visuais, ampliar o seu repertório imagético, estético, bem como o pensamento crítico e sensível.<br><br>(GO-EF03AR07-B) Conhecer e respeitar os artistas e artesãos locais e regionais, bem como estabelecer relações com os nacionais e internacionais, de forma investigativa e crítica<br></td></tr></tbody></table><figcaption>(“Eixo Temático”) Corpo, Expressão e Movimento | C &#8211; 3º ano</figcaption></figure>



<p>Ensino Fundamental – Ciclo da Infância – ABC – Corpo, Expressão e Movimento.</p>



<p></p>
