{"id":2580,"date":"2020-06-15T16:50:04","date_gmt":"2020-06-15T19:50:04","guid":{"rendered":"http:\/\/sme.goiania.go.gov.br\/conexaoescola\/?post_type=ensino_fundamental&#038;p=2580"},"modified":"2020-06-15T16:50:07","modified_gmt":"2020-06-15T19:50:07","slug":"brincar-e-bom-respeitar-os-idosos-e-bom-demais","status":"publish","type":"ensino_fundamental","link":"https:\/\/sme.goiania.go.gov.br\/conexaoescola\/ensino_fundamental\/brincar-e-bom-respeitar-os-idosos-e-bom-demais\/","title":{"rendered":"Brincar \u00e9 bom, respeitar os idosos \u00e9 bom demais!"},"content":{"rendered":"\n<figure class=\"wp-block-embed-youtube wp-block-embed is-type-video is-provider-youtube wp-embed-aspect-16-9 wp-has-aspect-ratio\"><div class=\"wp-block-embed__wrapper\">\n<p class=\"responsive-video-wrap clr\"><iframe title=\"Respeito e reflex\u00e3o com os idosos - Ensino Fundamental \u2013 \u00c9tica e Cidadania\" width=\"1200\" height=\"675\" src=\"https:\/\/www.youtube.com\/embed\/o4sO47GHiKQ?feature=oembed\" frameborder=\"0\" allow=\"accelerometer; autoplay; encrypted-media; gyroscope; picture-in-picture\" allowfullscreen><\/iframe><\/p>\n<\/div><figcaption>Respeito e reflex\u00e3o com os idosos &#8211; EF &#8211; \u00c9tica e Cidadania<br>Canal: <a href=\"https:\/\/www.youtube.com\/channel\/UCtoYS7J0PS_iO3KMA1JsnCA\" target=\"_blank\" rel=\"noreferrer noopener\">Portal Conex\u00e3o Escola<\/a><\/figcaption><\/figure>\n\n\n\n<hr class=\"wp-block-separator\"\/>\n\n\n\n<p class=\"has-medium-font-size\">Voc\u00ea j\u00e1 viu algu\u00e9m com a cabe\u00e7a quadrada? Estranho, n\u00e9? Vamos ouvir uma hist\u00f3ria que fala sobre isso?<\/p>\n\n\n\n<figure class=\"wp-block-embed-youtube wp-block-embed is-type-video is-provider-youtube wp-embed-aspect-16-9 wp-has-aspect-ratio\"><div class=\"wp-block-embed__wrapper\">\n<p class=\"responsive-video-wrap clr\"><iframe title=\"A MENINA DA CABE\u00c7A QUADRADA  #historinha\" width=\"1200\" height=\"675\" src=\"https:\/\/www.youtube.com\/embed\/dyMMw0GExUQ?feature=oembed\" frameborder=\"0\" allow=\"accelerometer; autoplay; encrypted-media; gyroscope; picture-in-picture\" allowfullscreen><\/iframe><\/p>\n<\/div><figcaption>\u201cA menina da cabe\u00e7a quadrada\u201d<br>Canal: <a href=\"https:\/\/www.youtube.com\/channel\/UCvJS2VGeCbKlzYVqvJZrZZQ\">Tia Lidy<\/a><br>Fonte: <a href=\"https:\/\/www.youtube.com\/watch?v=dyMMw0GExUQ\">https:\/\/www.youtube.<\/a><a rel=\"noreferrer noopener\" href=\"https:\/\/www.youtube.com\/watch?v=dyMMw0GExUQ\" target=\"_blank\">com<\/a><a href=\"https:\/\/www.youtube.com\/watch?v=dyMMw0GExUQ\" target=\"_blank\" rel=\"noreferrer noopener\">\/watch?v=dyMMw0GExUQ<\/a><\/figcaption><\/figure>\n\n\n\n<hr class=\"wp-block-separator\"\/>\n\n\n\n<p class=\"has-medium-font-size\">Gostou da hist\u00f3ria? <\/p>\n\n\n\n<p class=\"has-medium-font-size\">Voc\u00ea sabia que as brincadeiras s\u00e3o importantes? <\/p>\n\n\n\n<p class=\"has-medium-font-size\">\u00c9 por meio delas que voc\u00ea estimula a criatividade e interage com os colegas!<\/p>\n\n\n\n<p class=\"has-medium-font-size\">Voc\u00ea costuma passar muito tempo assistindo TV ou brincando no celular?<\/p>\n\n\n\n<p class=\"has-medium-font-size\">Que tal exercitar sua mem\u00f3ria e criar um jogo bem legal? Assista ao v\u00eddeo e chame um adulto para te ajudar a fazer.<\/p>\n\n\n\n<figure class=\"wp-block-embed-youtube wp-block-embed is-type-video is-provider-youtube wp-embed-aspect-16-9 wp-has-aspect-ratio\"><div class=\"wp-block-embed__wrapper\">\n<p class=\"responsive-video-wrap clr\"><iframe title=\"Jogo Da Memo\u0301ria\" width=\"1200\" height=\"675\" src=\"https:\/\/www.youtube.com\/embed\/RGsTc4oomdA?feature=oembed\" frameborder=\"0\" allow=\"accelerometer; autoplay; encrypted-media; gyroscope; picture-in-picture\" allowfullscreen><\/iframe><\/p>\n<\/div><figcaption>\u201cJogo da mem\u00f3ria\u201d<br>Canal: <a href=\"https:\/\/www.youtube.com\/channel\/UCmzInj2BLAB2YqBSzzyVxRA\">Escola Criativa TRIS<\/a><br>Fonte: <a href=\"https:\/\/www.youtube.com\/watch?v=RGsTc4oomdA\">https:\/\/www.<\/a><a rel=\"noreferrer noopener\" href=\"https:\/\/www.youtube.com\/watch?v=RGsTc4oomdA\" target=\"_blank\">youtube<\/a><a href=\"https:\/\/www.youtube.com\/watch?v=RGsTc4oomdA\" target=\"_blank\" rel=\"noreferrer noopener\">.com\/watch?v=RGsTc4oomdA<\/a><\/figcaption><\/figure>\n\n\n\n<hr class=\"wp-block-separator\"\/>\n\n\n\n<p class=\"has-medium-font-size\">Para fazer o jogo da mem\u00f3ria, siga os seguintes passos:<\/p>\n\n\n\n<p class=\"has-medium-font-size\">Pegue uma folha de papel e, com a ajuda de uma r\u00e9gua, fa\u00e7a quadradinhos;<\/p>\n\n\n\n<p class=\"has-medium-font-size\">Em um quadrado, desenhe um brinquedo e no outro o nome dele, para formar pares;<\/p>\n\n\n\n<p class=\"has-medium-font-size\">Chame um adulto da sua casa para te ajudar a medir e a recortar as pe\u00e7as;<\/p>\n\n\n\n<p class=\"has-medium-font-size\">Agora, \u00e9 s\u00f3 pintar e se divertir!<\/p>\n\n\n\n<p class=\"has-medium-font-size\">Gostou da brincadeira?<\/p>\n\n\n\n<p class=\"has-medium-font-size\">Assim como na hist\u00f3ria, devemos respeitar e ouvir os conselhos das pessoas mais velhas, pois elas t\u00eam mais experi\u00eancias de vida e muito a nos ensinar. Cec\u00edlia ouviu, respeitou e seguiu o conselho da av\u00f3 e, por isso, conseguiu achar uma solu\u00e7\u00e3o para o seu problema.<\/p>\n\n\n\n<p class=\"has-medium-font-size\">Os idosos s\u00e3o considerados t\u00e3o importantes, que foi criado um estatuto para garantir os direitos deles. Vamos ouvir mais uma hist\u00f3ria e conhecer um pouquinho desses direitos:<\/p>\n\n\n\n<figure class=\"wp-block-embed-youtube wp-block-embed is-type-video is-provider-youtube wp-embed-aspect-4-3 wp-has-aspect-ratio\"><div class=\"wp-block-embed__wrapper\">\n<p class=\"responsive-video-wrap clr\"><iframe title=\"Estatuto do Idoso para crian\u00e7as\" width=\"1200\" height=\"900\" src=\"https:\/\/www.youtube.com\/embed\/drPcTpfkE7I?feature=oembed\" frameborder=\"0\" allow=\"accelerometer; autoplay; encrypted-media; gyroscope; picture-in-picture\" allowfullscreen><\/iframe><\/p>\n<\/div><figcaption>\u201cEstatuto do idoso para crian\u00e7as\u201d<br>Canal: <a href=\"https:\/\/www.youtube.com\/channel\/UCgmV_SpVEUrK_x2ZWO3YcjA\">Elisangela Ros<\/a><br>Fonte: <a rel=\"noreferrer noopener\" href=\"https:\/\/www.youtube.com\/watch?v=drPcTpfkE7I\" target=\"_blank\">https:\/\/www.youtube.com\/watch?v=drPcTpfkE7I<\/a><\/figcaption><\/figure>\n\n\n\n<hr class=\"wp-block-separator\"\/>\n\n\n\n<p class=\"has-medium-font-size\">A velhice \u00e9 apenas uma fase da vida. Um dia, todos envelhecer\u00e3o. Voc\u00ea conhece ou convive com algum idoso? Voc\u00ea j\u00e1 presenciou alguma situa\u00e7\u00e3o em que uma pessoa idosa foi desrespeitada? Registre as respostas no seu caderno.<\/p>\n\n\n\n<p class=\"has-medium-font-size\">Agora, crie um cartaz para defender os direitos da pessoa idosa.<\/p>\n\n\n\n<p class=\"has-medium-font-size\">Cartaz \u00e9 um g\u00eanero textual usado para transmitir mensagens de forma clara e objetiva<strong>.<\/strong><\/p>\n\n\n\n<div class=\"wp-block-image\"><figure class=\"aligncenter size-large is-resized\"><img fetchpriority=\"high\" decoding=\"async\" src=\"http:\/\/sme.goiania.go.gov.br\/conexaoescola\/wp-content\/uploads\/2020\/06\/O-Cartaz-e1592248477165.png\" alt=\"\" class=\"wp-image-2583\" width=\"503\" height=\"378\" srcset=\"https:\/\/sme.goiania.go.gov.br\/conexaoescola\/wp-content\/uploads\/2020\/06\/O-Cartaz-e1592248477165.png 318w, https:\/\/sme.goiania.go.gov.br\/conexaoescola\/wp-content\/uploads\/2020\/06\/O-Cartaz-e1592248477165-300x225.png 300w\" sizes=\"(max-width: 503px) 100vw, 503px\" \/><figcaption>&#8220;O Cartaz&#8221;<br>Site: SlidePlayer &#8211; Comunica\u00e7\u00e3o Visual &#8211; Cartaz<br>Fonte: <a rel=\"noreferrer noopener\" href=\"https:\/\/slideplayer.com.br\/slide\/2825786\/\" target=\"_blank\">https:\/\/slideplayer.com.br\/slide\/2825786\/<\/a><\/figcaption><\/figure><\/div>\n\n\n\n<hr class=\"wp-block-separator\"\/>\n\n\n\n<p class=\"has-medium-font-size\">Agora \u00e9 com voc\u00ea. Pegue uma folha de papel e elabore um cartaz, conscientizando as pessoas sobre os direitos dos idosos!<\/p>\n\n\n\n<p class=\"has-medium-font-size\">Fa\u00e7a desenhos e escreva o texto. Pode ser uma frase que represente algum direito do idoso.<\/p>\n\n\n\n<p class=\"has-medium-font-size\">Use a criatividade, trabalhe as letras e as cores, de forma colorida e divertida.<\/p>\n\n\n\n<p class=\"has-medium-font-size\">Conseguiu? Agora cole o cartaz na porta ou port\u00e3o de sua casa, para que outras pessoas conhe\u00e7am esses direitos.<\/p>\n\n\n\n<p class=\"has-medium-font-size\">Voc\u00ea tamb\u00e9m pode tirar uma foto do seu cartaz e enviar por mensagem para alguma pessoa conhecida, utilizando os aplicativos do celular.<\/p>\n\n\n\n<p class=\"has-medium-font-size\">Conhe\u00e7a mais sobre o g\u00eanero textual \u201cCartaz\u201d. Acesse o link a seguir e leia as informa\u00e7\u00f5es do texto:<\/p>\n\n\n\n<hr class=\"wp-block-separator\"\/>\n\n\n\n<figure class=\"wp-block-image size-large\"><img decoding=\"async\" src=\"https:\/\/static.todamateria.com.br\/upload\/56\/05\/56055568c460b-o-cartaz-como-genero-textual.jpg\" alt=\"\"\/><figcaption>\u201cO cartaz como g\u00eanero textual\u201d<br>Site: Toda Mat\u00e9ria<br>Fonte: <a rel=\"noreferrer noopener\" href=\"https:\/\/www.todamateria.com.br\/o-cartaz-como-genero-textual\/\" target=\"_blank\">https:\/\/www.todamateria.com.br\/o-cartaz-como-genero-textual\/<\/a><\/figcaption><\/figure>\n\n\n\n<hr class=\"wp-block-separator\"\/>\n\n\n\n<figure class=\"wp-block-image size-large\"><img decoding=\"async\" width=\"650\" height=\"300\" src=\"http:\/\/sme.goiania.go.gov.br\/conexaoescola\/wp-content\/uploads\/2020\/06\/memoriaG-e1592246592192.jpg\" alt=\"\" class=\"wp-image-2579\" srcset=\"https:\/\/sme.goiania.go.gov.br\/conexaoescola\/wp-content\/uploads\/2020\/06\/memoriaG-e1592246592192.jpg 650w, https:\/\/sme.goiania.go.gov.br\/conexaoescola\/wp-content\/uploads\/2020\/06\/memoriaG-e1592246592192-300x138.jpg 300w\" sizes=\"(max-width: 650px) 100vw, 650px\" \/><figcaption>\u201cJogo da mem\u00f3ria &#8211; Brincadeiras para crian\u00e7as\u201d <br>Site: Guia Infantil<br>Fonte: <a rel=\"noreferrer noopener\" href=\"https:\/\/br.guiainfantil.com\/materias\/cultura-e-lazer\/jogos\/jogo-da-memoria-brincadeiras-para-criancas\/\" target=\"_blank\">https:\/\/br.guiainfantil.com\/materias\/cultura-e-lazer\/jogos\/jogo-da-memoria-brincadeiras-para-criancas\/<\/a><\/figcaption><\/figure>\n\n\n\n<hr class=\"wp-block-separator\"\/>\n\n\n\n<figure class=\"wp-block-table\"><table><tbody><tr><td><strong>OBJETO DE CONHECIMENTO:<\/strong><\/td><td><strong>HABILIDADES<\/strong>:<\/td><\/tr><tr><td>Hist\u00f3ria: Temporalidades: simultaneidade e compara\u00e7\u00e3o.<br><br>L\u00edngua Portuguesa:\u00a0 Utiliza\u00e7\u00e3o de conhecimentos lingu\u00edsticos e gramaticais na produ\u00e7\u00e3o de textos do campo da vida p\u00fablica.<\/td><td><strong>Hist\u00f3ria: <\/strong>(GO-EF01HI03-D) identificar, conhecer, valorizar e respeitar as contribui\u00e7\u00f5es das pessoas idosas na constru\u00e7\u00e3o de saberes, conhecimentos e conv\u00edvio social.<br><br><strong>L\u00edngua Portuguesa<\/strong>:(EF15LP05-C) produzir pequenos textos com roteiros associados a imagens e atentar-se a estrutura textual.<\/td><\/tr><\/tbody><\/table><\/figure>\n","protected":false},"author":10,"featured_media":2585,"template":"","ef_categoria":[13,20],"ef_ano":[],"ef_componente":[],"class_list":["post-2580","ensino_fundamental","type-ensino_fundamental","status-publish","has-post-thumbnail","hentry","ef_categoria-ciclo-da-infancia-abc","ef_categoria-etica-e-cidadania","entry","has-media"],"acf":[],"_links":{"self":[{"href":"https:\/\/sme.goiania.go.gov.br\/conexaoescola\/wp-json\/wp\/v2\/ensino_fundamental\/2580","targetHints":{"allow":["GET"]}}],"collection":[{"href":"https:\/\/sme.goiania.go.gov.br\/conexaoescola\/wp-json\/wp\/v2\/ensino_fundamental"}],"about":[{"href":"https:\/\/sme.goiania.go.gov.br\/conexaoescola\/wp-json\/wp\/v2\/types\/ensino_fundamental"}],"author":[{"embeddable":true,"href":"https:\/\/sme.goiania.go.gov.br\/conexaoescola\/wp-json\/wp\/v2\/users\/10"}],"version-history":[{"count":0,"href":"https:\/\/sme.goiania.go.gov.br\/conexaoescola\/wp-json\/wp\/v2\/ensino_fundamental\/2580\/revisions"}],"wp:featuredmedia":[{"embeddable":true,"href":"https:\/\/sme.goiania.go.gov.br\/conexaoescola\/wp-json\/wp\/v2\/media\/2585"}],"wp:attachment":[{"href":"https:\/\/sme.goiania.go.gov.br\/conexaoescola\/wp-json\/wp\/v2\/media?parent=2580"}],"wp:term":[{"taxonomy":"ef_categoria","embeddable":true,"href":"https:\/\/sme.goiania.go.gov.br\/conexaoescola\/wp-json\/wp\/v2\/ef_categoria?post=2580"},{"taxonomy":"ef_ano","embeddable":true,"href":"https:\/\/sme.goiania.go.gov.br\/conexaoescola\/wp-json\/wp\/v2\/ef_ano?post=2580"},{"taxonomy":"ef_componente","embeddable":true,"href":"https:\/\/sme.goiania.go.gov.br\/conexaoescola\/wp-json\/wp\/v2\/ef_componente?post=2580"}],"curies":[{"name":"wp","href":"https:\/\/api.w.org\/{rel}","templated":true}]}}

Brincar é bom, respeitar os idosos é bom demais!

<figure class="wp-block-embed-youtube wp-block-embed is-type-video is-provider-youtube wp-embed-aspect-16-9 wp-has-aspect-ratio"><div class="wp-block-embed__wrapper">
<p class="responsive-video-wrap clr"><iframe title="Respeito e reflexão com os idosos - Ensino Fundamental – Ética e Cidadania" width="1200" height="675" src="https://www.youtube.com/embed/o4sO47GHiKQ?feature=oembed" frameborder="0" allow="accelerometer; autoplay; encrypted-media; gyroscope; picture-in-picture" allowfullscreen></iframe></p>
</div><figcaption>Respeito e reflexão com os idosos &#8211; EF &#8211; Ética e Cidadania<br>Canal: <a href="https://www.youtube.com/channel/UCtoYS7J0PS_iO3KMA1JsnCA" target="_blank" rel="noreferrer noopener">Portal Conexão Escola</a></figcaption></figure>



<hr class="wp-block-separator"/>



<p class="has-medium-font-size">Você já viu alguém com a cabeça quadrada? Estranho, né? Vamos ouvir uma história que fala sobre isso?</p>



<figure class="wp-block-embed-youtube wp-block-embed is-type-video is-provider-youtube wp-embed-aspect-16-9 wp-has-aspect-ratio"><div class="wp-block-embed__wrapper">
<p class="responsive-video-wrap clr"><iframe title="A MENINA DA CABEÇA QUADRADA  #historinha" width="1200" height="675" src="https://www.youtube.com/embed/dyMMw0GExUQ?feature=oembed" frameborder="0" allow="accelerometer; autoplay; encrypted-media; gyroscope; picture-in-picture" allowfullscreen></iframe></p>
</div><figcaption>“A menina da cabeça quadrada”<br>Canal: <a href="https://www.youtube.com/channel/UCvJS2VGeCbKlzYVqvJZrZZQ">Tia Lidy</a><br>Fonte: <a href="https://www.youtube.com/watch?v=dyMMw0GExUQ">https://www.youtube.</a><a rel="noreferrer noopener" href="https://www.youtube.com/watch?v=dyMMw0GExUQ" target="_blank">com</a><a href="https://www.youtube.com/watch?v=dyMMw0GExUQ" target="_blank" rel="noreferrer noopener">/watch?v=dyMMw0GExUQ</a></figcaption></figure>



<hr class="wp-block-separator"/>



<p class="has-medium-font-size">Gostou da história? </p>



<p class="has-medium-font-size">Você sabia que as brincadeiras são importantes? </p>



<p class="has-medium-font-size">É por meio delas que você estimula a criatividade e interage com os colegas!</p>



<p class="has-medium-font-size">Você costuma passar muito tempo assistindo TV ou brincando no celular?</p>



<p class="has-medium-font-size">Que tal exercitar sua memória e criar um jogo bem legal? Assista ao vídeo e chame um adulto para te ajudar a fazer.</p>



<figure class="wp-block-embed-youtube wp-block-embed is-type-video is-provider-youtube wp-embed-aspect-16-9 wp-has-aspect-ratio"><div class="wp-block-embed__wrapper">
<p class="responsive-video-wrap clr"><iframe title="Jogo Da Memória" width="1200" height="675" src="https://www.youtube.com/embed/RGsTc4oomdA?feature=oembed" frameborder="0" allow="accelerometer; autoplay; encrypted-media; gyroscope; picture-in-picture" allowfullscreen></iframe></p>
</div><figcaption>“Jogo da memória”<br>Canal: <a href="https://www.youtube.com/channel/UCmzInj2BLAB2YqBSzzyVxRA">Escola Criativa TRIS</a><br>Fonte: <a href="https://www.youtube.com/watch?v=RGsTc4oomdA">https://www.</a><a rel="noreferrer noopener" href="https://www.youtube.com/watch?v=RGsTc4oomdA" target="_blank">youtube</a><a href="https://www.youtube.com/watch?v=RGsTc4oomdA" target="_blank" rel="noreferrer noopener">.com/watch?v=RGsTc4oomdA</a></figcaption></figure>



<hr class="wp-block-separator"/>



<p class="has-medium-font-size">Para fazer o jogo da memória, siga os seguintes passos:</p>



<p class="has-medium-font-size">Pegue uma folha de papel e, com a ajuda de uma régua, faça quadradinhos;</p>



<p class="has-medium-font-size">Em um quadrado, desenhe um brinquedo e no outro o nome dele, para formar pares;</p>



<p class="has-medium-font-size">Chame um adulto da sua casa para te ajudar a medir e a recortar as peças;</p>



<p class="has-medium-font-size">Agora, é só pintar e se divertir!</p>



<p class="has-medium-font-size">Gostou da brincadeira?</p>



<p class="has-medium-font-size">Assim como na história, devemos respeitar e ouvir os conselhos das pessoas mais velhas, pois elas têm mais experiências de vida e muito a nos ensinar. Cecília ouviu, respeitou e seguiu o conselho da avó e, por isso, conseguiu achar uma solução para o seu problema.</p>



<p class="has-medium-font-size">Os idosos são considerados tão importantes, que foi criado um estatuto para garantir os direitos deles. Vamos ouvir mais uma história e conhecer um pouquinho desses direitos:</p>



<figure class="wp-block-embed-youtube wp-block-embed is-type-video is-provider-youtube wp-embed-aspect-4-3 wp-has-aspect-ratio"><div class="wp-block-embed__wrapper">
<p class="responsive-video-wrap clr"><iframe title="Estatuto do Idoso para crianças" width="1200" height="900" src="https://www.youtube.com/embed/drPcTpfkE7I?feature=oembed" frameborder="0" allow="accelerometer; autoplay; encrypted-media; gyroscope; picture-in-picture" allowfullscreen></iframe></p>
</div><figcaption>“Estatuto do idoso para crianças”<br>Canal: <a href="https://www.youtube.com/channel/UCgmV_SpVEUrK_x2ZWO3YcjA">Elisangela Ros</a><br>Fonte: <a rel="noreferrer noopener" href="https://www.youtube.com/watch?v=drPcTpfkE7I" target="_blank">https://www.youtube.com/watch?v=drPcTpfkE7I</a></figcaption></figure>



<hr class="wp-block-separator"/>



<p class="has-medium-font-size">A velhice é apenas uma fase da vida. Um dia, todos envelhecerão. Você conhece ou convive com algum idoso? Você já presenciou alguma situação em que uma pessoa idosa foi desrespeitada? Registre as respostas no seu caderno.</p>



<p class="has-medium-font-size">Agora, crie um cartaz para defender os direitos da pessoa idosa.</p>



<p class="has-medium-font-size">Cartaz é um gênero textual usado para transmitir mensagens de forma clara e objetiva<strong>.</strong></p>



<div class="wp-block-image"><figure class="aligncenter size-large is-resized"><img fetchpriority="high" decoding="async" src="http://sme.goiania.go.gov.br/conexaoescola/wp-content/uploads/2020/06/O-Cartaz-e1592248477165.png" alt="" class="wp-image-2583" width="503" height="378" srcset="https://sme.goiania.go.gov.br/conexaoescola/wp-content/uploads/2020/06/O-Cartaz-e1592248477165.png 318w, https://sme.goiania.go.gov.br/conexaoescola/wp-content/uploads/2020/06/O-Cartaz-e1592248477165-300x225.png 300w" sizes="(max-width: 503px) 100vw, 503px" /><figcaption>&#8220;O Cartaz&#8221;<br>Site: SlidePlayer &#8211; Comunicação Visual &#8211; Cartaz<br>Fonte: <a rel="noreferrer noopener" href="https://slideplayer.com.br/slide/2825786/" target="_blank">https://slideplayer.com.br/slide/2825786/</a></figcaption></figure></div>



<hr class="wp-block-separator"/>



<p class="has-medium-font-size">Agora é com você. Pegue uma folha de papel e elabore um cartaz, conscientizando as pessoas sobre os direitos dos idosos!</p>



<p class="has-medium-font-size">Faça desenhos e escreva o texto. Pode ser uma frase que represente algum direito do idoso.</p>



<p class="has-medium-font-size">Use a criatividade, trabalhe as letras e as cores, de forma colorida e divertida.</p>



<p class="has-medium-font-size">Conseguiu? Agora cole o cartaz na porta ou portão de sua casa, para que outras pessoas conheçam esses direitos.</p>



<p class="has-medium-font-size">Você também pode tirar uma foto do seu cartaz e enviar por mensagem para alguma pessoa conhecida, utilizando os aplicativos do celular.</p>



<p class="has-medium-font-size">Conheça mais sobre o gênero textual “Cartaz”. Acesse o link a seguir e leia as informações do texto:</p>



<hr class="wp-block-separator"/>



<figure class="wp-block-image size-large"><img decoding="async" src="https://static.todamateria.com.br/upload/56/05/56055568c460b-o-cartaz-como-genero-textual.jpg" alt=""/><figcaption>“O cartaz como gênero textual”<br>Site: Toda Matéria<br>Fonte: <a rel="noreferrer noopener" href="https://www.todamateria.com.br/o-cartaz-como-genero-textual/" target="_blank">https://www.todamateria.com.br/o-cartaz-como-genero-textual/</a></figcaption></figure>



<hr class="wp-block-separator"/>



<figure class="wp-block-image size-large"><img decoding="async" width="650" height="300" src="http://sme.goiania.go.gov.br/conexaoescola/wp-content/uploads/2020/06/memoriaG-e1592246592192.jpg" alt="" class="wp-image-2579" srcset="https://sme.goiania.go.gov.br/conexaoescola/wp-content/uploads/2020/06/memoriaG-e1592246592192.jpg 650w, https://sme.goiania.go.gov.br/conexaoescola/wp-content/uploads/2020/06/memoriaG-e1592246592192-300x138.jpg 300w" sizes="(max-width: 650px) 100vw, 650px" /><figcaption>“Jogo da memória &#8211; Brincadeiras para crianças” <br>Site: Guia Infantil<br>Fonte: <a rel="noreferrer noopener" href="https://br.guiainfantil.com/materias/cultura-e-lazer/jogos/jogo-da-memoria-brincadeiras-para-criancas/" target="_blank">https://br.guiainfantil.com/materias/cultura-e-lazer/jogos/jogo-da-memoria-brincadeiras-para-criancas/</a></figcaption></figure>



<hr class="wp-block-separator"/>



<figure class="wp-block-table"><table><tbody><tr><td><strong>OBJETO DE CONHECIMENTO:</strong></td><td><strong>HABILIDADES</strong>:</td></tr><tr><td>História: Temporalidades: simultaneidade e comparação.<br><br>Língua Portuguesa:  Utilização de conhecimentos linguísticos e gramaticais na produção de textos do campo da vida pública.</td><td><strong>História: </strong>(GO-EF01HI03-D) identificar, conhecer, valorizar e respeitar as contribuições das pessoas idosas na construção de saberes, conhecimentos e convívio social.<br><br><strong>Língua Portuguesa</strong>:(EF15LP05-C) produzir pequenos textos com roteiros associados a imagens e atentar-se a estrutura textual.</td></tr></tbody></table></figure>
