{"id":23933,"date":"2020-10-12T07:00:00","date_gmt":"2020-10-12T10:00:00","guid":{"rendered":"http:\/\/sme.goiania.go.gov.br\/conexaoescola\/?post_type=ensino_fundamental&#038;p=23933"},"modified":"2020-10-09T08:32:26","modified_gmt":"2020-10-09T11:32:26","slug":"receita","status":"publish","type":"ensino_fundamental","link":"https:\/\/sme.goiania.go.gov.br\/conexaoescola\/ensino_fundamental\/receita\/","title":{"rendered":"Receita"},"content":{"rendered":"\n<p class=\"has-drop-cap has-medium-font-size\">Ol\u00e1 crian\u00e7a! Tudo bem? Hoje voc\u00ea vai aprender sobre o g\u00eanero textual receita.<\/p>\n\n\n\n<hr class=\"wp-block-separator\"\/>\n\n\n\n<p class=\"has-medium-font-size\">Receita \u00e9 um tipo de texto composto de duas partes bem definidas: ingredientes e modo de preparo, que, por sua vez, podem ou n\u00e3o vir indicados por t\u00edtulos.&nbsp;<\/p>\n\n\n\n<p class=\"has-medium-font-size\">Na primeira parte, na qual se encontram relacionados os ingredientes, estipula-se as quantidades necess\u00e1rias para realizar a receita. Essas quantidades vem descritas em unidades de medidas, como: gramas, mililitros, litros, x\u00edcaras, colheres, pitada, entre outras.<\/p>\n\n\n\n<p class=\"has-medium-font-size\">J\u00e1 na segunda parte, em que se descreve como proceder na receita, ou, em outras palavras, o modo de fazer, os verbos quase sempre se apresentam no modo imperativo, ou seja, expressando ordem, conselhos. Essa parte do passo a passo, indica a sequ\u00eancia dos procedimentos e da jun\u00e7\u00e3o dos ingredientes a ser seguida para se obter o melhor resultado da receita.&nbsp;<\/p>\n\n\n\n<p class=\"has-text-color has-background has-medium-font-size has-very-light-gray-color has-very-dark-gray-background-color\"><strong>Atividade 1<\/strong><\/p>\n\n\n\n<p>Para compreender melhor este g\u00eanero textual, assista ao v\u00eddeo \u201cExplica\u00e7\u00e3o sobre o g\u00eanero textual Receita\u201d <\/p>\n\n\n\n<figure class=\"wp-block-embed-youtube wp-block-embed is-type-video is-provider-youtube wp-embed-aspect-16-9 wp-has-aspect-ratio\"><div class=\"wp-block-embed__wrapper\">\n<p class=\"responsive-video-wrap clr\"><iframe title=\"G\u00caNERO TEXTUAL RECEITA\" width=\"1200\" height=\"675\" src=\"https:\/\/www.youtube.com\/embed\/PlpoNxRo7UM?feature=oembed\" frameborder=\"0\" allow=\"accelerometer; autoplay; clipboard-write; encrypted-media; gyroscope; picture-in-picture\" allowfullscreen><\/iframe><\/p> \n<\/div><figcaption>&#8220;G\u00caNERO TEXTUAL RECEITA&#8221; Canal: <a href=\"https:\/\/www.youtube.com\/channel\/UC_mc6hq2GXV_36_v1ydz6FQ\">Prof. Luciana Pires<\/a> &#8211; <a href=\"https:\/\/www.youtube.com\/watch?v=PlpoNxRo7UM&amp;feature=youtu.be\">https:\/\/www.youtube.com\/watch?v=PlpoNxRo7UM&amp;feature=youtu.be<\/a><\/figcaption><\/figure>\n\n\n\n<p class=\"has-text-color has-background has-medium-font-size has-very-light-gray-color has-very-dark-gray-background-color\"><strong>Atividade 2<\/strong><\/p>\n\n\n\n<p class=\"has-medium-font-size\">A Culin\u00e1ria Goiana tem sabor daquela comidinha caseira feita com muito amor preparada pela m\u00e3e ou pela av\u00f3, de prefer\u00eancia num fog\u00e3o a lenha. Os pratos t\u00edpicos de Goi\u00e1s s\u00e3o:<\/p>\n\n\n\n<p class=\"has-medium-font-size\">&nbsp;&nbsp;&nbsp;&nbsp;\u2022 Galinhada,<\/p>\n\n\n\n<p class=\"has-medium-font-size\">&nbsp;&nbsp;&nbsp;&nbsp;\u2022 Frango com Pequi,<\/p>\n\n\n\n<p class=\"has-medium-font-size\">&nbsp;&nbsp;&nbsp;&nbsp;\u2022 Frango com Guariroba,<\/p>\n\n\n\n<p class=\"has-medium-font-size\">&nbsp;&nbsp;&nbsp;&nbsp;\u2022 Galinha Caipira,<\/p>\n\n\n\n<p class=\"has-medium-font-size\">&nbsp;&nbsp;&nbsp;&nbsp;\u2022 Empad\u00e3o Goiano,<\/p>\n\n\n\n<p class=\"has-medium-font-size\">&nbsp;&nbsp;&nbsp;&nbsp;\u2022 Pamonha,<\/p>\n\n\n\n<p class=\"has-medium-font-size\">&nbsp;&nbsp;&nbsp;&nbsp;\u2022 Arroz com Su\u00e3,<\/p>\n\n\n\n<p class=\"has-medium-font-size\">&nbsp;&nbsp;&nbsp;&nbsp;\u2022 Arroz a Puta Rica,<\/p>\n\n\n\n<p class=\"has-medium-font-size\">&nbsp;&nbsp;&nbsp;&nbsp;\u2022 Carne na Lata,<\/p>\n\n\n\n<p class=\"has-medium-font-size\">&nbsp;&nbsp;&nbsp;&nbsp;\u2022 Chica Doida,<\/p>\n\n\n\n<p class=\"has-medium-font-size\">&nbsp;&nbsp;&nbsp;&nbsp;\u2022 Pa\u00e7oca,<\/p>\n\n\n\n<p class=\"has-medium-font-size\">&nbsp;&nbsp;&nbsp;&nbsp;\u2022 Peixe na Telha,<\/p>\n\n\n\n<p class=\"has-medium-font-size\">&nbsp;&nbsp;&nbsp;&nbsp;\u2022 Tutu de Feij\u00e3o,<\/p>\n\n\n\n<p class=\"has-medium-font-size\">&nbsp;&nbsp;&nbsp;&nbsp;\u2022 P\u00e3o de Queijo entre outros.<\/p>\n\n\n\n<p class=\"has-medium-font-size\">E a\u00ed crian\u00e7a, qual desses pratos t\u00edpicos j\u00e1 foram feitos em sua casa pela mam\u00e3e, papai ou a vov\u00f3 seguindo ama receita? Voc\u00ea j\u00e1 ajudou algu\u00e9m em casa no preparo de um alimento? Qual desses pratos acima voc\u00ea gosta mais? Registre em seu caderno.<\/p>\n\n\n\n<p class=\"has-text-color has-background has-medium-font-size has-very-light-gray-color has-very-dark-gray-background-color\"><strong>Atividade 3<\/strong><\/p>\n\n\n\n<p class=\"has-medium-font-size\">Presente em v\u00e1rios pratos da culin\u00e1ria goiana, o milho \u00e9 o protagonista das festas juninas, mas que comp\u00f5e a mesa do goiano o ano inteiro. Ingrediente vers\u00e1til, fica bom com tudo: receitas doces e salgadas que fazem qualquer um lamber os dedos!&nbsp;<\/p>\n\n\n\n<p class=\"has-medium-font-size\">Sendo assim apresentamos a voc\u00ea mais uma receita. Que tal coloc\u00e1-la em pr\u00e1tica? Chame o seu respons\u00e1vel, verifique se voc\u00ea tem todos os ingredientes em casa e M\u00c3O NA MASSA!!<\/p>\n\n\n\n<p><img fetchpriority=\"high\" decoding=\"async\" width=\"567\" height=\"401\" alt=\"Receita \u2013 um g\u00eanero discursivo - Escola Kids\" src=\"https:\/\/lh3.googleusercontent.com\/Dxn0tljYGoKUaOAMD7Tu8an_CBiOU7jEiQEx_fFx2rakfOLEbVwHV-QCr2zsHbDKMZIqydUV5Cpb8jqAowDEW7PVrbLPx3s_BOmKI7UqhkKLq1d-jVrolWwRMIAQLUeiHGe9XQE\"><a href=\"https:\/\/escolakids.uol.com.br\/portugues\/receita-um-genero-discursivo.htm\">https:\/\/escolakids.uol.com.br\/portugues\/receita-um-genero-discursivo.htm<\/a><\/p>\n\n\n\n<p class=\"has-medium-font-size\">Agora que j\u00e1 conhecem este g\u00eanero textual, podem continuar pesquisando novas receitas. Quais receitas voc\u00ea tem vontade de experimentar? Voc\u00ea conseguiria explicar uma receita para um colega? Na internet h\u00e1 v\u00e1rias receitas interessantes, e agora voc\u00ea \u00e9 capaz de entend\u00ea-las. Lembre-se sempre de pedir ajuda a um adulto! Vamos nos despedindo agora, at\u00e9 a pr\u00f3xima!&nbsp;<\/p>\n\n\n\n<hr class=\"wp-block-separator\"\/>\n\n\n\n<p><strong>Saiba Mais | Refer\u00eancias:<\/strong><\/p>\n\n\n\n<div class=\"wp-block-columns is-layout-flex wp-container-core-columns-is-layout-9d6595d7 wp-block-columns-is-layout-flex\">\n<div class=\"wp-block-column is-layout-flow wp-block-column-is-layout-flow\">\n<p class=\"has-text-color has-background has-very-light-gray-color has-vivid-purple-background-color\"><a href=\"https:\/\/blog.tudogostoso.com.br\/cardapios\/receitas-faceis\/4-receitas-faceis-para-fazer-com-as-criancas\/\">https:\/\/blog.tudogostoso.com.br\/cardapios\/receitas-faceis\/4-receitas-faceis-para-fazer-com-as-criancas\/<\/a><\/p>\n<\/div>\n\n\n\n<div class=\"wp-block-column is-layout-flow wp-block-column-is-layout-flow\">\n<figure class=\"wp-block-embed-youtube wp-block-embed is-type-video is-provider-youtube wp-embed-aspect-16-9 wp-has-aspect-ratio\"><div class=\"wp-block-embed__wrapper\">\n<p class=\"responsive-video-wrap clr\"><iframe title=\"6 receitas t\u00e3o boas que voc\u00ea pode vender\" width=\"1200\" height=\"675\" src=\"https:\/\/www.youtube.com\/embed\/uMOTiztce8A?feature=oembed\" frameborder=\"0\" allow=\"accelerometer; autoplay; clipboard-write; encrypted-media; gyroscope; picture-in-picture\" allowfullscreen><\/iframe><\/p>\n<\/div><figcaption>&#8220;6 receitas t\u00e3o boas que voc\u00ea pode vender&#8221; Canal: <a href=\"https:\/\/www.youtube.com\/channel\/UCB0cIRr6cEkpzxtm3KTV3uw\">Tasty Demais<\/a> &#8211; <a href=\"https:\/\/www.youtube.com\/watch?v=uMOTiztce8A\">https:\/\/www.youtube.com\/watch?v=uMOTiztce8A<\/a><\/figcaption><\/figure>\n<\/div>\n\n\n\n<div class=\"wp-block-column is-layout-flow wp-block-column-is-layout-flow\">\n<figure class=\"wp-block-embed-youtube wp-block-embed is-type-video is-provider-youtube wp-embed-aspect-16-9 wp-has-aspect-ratio\"><div class=\"wp-block-embed__wrapper\">\n<p class=\"responsive-video-wrap clr\"><iframe title=\"G\u00eanero Textual: Receita\" width=\"1200\" height=\"675\" src=\"https:\/\/www.youtube.com\/embed\/R4rsGI_cBfI?start=205&#038;feature=oembed\" frameborder=\"0\" allow=\"accelerometer; autoplay; clipboard-write; encrypted-media; gyroscope; picture-in-picture\" allowfullscreen><\/iframe><\/p>\n<\/div><figcaption>&#8220;G\u00eanero Textual: Receita&#8221; Canal: <br>Reh Silva &#8211; <a href=\"https:\/\/www.youtube.com\/watch?v=R4rsGI_cBfI&amp;t=205s\">https:\/\/www.youtube.com\/watch?v=R4rsGI_cBfI&amp;t=205s<\/a><\/figcaption><\/figure>\n<\/div>\n<\/div>\n\n\n\n<hr class=\"wp-block-separator\"\/>\n\n\n\n<figure class=\"wp-block-table alignfull\"><table><tbody><tr><td>Objeto de Conhecimento<\/td><td>Texto injuntivo instrucional: receita<\/td><\/tr><tr><td>Habilidades<\/td><td>(EF03LP11-A) Ler e compreender, com autonomia, textos injuntivos instrucionais, como receitas, manual de instru\u00e7\u00e3o, considerando a situa\u00e7\u00e3o comunicativa e o tema\/assunto do texto.<\/td><\/tr><\/tbody><\/table><\/figure>\n\n\n\n<hr class=\"wp-block-separator\"\/>\n\n\n\n<figure class=\"wp-block-table alignfull\"><table><tbody><tr><td>Proponentes\/ Professores:<\/td><td>Alane Viana Rodrigues<br>V\u00edvian L\u00edgia Rodrigues dos Santos<\/td><\/tr><tr><td>Institui\u00e7\u00e3o Educacional:<br><\/td><td>Escola Municipal Wilmar da Silva Guimar\u00e3es<\/td><\/tr><tr><td>CRE:<\/td><td>Central<\/td><\/tr><\/tbody><\/table><\/figure>\n\n\n\n<hr class=\"wp-block-separator\"\/>\n\n\n\n<p class=\"has-text-align-center\">Ensino Fundamental &#8211; Ciclo da Inf\u00e2ncia \u2013 Turma C \u2013 3\u00ba ano &#8211; Experi\u00eancias e curiosidades<\/p>\n","protected":false},"author":24,"featured_media":24029,"template":"","ef_categoria":[13,21],"ef_ano":[],"ef_componente":[],"class_list":["post-23933","ensino_fundamental","type-ensino_fundamental","status-publish","has-post-thumbnail","hentry","ef_categoria-ciclo-da-infancia-abc","ef_categoria-experiencias-e-curiosidades","entry","has-media"],"acf":[],"_links":{"self":[{"href":"https:\/\/sme.goiania.go.gov.br\/conexaoescola\/wp-json\/wp\/v2\/ensino_fundamental\/23933","targetHints":{"allow":["GET"]}}],"collection":[{"href":"https:\/\/sme.goiania.go.gov.br\/conexaoescola\/wp-json\/wp\/v2\/ensino_fundamental"}],"about":[{"href":"https:\/\/sme.goiania.go.gov.br\/conexaoescola\/wp-json\/wp\/v2\/types\/ensino_fundamental"}],"author":[{"embeddable":true,"href":"https:\/\/sme.goiania.go.gov.br\/conexaoescola\/wp-json\/wp\/v2\/users\/24"}],"version-history":[{"count":0,"href":"https:\/\/sme.goiania.go.gov.br\/conexaoescola\/wp-json\/wp\/v2\/ensino_fundamental\/23933\/revisions"}],"wp:featuredmedia":[{"embeddable":true,"href":"https:\/\/sme.goiania.go.gov.br\/conexaoescola\/wp-json\/wp\/v2\/media\/24029"}],"wp:attachment":[{"href":"https:\/\/sme.goiania.go.gov.br\/conexaoescola\/wp-json\/wp\/v2\/media?parent=23933"}],"wp:term":[{"taxonomy":"ef_categoria","embeddable":true,"href":"https:\/\/sme.goiania.go.gov.br\/conexaoescola\/wp-json\/wp\/v2\/ef_categoria?post=23933"},{"taxonomy":"ef_ano","embeddable":true,"href":"https:\/\/sme.goiania.go.gov.br\/conexaoescola\/wp-json\/wp\/v2\/ef_ano?post=23933"},{"taxonomy":"ef_componente","embeddable":true,"href":"https:\/\/sme.goiania.go.gov.br\/conexaoescola\/wp-json\/wp\/v2\/ef_componente?post=23933"}],"curies":[{"name":"wp","href":"https:\/\/api.w.org\/{rel}","templated":true}]}}

<p class="has-drop-cap has-medium-font-size">Olá criança! Tudo bem? Hoje você vai aprender sobre o gênero textual receita.</p>



<hr class="wp-block-separator"/>



<p class="has-medium-font-size">Receita é um tipo de texto composto de duas partes bem definidas: ingredientes e modo de preparo, que, por sua vez, podem ou não vir indicados por títulos.&nbsp;</p>



<p class="has-medium-font-size">Na primeira parte, na qual se encontram relacionados os ingredientes, estipula-se as quantidades necessárias para realizar a receita. Essas quantidades vem descritas em unidades de medidas, como: gramas, mililitros, litros, xícaras, colheres, pitada, entre outras.</p>



<p class="has-medium-font-size">Já na segunda parte, em que se descreve como proceder na receita, ou, em outras palavras, o modo de fazer, os verbos quase sempre se apresentam no modo imperativo, ou seja, expressando ordem, conselhos. Essa parte do passo a passo, indica a sequência dos procedimentos e da junção dos ingredientes a ser seguida para se obter o melhor resultado da receita.&nbsp;</p>



<p class="has-text-color has-background has-medium-font-size has-very-light-gray-color has-very-dark-gray-background-color"><strong>Atividade 1</strong></p>



<p>Para compreender melhor este gênero textual, assista ao vídeo “Explicação sobre o gênero textual Receita” </p>



<figure class="wp-block-embed-youtube wp-block-embed is-type-video is-provider-youtube wp-embed-aspect-16-9 wp-has-aspect-ratio"><div class="wp-block-embed__wrapper">
<p class="responsive-video-wrap clr"><iframe title="GÊNERO TEXTUAL RECEITA" width="1200" height="675" src="https://www.youtube.com/embed/PlpoNxRo7UM?feature=oembed" frameborder="0" allow="accelerometer; autoplay; clipboard-write; encrypted-media; gyroscope; picture-in-picture" allowfullscreen></iframe></p> 
</div><figcaption>&#8220;GÊNERO TEXTUAL RECEITA&#8221; Canal: <a href="https://www.youtube.com/channel/UC_mc6hq2GXV_36_v1ydz6FQ">Prof. Luciana Pires</a> &#8211; <a href="https://www.youtube.com/watch?v=PlpoNxRo7UM&amp;feature=youtu.be">https://www.youtube.com/watch?v=PlpoNxRo7UM&amp;feature=youtu.be</a></figcaption></figure>



<p class="has-text-color has-background has-medium-font-size has-very-light-gray-color has-very-dark-gray-background-color"><strong>Atividade 2</strong></p>



<p class="has-medium-font-size">A Culinária Goiana tem sabor daquela comidinha caseira feita com muito amor preparada pela mãe ou pela avó, de preferência num fogão a lenha. Os pratos típicos de Goiás são:</p>



<p class="has-medium-font-size">&nbsp;&nbsp;&nbsp;&nbsp;• Galinhada,</p>



<p class="has-medium-font-size">&nbsp;&nbsp;&nbsp;&nbsp;• Frango com Pequi,</p>



<p class="has-medium-font-size">&nbsp;&nbsp;&nbsp;&nbsp;• Frango com Guariroba,</p>



<p class="has-medium-font-size">&nbsp;&nbsp;&nbsp;&nbsp;• Galinha Caipira,</p>



<p class="has-medium-font-size">&nbsp;&nbsp;&nbsp;&nbsp;• Empadão Goiano,</p>



<p class="has-medium-font-size">&nbsp;&nbsp;&nbsp;&nbsp;• Pamonha,</p>



<p class="has-medium-font-size">&nbsp;&nbsp;&nbsp;&nbsp;• Arroz com Suã,</p>



<p class="has-medium-font-size">&nbsp;&nbsp;&nbsp;&nbsp;• Arroz a Puta Rica,</p>



<p class="has-medium-font-size">&nbsp;&nbsp;&nbsp;&nbsp;• Carne na Lata,</p>



<p class="has-medium-font-size">&nbsp;&nbsp;&nbsp;&nbsp;• Chica Doida,</p>



<p class="has-medium-font-size">&nbsp;&nbsp;&nbsp;&nbsp;• Paçoca,</p>



<p class="has-medium-font-size">&nbsp;&nbsp;&nbsp;&nbsp;• Peixe na Telha,</p>



<p class="has-medium-font-size">&nbsp;&nbsp;&nbsp;&nbsp;• Tutu de Feijão,</p>



<p class="has-medium-font-size">&nbsp;&nbsp;&nbsp;&nbsp;• Pão de Queijo entre outros.</p>



<p class="has-medium-font-size">E aí criança, qual desses pratos típicos já foram feitos em sua casa pela mamãe, papai ou a vovó seguindo ama receita? Você já ajudou alguém em casa no preparo de um alimento? Qual desses pratos acima você gosta mais? Registre em seu caderno.</p>



<p class="has-text-color has-background has-medium-font-size has-very-light-gray-color has-very-dark-gray-background-color"><strong>Atividade 3</strong></p>



<p class="has-medium-font-size">Presente em vários pratos da culinária goiana, o milho é o protagonista das festas juninas, mas que compõe a mesa do goiano o ano inteiro. Ingrediente versátil, fica bom com tudo: receitas doces e salgadas que fazem qualquer um lamber os dedos!&nbsp;</p>



<p class="has-medium-font-size">Sendo assim apresentamos a você mais uma receita. Que tal colocá-la em prática? Chame o seu responsável, verifique se você tem todos os ingredientes em casa e MÃO NA MASSA!!</p>



<p><img fetchpriority="high" decoding="async" width="567" height="401" alt="Receita – um gênero discursivo - Escola Kids" src="https://lh3.googleusercontent.com/Dxn0tljYGoKUaOAMD7Tu8an_CBiOU7jEiQEx_fFx2rakfOLEbVwHV-QCr2zsHbDKMZIqydUV5Cpb8jqAowDEW7PVrbLPx3s_BOmKI7UqhkKLq1d-jVrolWwRMIAQLUeiHGe9XQE"><a href="https://escolakids.uol.com.br/portugues/receita-um-genero-discursivo.htm">https://escolakids.uol.com.br/portugues/receita-um-genero-discursivo.htm</a></p>



<p class="has-medium-font-size">Agora que já conhecem este gênero textual, podem continuar pesquisando novas receitas. Quais receitas você tem vontade de experimentar? Você conseguiria explicar uma receita para um colega? Na internet há várias receitas interessantes, e agora você é capaz de entendê-las. Lembre-se sempre de pedir ajuda a um adulto! Vamos nos despedindo agora, até a próxima!&nbsp;</p>



<hr class="wp-block-separator"/>



<p><strong>Saiba Mais | Referências:</strong></p>



<div class="wp-block-columns is-layout-flex wp-container-core-columns-is-layout-9d6595d7 wp-block-columns-is-layout-flex">
<div class="wp-block-column is-layout-flow wp-block-column-is-layout-flow">
<p class="has-text-color has-background has-very-light-gray-color has-vivid-purple-background-color"><a href="https://blog.tudogostoso.com.br/cardapios/receitas-faceis/4-receitas-faceis-para-fazer-com-as-criancas/">https://blog.tudogostoso.com.br/cardapios/receitas-faceis/4-receitas-faceis-para-fazer-com-as-criancas/</a></p>
</div>



<div class="wp-block-column is-layout-flow wp-block-column-is-layout-flow">
<figure class="wp-block-embed-youtube wp-block-embed is-type-video is-provider-youtube wp-embed-aspect-16-9 wp-has-aspect-ratio"><div class="wp-block-embed__wrapper">
<p class="responsive-video-wrap clr"><iframe title="6 receitas tão boas que você pode vender" width="1200" height="675" src="https://www.youtube.com/embed/uMOTiztce8A?feature=oembed" frameborder="0" allow="accelerometer; autoplay; clipboard-write; encrypted-media; gyroscope; picture-in-picture" allowfullscreen></iframe></p>
</div><figcaption>&#8220;6 receitas tão boas que você pode vender&#8221; Canal: <a href="https://www.youtube.com/channel/UCB0cIRr6cEkpzxtm3KTV3uw">Tasty Demais</a> &#8211; <a href="https://www.youtube.com/watch?v=uMOTiztce8A">https://www.youtube.com/watch?v=uMOTiztce8A</a></figcaption></figure>
</div>



<div class="wp-block-column is-layout-flow wp-block-column-is-layout-flow">
<figure class="wp-block-embed-youtube wp-block-embed is-type-video is-provider-youtube wp-embed-aspect-16-9 wp-has-aspect-ratio"><div class="wp-block-embed__wrapper">
<p class="responsive-video-wrap clr"><iframe title="Gênero Textual: Receita" width="1200" height="675" src="https://www.youtube.com/embed/R4rsGI_cBfI?start=205&#038;feature=oembed" frameborder="0" allow="accelerometer; autoplay; clipboard-write; encrypted-media; gyroscope; picture-in-picture" allowfullscreen></iframe></p>
</div><figcaption>&#8220;Gênero Textual: Receita&#8221; Canal: <br>Reh Silva &#8211; <a href="https://www.youtube.com/watch?v=R4rsGI_cBfI&amp;t=205s">https://www.youtube.com/watch?v=R4rsGI_cBfI&amp;t=205s</a></figcaption></figure>
</div>
</div>



<hr class="wp-block-separator"/>



<figure class="wp-block-table alignfull"><table><tbody><tr><td>Objeto de Conhecimento</td><td>Texto injuntivo instrucional: receita</td></tr><tr><td>Habilidades</td><td>(EF03LP11-A) Ler e compreender, com autonomia, textos injuntivos instrucionais, como receitas, manual de instrução, considerando a situação comunicativa e o tema/assunto do texto.</td></tr></tbody></table></figure>



<hr class="wp-block-separator"/>



<figure class="wp-block-table alignfull"><table><tbody><tr><td>Proponentes/ Professores:</td><td>Alane Viana Rodrigues<br>Vívian Lígia Rodrigues dos Santos</td></tr><tr><td>Instituição Educacional:<br></td><td>Escola Municipal Wilmar da Silva Guimarães</td></tr><tr><td>CRE:</td><td>Central</td></tr></tbody></table></figure>



<hr class="wp-block-separator"/>



<p class="has-text-align-center">Ensino Fundamental &#8211; Ciclo da Infância – Turma C – 3º ano &#8211; Experiências e curiosidades</p>
