{"id":2391,"date":"2020-06-10T16:26:44","date_gmt":"2020-06-10T19:26:44","guid":{"rendered":"http:\/\/sme.goiania.go.gov.br\/conexaoescola\/?post_type=ensino_fundamental&#038;p=2391"},"modified":"2020-06-15T14:52:53","modified_gmt":"2020-06-15T17:52:53","slug":"transformacoes-de-um-mesmo-lugar-o-que-e-isso","status":"publish","type":"ensino_fundamental","link":"https:\/\/sme.goiania.go.gov.br\/conexaoescola\/ensino_fundamental\/transformacoes-de-um-mesmo-lugar-o-que-e-isso\/","title":{"rendered":"Transforma\u00e7\u00f5es de um mesmo lugar. O que \u00e9 isso?"},"content":{"rendered":"\n<figure class=\"wp-block-embed-youtube wp-block-embed is-type-video is-provider-youtube wp-embed-aspect-16-9 wp-has-aspect-ratio\"><div class=\"wp-block-embed__wrapper\">\n<p class=\"responsive-video-wrap clr\"><iframe title=\"Lugares em Goi\u00e2nia: ontem e hoje - Ensino Fund. \u2013 Educa\u00e7\u00e3o Ambiental e Sa\u00fade - Turma B - Atividade 2\" width=\"1200\" height=\"675\" src=\"https:\/\/www.youtube.com\/embed\/MhNnUaCG60c?feature=oembed\" frameborder=\"0\" allow=\"accelerometer; autoplay; encrypted-media; gyroscope; picture-in-picture\" allowfullscreen><\/iframe><\/p>\n<\/div><figcaption>Lugares em Goi\u00e2nia: ontem e hoje &#8211; EF \u2013 Educa\u00e7\u00e3o Ambiental e Sa\u00fade<br>Canal: <a href=\"https:\/\/www.youtube.com\/channel\/UCtoYS7J0PS_iO3KMA1JsnCA\">Portal Conex\u00e3o Escola<\/a><\/figcaption><\/figure>\n\n\n\n<hr class=\"wp-block-separator\"\/>\n\n\n\n<p class=\"has-medium-font-size\">Voc\u00ea conhece paisagens antigas de alguns lugares em Goi\u00e2nia? Sabe quais mudan\u00e7as ocorreram ao longo do tempo? Ent\u00e3o, converse com seus familiares sobre essa proposta de estudo: \u201cLugares em Goi\u00e2nia, ontem e hoje\u201d. Ficou curioso? \u00c9 hora de descobrir!<\/p>\n\n\n\n<p class=\"has-medium-font-size\">Na imagem abaixo, voc\u00ea ver\u00e1 a Avenida Anhanguera, uma das principais de Goi\u00e2nia. Veja as modifica\u00e7\u00f5es ocorridas nela ao longo dos anos:<\/p>\n\n\n\n<hr class=\"wp-block-separator\"\/>\n\n\n\n<figure class=\"wp-block-image size-large\"><img decoding=\"async\" src=\"https:\/\/s.glbimg.com\/jo\/g1\/f\/original\/2011\/10\/22\/comparativo_av_anhanguera.jpg\" alt=\"\"\/><figcaption>&#8220;<strong>Fotos exibem o &#8216;antes e depois&#8217; do desenvolvimento urbano de Goi\u00e2nia&#8221;<\/strong><br>Site:<strong> <\/strong>TV Anhanguera<br>Fonte: <a rel=\"noreferrer noopener\" href=\"http:\/\/g1.globo.com\/goias\/noticia\/2011\/10\/fotos-exibem-o-antes-e-depois-do-desenvolvimento-urbano-de-goiania.html\" target=\"_blank\">http:\/\/g1.globo.com\/goias\/noticia\/2011\/10\/fotos-exibem-o-antes-e-depois-do-desenvolvimento-urbano-de-goiania.html<\/a><br>Foto: H\u00e9lio de Oliveira &#8211; 1952 e Adriano Zago &#8211; 2011<\/figcaption><\/figure>\n\n\n\n<hr class=\"wp-block-separator\"\/>\n\n\n\n<p class=\"has-medium-font-size\">O primeiro aeroporto de Goi\u00e2nia se encontrava na regi\u00e3o em que hoje est\u00e1 a \u201cPra\u00e7a Santos Dumont\u201d, mais conhecida como \u201cPra\u00e7a do Avi\u00e3o\u201d.&nbsp; Esse nome ficou assim popularizado por ter a r\u00e9plica de um avi\u00e3o no centro da pra\u00e7a.<\/p>\n\n\n\n<hr class=\"wp-block-separator\"\/>\n\n\n\n<figure class=\"wp-block-image size-large\"><img decoding=\"async\" src=\"https:\/\/diaonline.ig.com.br\/wp-content\/uploads\/2020\/03\/praa-do-aviao-goiania_1-e1585325658367.jpg\" alt=\"\"\/><figcaption>&#8220;<strong>Pra\u00e7a do Avi\u00e3o, em Goi\u00e2nia, tem muita hist\u00f3ria para contar&#8221;<\/strong><br>Site: Portal Dia Online.<br>Fonte: <a rel=\"noreferrer noopener\" href=\"https:\/\/diaonline.ig.com.br\/2020\/03\/27\/praca-do-aviao-em-goiania-tem-muita-historia-para-contar\/?utm_source=Isabela+Gon%C3%A7alves&amp;utm_campaign=diaonline-author\" target=\"_blank\">https:\/\/diaonline.ig.com.br\/2020\/03\/27\/praca-do-aviao-em-goiania-tem-muita-historia-para-contar\/?utm_source=Isabela+Gon%C3%A7alves&amp;utm_campaign=diaonline-author<\/a><\/figcaption><\/figure>\n\n\n\n<hr class=\"wp-block-separator\"\/>\n\n\n\n<figure class=\"wp-block-image size-large\"><img decoding=\"async\" src=\"https:\/\/diaonline.ig.com.br\/wp-content\/uploads\/2020\/03\/praa-do-aviao-goiania_3.jpg\" alt=\"\"\/><figcaption>&#8220;<strong>Pra\u00e7a do Avi\u00e3o, em Goi\u00e2nia, tem muita hist\u00f3ria para contar&#8221;<\/strong><br>Site: Portal Dia Online.<br>Fonte: <a href=\"https:\/\/diaonline.ig.com.br\/2020\/03\/27\/praca-do-aviao-em-goiania-tem-muita-historia-para-contar\/?utm_source=Isabela+Gon%C3%A7alves&amp;utm_campaign=diaonline-author\" target=\"_blank\" rel=\"noreferrer noopener\">https:\/\/diaonline.ig.com.br\/2020\/03\/27\/praca-do-aviao-em-goiania-tem-muita-historia-para-contar\/?utm_source=Isabela+Gon%C3%A7alves&amp;utm_campaign=diaonline-author<\/a><\/figcaption><\/figure>\n\n\n\n<hr class=\"wp-block-separator\"\/>\n\n\n\n<p class=\"has-medium-font-size\">Com certeza foram muitas transforma\u00e7\u00f5es! <\/p>\n\n\n\n<p class=\"has-medium-font-size\">Depois de ver as imagens, se for preciso, pe\u00e7a ajuda a outra pessoa na sua casa para ler sobre as mudan\u00e7as que aconteceram em alguns pontos de Goi\u00e2nia ao longo do tempo. Pe\u00e7a tamb\u00e9m, se for preciso, que te ajudem a resolver as atividades a seguir. Ao trabalho! Tem muita informa\u00e7\u00e3o legal para descobrir!<\/p>\n\n\n\n<hr class=\"wp-block-separator\"\/>\n\n\n\n<p class=\"has-medium-font-size\"><strong>Atividade<\/strong><\/p>\n\n\n\n<p class=\"has-medium-font-size\">A)&nbsp; Pe\u00e7a informa\u00e7\u00f5es sobre as principais mudan\u00e7as que ocorreram na rua que voc\u00ea mora e escreva em seu caderno.<\/p>\n\n\n\n<p class=\"has-medium-font-size\">B)&nbsp; Escreva tamb\u00e9m uma mudan\u00e7a que ocorreu onde voc\u00ea mora e que melhorou a qualidade de vida de todos que moram nesse bairro.<\/p>\n\n\n\n<p class=\"has-medium-font-size\">C) Por \u00faltimo, registre em seu caderno uma mudan\u00e7a no bairro que voc\u00ea mora que foi negativa para a conviv\u00eancia de todos os seus vizinhos. Explique porque voc\u00ea acha que essa mudan\u00e7a foi negativa.<\/p>\n\n\n\n<p class=\"has-medium-font-size\">At\u00e9 a pr\u00f3xima!<\/p>\n\n\n\n<hr class=\"wp-block-separator\"\/>\n\n\n\n<p class=\"has-text-color has-medium-font-size has-vivid-purple-color\"><strong>PARA SABER MAIS<\/strong><\/p>\n\n\n\n<figure class=\"wp-block-embed-youtube wp-block-embed is-type-video is-provider-youtube wp-embed-aspect-4-3 wp-has-aspect-ratio\"><div class=\"wp-block-embed__wrapper\">\n<p class=\"responsive-video-wrap clr\"><iframe title=\"Paisagens em Transforma\u00e7\u00e3o\" width=\"1200\" height=\"900\" src=\"https:\/\/www.youtube.com\/embed\/QrAi2-zKy3s?feature=oembed\" frameborder=\"0\" allow=\"accelerometer; autoplay; encrypted-media; gyroscope; picture-in-picture\" allowfullscreen><\/iframe><\/p>\n<\/div><figcaption>\u201cPaisagens em Transforma\u00e7\u00e3o\u201d <br>Canal: <a href=\"https:\/\/www.youtube.com\/channel\/UCsJdsBUp_AtozV6MpOEN1HQ\">juliowainer<\/a><br>Fonte: <a rel=\"noreferrer noopener\" href=\"https:\/\/www.youtube.com\/watch?v=QrAi2-zKy3s\" target=\"_blank\">https:\/\/www.youtube.com\/watch?v=QrAi2-zKy3s<\/a><\/figcaption><\/figure>\n\n\n\n<hr class=\"wp-block-separator\"\/>\n\n\n\n<figure class=\"wp-block-embed-youtube wp-block-embed is-type-video is-provider-youtube wp-embed-aspect-16-9 wp-has-aspect-ratio\"><div class=\"wp-block-embed__wrapper\">\n<p class=\"responsive-video-wrap clr\"><iframe title=\"Paisagem natural e paisagem modificada pelo ser humano\" width=\"1200\" height=\"675\" src=\"https:\/\/www.youtube.com\/embed\/6b03AdwZwyU?feature=oembed\" frameborder=\"0\" allow=\"accelerometer; autoplay; encrypted-media; gyroscope; picture-in-picture\" allowfullscreen><\/iframe><\/p>\n<\/div><figcaption>\u201cPaisagem natural e paisagem modificada pelo ser humano\u201d&nbsp; <br>Canal: <a href=\"https:\/\/www.youtube.com\/channel\/UCp0toVqptovh8XB4TAceFJw\">Lorena Alves<\/a><br>Fonte: <a rel=\"noreferrer noopener\" href=\"https:\/\/www.youtube.com\/watch?v=6b03AdwZwyU\" target=\"_blank\">https:\/\/www.youtube.com\/watch?v=6b03AdwZwyU<\/a><\/figcaption><\/figure>\n\n\n\n<hr class=\"wp-block-separator\"\/>\n\n\n\n<figure class=\"wp-block-table\"><table><tbody><tr><td>HABILIDADES:<\/td><td>(EF02GE05-A) analisar as transforma\u00e7\u00f5es espaciais, comparando imagens de um mesmo lugar em diferentes tempos, com \u00eanfase nas imagens de sua comunidade.<br><br>(EF15LP10-C) desenvolver o senso cr\u00edtico, ap\u00f3s escuta atenta, sobre assuntos discutidos e estudados em diferentes situa\u00e7\u00f5es comunicativas.<br><br>(EF15LP03) localizar informa\u00e7\u00f5es expl\u00edcitas em textos.<\/td><\/tr><\/tbody><\/table><\/figure>\n","protected":false},"author":10,"featured_media":2398,"template":"","ef_categoria":[13,18],"ef_ano":[],"ef_componente":[],"class_list":["post-2391","ensino_fundamental","type-ensino_fundamental","status-publish","has-post-thumbnail","hentry","ef_categoria-ciclo-da-infancia-abc","ef_categoria-educacao-ambiental-e-saude","entry","has-media"],"acf":[],"_links":{"self":[{"href":"https:\/\/sme.goiania.go.gov.br\/conexaoescola\/wp-json\/wp\/v2\/ensino_fundamental\/2391","targetHints":{"allow":["GET"]}}],"collection":[{"href":"https:\/\/sme.goiania.go.gov.br\/conexaoescola\/wp-json\/wp\/v2\/ensino_fundamental"}],"about":[{"href":"https:\/\/sme.goiania.go.gov.br\/conexaoescola\/wp-json\/wp\/v2\/types\/ensino_fundamental"}],"author":[{"embeddable":true,"href":"https:\/\/sme.goiania.go.gov.br\/conexaoescola\/wp-json\/wp\/v2\/users\/10"}],"version-history":[{"count":0,"href":"https:\/\/sme.goiania.go.gov.br\/conexaoescola\/wp-json\/wp\/v2\/ensino_fundamental\/2391\/revisions"}],"wp:featuredmedia":[{"embeddable":true,"href":"https:\/\/sme.goiania.go.gov.br\/conexaoescola\/wp-json\/wp\/v2\/media\/2398"}],"wp:attachment":[{"href":"https:\/\/sme.goiania.go.gov.br\/conexaoescola\/wp-json\/wp\/v2\/media?parent=2391"}],"wp:term":[{"taxonomy":"ef_categoria","embeddable":true,"href":"https:\/\/sme.goiania.go.gov.br\/conexaoescola\/wp-json\/wp\/v2\/ef_categoria?post=2391"},{"taxonomy":"ef_ano","embeddable":true,"href":"https:\/\/sme.goiania.go.gov.br\/conexaoescola\/wp-json\/wp\/v2\/ef_ano?post=2391"},{"taxonomy":"ef_componente","embeddable":true,"href":"https:\/\/sme.goiania.go.gov.br\/conexaoescola\/wp-json\/wp\/v2\/ef_componente?post=2391"}],"curies":[{"name":"wp","href":"https:\/\/api.w.org\/{rel}","templated":true}]}}

Transformações de um mesmo lugar. O que é isso?

<figure class="wp-block-embed-youtube wp-block-embed is-type-video is-provider-youtube wp-embed-aspect-16-9 wp-has-aspect-ratio"><div class="wp-block-embed__wrapper">
<p class="responsive-video-wrap clr"><iframe title="Lugares em Goiânia: ontem e hoje - Ensino Fund. – Educação Ambiental e Saúde - Turma B - Atividade 2" width="1200" height="675" src="https://www.youtube.com/embed/MhNnUaCG60c?feature=oembed" frameborder="0" allow="accelerometer; autoplay; encrypted-media; gyroscope; picture-in-picture" allowfullscreen></iframe></p>
</div><figcaption>Lugares em Goiânia: ontem e hoje &#8211; EF – Educação Ambiental e Saúde<br>Canal: <a href="https://www.youtube.com/channel/UCtoYS7J0PS_iO3KMA1JsnCA">Portal Conexão Escola</a></figcaption></figure>



<hr class="wp-block-separator"/>



<p class="has-medium-font-size">Você conhece paisagens antigas de alguns lugares em Goiânia? Sabe quais mudanças ocorreram ao longo do tempo? Então, converse com seus familiares sobre essa proposta de estudo: “Lugares em Goiânia, ontem e hoje”. Ficou curioso? É hora de descobrir!</p>



<p class="has-medium-font-size">Na imagem abaixo, você verá a Avenida Anhanguera, uma das principais de Goiânia. Veja as modificações ocorridas nela ao longo dos anos:</p>



<hr class="wp-block-separator"/>



<figure class="wp-block-image size-large"><img decoding="async" src="https://s.glbimg.com/jo/g1/f/original/2011/10/22/comparativo_av_anhanguera.jpg" alt=""/><figcaption>&#8220;<strong>Fotos exibem o &#8216;antes e depois&#8217; do desenvolvimento urbano de Goiânia&#8221;</strong><br>Site:<strong> </strong>TV Anhanguera<br>Fonte: <a rel="noreferrer noopener" href="http://g1.globo.com/goias/noticia/2011/10/fotos-exibem-o-antes-e-depois-do-desenvolvimento-urbano-de-goiania.html" target="_blank">http://g1.globo.com/goias/noticia/2011/10/fotos-exibem-o-antes-e-depois-do-desenvolvimento-urbano-de-goiania.html</a><br>Foto: Hélio de Oliveira &#8211; 1952 e Adriano Zago &#8211; 2011</figcaption></figure>



<hr class="wp-block-separator"/>



<p class="has-medium-font-size">O primeiro aeroporto de Goiânia se encontrava na região em que hoje está a “Praça Santos Dumont”, mais conhecida como “Praça do Avião”.&nbsp; Esse nome ficou assim popularizado por ter a réplica de um avião no centro da praça.</p>



<hr class="wp-block-separator"/>



<figure class="wp-block-image size-large"><img decoding="async" src="https://diaonline.ig.com.br/wp-content/uploads/2020/03/praa-do-aviao-goiania_1-e1585325658367.jpg" alt=""/><figcaption>&#8220;<strong>Praça do Avião, em Goiânia, tem muita história para contar&#8221;</strong><br>Site: Portal Dia Online.<br>Fonte: <a rel="noreferrer noopener" href="https://diaonline.ig.com.br/2020/03/27/praca-do-aviao-em-goiania-tem-muita-historia-para-contar/?utm_source=Isabela+Gon%C3%A7alves&amp;utm_campaign=diaonline-author" target="_blank">https://diaonline.ig.com.br/2020/03/27/praca-do-aviao-em-goiania-tem-muita-historia-para-contar/?utm_source=Isabela+Gon%C3%A7alves&amp;utm_campaign=diaonline-author</a></figcaption></figure>



<hr class="wp-block-separator"/>



<figure class="wp-block-image size-large"><img decoding="async" src="https://diaonline.ig.com.br/wp-content/uploads/2020/03/praa-do-aviao-goiania_3.jpg" alt=""/><figcaption>&#8220;<strong>Praça do Avião, em Goiânia, tem muita história para contar&#8221;</strong><br>Site: Portal Dia Online.<br>Fonte: <a href="https://diaonline.ig.com.br/2020/03/27/praca-do-aviao-em-goiania-tem-muita-historia-para-contar/?utm_source=Isabela+Gon%C3%A7alves&amp;utm_campaign=diaonline-author" target="_blank" rel="noreferrer noopener">https://diaonline.ig.com.br/2020/03/27/praca-do-aviao-em-goiania-tem-muita-historia-para-contar/?utm_source=Isabela+Gon%C3%A7alves&amp;utm_campaign=diaonline-author</a></figcaption></figure>



<hr class="wp-block-separator"/>



<p class="has-medium-font-size">Com certeza foram muitas transformações! </p>



<p class="has-medium-font-size">Depois de ver as imagens, se for preciso, peça ajuda a outra pessoa na sua casa para ler sobre as mudanças que aconteceram em alguns pontos de Goiânia ao longo do tempo. Peça também, se for preciso, que te ajudem a resolver as atividades a seguir. Ao trabalho! Tem muita informação legal para descobrir!</p>



<hr class="wp-block-separator"/>



<p class="has-medium-font-size"><strong>Atividade</strong></p>



<p class="has-medium-font-size">A)&nbsp; Peça informações sobre as principais mudanças que ocorreram na rua que você mora e escreva em seu caderno.</p>



<p class="has-medium-font-size">B)&nbsp; Escreva também uma mudança que ocorreu onde você mora e que melhorou a qualidade de vida de todos que moram nesse bairro.</p>



<p class="has-medium-font-size">C) Por último, registre em seu caderno uma mudança no bairro que você mora que foi negativa para a convivência de todos os seus vizinhos. Explique porque você acha que essa mudança foi negativa.</p>



<p class="has-medium-font-size">Até a próxima!</p>



<hr class="wp-block-separator"/>



<p class="has-text-color has-medium-font-size has-vivid-purple-color"><strong>PARA SABER MAIS</strong></p>



<figure class="wp-block-embed-youtube wp-block-embed is-type-video is-provider-youtube wp-embed-aspect-4-3 wp-has-aspect-ratio"><div class="wp-block-embed__wrapper">
<p class="responsive-video-wrap clr"><iframe title="Paisagens em Transformação" width="1200" height="900" src="https://www.youtube.com/embed/QrAi2-zKy3s?feature=oembed" frameborder="0" allow="accelerometer; autoplay; encrypted-media; gyroscope; picture-in-picture" allowfullscreen></iframe></p>
</div><figcaption>“Paisagens em Transformação” <br>Canal: <a href="https://www.youtube.com/channel/UCsJdsBUp_AtozV6MpOEN1HQ">juliowainer</a><br>Fonte: <a rel="noreferrer noopener" href="https://www.youtube.com/watch?v=QrAi2-zKy3s" target="_blank">https://www.youtube.com/watch?v=QrAi2-zKy3s</a></figcaption></figure>



<hr class="wp-block-separator"/>



<figure class="wp-block-embed-youtube wp-block-embed is-type-video is-provider-youtube wp-embed-aspect-16-9 wp-has-aspect-ratio"><div class="wp-block-embed__wrapper">
<p class="responsive-video-wrap clr"><iframe title="Paisagem natural e paisagem modificada pelo ser humano" width="1200" height="675" src="https://www.youtube.com/embed/6b03AdwZwyU?feature=oembed" frameborder="0" allow="accelerometer; autoplay; encrypted-media; gyroscope; picture-in-picture" allowfullscreen></iframe></p>
</div><figcaption>“Paisagem natural e paisagem modificada pelo ser humano”&nbsp; <br>Canal: <a href="https://www.youtube.com/channel/UCp0toVqptovh8XB4TAceFJw">Lorena Alves</a><br>Fonte: <a rel="noreferrer noopener" href="https://www.youtube.com/watch?v=6b03AdwZwyU" target="_blank">https://www.youtube.com/watch?v=6b03AdwZwyU</a></figcaption></figure>



<hr class="wp-block-separator"/>



<figure class="wp-block-table"><table><tbody><tr><td>HABILIDADES:</td><td>(EF02GE05-A) analisar as transformações espaciais, comparando imagens de um mesmo lugar em diferentes tempos, com ênfase nas imagens de sua comunidade.<br><br>(EF15LP10-C) desenvolver o senso crítico, após escuta atenta, sobre assuntos discutidos e estudados em diferentes situações comunicativas.<br><br>(EF15LP03) localizar informações explícitas em textos.</td></tr></tbody></table></figure>
