{"id":2390,"date":"2020-06-17T09:01:44","date_gmt":"2020-06-17T12:01:44","guid":{"rendered":"http:\/\/sme.goiania.go.gov.br\/conexaoescola\/?post_type=ensino_fundamental&#038;p=2390"},"modified":"2020-06-17T10:37:24","modified_gmt":"2020-06-17T13:37:24","slug":"somos-todos-iguais","status":"publish","type":"ensino_fundamental","link":"https:\/\/sme.goiania.go.gov.br\/conexaoescola\/ensino_fundamental\/somos-todos-iguais\/","title":{"rendered":"Somos Todos Iguais!"},"content":{"rendered":"\n<p>Voc\u00ea sabia que h\u00e1 muitas teorias cient\u00edficas sobre como os seres humanos surgiram? Assista ao v\u00eddeo \u201cOrigem da Humanidade\u201d para aprender sobre isso:<br><\/p>\n\n\n\n<figure class=\"wp-block-embed-youtube wp-block-embed is-type-video is-provider-youtube wp-embed-aspect-16-9 wp-has-aspect-ratio\"><div class=\"wp-block-embed__wrapper\">\n<p class=\"responsive-video-wrap clr\"><iframe title=\"Origem da humanidade\" width=\"1200\" height=\"675\" src=\"https:\/\/www.youtube.com\/embed\/dgpsOBLAeFI?feature=oembed\" frameborder=\"0\" allow=\"accelerometer; autoplay; encrypted-media; gyroscope; picture-in-picture\" allowfullscreen><\/iframe><\/p>\n<\/div><figcaption>\u201cOrigem da Humanidade\u201d &#8211; Canal: Britannica Escola &#8211; Link: <a rel=\"noreferrer noopener\" href=\"https:\/\/www.youtube.com\/watch?v=dgpsOBLAeFI\" target=\"_blank\">https:\/\/www.youtube.com\/watch?v=dgpsOBLAeFI<\/a><br><br><\/figcaption><\/figure>\n\n\n\n<p>Grande parte dos f\u00f3sseis de homin\u00eddeos descobertos s\u00e3o africanos e, por muito tempo, os cientistas n\u00e3o admitiam que a \u00c1frica fosse capaz de abrigar a mais importante esp\u00e9cie viva da Terra. Dessa forma, a discrimina\u00e7\u00e3o de um modo geral, especialmente a racial, afeta as mais inusitadas \u00e1reas do conhecimento humano, inclusive o pr\u00f3prio conhecimento sobre as origens do homem.<\/p>\n\n\n\n<p>Assista ao v\u00eddeo para aprender mais sobre preconceito racial:<br><\/p>\n\n\n\n<figure class=\"wp-block-embed-youtube wp-block-embed is-type-video is-provider-youtube wp-embed-aspect-16-9 wp-has-aspect-ratio\"><div class=\"wp-block-embed__wrapper\">\n<p class=\"responsive-video-wrap clr\"><iframe title=\"Menino cr\u00edtico do racismo recebe Pr\u00eamio Cidad\u00e3o S\u00e3o Paulo\" width=\"1200\" height=\"675\" src=\"https:\/\/www.youtube.com\/embed\/oz2AOmRBkBQ?feature=oembed\" frameborder=\"0\" allow=\"accelerometer; autoplay; encrypted-media; gyroscope; picture-in-picture\" allowfullscreen><\/iframe><\/p>\n<\/div><figcaption>\u201cMenino cr\u00edtico do racismo recebe Pr\u00eamio Cidad\u00e3o S\u00e3o Paulo\u201d \u2013 Canal: RedeTVT &#8211; Link: <a rel=\"noreferrer noopener\" href=\"https:\/\/www.youtube.com\/watch?v=oz2AOmRBkBQ\" target=\"_blank\">https:\/\/www.youtube.com\/watch?v=oz2AOmRBkBQ<\/a><br><br><\/figcaption><\/figure>\n\n\n\n<p>Veja o que diz a lei m\u00e1xima que rege os direitos e deveres no Brasil, a constitui\u00e7\u00e3o Federal de 1988:<br><\/p>\n\n\n\n<p class=\"has-text-align-center\"><img fetchpriority=\"high\" decoding=\"async\" src=\"https:\/\/lh4.googleusercontent.com\/l2xv3DZpkB0svQqQShRkZm6_TffD3M9c0soMgPojNcss96jjBevXco1z5hE4wk6D9twUTDC6nvGAV2kxJd5hdbiRHd19eDsybC547AbQP4M8BfTSDNpQzVc-v-3_Blzlko36QNCi\" width=\"350\" height=\"152\"><br>Fonte: <a rel=\"noreferrer noopener\" href=\"https:\/\/pt.slideshare.net\/clebervahali\/artigo-5-da-constituio-federal-1193627426867250-3\" target=\"_blank\"><span class=\"has-inline-color has-vivid-cyan-blue-color\">https:\/\/pt.slideshare.net\/clebervahali\/artigo-5-da-constituio-federal1193627426867250-3<\/span><\/a><br><\/p>\n\n\n\n<p>A Constitui\u00e7\u00e3o Federal de 1988, em seu artigo 3\u00ba, tamb\u00e9m define como princ\u00edpio fundamental da Rep\u00fablica Federativa do Brasil promover o bem comum, sem preconceitos de origem, ra\u00e7a, sexo, cor, idade ou quaisquer outras formas de discrimina\u00e7\u00e3o:<br><\/p>\n\n\n\n<figure class=\"wp-block-image is-resized\"><img decoding=\"async\" src=\"https:\/\/lh3.googleusercontent.com\/mzRFx6PW0f-8_mXRtDUh8Mbw41LvR6jH176H3QF3yRJJ0-ygXz0AmHgxXMAdPEduyCiTWW-2gTDVCkqUiJqDh3NS-6D_F45UWcyGSyUZa5wqQIlZXr3idFTgTGclXoc9svExAPEq\" alt=\"\" width=\"591\" height=\"228\"\/><figcaption><a href=\"https:\/\/www.senado.leg.br\/atividade\/const\/con1988\/con1988_06.06.2017\/art_3_.asp\" target=\"_blank\" rel=\"noreferrer noopener\"><span class=\"has-inline-color has-vivid-cyan-blue-color\">https:\/\/www.senado.leg.br\/atividade\/const\/con1988\/con1988_06.06.2017\/art_3_.asp<\/span><\/a><\/figcaption><\/figure>\n\n\n\n<p>Acesse o link a seguir e leia o texto:<br><\/p>\n\n\n\n<figure class=\"wp-block-embed-wordpress wp-block-embed is-type-wp-embed is-provider-anf-agencia-de-noticias-das-favelas\"><div class=\"wp-block-embed__wrapper\">\n<div class=\"oceanwp-oembed-wrap clr\"><blockquote class=\"wp-embedded-content\" data-secret=\"UGx6tysUD7\"><a href=\"http:\/\/www.anf.org.br\/direitos-humanos-para-todos\/\">Direitos humanos para todos<\/a><\/blockquote><iframe title=\"&#8220;Direitos humanos para todos&#8221; &#8212; ANF - Ag\u00eancia de Not\u00edcias das Favelas |\" class=\"wp-embedded-content\" sandbox=\"allow-scripts\" security=\"restricted\" style=\"position: absolute; clip: rect(1px, 1px, 1px, 1px);\" src=\"http:\/\/www.anf.org.br\/direitos-humanos-para-todos\/embed\/#?secret=UGx6tysUD7\" data-secret=\"UGx6tysUD7\" width=\"600\" height=\"338\" frameborder=\"0\" marginwidth=\"0\" marginheight=\"0\" scrolling=\"no\"><\/iframe><\/div>\n<\/div><\/figure>\n\n\n\n<p>Ap\u00f3s realizar a leitura e assistir aos materiais dispon\u00edveis nessa atividade, reflita: qual \u00e9 a rela\u00e7\u00e3o entre a Constitui\u00e7\u00e3o Federal de 1988 e a realidade encontrada no Brasil?<\/p>\n\n\n\n<p>Depois de refletir, crie em seu caderno uma tirinha que expresse com ironia e\/ou cr\u00edtica a dist\u00e2ncia existente entre a lei e a realidade. Coloque a sua opini\u00e3o sobre o assunto do preconceito racial e a garantia dos direitos fundamentais que a Constitui\u00e7\u00e3o Federal de 1988 cita.<\/p>\n\n\n\n<p>Veja o texto dispon\u00edvel atrav\u00e9s do link abaixo e aprenda a fazer tirinhas:<br><\/p>\n\n\n\n<p><img decoding=\"async\" src=\"https:\/\/lh6.googleusercontent.com\/DYlDSHjek3Mv8ObR3YZfJx9qdVbdBm3MZauyDNKBc-xd_clquycvuivDwQyUqVWIBtd41CFhcgFp_mlaXGSgTwXRMdihT7fPIommjbjXg8JwphmYsw9tvTLB3i-PzcTUbgSfBMH1\" width=\"547\" height=\"131\"><br><a rel=\"noreferrer noopener\" href=\"https:\/\/www.casabeta.com.br\/comecar-a-fazer-tirinhas\/\" target=\"_blank\"><span class=\"has-inline-color has-vivid-cyan-blue-color\">https:\/\/www.casabeta.com.br\/comecar-a-fazer-tirinhas\/<\/span><\/a><br>\u201cTudo o que voc\u00ea precisa saber para come\u00e7ar a fazer tirinhas\u201d &#8211; Site: Casa Beta<br><\/p>\n\n\n\n<p>N\u00e3o se esque\u00e7a, preconceito \u00e9 crime!<\/p>\n\n\n\n<p>Bons estudos e at\u00e9 a pr\u00f3xima!<\/p>\n\n\n\n<h4 class=\"wp-block-heading\"><strong><span style=\"color:#030404\" class=\"has-inline-color\">Para saber mais:<\/span><\/strong><br><\/h4>\n\n\n\n<figure class=\"wp-block-embed-youtube wp-block-embed is-type-video is-provider-youtube wp-embed-aspect-16-9 wp-has-aspect-ratio\"><div class=\"wp-block-embed__wrapper\">\n<p class=\"responsive-video-wrap clr\"><iframe title=\"Diversidades - Diversidade \u00c9tnico-racial\" width=\"1200\" height=\"675\" src=\"https:\/\/www.youtube.com\/embed\/_S7BGkp2cSw?feature=oembed\" frameborder=\"0\" allow=\"accelerometer; autoplay; encrypted-media; gyroscope; picture-in-picture\" allowfullscreen><\/iframe><\/p>\n<\/div><figcaption>\u201cDiversidades &#8211; Diversidade \u00c9tnico-racial\u201d &#8211; Canal: Rede An\u00edsio Teixeira &#8211; Link: <a rel=\"noreferrer noopener\" href=\"https:\/\/www.youtube.com\/watch?v=_S7BGkp2cSw\" target=\"_blank\">https:\/\/www.youtube.com\/watch?v=_S7BGkp2cSw<\/a><br><br><\/figcaption><\/figure>\n\n\n\n<figure class=\"wp-block-embed-youtube wp-block-embed is-type-video is-provider-youtube wp-embed-aspect-16-9 wp-has-aspect-ratio\"><div class=\"wp-block-embed__wrapper\">\n<p class=\"responsive-video-wrap clr\"><iframe title=\"O que \u00e9 a vida? | Gustavo Santos\" width=\"1200\" height=\"675\" src=\"https:\/\/www.youtube.com\/embed\/sJGMEQN_uVo?feature=oembed\" frameborder=\"0\" allow=\"accelerometer; autoplay; encrypted-media; gyroscope; picture-in-picture\" allowfullscreen><\/iframe><\/p>\n<\/div><figcaption>\u201cO que \u00e9 a vida\u201d &#8211; Canal: Provoca\u00e7\u00f5es &#8211; Link: <a rel=\"noreferrer noopener\" href=\"https:\/\/www.youtube.com\/watch?v=sJGMEQN_uVo\" target=\"_blank\">https:\/\/www.youtube.com\/watch?v=sJGMEQN_uVo<\/a><br><br><\/figcaption><\/figure>\n\n\n\n<figure class=\"wp-block-table\"><table><tbody><tr><td><strong>OBJETO DE CONHECIMENTO:<\/strong><br><strong>Hist\u00f3ria: <\/strong>As origens da humanidade, seus deslocamentos e os processos de sedentariza\u00e7\u00e3o: surgimento da esp\u00e9cie humana no continente africano.&nbsp; Teorias que subsidiam o aparecimento humano na terra.<br><br><strong>L\u00edngua Portuguesa:<\/strong> Estrat\u00e9gias de produ\u00e7\u00e3o: planejamento, textualiza\u00e7\u00e3o e revis\u00e3o\/edi\u00e7\u00e3o de textos art\u00edstico liter\u00e1rios. Efeitos de sentido e explora\u00e7\u00e3o da multissemiose: efeito de sentido (ambiguidade, humor, ironia e\/ou cr\u00edtica, express\u00f5es ou imagens, etc.) em textos multissemi\u00f3ticos. <br><br><br><br><br><br><br><br><\/td><td><strong>HABILIDADES:<\/strong><br><strong>L\u00edngua Portuguesa:<\/strong>(EF69LP51-A) Engajar-se ativamente nos processos de planejamento, textualiza\u00e7\u00e3o, revis\u00e3o\/ edi\u00e7\u00e3o e reescrita, tendo em vista as restri\u00e7\u00f5es tem\u00e1ticas, composicionais e estil\u00edsticas dos textos pretendidos e as configura\u00e7\u00f5es da situa\u00e7\u00e3o de produ\u00e7\u00e3o \u2013 o leitor pretendido, o suporte, o contexto de circula\u00e7\u00e3o do texto, as finalidades etc.<br>(EF69LP05) Inferir e justificar, em textos multissemi\u00f3ticos-tirinhas, memes, etc., o efeito de humor, ironia e\/ou cr\u00edtica pelo uso amb\u00edguo das palavras, express\u00f5es ou imagens amb\u00edguas, de clich\u00eas, de recursos iconogr\u00e1ficos, de pontua\u00e7\u00e3o, etc.<br>(EF06HI03) Identificar as hip\u00f3teses cient\u00edficas sobre o surgimento da esp\u00e9cie humana e sua historicidade e analisar os significados dos mitos de funda\u00e7\u00e3o.<br><br><\/td><\/tr><\/tbody><\/table><\/figure>\n","protected":false},"author":7,"featured_media":2395,"template":"","ef_categoria":[15,30],"ef_ano":[],"ef_componente":[],"class_list":["post-2390","ensino_fundamental","type-ensino_fundamental","status-publish","has-post-thumbnail","hentry","ef_categoria-ciclo-da-adolescencia-fg","ef_categoria-etica-e-cidadania-ciclo-da-adolescencia-fg","entry","has-media"],"acf":[],"_links":{"self":[{"href":"https:\/\/sme.goiania.go.gov.br\/conexaoescola\/wp-json\/wp\/v2\/ensino_fundamental\/2390","targetHints":{"allow":["GET"]}}],"collection":[{"href":"https:\/\/sme.goiania.go.gov.br\/conexaoescola\/wp-json\/wp\/v2\/ensino_fundamental"}],"about":[{"href":"https:\/\/sme.goiania.go.gov.br\/conexaoescola\/wp-json\/wp\/v2\/types\/ensino_fundamental"}],"author":[{"embeddable":true,"href":"https:\/\/sme.goiania.go.gov.br\/conexaoescola\/wp-json\/wp\/v2\/users\/7"}],"version-history":[{"count":0,"href":"https:\/\/sme.goiania.go.gov.br\/conexaoescola\/wp-json\/wp\/v2\/ensino_fundamental\/2390\/revisions"}],"wp:featuredmedia":[{"embeddable":true,"href":"https:\/\/sme.goiania.go.gov.br\/conexaoescola\/wp-json\/wp\/v2\/media\/2395"}],"wp:attachment":[{"href":"https:\/\/sme.goiania.go.gov.br\/conexaoescola\/wp-json\/wp\/v2\/media?parent=2390"}],"wp:term":[{"taxonomy":"ef_categoria","embeddable":true,"href":"https:\/\/sme.goiania.go.gov.br\/conexaoescola\/wp-json\/wp\/v2\/ef_categoria?post=2390"},{"taxonomy":"ef_ano","embeddable":true,"href":"https:\/\/sme.goiania.go.gov.br\/conexaoescola\/wp-json\/wp\/v2\/ef_ano?post=2390"},{"taxonomy":"ef_componente","embeddable":true,"href":"https:\/\/sme.goiania.go.gov.br\/conexaoescola\/wp-json\/wp\/v2\/ef_componente?post=2390"}],"curies":[{"name":"wp","href":"https:\/\/api.w.org\/{rel}","templated":true}]}}

<p>Você sabia que há muitas teorias científicas sobre como os seres humanos surgiram? Assista ao vídeo “Origem da Humanidade” para aprender sobre isso:<br></p>



<figure class="wp-block-embed-youtube wp-block-embed is-type-video is-provider-youtube wp-embed-aspect-16-9 wp-has-aspect-ratio"><div class="wp-block-embed__wrapper">
<p class="responsive-video-wrap clr"><iframe title="Origem da humanidade" width="1200" height="675" src="https://www.youtube.com/embed/dgpsOBLAeFI?feature=oembed" frameborder="0" allow="accelerometer; autoplay; encrypted-media; gyroscope; picture-in-picture" allowfullscreen></iframe></p>
</div><figcaption>“Origem da Humanidade” &#8211; Canal: Britannica Escola &#8211; Link: <a rel="noreferrer noopener" href="https://www.youtube.com/watch?v=dgpsOBLAeFI" target="_blank">https://www.youtube.com/watch?v=dgpsOBLAeFI</a><br><br></figcaption></figure>



<p>Grande parte dos fósseis de hominídeos descobertos são africanos e, por muito tempo, os cientistas não admitiam que a África fosse capaz de abrigar a mais importante espécie viva da Terra. Dessa forma, a discriminação de um modo geral, especialmente a racial, afeta as mais inusitadas áreas do conhecimento humano, inclusive o próprio conhecimento sobre as origens do homem.</p>



<p>Assista ao vídeo para aprender mais sobre preconceito racial:<br></p>



<figure class="wp-block-embed-youtube wp-block-embed is-type-video is-provider-youtube wp-embed-aspect-16-9 wp-has-aspect-ratio"><div class="wp-block-embed__wrapper">
<p class="responsive-video-wrap clr"><iframe title="Menino crítico do racismo recebe Prêmio Cidadão São Paulo" width="1200" height="675" src="https://www.youtube.com/embed/oz2AOmRBkBQ?feature=oembed" frameborder="0" allow="accelerometer; autoplay; encrypted-media; gyroscope; picture-in-picture" allowfullscreen></iframe></p>
</div><figcaption>“Menino crítico do racismo recebe Prêmio Cidadão São Paulo” – Canal: RedeTVT &#8211; Link: <a rel="noreferrer noopener" href="https://www.youtube.com/watch?v=oz2AOmRBkBQ" target="_blank">https://www.youtube.com/watch?v=oz2AOmRBkBQ</a><br><br></figcaption></figure>



<p>Veja o que diz a lei máxima que rege os direitos e deveres no Brasil, a constituição Federal de 1988:<br></p>



<p class="has-text-align-center"><img fetchpriority="high" decoding="async" src="https://lh4.googleusercontent.com/l2xv3DZpkB0svQqQShRkZm6_TffD3M9c0soMgPojNcss96jjBevXco1z5hE4wk6D9twUTDC6nvGAV2kxJd5hdbiRHd19eDsybC547AbQP4M8BfTSDNpQzVc-v-3_Blzlko36QNCi" width="350" height="152"><br>Fonte: <a rel="noreferrer noopener" href="https://pt.slideshare.net/clebervahali/artigo-5-da-constituio-federal-1193627426867250-3" target="_blank"><span class="has-inline-color has-vivid-cyan-blue-color">https://pt.slideshare.net/clebervahali/artigo-5-da-constituio-federal1193627426867250-3</span></a><br></p>



<p>A Constituição Federal de 1988, em seu artigo 3º, também define como princípio fundamental da República Federativa do Brasil promover o bem comum, sem preconceitos de origem, raça, sexo, cor, idade ou quaisquer outras formas de discriminação:<br></p>



<figure class="wp-block-image is-resized"><img decoding="async" src="https://lh3.googleusercontent.com/mzRFx6PW0f-8_mXRtDUh8Mbw41LvR6jH176H3QF3yRJJ0-ygXz0AmHgxXMAdPEduyCiTWW-2gTDVCkqUiJqDh3NS-6D_F45UWcyGSyUZa5wqQIlZXr3idFTgTGclXoc9svExAPEq" alt="" width="591" height="228"/><figcaption><a href="https://www.senado.leg.br/atividade/const/con1988/con1988_06.06.2017/art_3_.asp" target="_blank" rel="noreferrer noopener"><span class="has-inline-color has-vivid-cyan-blue-color">https://www.senado.leg.br/atividade/const/con1988/con1988_06.06.2017/art_3_.asp</span></a></figcaption></figure>



<p>Acesse o link a seguir e leia o texto:<br></p>



<figure class="wp-block-embed-wordpress wp-block-embed is-type-wp-embed is-provider-anf-agencia-de-noticias-das-favelas"><div class="wp-block-embed__wrapper">
<div class="oceanwp-oembed-wrap clr"><blockquote class="wp-embedded-content" data-secret="UGx6tysUD7"><a href="http://www.anf.org.br/direitos-humanos-para-todos/">Direitos humanos para todos</a></blockquote><iframe title="&#8220;Direitos humanos para todos&#8221; &#8212; ANF - Agência de Notícias das Favelas |" class="wp-embedded-content" sandbox="allow-scripts" security="restricted" style="position: absolute; clip: rect(1px, 1px, 1px, 1px);" src="http://www.anf.org.br/direitos-humanos-para-todos/embed/#?secret=UGx6tysUD7" data-secret="UGx6tysUD7" width="600" height="338" frameborder="0" marginwidth="0" marginheight="0" scrolling="no"></iframe></div>
</div></figure>



<p>Após realizar a leitura e assistir aos materiais disponíveis nessa atividade, reflita: qual é a relação entre a Constituição Federal de 1988 e a realidade encontrada no Brasil?</p>



<p>Depois de refletir, crie em seu caderno uma tirinha que expresse com ironia e/ou crítica a distância existente entre a lei e a realidade. Coloque a sua opinião sobre o assunto do preconceito racial e a garantia dos direitos fundamentais que a Constituição Federal de 1988 cita.</p>



<p>Veja o texto disponível através do link abaixo e aprenda a fazer tirinhas:<br></p>



<p><img decoding="async" src="https://lh6.googleusercontent.com/DYlDSHjek3Mv8ObR3YZfJx9qdVbdBm3MZauyDNKBc-xd_clquycvuivDwQyUqVWIBtd41CFhcgFp_mlaXGSgTwXRMdihT7fPIommjbjXg8JwphmYsw9tvTLB3i-PzcTUbgSfBMH1" width="547" height="131"><br><a rel="noreferrer noopener" href="https://www.casabeta.com.br/comecar-a-fazer-tirinhas/" target="_blank"><span class="has-inline-color has-vivid-cyan-blue-color">https://www.casabeta.com.br/comecar-a-fazer-tirinhas/</span></a><br>“Tudo o que você precisa saber para começar a fazer tirinhas” &#8211; Site: Casa Beta<br></p>



<p>Não se esqueça, preconceito é crime!</p>



<p>Bons estudos e até a próxima!</p>



<h4 class="wp-block-heading"><strong><span style="color:#030404" class="has-inline-color">Para saber mais:</span></strong><br></h4>



<figure class="wp-block-embed-youtube wp-block-embed is-type-video is-provider-youtube wp-embed-aspect-16-9 wp-has-aspect-ratio"><div class="wp-block-embed__wrapper">
<p class="responsive-video-wrap clr"><iframe title="Diversidades - Diversidade Étnico-racial" width="1200" height="675" src="https://www.youtube.com/embed/_S7BGkp2cSw?feature=oembed" frameborder="0" allow="accelerometer; autoplay; encrypted-media; gyroscope; picture-in-picture" allowfullscreen></iframe></p>
</div><figcaption>“Diversidades &#8211; Diversidade Étnico-racial” &#8211; Canal: Rede Anísio Teixeira &#8211; Link: <a rel="noreferrer noopener" href="https://www.youtube.com/watch?v=_S7BGkp2cSw" target="_blank">https://www.youtube.com/watch?v=_S7BGkp2cSw</a><br><br></figcaption></figure>



<figure class="wp-block-embed-youtube wp-block-embed is-type-video is-provider-youtube wp-embed-aspect-16-9 wp-has-aspect-ratio"><div class="wp-block-embed__wrapper">
<p class="responsive-video-wrap clr"><iframe title="O que é a vida? | Gustavo Santos" width="1200" height="675" src="https://www.youtube.com/embed/sJGMEQN_uVo?feature=oembed" frameborder="0" allow="accelerometer; autoplay; encrypted-media; gyroscope; picture-in-picture" allowfullscreen></iframe></p>
</div><figcaption>“O que é a vida” &#8211; Canal: Provocações &#8211; Link: <a rel="noreferrer noopener" href="https://www.youtube.com/watch?v=sJGMEQN_uVo" target="_blank">https://www.youtube.com/watch?v=sJGMEQN_uVo</a><br><br></figcaption></figure>



<figure class="wp-block-table"><table><tbody><tr><td><strong>OBJETO DE CONHECIMENTO:</strong><br><strong>História: </strong>As origens da humanidade, seus deslocamentos e os processos de sedentarização: surgimento da espécie humana no continente africano.&nbsp; Teorias que subsidiam o aparecimento humano na terra.<br><br><strong>Língua Portuguesa:</strong> Estratégias de produção: planejamento, textualização e revisão/edição de textos artístico literários. Efeitos de sentido e exploração da multissemiose: efeito de sentido (ambiguidade, humor, ironia e/ou crítica, expressões ou imagens, etc.) em textos multissemióticos. <br><br><br><br><br><br><br><br></td><td><strong>HABILIDADES:</strong><br><strong>Língua Portuguesa:</strong>(EF69LP51-A) Engajar-se ativamente nos processos de planejamento, textualização, revisão/ edição e reescrita, tendo em vista as restrições temáticas, composicionais e estilísticas dos textos pretendidos e as configurações da situação de produção – o leitor pretendido, o suporte, o contexto de circulação do texto, as finalidades etc.<br>(EF69LP05) Inferir e justificar, em textos multissemióticos-tirinhas, memes, etc., o efeito de humor, ironia e/ou crítica pelo uso ambíguo das palavras, expressões ou imagens ambíguas, de clichês, de recursos iconográficos, de pontuação, etc.<br>(EF06HI03) Identificar as hipóteses científicas sobre o surgimento da espécie humana e sua historicidade e analisar os significados dos mitos de fundação.<br><br></td></tr></tbody></table></figure>
