{"id":190202,"date":"2024-11-15T07:00:00","date_gmt":"2024-11-15T10:00:00","guid":{"rendered":"https:\/\/sme.goiania.go.gov.br\/conexaoescola\/?post_type=ensino_fundamental&#038;p=190202"},"modified":"2025-02-11T09:30:50","modified_gmt":"2025-02-11T12:30:50","slug":"ciencias-da-natureza-ritmos-biologicos-e-a-influencia-do-dia-e-da-noite-no-ser-humano","status":"publish","type":"ensino_fundamental","link":"https:\/\/sme.goiania.go.gov.br\/conexaoescola\/ensino_fundamental\/ciencias-da-natureza-ritmos-biologicos-e-a-influencia-do-dia-e-da-noite-no-ser-humano\/","title":{"rendered":"CI\u00caNCIAS DA NATUREZA \u2013 RITMOS BIOL\u00d3GICOS E A INFLU\u00caNCIA DO DIA E DA NOITE NO SER HUMANO"},"content":{"rendered":"\n<p class=\"has-text-align-center has-luminous-vivid-amber-to-luminous-vivid-orange-gradient-background has-background has-medium-font-size\"><strong>ESTA PROPOSTA DE ATIVIDADE DE CI\u00caNCIAS DA NATUREZA&nbsp;\u00c9 DESTINADA AOS ESTUDANTES<\/strong>&nbsp;<strong>DO<\/strong>&nbsp;<strong>2\u00ba ANO DO ENSINO FUNDAMENTAL<\/strong>.<\/p>\n\n\n\n<div class=\"wp-block-buttons alignwide is-content-justification-center is-layout-flex wp-container-core-buttons-is-layout-16018d1d wp-block-buttons-is-layout-flex\">\n<div class=\"wp-block-button has-custom-width wp-block-button__width-25\"><a class=\"wp-block-button__link wp-element-button\" href=\"https:\/\/drive.google.com\/uc?export=download&amp;id=1tCMvzAjuHNZs-WZEXQGKS7SxpnqIdaQy\"><strong>BAIXE A ATIVIDADE<\/strong><\/a><\/div>\n\n\n\n<div class=\"wp-block-button has-custom-width wp-block-button__width-25\"><a class=\"wp-block-button__link wp-element-button\" href=\"https:\/\/drive.google.com\/uc?export=download&amp;id=16-Sgwkq3KRH-U3YJPD_JfxcJ11QRfMhb\"><strong>BAIXE OS SLIDES<\/strong><\/a><\/div>\n\n\n\n<div class=\"wp-block-button has-custom-width wp-block-button__width-25\"><a class=\"wp-block-button__link wp-element-button\" href=\"https:\/\/drive.google.com\/uc?export=download&amp;id=1bQWxK9UIXaPvnR6ehpaXVb7P4yTdKsQh\"><strong>BAIXE O TEXTO<\/strong><\/a><\/div>\n<\/div>\n\n\n\n<hr class=\"wp-block-separator has-alpha-channel-opacity\"\/>\n\n\n\n<p class=\"has-text-align-center has-medium-font-size\"><strong>RITMOS BIOL\u00d3GICOS E A INFLU\u00caNCIA DO DIA E DA NOITE NO SER HUMANO<\/strong><\/p>\n\n\n\n<p class=\"has-medium-font-size\">USAR TELAS, COMO CELULARES, TABLETS E TELEVISORES, PERTO DA HORA DE DORMIR PODE ATRAPALHAR MUITO O SONO, ESPECIALMENTE NAS CRIAN\u00c7AS. ESSAS TELAS EMITEM UMA LUZ AZUL QUE &#8220;ENGANA&#8221; O NOSSO C\u00c9REBRO, FAZENDO-O PENSAR QUE AINDA \u00c9 DIA. COM ISSO, O CORPO PARA DE PRODUZIR A MELATONINA, O HORM\u00d4NIO QUE NOS AJUDA A SENTIR SONO. SEM ESSE HORM\u00d4NIO, \u00c9 MAIS DIF\u00cdCIL DORMIR E DESCANSAR BEM.<\/p>\n\n\n\n<p class=\"has-medium-font-size\">NOSSO CORPO FUNCIONA COMO UM REL\u00d3GIO QUE SEGUE A LUZ DO DIA E A ESCURID\u00c3O DA NOITE. DURANTE O DIA, QUANDO ESTAMOS EXPOSTOS \u00c0 LUZ DO SOL, NOSSO CORPO PRODUZ UM HORM\u00d4NIO CHAMADO CORTISOL, QUE NOS D\u00c1 ENERGIA PARA BRINCAR, ESTUDAR E FAZER NOSSAS ATIVIDADES. \u00c0 NOITE, QUANDO EST\u00c1 ESCURO, O CORPO ENTENDE QUE \u00c9 HORA DE DESCANSAR E COME\u00c7A A SE PREPARAR, FICANDO MAIS CALMO E LIBERANDO MELATONINA. QUANDO USAMOS TELAS ANTES DE DORMIR, ESSE PROCESSO NATURAL \u00c9 ATRAPALHADO, E O CORPO PODE CONFUNDIR O DIA COM A NOITE.<\/p>\n\n\n\n<p class=\"has-medium-font-size\">DORMIR BEM \u00c9 MUITO IMPORTANTE PARA AS CRIAN\u00c7AS PORQUE \u00c9 DURANTE O SONO QUE O HORM\u00d4NIO DO CRESCIMENTO \u00c9 LIBERADO. AL\u00c9M DISSO, QUEM N\u00c3O DORME O SUFICIENTE PODE TER DIFICULDADE PARA SE CONCENTRAR NA ESCOLA, SENTIR CANSA\u00c7O O DIA INTEIRO E AT\u00c9 FICAR MAIS IRRITADO. POR EXEMPLO, CRIAN\u00c7AS QUE ASSISTEM TV OU JOGAM NO TABLET AT\u00c9 TARDE GERALMENTE ACORDAM MAIS CANSADAS E T\u00caM MAIS DIFICULDADE PARA PRESTAR ATEN\u00c7\u00c3O NAS AULAS.<\/p>\n\n\n\n<p class=\"has-medium-font-size\">AL\u00c9M DE ATRAPALHAR O APRENDIZADO, A FALTA DE SONO PODE DEIXAR O CORPO MAIS FRACO E COM MENOS DEFESAS CONTRA DOEN\u00c7AS. POR ISSO, \u00c9 IMPORTANTE CRIAR UMA ROTINA ANTES DE DORMIR: EVITAR TELAS PELO MENOS UMA HORA ANTES DE IR PARA A CAMA, LER UM LIVRO OU OUVIR UMA HIST\u00d3RIA, E TOMAR UM BANHO RELAXANTE AJUDAM O CORPO A DESCANSAR. E, DURANTE O DIA, APROVEITAR A LUZ DO SOL PARA BRINCAR AO AR LIVRE AJUDA A MANTER O REL\u00d3GIO DO CORPO FUNCIONANDO DIREITINHO!<\/p>\n\n\n\n<p class=\"has-text-align-center has-medium-font-size\"><strong>OBSERVE A SEGUINTE IMAGEM PARA RESPONDER \u00c0S QUEST\u00d5ES:<\/strong><\/p>\n\n\n<div class=\"wp-block-image\">\n<figure class=\"aligncenter size-full is-resized\"><img fetchpriority=\"high\" decoding=\"async\" width=\"622\" height=\"410\" src=\"https:\/\/sme.goiania.go.gov.br\/conexaoescola\/wp-content\/uploads\/2024\/11\/tela-hora-de-dormir.png\" alt=\"\" class=\"wp-image-190204\" style=\"width:429px;height:auto\" srcset=\"https:\/\/sme.goiania.go.gov.br\/conexaoescola\/wp-content\/uploads\/2024\/11\/tela-hora-de-dormir.png 622w, https:\/\/sme.goiania.go.gov.br\/conexaoescola\/wp-content\/uploads\/2024\/11\/tela-hora-de-dormir-300x198.png 300w\" sizes=\"(max-width: 622px) 100vw, 622px\" \/><figcaption class=\"wp-element-caption\">Imagem produzida em: www.canva.com<\/figcaption><\/figure><\/div>\n\n\n<p class=\"has-luminous-vivid-amber-to-luminous-vivid-orange-gradient-background has-background has-medium-font-size\"><strong>QUEST\u00c3O 1<\/strong><\/p>\n\n\n\n<p class=\"has-medium-font-size\">USAR TELAS ANTES DE DORMIR ATRAPALHA O SONO PORQUE<\/p>\n\n\n\n<p class=\"has-medium-font-size\">(A) A LUZ AZUL FAZ O CORPO PARAR DE PRODUZIR MELATONINA.<\/p>\n\n\n\n<p class=\"has-medium-font-size\">(B) O CORPO FICA COM MUITA ENERGIA PARA BRINCAR.<\/p>\n\n\n\n<p class=\"has-medium-font-size\">(C) DEIXA O C\u00c9REBRO MAIS CANSADO ANTES DE DORMIR.<\/p>\n\n\n\n<p class=\"has-medium-font-size\">(D) AUMENTA O HORM\u00d4NIO DO CRESCIMENTO.<\/p>\n\n\n\n<p class=\"has-luminous-vivid-amber-to-luminous-vivid-orange-gradient-background has-background has-medium-font-size\"><strong>QUEST\u00c3O 2<\/strong><\/p>\n\n\n\n<p class=\"has-medium-font-size\">QUANDO AS CRIAN\u00c7AS N\u00c3O DORMEM BEM, ELAS<\/p>\n\n\n\n<p class=\"has-medium-font-size\">(A) CRESCEM MAIS R\u00c1PIDO.<\/p>\n\n\n\n<p class=\"has-medium-font-size\">(B) FICAM MAIS IRRITADAS E CANSADAS.<\/p>\n\n\n\n<p class=\"has-medium-font-size\">(C) APRENDEM MAIS R\u00c1PIDO NA ESCOLA.<\/p>\n\n\n\n<p class=\"has-medium-font-size\">(D) FICAM COM MAIS ENERGIA PARA ESTUDAR.&nbsp;&nbsp;&nbsp;&nbsp;&nbsp;<\/p>\n\n\n\n<p class=\"has-luminous-vivid-amber-to-luminous-vivid-orange-gradient-background has-background has-medium-font-size\"><strong>QUEST\u00c3O 3<\/strong><\/p>\n\n\n\n<p class=\"has-medium-font-size\">POR QUE O CORPO PRECISA DA ESCURID\u00c3O PARA DESCANSAR?<\/p>\n\n\n\n<p class=\"has-luminous-vivid-amber-to-luminous-vivid-orange-gradient-background has-background has-medium-font-size\"><strong>QUEST\u00c3O 4<\/strong><\/p>\n\n\n\n<p class=\"has-medium-font-size\">LISTE QUATRO ATIVIDADES QUE VOC\u00ca PODE REALIZAR ANTES DE DORMIR PARA PROMOVER UM DESCANSO MAIS REPARADOR. EM SEGUIDA, ESCOLHA UMA DESSAS ATIVIDADES E REPRESENTE-A POR MEIO DE UM DESENHO ENCANTADOR.<\/p>\n\n\n\n<hr class=\"wp-block-separator has-alpha-channel-opacity\"\/>\n\n\n\n<figure class=\"wp-block-table\"><table class=\"has-fixed-layout\"><tbody><tr><td>Autoria:<\/td><td>Prof\u00aa Danielle Assis Borges Fantini<\/td><\/tr><tr><td>Forma\u00e7\u00e3o:<\/td><td>Graduanda em: Nutri\u00e7\u00e3o &nbsp; Gradua\u00e7\u00e3o: Pedagogia e Jornalismo &nbsp; P\u00f3s-gradua\u00e7\u00e3o: &nbsp; MBA em Gest\u00e3o das Tecnologias da Informa\u00e7\u00e3o e da Comunica\u00e7\u00e3o &#8211; Educa\u00e7\u00e3oDoc\u00eancia Universit\u00e1riaPsicopedagogia Institucional e Cl\u00ednicaNeuropedagogia Aplicada \u00e0 Educa\u00e7\u00e3o<\/td><\/tr><tr><td>Componente Curricular:<\/td><td>CI\u00caNCIAS DA NATUREZA<\/td><\/tr><tr><td>Habilidade (s):<\/td><td>(EF01CI06-A) Selecionar exemplos da influ\u00eancia dos per\u00edodos de luz (dia) e escurid\u00e3o (noite) no ritmo biol\u00f3gico dos seres humanos. &nbsp;<\/td><\/tr><tr><td>Refer\u00eancia (s):<\/td><td>Mendes, Denise [et.al]. Porta Aberta. Ci\u00eancias da Natureza, 2\u00ba ano: ensino fundamental. 1 ed. S\u00e3o Paulo: FTD, 2014. &nbsp;<br><br>Yossef, Lina. Projeto Buriti \u2013 Ci\u00eancias Humanas e da Natureza, 2\u00ba ano: ensino fundamental. 1 ed. S\u00e3o Paulo: Moderna, 2014. &nbsp; <br><br>Entenda os efeitos negativos do celular no sono. Instituto do Sono, 2024. Dispon\u00edvel em: &lt;https:\/\/institutodosono.com\/artigos-noticias\/efeitos-negativos-do-celular-no-sono\/&gt;. Acesso em: 12, nov. 2024. &nbsp; &nbsp;<\/td><\/tr><tr><td>Documento norteador:<\/td><td>DOCUMENTO CURRICULAR PARA GOI\u00c1S \u2013 AMPLIADO (DC-GO AMPLIADO)<\/td><\/tr><\/tbody><\/table><\/figure>\n\n\n\n<p><\/p>\n","protected":false},"author":64,"featured_media":190204,"template":"","ef_categoria":[193,18],"ef_ano":[85],"ef_componente":[98],"class_list":["post-190202","ensino_fundamental","type-ensino_fundamental","status-publish","has-post-thumbnail","hentry","ef_categoria-anos-iniciais","ef_categoria-educacao-ambiental-e-saude","ef_ano-2o-ano","ef_componente-ciencia-da-natureza-ef","entry","has-media"],"acf":[],"_links":{"self":[{"href":"https:\/\/sme.goiania.go.gov.br\/conexaoescola\/wp-json\/wp\/v2\/ensino_fundamental\/190202","targetHints":{"allow":["GET"]}}],"collection":[{"href":"https:\/\/sme.goiania.go.gov.br\/conexaoescola\/wp-json\/wp\/v2\/ensino_fundamental"}],"about":[{"href":"https:\/\/sme.goiania.go.gov.br\/conexaoescola\/wp-json\/wp\/v2\/types\/ensino_fundamental"}],"author":[{"embeddable":true,"href":"https:\/\/sme.goiania.go.gov.br\/conexaoescola\/wp-json\/wp\/v2\/users\/64"}],"version-history":[{"count":2,"href":"https:\/\/sme.goiania.go.gov.br\/conexaoescola\/wp-json\/wp\/v2\/ensino_fundamental\/190202\/revisions"}],"predecessor-version":[{"id":192073,"href":"https:\/\/sme.goiania.go.gov.br\/conexaoescola\/wp-json\/wp\/v2\/ensino_fundamental\/190202\/revisions\/192073"}],"wp:featuredmedia":[{"embeddable":true,"href":"https:\/\/sme.goiania.go.gov.br\/conexaoescola\/wp-json\/wp\/v2\/media\/190204"}],"wp:attachment":[{"href":"https:\/\/sme.goiania.go.gov.br\/conexaoescola\/wp-json\/wp\/v2\/media?parent=190202"}],"wp:term":[{"taxonomy":"ef_categoria","embeddable":true,"href":"https:\/\/sme.goiania.go.gov.br\/conexaoescola\/wp-json\/wp\/v2\/ef_categoria?post=190202"},{"taxonomy":"ef_ano","embeddable":true,"href":"https:\/\/sme.goiania.go.gov.br\/conexaoescola\/wp-json\/wp\/v2\/ef_ano?post=190202"},{"taxonomy":"ef_componente","embeddable":true,"href":"https:\/\/sme.goiania.go.gov.br\/conexaoescola\/wp-json\/wp\/v2\/ef_componente?post=190202"}],"curies":[{"name":"wp","href":"https:\/\/api.w.org\/{rel}","templated":true}]}}

CIÊNCIAS DA NATUREZA – RITMOS BIOLÓGICOS E A INFLUÊNCIA DO DIA E DA NOITE NO SER HUMANO

<p class="has-text-align-center has-luminous-vivid-amber-to-luminous-vivid-orange-gradient-background has-background has-medium-font-size"><strong>ESTA PROPOSTA DE ATIVIDADE DE CIÊNCIAS DA NATUREZA&nbsp;É DESTINADA AOS ESTUDANTES</strong>&nbsp;<strong>DO</strong>&nbsp;<strong>2º ANO DO ENSINO FUNDAMENTAL</strong>.</p>



<div class="wp-block-buttons alignwide is-content-justification-center is-layout-flex wp-container-core-buttons-is-layout-16018d1d wp-block-buttons-is-layout-flex">
<div class="wp-block-button has-custom-width wp-block-button__width-25"><a class="wp-block-button__link wp-element-button" href="https://drive.google.com/uc?export=download&amp;id=1tCMvzAjuHNZs-WZEXQGKS7SxpnqIdaQy"><strong>BAIXE A ATIVIDADE</strong></a></div>



<div class="wp-block-button has-custom-width wp-block-button__width-25"><a class="wp-block-button__link wp-element-button" href="https://drive.google.com/uc?export=download&amp;id=16-Sgwkq3KRH-U3YJPD_JfxcJ11QRfMhb"><strong>BAIXE OS SLIDES</strong></a></div>



<div class="wp-block-button has-custom-width wp-block-button__width-25"><a class="wp-block-button__link wp-element-button" href="https://drive.google.com/uc?export=download&amp;id=1bQWxK9UIXaPvnR6ehpaXVb7P4yTdKsQh"><strong>BAIXE O TEXTO</strong></a></div>
</div>



<hr class="wp-block-separator has-alpha-channel-opacity"/>



<p class="has-text-align-center has-medium-font-size"><strong>RITMOS BIOLÓGICOS E A INFLUÊNCIA DO DIA E DA NOITE NO SER HUMANO</strong></p>



<p class="has-medium-font-size">USAR TELAS, COMO CELULARES, TABLETS E TELEVISORES, PERTO DA HORA DE DORMIR PODE ATRAPALHAR MUITO O SONO, ESPECIALMENTE NAS CRIANÇAS. ESSAS TELAS EMITEM UMA LUZ AZUL QUE &#8220;ENGANA&#8221; O NOSSO CÉREBRO, FAZENDO-O PENSAR QUE AINDA É DIA. COM ISSO, O CORPO PARA DE PRODUZIR A MELATONINA, O HORMÔNIO QUE NOS AJUDA A SENTIR SONO. SEM ESSE HORMÔNIO, É MAIS DIFÍCIL DORMIR E DESCANSAR BEM.</p>



<p class="has-medium-font-size">NOSSO CORPO FUNCIONA COMO UM RELÓGIO QUE SEGUE A LUZ DO DIA E A ESCURIDÃO DA NOITE. DURANTE O DIA, QUANDO ESTAMOS EXPOSTOS À LUZ DO SOL, NOSSO CORPO PRODUZ UM HORMÔNIO CHAMADO CORTISOL, QUE NOS DÁ ENERGIA PARA BRINCAR, ESTUDAR E FAZER NOSSAS ATIVIDADES. À NOITE, QUANDO ESTÁ ESCURO, O CORPO ENTENDE QUE É HORA DE DESCANSAR E COMEÇA A SE PREPARAR, FICANDO MAIS CALMO E LIBERANDO MELATONINA. QUANDO USAMOS TELAS ANTES DE DORMIR, ESSE PROCESSO NATURAL É ATRAPALHADO, E O CORPO PODE CONFUNDIR O DIA COM A NOITE.</p>



<p class="has-medium-font-size">DORMIR BEM É MUITO IMPORTANTE PARA AS CRIANÇAS PORQUE É DURANTE O SONO QUE O HORMÔNIO DO CRESCIMENTO É LIBERADO. ALÉM DISSO, QUEM NÃO DORME O SUFICIENTE PODE TER DIFICULDADE PARA SE CONCENTRAR NA ESCOLA, SENTIR CANSAÇO O DIA INTEIRO E ATÉ FICAR MAIS IRRITADO. POR EXEMPLO, CRIANÇAS QUE ASSISTEM TV OU JOGAM NO TABLET ATÉ TARDE GERALMENTE ACORDAM MAIS CANSADAS E TÊM MAIS DIFICULDADE PARA PRESTAR ATENÇÃO NAS AULAS.</p>



<p class="has-medium-font-size">ALÉM DE ATRAPALHAR O APRENDIZADO, A FALTA DE SONO PODE DEIXAR O CORPO MAIS FRACO E COM MENOS DEFESAS CONTRA DOENÇAS. POR ISSO, É IMPORTANTE CRIAR UMA ROTINA ANTES DE DORMIR: EVITAR TELAS PELO MENOS UMA HORA ANTES DE IR PARA A CAMA, LER UM LIVRO OU OUVIR UMA HISTÓRIA, E TOMAR UM BANHO RELAXANTE AJUDAM O CORPO A DESCANSAR. E, DURANTE O DIA, APROVEITAR A LUZ DO SOL PARA BRINCAR AO AR LIVRE AJUDA A MANTER O RELÓGIO DO CORPO FUNCIONANDO DIREITINHO!</p>



<p class="has-text-align-center has-medium-font-size"><strong>OBSERVE A SEGUINTE IMAGEM PARA RESPONDER ÀS QUESTÕES:</strong></p>


<div class="wp-block-image">
<figure class="aligncenter size-full is-resized"><img fetchpriority="high" decoding="async" width="622" height="410" src="https://sme.goiania.go.gov.br/conexaoescola/wp-content/uploads/2024/11/tela-hora-de-dormir.png" alt="" class="wp-image-190204" style="width:429px;height:auto" srcset="https://sme.goiania.go.gov.br/conexaoescola/wp-content/uploads/2024/11/tela-hora-de-dormir.png 622w, https://sme.goiania.go.gov.br/conexaoescola/wp-content/uploads/2024/11/tela-hora-de-dormir-300x198.png 300w" sizes="(max-width: 622px) 100vw, 622px" /><figcaption class="wp-element-caption">Imagem produzida em: www.canva.com</figcaption></figure></div>


<p class="has-luminous-vivid-amber-to-luminous-vivid-orange-gradient-background has-background has-medium-font-size"><strong>QUESTÃO 1</strong></p>



<p class="has-medium-font-size">USAR TELAS ANTES DE DORMIR ATRAPALHA O SONO PORQUE</p>



<p class="has-medium-font-size">(A) A LUZ AZUL FAZ O CORPO PARAR DE PRODUZIR MELATONINA.</p>



<p class="has-medium-font-size">(B) O CORPO FICA COM MUITA ENERGIA PARA BRINCAR.</p>



<p class="has-medium-font-size">(C) DEIXA O CÉREBRO MAIS CANSADO ANTES DE DORMIR.</p>



<p class="has-medium-font-size">(D) AUMENTA O HORMÔNIO DO CRESCIMENTO.</p>



<p class="has-luminous-vivid-amber-to-luminous-vivid-orange-gradient-background has-background has-medium-font-size"><strong>QUESTÃO 2</strong></p>



<p class="has-medium-font-size">QUANDO AS CRIANÇAS NÃO DORMEM BEM, ELAS</p>



<p class="has-medium-font-size">(A) CRESCEM MAIS RÁPIDO.</p>



<p class="has-medium-font-size">(B) FICAM MAIS IRRITADAS E CANSADAS.</p>



<p class="has-medium-font-size">(C) APRENDEM MAIS RÁPIDO NA ESCOLA.</p>



<p class="has-medium-font-size">(D) FICAM COM MAIS ENERGIA PARA ESTUDAR.&nbsp;&nbsp;&nbsp;&nbsp;&nbsp;</p>



<p class="has-luminous-vivid-amber-to-luminous-vivid-orange-gradient-background has-background has-medium-font-size"><strong>QUESTÃO 3</strong></p>



<p class="has-medium-font-size">POR QUE O CORPO PRECISA DA ESCURIDÃO PARA DESCANSAR?</p>



<p class="has-luminous-vivid-amber-to-luminous-vivid-orange-gradient-background has-background has-medium-font-size"><strong>QUESTÃO 4</strong></p>



<p class="has-medium-font-size">LISTE QUATRO ATIVIDADES QUE VOCÊ PODE REALIZAR ANTES DE DORMIR PARA PROMOVER UM DESCANSO MAIS REPARADOR. EM SEGUIDA, ESCOLHA UMA DESSAS ATIVIDADES E REPRESENTE-A POR MEIO DE UM DESENHO ENCANTADOR.</p>



<hr class="wp-block-separator has-alpha-channel-opacity"/>



<figure class="wp-block-table"><table class="has-fixed-layout"><tbody><tr><td>Autoria:</td><td>Profª Danielle Assis Borges Fantini</td></tr><tr><td>Formação:</td><td>Graduanda em: Nutrição &nbsp; Graduação: Pedagogia e Jornalismo &nbsp; Pós-graduação: &nbsp; MBA em Gestão das Tecnologias da Informação e da Comunicação &#8211; EducaçãoDocência UniversitáriaPsicopedagogia Institucional e ClínicaNeuropedagogia Aplicada à Educação</td></tr><tr><td>Componente Curricular:</td><td>CIÊNCIAS DA NATUREZA</td></tr><tr><td>Habilidade (s):</td><td>(EF01CI06-A) Selecionar exemplos da influência dos períodos de luz (dia) e escuridão (noite) no ritmo biológico dos seres humanos. &nbsp;</td></tr><tr><td>Referência (s):</td><td>Mendes, Denise [et.al]. Porta Aberta. Ciências da Natureza, 2º ano: ensino fundamental. 1 ed. São Paulo: FTD, 2014. &nbsp;<br><br>Yossef, Lina. Projeto Buriti – Ciências Humanas e da Natureza, 2º ano: ensino fundamental. 1 ed. São Paulo: Moderna, 2014. &nbsp; <br><br>Entenda os efeitos negativos do celular no sono. Instituto do Sono, 2024. Disponível em: &lt;https://institutodosono.com/artigos-noticias/efeitos-negativos-do-celular-no-sono/&gt;. Acesso em: 12, nov. 2024. &nbsp; &nbsp;</td></tr><tr><td>Documento norteador:</td><td>DOCUMENTO CURRICULAR PARA GOIÁS – AMPLIADO (DC-GO AMPLIADO)</td></tr></tbody></table></figure>



<p></p>
