{"id":188687,"date":"2024-10-11T06:49:00","date_gmt":"2024-10-11T09:49:00","guid":{"rendered":"https:\/\/sme.goiania.go.gov.br\/conexaoescola\/?post_type=ensino_fundamental&#038;p=188687"},"modified":"2024-10-15T15:45:19","modified_gmt":"2024-10-15T18:45:19","slug":"educacao-fisica-a-cultura-africana-e-suas-influencias-no-brasil-luta-dambe","status":"publish","type":"ensino_fundamental","link":"https:\/\/sme.goiania.go.gov.br\/conexaoescola\/ensino_fundamental\/educacao-fisica-a-cultura-africana-e-suas-influencias-no-brasil-luta-dambe\/","title":{"rendered":"Educa\u00e7\u00e3o F\u00edsica &#8211; A Cultura Africana e suas Influ\u00eancias no Brasil &#8211; Luta Dambe"},"content":{"rendered":"\n<p class=\"has-text-align-center has-electric-grass-gradient-background has-background has-medium-font-size\">Esta proposta de atividade de<strong>&nbsp;EDUCA\u00c7\u00c3O F\u00cdSICA&nbsp;<\/strong>\u00e9 destinada aos estudantes do<strong>&nbsp;4\u00ba ANO&nbsp;<\/strong>do Ensino Fundamental \u2013 Anos Iniciais.<\/p>\n\n\n\n<hr class=\"wp-block-separator has-alpha-channel-opacity\"\/>\n\n\n\n<div class=\"wp-block-buttons is-content-justification-center is-layout-flex wp-container-core-buttons-is-layout-16018d1d wp-block-buttons-is-layout-flex\">\n<div class=\"wp-block-button\"><a class=\"wp-block-button__link wp-element-button\" href=\"https:\/\/drive.google.com\/uc?export=download&amp;id=1H_b-iPFVB1o4OFVGmDPdeBW-pVzBAbvt\">BAIXE A ATIVIDADE<\/a><\/div>\n\n\n\n<div class=\"wp-block-button\"><a class=\"wp-block-button__link wp-element-button\" href=\"https:\/\/drive.google.com\/uc?export=download&amp;id=110RGzdL_qZHgEBoREAXo1qLt7YaWwNwO\">BAIXE OS SLIDES<\/a><\/div>\n\n\n\n<div class=\"wp-block-button\"><a class=\"wp-block-button__link has-text-align-center wp-element-button\" href=\"https:\/\/drive.google.com\/uc?export=download&amp;id=1XThBZNpV_9LWYUa3ZnqnGAEvgVphfZKy\">BAIXE O TEXTO<\/a><\/div>\n<\/div>\n\n\n\n<p class=\"has-text-align-center\" style=\"font-size:12px\"><\/p>\n\n\n\n<figure class=\"wp-block-image\"><img decoding=\"async\" src=\"https:\/\/lh7-rt.googleusercontent.com\/docsz\/AD_4nXfsu2GwQgghsHXwkStI2QwUQZ4zctzNuWvkfqInAEZSS6BQkkyGkjCkJJno0HvO4aW6yQLBIYVcb03lKuxfVMj_5FhXGOGNYFpEbYMx7hVCMGcMkQ-vmXqH7IRmFzg2yAsTPMEIcSShJTAT8jF8EcXhAF4y7Q-8KHd_K5BATQ?key=-JO7YkDzyOdOwBARNzVMGQ\" alt=\"\"\/><\/figure>\n\n\n\n<p>Fonte: &lt;<a href=\"https:\/\/commons.wikimedia.org\/wiki\/File:Locked_In_Battle.jpg\">https:\/\/commons.wikimedia.org\/wiki\/File:Locked_In_Battle.jpg<\/a>&gt; acesso em 09\/10\/2024.<\/p>\n\n\n\n<h3 class=\"wp-block-heading has-text-align-center has-large-font-size\"><strong>A Cultura Africana e suas Influ\u00eancias no Brasil &#8211; Luta Dambe<\/strong><\/h3>\n\n\n\n<p class=\"has-medium-font-size\">A \u00c1frica \u00e9 um continente enorme e diversificado, com 54 pa\u00edses e mais de tr\u00eas mil etnias. Cada grupo tem suas pr\u00f3prias culturas, l\u00ednguas e tradi\u00e7\u00f5es. Ao longo da hist\u00f3ria, a \u00c1frica recebeu influ\u00eancias de outros povos, tornando sua cultura ainda mais rica.<\/p>\n\n\n\n<p class=\"has-medium-font-size\">Quando os africanos vieram para o Brasil como povo escravizado, trouxeram suas tradi\u00e7\u00f5es, culin\u00e1ria, m\u00fasicas e modos de viver. Mesmo enfrentando dificuldades, eles ajudaram a formar a cultura brasileira.<\/p>\n\n\n<div class=\"wp-block-image\">\n<figure class=\"aligncenter is-resized\"><img decoding=\"async\" src=\"https:\/\/lh7-rt.googleusercontent.com\/docsz\/AD_4nXdFcUSu2JyhhNpoerA9vAtxBkT_SaJluMbMzytamqpqwQUMUi_kkvE_eTW-B8sfL9ET1JKYCncSEfZOlHInfShgIchE3qntgh5lJyaWA26US3DRtp7OhqMN5yziWB5vFuBTJzlNvHkDsOFz-9LBh-F9RS2ECn5U29TPbOeShw?key=-JO7YkDzyOdOwBARNzVMGQ\" alt=\"\" style=\"width:587px;height:auto\"\/><\/figure><\/div>\n\n\n<p class=\"has-medium-font-size\">Na \u00c1frica, existem v\u00e1rias lutas tradicionais, como o Laamb (Senegal) e o Dambe (Nig\u00e9ria). Essas lutas, que antes eram usadas em guerras, agora fazem parte de celebra\u00e7\u00f5es e rituais importantes, como casamentos e colheitas.<\/p>\n\n\n<div class=\"wp-block-image\">\n<figure class=\"aligncenter\"><img decoding=\"async\" src=\"https:\/\/lh7-rt.googleusercontent.com\/docsz\/AD_4nXe_kaAytw0qMAhuvyVglmmAFOOXjXurK9R1xV34P6NnXAyuLdIJ_gc5EYx0EGnXTYNzXkhKOimqgUr2DF6wviOy6C_Z3Vev-2HluyvV2aHUDdoSdKwuKHqXiFjHwnENzsxLaqb0eMvRSvvblduQuWAxrFFZ-7hBzRCSR-HS1g?key=SsRMGnISFw_pe-09uObMgQ\" alt=\"\"\/><\/figure><\/div>\n\n\n<p class=\"has-text-align-center\" style=\"font-size:10px\">Fonte: &lt; <a href=\"https:\/\/commons.wikimedia.org\/wiki\/File:Dembe_game.jpg\">https:\/\/commons.wikimedia.org\/wiki\/File:Dembe_game.jpg<\/a> &gt; acesso em 09\/10\/2024.<\/p>\n\n\n\n<p class=\"has-medium-font-size\">O Dambe, ou boxe africano \u00e9 uma luta tradicional do povo Hausa, na Nig\u00e9ria, que combina elementos de percuss\u00e3o e combate. Nesta modalidade, ao redor da arena o p\u00fablico vibra ao som de tambores, que ditam o ritmo dos movimentos. Com 3 rounds, os lutadores enfaixam uma das m\u00e3os, chamada de &#8220;lan\u00e7a&#8221;, que \u00e9 usada para atacar, enquanto a outra m\u00e3o, chamada de &#8220;escudo&#8221; serve para se defender, perde quem se ajoelha, cai no ch\u00e3o ou se rende.&nbsp; As caracter\u00edsticas do Dambe incluem movimentos \u00e1geis, como desviar, avan\u00e7ar e esquivar-se, exigindo n\u00e3o apenas for\u00e7a, mas tamb\u00e9m velocidade e reflexos r\u00e1pidos.<\/p>\n\n\n<div class=\"wp-block-image\">\n<figure class=\"aligncenter\"><img decoding=\"async\" src=\"https:\/\/lh7-rt.googleusercontent.com\/docsz\/AD_4nXeekW5Ee7gpTsMTN9OpKkaJo8a4Ra8MWCsf-rScI-PQaL4qklT6QRlfUao-layUl-31fIQ5oarlPI-U2gW6T75-5thAWGh4LPbV6R6fHTVGQa0Rd4wUVfN2YiDkpzX-JdVcgMcGyiJFVE7nuCxbaGiFi_jiWacZMIxwKJ9P?key=-JO7YkDzyOdOwBARNzVMGQ\" alt=\"\"\/><\/figure><\/div>\n\n\n<p class=\"has-text-align-center\" style=\"font-size:9px\">&nbsp;Fonte: &lt; <a href=\"https:\/\/commons.wikimedia.org\/wiki\/File:Hausa_game.jpg\">https:\/\/commons.wikimedia.org\/wiki\/File:Hausa_game.jpg<\/a> &gt;acesso em 09\/10\/2024.<\/p>\n\n\n\n<p class=\"has-medium-font-size\">As lutas africanas t\u00eam um forte significado espiritual. Antes de lutar, muitos atletas pedem prote\u00e7\u00e3o a seus guias espirituais. As lutas africanas s\u00e3o variadas. Algumas usam bast\u00f5es e outras t\u00eam dan\u00e7as e m\u00fasicas durante os combates. Elas est\u00e3o presentes em festas, celebra\u00e7\u00f5es e rituais, mostrando a alegria e a for\u00e7a das tradi\u00e7\u00f5es africanas.<\/p>\n\n\n\n<p class=\"has-text-align-center has-large-font-size\">ATIVIDADE<\/p>\n\n\n\n<p class=\"has-vivid-green-cyan-background-color has-background has-medium-font-size\"><strong>QUEST\u00c3O 1<\/strong><\/p>\n\n\n\n<p class=\"has-medium-font-size\">Se voc\u00ea pudesse contar para um amigo sobre a influ\u00eancia da cultura africana no Brasil, o que voc\u00ea diria? <\/p>\n\n\n\n<p class=\"has-vivid-green-cyan-background-color has-background has-medium-font-size\"><strong>QUEST\u00c3O 2<\/strong><\/p>\n\n\n\n<p class=\"has-medium-font-size\">Quais valores voc\u00ea acredita que as lutas africanas ensinam \u00e0s crian\u00e7as que assistem ou participam?<\/p>\n\n\n\n<p class=\"has-vivid-green-cyan-background-color has-background has-medium-font-size\"><strong>QUEST\u00c3O 3<\/strong><\/p>\n\n\n\n<p class=\"has-medium-font-size\">O Dambe, ou boxe africano \u00e9 uma luta tradicional africana com o objetivo final de&nbsp;&nbsp;<\/p>\n\n\n\n<p class=\"has-medium-font-size\">(A) fazer o advers\u00e1rio dan\u00e7ar.<br>(B) quebrar objetos ao redor.<br>(C) ajoelhar, cair no ch\u00e3o ou se render.<br>(D) cantar uma can\u00e7\u00e3o religiosa.<\/p>\n\n\n\n<p class=\"has-vivid-green-cyan-background-color has-background has-medium-font-size\"><strong>QUEST\u00c3O 4<\/strong><\/p>\n\n\n\n<p class=\"has-medium-font-size\">Os lutadores do Dambe usam para atacar&nbsp;<\/p>\n\n\n\n<p class=\"has-medium-font-size\">(A) Ambas as m\u00e3os, chamada de &#8220;lan\u00e7a&#8221;.<br>(B) Apenas a cabe\u00e7a, chamada de &#8220;lan\u00e7a&#8221;.<br>(C) A m\u00e3o enfaixada, chamada de &#8220;lan\u00e7a&#8221;.<br>(D) Apenas chutes, chamada de &#8220;escudo&#8221;.<\/p>\n\n\n\n<p class=\"has-vivid-green-cyan-background-color has-background has-medium-font-size\"><strong>QUEST\u00c3O 5<\/strong><\/p>\n\n\n\n<p class=\"has-medium-font-size\">As lutas africanas costumam ser acompanhadas por&nbsp;<\/p>\n\n\n\n<p class=\"has-medium-font-size\">(A) apenas gritos do p\u00fablico.<br>(B) m\u00fasica e instrumentos tradicionais.<br>(C) sil\u00eancio total durante a luta.<br>(D) som de m\u00e1quinas agr\u00edcolas.<\/p>\n\n\n\n<p class=\"has-background has-medium-font-size\" style=\"background-color:#1dfa5c\"><strong>SAIBA MAIS<\/strong><\/p>\n\n\n\n<p class=\"has-medium-font-size\"><strong>Assista ao v\u00eddeo e entenda um pouco mais sobre lutas de origem africana e ind\u00edgena<\/strong>.<\/p>\n\n\n\n<figure class=\"wp-block-embed is-type-video is-provider-youtube wp-block-embed-youtube wp-embed-aspect-16-9 wp-has-aspect-ratio\"><div class=\"wp-block-embed__wrapper\">\n<p class=\"responsive-video-wrap clr\"><iframe title=\"259-LUTAS IND\u00cdGENAS E AFRICANAS\" width=\"1200\" height=\"675\" src=\"https:\/\/www.youtube.com\/embed\/FkgKtDXu2JY?feature=oembed\" frameborder=\"0\" allow=\"accelerometer; autoplay; clipboard-write; encrypted-media; gyroscope; picture-in-picture; web-share\" referrerpolicy=\"strict-origin-when-cross-origin\" allowfullscreen><\/iframe><\/p>\n<\/div><\/figure>\n\n\n\n<figure class=\"wp-block-table is-style-stripes has-medium-font-size\"><table><tbody><tr><td><strong>Autoria<\/strong><\/td><td>Livia Analy Rezende Amancio<\/td><\/tr><tr><td><strong>Forma\u00e7\u00e3o<\/strong><\/td><td>Educa\u00e7\u00e3o f\u00edsica<\/td><\/tr><tr><td><strong>Componente Curricular:<\/strong><\/td><td>Educa\u00e7\u00e3o f\u00edsica<\/td><\/tr><tr><td><strong>Habilidades:<\/strong><\/td><td>(GO-EF04EF13) Vivenciar e fruir diferentes lutas presentes no contexto comunit\u00e1rio e regional e lutas de matriz ind\u00edgena e africana.<br>(GO-EF04EF21) Analisar caracter\u00edsticas hist\u00f3rico-culturais, valores, normas, objetivos e fundamentos presentes nas lutas do contexto comunit\u00e1rio e regional e de matriz ind\u00edgena e africana.<span id=\"docs-internal-guid-684fea71-7fff-a326-3d72-2e7041cfe754\"><div><span style=\"font-size: 12pt; font-family: Verdana, sans-serif; color: rgb(0, 0, 0); background-color: transparent; font-variant-numeric: normal; font-variant-east-asian: normal; font-variant-alternates: normal; font-variant-position: normal; vertical-align: baseline;\"><\/span><\/div><\/span><\/td><\/tr><tr><td><strong>Refer\u00eancias<\/strong><\/td><td>BNCC &#8211; Base Nacional Comum <br>Curricular.<br>DC-GO Ampliado &#8211; Documento Curricular para Goi\u00e1s Ampliado.<br>Cultura Afro-brasileira &lt; https:\/\/pt.wikipedia.org\/wiki\/Cultura_afro-brasileira#Arte\u00a0 > acesso em 09\/10\/2024.<br><span id=\"docs-internal-guid-f55b93e7-7fff-c7bb-bf90-33ab5530aad7\"><div><span style=\"font-size: 14pt; font-family: Verdana, sans-serif; color: rgb(0, 0, 0); background-color: transparent; font-variant-numeric: normal; font-variant-east-asian: normal; font-variant-alternates: normal; font-variant-position: normal; vertical-align: baseline;\"><\/span><\/div><\/span><\/td><\/tr><\/tbody><\/table><\/figure>\n","protected":false},"author":30,"featured_media":188718,"template":"","ef_categoria":[193,14,22],"ef_ano":[87],"ef_componente":[97],"class_list":["post-188687","ensino_fundamental","type-ensino_fundamental","status-publish","has-post-thumbnail","hentry","ef_categoria-anos-iniciais","ef_categoria-ciclo-da-infancia-de","ef_categoria-corpo-e-movimento-ciclo-da-infancia-de","ef_ano-4o-ano","ef_componente-educacao-fisica","entry","has-media"],"acf":[],"_links":{"self":[{"href":"https:\/\/sme.goiania.go.gov.br\/conexaoescola\/wp-json\/wp\/v2\/ensino_fundamental\/188687","targetHints":{"allow":["GET"]}}],"collection":[{"href":"https:\/\/sme.goiania.go.gov.br\/conexaoescola\/wp-json\/wp\/v2\/ensino_fundamental"}],"about":[{"href":"https:\/\/sme.goiania.go.gov.br\/conexaoescola\/wp-json\/wp\/v2\/types\/ensino_fundamental"}],"author":[{"embeddable":true,"href":"https:\/\/sme.goiania.go.gov.br\/conexaoescola\/wp-json\/wp\/v2\/users\/30"}],"version-history":[{"count":6,"href":"https:\/\/sme.goiania.go.gov.br\/conexaoescola\/wp-json\/wp\/v2\/ensino_fundamental\/188687\/revisions"}],"predecessor-version":[{"id":188900,"href":"https:\/\/sme.goiania.go.gov.br\/conexaoescola\/wp-json\/wp\/v2\/ensino_fundamental\/188687\/revisions\/188900"}],"wp:featuredmedia":[{"embeddable":true,"href":"https:\/\/sme.goiania.go.gov.br\/conexaoescola\/wp-json\/wp\/v2\/media\/188718"}],"wp:attachment":[{"href":"https:\/\/sme.goiania.go.gov.br\/conexaoescola\/wp-json\/wp\/v2\/media?parent=188687"}],"wp:term":[{"taxonomy":"ef_categoria","embeddable":true,"href":"https:\/\/sme.goiania.go.gov.br\/conexaoescola\/wp-json\/wp\/v2\/ef_categoria?post=188687"},{"taxonomy":"ef_ano","embeddable":true,"href":"https:\/\/sme.goiania.go.gov.br\/conexaoescola\/wp-json\/wp\/v2\/ef_ano?post=188687"},{"taxonomy":"ef_componente","embeddable":true,"href":"https:\/\/sme.goiania.go.gov.br\/conexaoescola\/wp-json\/wp\/v2\/ef_componente?post=188687"}],"curies":[{"name":"wp","href":"https:\/\/api.w.org\/{rel}","templated":true}]}}

Educação Física &#8211; A Cultura Africana e suas Influências no Brasil &#8211; Luta Dambe

<p class="has-text-align-center has-electric-grass-gradient-background has-background has-medium-font-size">Esta proposta de atividade de<strong>&nbsp;EDUCAÇÃO FÍSICA&nbsp;</strong>é destinada aos estudantes do<strong>&nbsp;4º ANO&nbsp;</strong>do Ensino Fundamental – Anos Iniciais.</p>



<hr class="wp-block-separator has-alpha-channel-opacity"/>



<div class="wp-block-buttons is-content-justification-center is-layout-flex wp-container-core-buttons-is-layout-16018d1d wp-block-buttons-is-layout-flex">
<div class="wp-block-button"><a class="wp-block-button__link wp-element-button" href="https://drive.google.com/uc?export=download&amp;id=1H_b-iPFVB1o4OFVGmDPdeBW-pVzBAbvt">BAIXE A ATIVIDADE</a></div>



<div class="wp-block-button"><a class="wp-block-button__link wp-element-button" href="https://drive.google.com/uc?export=download&amp;id=110RGzdL_qZHgEBoREAXo1qLt7YaWwNwO">BAIXE OS SLIDES</a></div>



<div class="wp-block-button"><a class="wp-block-button__link has-text-align-center wp-element-button" href="https://drive.google.com/uc?export=download&amp;id=1XThBZNpV_9LWYUa3ZnqnGAEvgVphfZKy">BAIXE O TEXTO</a></div>
</div>



<p class="has-text-align-center" style="font-size:12px"></p>



<figure class="wp-block-image"><img decoding="async" src="https://lh7-rt.googleusercontent.com/docsz/AD_4nXfsu2GwQgghsHXwkStI2QwUQZ4zctzNuWvkfqInAEZSS6BQkkyGkjCkJJno0HvO4aW6yQLBIYVcb03lKuxfVMj_5FhXGOGNYFpEbYMx7hVCMGcMkQ-vmXqH7IRmFzg2yAsTPMEIcSShJTAT8jF8EcXhAF4y7Q-8KHd_K5BATQ?key=-JO7YkDzyOdOwBARNzVMGQ" alt=""/></figure>



<p>Fonte: &lt;<a href="https://commons.wikimedia.org/wiki/File:Locked_In_Battle.jpg">https://commons.wikimedia.org/wiki/File:Locked_In_Battle.jpg</a>&gt; acesso em 09/10/2024.</p>



<h3 class="wp-block-heading has-text-align-center has-large-font-size"><strong>A Cultura Africana e suas Influências no Brasil &#8211; Luta Dambe</strong></h3>



<p class="has-medium-font-size">A África é um continente enorme e diversificado, com 54 países e mais de três mil etnias. Cada grupo tem suas próprias culturas, línguas e tradições. Ao longo da história, a África recebeu influências de outros povos, tornando sua cultura ainda mais rica.</p>



<p class="has-medium-font-size">Quando os africanos vieram para o Brasil como povo escravizado, trouxeram suas tradições, culinária, músicas e modos de viver. Mesmo enfrentando dificuldades, eles ajudaram a formar a cultura brasileira.</p>


<div class="wp-block-image">
<figure class="aligncenter is-resized"><img decoding="async" src="https://lh7-rt.googleusercontent.com/docsz/AD_4nXdFcUSu2JyhhNpoerA9vAtxBkT_SaJluMbMzytamqpqwQUMUi_kkvE_eTW-B8sfL9ET1JKYCncSEfZOlHInfShgIchE3qntgh5lJyaWA26US3DRtp7OhqMN5yziWB5vFuBTJzlNvHkDsOFz-9LBh-F9RS2ECn5U29TPbOeShw?key=-JO7YkDzyOdOwBARNzVMGQ" alt="" style="width:587px;height:auto"/></figure></div>


<p class="has-medium-font-size">Na África, existem várias lutas tradicionais, como o Laamb (Senegal) e o Dambe (Nigéria). Essas lutas, que antes eram usadas em guerras, agora fazem parte de celebrações e rituais importantes, como casamentos e colheitas.</p>


<div class="wp-block-image">
<figure class="aligncenter"><img decoding="async" src="https://lh7-rt.googleusercontent.com/docsz/AD_4nXe_kaAytw0qMAhuvyVglmmAFOOXjXurK9R1xV34P6NnXAyuLdIJ_gc5EYx0EGnXTYNzXkhKOimqgUr2DF6wviOy6C_Z3Vev-2HluyvV2aHUDdoSdKwuKHqXiFjHwnENzsxLaqb0eMvRSvvblduQuWAxrFFZ-7hBzRCSR-HS1g?key=SsRMGnISFw_pe-09uObMgQ" alt=""/></figure></div>


<p class="has-text-align-center" style="font-size:10px">Fonte: &lt; <a href="https://commons.wikimedia.org/wiki/File:Dembe_game.jpg">https://commons.wikimedia.org/wiki/File:Dembe_game.jpg</a> &gt; acesso em 09/10/2024.</p>



<p class="has-medium-font-size">O Dambe, ou boxe africano é uma luta tradicional do povo Hausa, na Nigéria, que combina elementos de percussão e combate. Nesta modalidade, ao redor da arena o público vibra ao som de tambores, que ditam o ritmo dos movimentos. Com 3 rounds, os lutadores enfaixam uma das mãos, chamada de &#8220;lança&#8221;, que é usada para atacar, enquanto a outra mão, chamada de &#8220;escudo&#8221; serve para se defender, perde quem se ajoelha, cai no chão ou se rende.&nbsp; As características do Dambe incluem movimentos ágeis, como desviar, avançar e esquivar-se, exigindo não apenas força, mas também velocidade e reflexos rápidos.</p>


<div class="wp-block-image">
<figure class="aligncenter"><img decoding="async" src="https://lh7-rt.googleusercontent.com/docsz/AD_4nXeekW5Ee7gpTsMTN9OpKkaJo8a4Ra8MWCsf-rScI-PQaL4qklT6QRlfUao-layUl-31fIQ5oarlPI-U2gW6T75-5thAWGh4LPbV6R6fHTVGQa0Rd4wUVfN2YiDkpzX-JdVcgMcGyiJFVE7nuCxbaGiFi_jiWacZMIxwKJ9P?key=-JO7YkDzyOdOwBARNzVMGQ" alt=""/></figure></div>


<p class="has-text-align-center" style="font-size:9px">&nbsp;Fonte: &lt; <a href="https://commons.wikimedia.org/wiki/File:Hausa_game.jpg">https://commons.wikimedia.org/wiki/File:Hausa_game.jpg</a> &gt;acesso em 09/10/2024.</p>



<p class="has-medium-font-size">As lutas africanas têm um forte significado espiritual. Antes de lutar, muitos atletas pedem proteção a seus guias espirituais. As lutas africanas são variadas. Algumas usam bastões e outras têm danças e músicas durante os combates. Elas estão presentes em festas, celebrações e rituais, mostrando a alegria e a força das tradições africanas.</p>



<p class="has-text-align-center has-large-font-size">ATIVIDADE</p>



<p class="has-vivid-green-cyan-background-color has-background has-medium-font-size"><strong>QUESTÃO 1</strong></p>



<p class="has-medium-font-size">Se você pudesse contar para um amigo sobre a influência da cultura africana no Brasil, o que você diria? </p>



<p class="has-vivid-green-cyan-background-color has-background has-medium-font-size"><strong>QUESTÃO 2</strong></p>



<p class="has-medium-font-size">Quais valores você acredita que as lutas africanas ensinam às crianças que assistem ou participam?</p>



<p class="has-vivid-green-cyan-background-color has-background has-medium-font-size"><strong>QUESTÃO 3</strong></p>



<p class="has-medium-font-size">O Dambe, ou boxe africano é uma luta tradicional africana com o objetivo final de&nbsp;&nbsp;</p>



<p class="has-medium-font-size">(A) fazer o adversário dançar.<br>(B) quebrar objetos ao redor.<br>(C) ajoelhar, cair no chão ou se render.<br>(D) cantar uma canção religiosa.</p>



<p class="has-vivid-green-cyan-background-color has-background has-medium-font-size"><strong>QUESTÃO 4</strong></p>



<p class="has-medium-font-size">Os lutadores do Dambe usam para atacar&nbsp;</p>



<p class="has-medium-font-size">(A) Ambas as mãos, chamada de &#8220;lança&#8221;.<br>(B) Apenas a cabeça, chamada de &#8220;lança&#8221;.<br>(C) A mão enfaixada, chamada de &#8220;lança&#8221;.<br>(D) Apenas chutes, chamada de &#8220;escudo&#8221;.</p>



<p class="has-vivid-green-cyan-background-color has-background has-medium-font-size"><strong>QUESTÃO 5</strong></p>



<p class="has-medium-font-size">As lutas africanas costumam ser acompanhadas por&nbsp;</p>



<p class="has-medium-font-size">(A) apenas gritos do público.<br>(B) música e instrumentos tradicionais.<br>(C) silêncio total durante a luta.<br>(D) som de máquinas agrícolas.</p>



<p class="has-background has-medium-font-size" style="background-color:#1dfa5c"><strong>SAIBA MAIS</strong></p>



<p class="has-medium-font-size"><strong>Assista ao vídeo e entenda um pouco mais sobre lutas de origem africana e indígena</strong>.</p>



<figure class="wp-block-embed is-type-video is-provider-youtube wp-block-embed-youtube wp-embed-aspect-16-9 wp-has-aspect-ratio"><div class="wp-block-embed__wrapper">
<p class="responsive-video-wrap clr"><iframe title="259-LUTAS INDÍGENAS E AFRICANAS" width="1200" height="675" src="https://www.youtube.com/embed/FkgKtDXu2JY?feature=oembed" frameborder="0" allow="accelerometer; autoplay; clipboard-write; encrypted-media; gyroscope; picture-in-picture; web-share" referrerpolicy="strict-origin-when-cross-origin" allowfullscreen></iframe></p>
</div></figure>



<figure class="wp-block-table is-style-stripes has-medium-font-size"><table><tbody><tr><td><strong>Autoria</strong></td><td>Livia Analy Rezende Amancio</td></tr><tr><td><strong>Formação</strong></td><td>Educação física</td></tr><tr><td><strong>Componente Curricular:</strong></td><td>Educação física</td></tr><tr><td><strong>Habilidades:</strong></td><td>(GO-EF04EF13) Vivenciar e fruir diferentes lutas presentes no contexto comunitário e regional e lutas de matriz indígena e africana.<br>(GO-EF04EF21) Analisar características histórico-culturais, valores, normas, objetivos e fundamentos presentes nas lutas do contexto comunitário e regional e de matriz indígena e africana.<span id="docs-internal-guid-684fea71-7fff-a326-3d72-2e7041cfe754"><div><span style="font-size: 12pt; font-family: Verdana, sans-serif; color: rgb(0, 0, 0); background-color: transparent; font-variant-numeric: normal; font-variant-east-asian: normal; font-variant-alternates: normal; font-variant-position: normal; vertical-align: baseline;"></span></div></span></td></tr><tr><td><strong>Referências</strong></td><td>BNCC &#8211; Base Nacional Comum <br>Curricular.<br>DC-GO Ampliado &#8211; Documento Curricular para Goiás Ampliado.<br>Cultura Afro-brasileira &lt; https://pt.wikipedia.org/wiki/Cultura_afro-brasileira#Arte  > acesso em 09/10/2024.<br><span id="docs-internal-guid-f55b93e7-7fff-c7bb-bf90-33ab5530aad7"><div><span style="font-size: 14pt; font-family: Verdana, sans-serif; color: rgb(0, 0, 0); background-color: transparent; font-variant-numeric: normal; font-variant-east-asian: normal; font-variant-alternates: normal; font-variant-position: normal; vertical-align: baseline;"></span></div></span></td></tr></tbody></table></figure>
