{"id":1871,"date":"2020-05-28T09:22:04","date_gmt":"2020-05-28T12:22:04","guid":{"rendered":"http:\/\/sme.goiania.go.gov.br\/conexaoescola\/?post_type=ensino_fundamental&#038;p=1871"},"modified":"2020-06-19T10:19:22","modified_gmt":"2020-06-19T13:19:22","slug":"de-onde-vem-o-plastico","status":"publish","type":"ensino_fundamental","link":"https:\/\/sme.goiania.go.gov.br\/conexaoescola\/ensino_fundamental\/de-onde-vem-o-plastico\/","title":{"rendered":"De onde vem o pl\u00e1stico?"},"content":{"rendered":"\n<p style=\"font-size:32px\" class=\"has-text-align-center\"><strong><span class=\"has-inline-color has-luminous-vivid-orange-color\">Pl\u00e1stico \u00e9 bom, mas se so<\/span><\/strong><span class=\"has-inline-color has-luminous-vivid-orange-color\"><strong>uber usar<\/strong>.<\/span><\/p>\n\n\n\n<p class=\"has-medium-font-size\">O pl\u00e1stico e o papel s\u00e3o de origens diferentes. Por isso precisam ser separados quando descartados.<\/p>\n\n\n\n<p class=\"has-medium-font-size\">Assista com aten\u00e7\u00e3o os tr\u00eas v\u00eddeos a seguir e confira a origem dos materiais citados acima. <\/p>\n\n\n\n<p class=\"has-medium-font-size\"><a href=\"https:\/\/www.youtube.com\/watch?v=rjUaQW0VG0k&amp;feature=youtu.be\"><span class=\"has-inline-color has-vivid-red-color\">Origem do pape<\/span><\/a><a href=\"https:\/\/www.youtube.com\/watch?v=rjUaQW0VG0k&amp;feature=youtu.be\" target=\"_blank\" rel=\"noreferrer noopener\"><span class=\"has-inline-color has-vivid-red-color\">l<\/span>: Video &#8220;De Onde Vem o Papel? #Epis\u00f3dio <\/a>15&#8243; do canal De onde vem?<\/p>\n\n\n\n<figure class=\"wp-block-embed-youtube wp-block-embed is-type-video is-provider-youtube wp-embed-aspect-4-3 wp-has-aspect-ratio\"><div class=\"wp-block-embed__wrapper\">\n<p class=\"responsive-video-wrap clr\"><iframe title=\"De Onde Vem o Papel? #Epis\u00f3dio 15\" width=\"1200\" height=\"900\" src=\"https:\/\/www.youtube.com\/embed\/rjUaQW0VG0k?feature=oembed\" frameborder=\"0\" allow=\"accelerometer; autoplay; encrypted-media; gyroscope; picture-in-picture\" allowfullscreen><\/iframe><\/p>\n<\/div><figcaption>Fonte: Youtube, &#8220;De Onde Vem O Papel? canal De onde vem?&#8221;<\/figcaption><\/figure>\n\n\n\n<p class=\"has-medium-font-size\"><a href=\"https:\/\/www.youtube.com\/watch?v=uV0R0f1sy4Q&amp;feature=youtu.be\" target=\"_blank\" rel=\"noreferrer noopener\"><span class=\"has-inline-color has-vivid-red-color\">Origem do pl\u00e1stico<\/span><\/a>: V\u00eddeo &#8220;De Onde Vem o Pl\u00e1stico? #Epis\u00f3dio 16&#8221; do canal De onde vem?<\/p>\n\n\n\n<figure class=\"wp-block-embed-youtube wp-block-embed is-type-video is-provider-youtube wp-embed-aspect-4-3 wp-has-aspect-ratio\"><div class=\"wp-block-embed__wrapper\">\n<p class=\"responsive-video-wrap clr\"><iframe title=\"De Onde Vem o Pl\u00e1stico? #Epis\u00f3dio 16\" width=\"1200\" height=\"900\" src=\"https:\/\/www.youtube.com\/embed\/uV0R0f1sy4Q?feature=oembed\" frameborder=\"0\" allow=\"accelerometer; autoplay; encrypted-media; gyroscope; picture-in-picture\" allowfullscreen><\/iframe><\/p>\n<\/div><figcaption>Fonte: Youtube, &#8220;De onde vem o pl\u00e1stico do canal De onde vem?&#8221;<\/figcaption><\/figure>\n\n\n\n<p class=\"has-medium-font-size\"><a href=\"https:\/\/www.youtube.com\/watch?v=7S6I77HhYL0&amp;feature=youtu.be\"><span class=\"has-inline-color has-vivid-red-color\">Turma da M\u00f4nica<\/span><\/a>: Video &#8220;Lugar de Lixo N\u00e3o \u00e9 Na Rua&#8221; do canal ClipsDaTurma<\/p>\n\n\n\n<figure class=\"wp-block-embed-youtube wp-block-embed is-type-video is-provider-youtube wp-embed-aspect-16-9 wp-has-aspect-ratio\"><div class=\"wp-block-embed__wrapper\">\n<p class=\"responsive-video-wrap clr\"><iframe title=\"Lugar de Lixo N\u00e3o \u00e9 Na Rua\" width=\"1200\" height=\"675\" src=\"https:\/\/www.youtube.com\/embed\/7S6I77HhYL0?feature=oembed\" frameborder=\"0\" allow=\"accelerometer; autoplay; encrypted-media; gyroscope; picture-in-picture\" allowfullscreen><\/iframe><\/p>\n<\/div><figcaption>Fonte: Youtube, &#8220;Lugar de Lixo N\u00e3o \u00e9 Na Rua do canal ClipsDaTurma&#8221;<\/figcaption><\/figure>\n\n\n\n<p class=\"has-medium-font-size\">Responda em seu caderno, com a ajuda de um adulto, as seguintes quest\u00f5es:<\/p>\n\n\n\n<p class=\"has-medium-font-size\">1 \u2013 Quais as origens do papel e do pl\u00e1stico?&nbsp;<\/p>\n\n\n\n<p class=\"has-medium-font-size\">2 \u2013 Como a reciclagem de pl\u00e1sticos pode contribuir para a prote\u00e7\u00e3o do meio ambiente?<\/p>\n\n\n\n<p class=\"has-medium-font-size\">3 \u2013 Quem joga pl\u00e1stico na rua est\u00e1 contribuindo para o aumento do n\u00famero de doen\u00e7as? Quais doen\u00e7as s\u00e3o essas?<\/p>\n\n\n\n<p class=\"has-medium-font-size\"><strong>Que tal contribuir com a coleta seletiva come\u00e7ando pela sua casa?<\/strong> <\/p>\n\n\n\n<p class=\"has-medium-font-size\">Para isso, se poss\u00edvel, separe uma caixa de papel\u00e3o. Se voc\u00ea quiser ou puder, pode pint\u00e1-la da cor azul. Agora, \u00e9 s\u00f3 come\u00e7ar a separar, nesta caixa, os pap\u00e9is que podem ser usados como rascunho.<\/p>\n\n\n\n<p class=\"has-medium-font-size\"><strong>Na sua casa, sua fam\u00edlia realiza a separa\u00e7\u00e3o dos materiais recicl\u00e1veis n\u00e3o misturando com a comida? Que tal come\u00e7ar ajud\u00e1-la nessa separa\u00e7\u00e3o?&nbsp;<\/strong><\/p>\n\n\n\n<p class=\"has-medium-font-size\">Se poss\u00edvel, pegue algumas caixas de papel\u00e3o e pinte cada uma da cor correspondente ao material da coleta seletiva. Caso n\u00e3o souber as cores da coleta seletiva, assista ao v\u00eddeo abaixo e comece a fazer a reciclagem. Se n\u00e3o tiver caixas, pode ser em sacolas pl\u00e1sticas. Pe\u00e7a para um adulto te ajudar a escrever os nomes em cada uma. <\/p>\n\n\n\n<figure class=\"wp-block-embed-youtube wp-block-embed is-type-video is-provider-youtube wp-embed-aspect-16-9 wp-has-aspect-ratio\"><div class=\"wp-block-embed__wrapper\">\n<p class=\"responsive-video-wrap clr\"><iframe title=\"As cores das lixeiras da coleta seletiva para reciclagem na educa\u00e7\u00e3o ambiental\" width=\"1200\" height=\"675\" src=\"https:\/\/www.youtube.com\/embed\/IfJ1z6ahgzk?feature=oembed\" frameborder=\"0\" allow=\"accelerometer; autoplay; encrypted-media; gyroscope; picture-in-picture\" allowfullscreen><\/iframe><\/p>\n<\/div><figcaption>Fonte: Youtube, &#8220;As cores das lixeiras da coleta seletiva para reciclagem na educa\u00e7\u00e3o ambiental do canal Ensinando meu filho&#8221;.<\/figcaption><\/figure>\n\n\n\n<p class=\"has-medium-font-size\">Assim voc\u00ea estar\u00e1 ajudando o meio ambiente n\u00e3o misturando os recicl\u00e1veis no lixo comum. E se o caminh\u00e3o da coleta seletiva passar na sua rua voc\u00ea pode entregar j\u00e1 tudo separado.&nbsp;<\/p>\n\n\n\n<p class=\"has-medium-font-size\"><strong><span class=\"has-inline-color has-vivid-purple-color\">Para saber mais:<\/span><\/strong><\/p>\n\n\n\n<p style=\"font-size:18px\">&#8220;<strong>De onde vem o vidro<\/strong>&#8221; do canal De onde vem?<\/p>\n\n\n\n<figure class=\"wp-block-embed-youtube wp-block-embed is-type-video is-provider-youtube wp-embed-aspect-4-3 wp-has-aspect-ratio\"><div class=\"wp-block-embed__wrapper\">\n<p class=\"responsive-video-wrap clr\"><iframe title=\"De Onde Vem o Vidro? #Epis\u00f3dio 19\" width=\"1200\" height=\"900\" src=\"https:\/\/www.youtube.com\/embed\/gj9R3nmB67Q?feature=oembed\" frameborder=\"0\" allow=\"accelerometer; autoplay; encrypted-media; gyroscope; picture-in-picture\" allowfullscreen><\/iframe><\/p>\n<\/div><\/figure>\n\n\n\n<p style=\"font-size:18px\">&#8220;<strong>Res\u00edduos s\u00f3lidos&#8221;<\/strong> do canal Programa \u00c1gua Brasil:<\/p>\n\n\n\n<figure class=\"wp-block-embed-youtube wp-block-embed is-type-video is-provider-youtube wp-embed-aspect-16-9 wp-has-aspect-ratio\"><div class=\"wp-block-embed__wrapper\">\n<p class=\"responsive-video-wrap clr\"><iframe title=\"Res\u00edduos S\u00f3lidos\" width=\"1200\" height=\"675\" src=\"https:\/\/www.youtube.com\/embed\/MiuIckYJfQY?feature=oembed\" frameborder=\"0\" allow=\"accelerometer; autoplay; encrypted-media; gyroscope; picture-in-picture\" allowfullscreen><\/iframe><\/p>\n<\/div><\/figure>\n\n\n\n<p style=\"font-size:18px\">&#8220;<strong>Se a \u00e1gua acabasse<\/strong>&#8221; do canal Thiago Moreira:<\/p>\n\n\n\n<figure class=\"wp-block-embed-youtube wp-block-embed is-type-video is-provider-youtube wp-embed-aspect-16-9 wp-has-aspect-ratio\"><div class=\"wp-block-embed__wrapper\">\n<p class=\"responsive-video-wrap clr\"><iframe title=\"E se a \u00c1gua Acabasse?\" width=\"1200\" height=\"675\" src=\"https:\/\/www.youtube.com\/embed\/yB7AZYNSCZk?feature=oembed\" frameborder=\"0\" allow=\"accelerometer; autoplay; encrypted-media; gyroscope; picture-in-picture\" allowfullscreen><\/iframe><\/p>\n<\/div><\/figure>\n\n\n\n<p><\/p>\n\n\n\n<hr class=\"wp-block-separator\"\/>\n\n\n\n<figure class=\"wp-block-table\"><table><tbody><tr><td class=\"has-text-align-left\" data-align=\"left\"><strong>OBJETO DE CONHECIMENTO: <\/strong>Propriedades de materiais: origem dos materiais e consumo consciente.<\/td><td class=\"has-text-align-left\" data-align=\"left\"><strong>HABILIDADES:<\/strong><br>EF01CI01: Comparar caracter\u00edsticas de diferentes materiais presentes em objetos de uso cotidiano, discutindo sua origem, os modos como s\u00e3o descartados e como podem ser usados de forma mais consciente.<br>(GO-EF01CI11) Identificar as pr\u00e1ticas cotidianas de descarte dos materiais na escola, em casa, no bairro e em seu munic\u00edpio, relacionando-as \u00e0 conserva\u00e7\u00e3o do ambiente e profilaxia de doen\u00e7as. Res\u00edduos s\u00f3lidos (lixo).<\/td><\/tr><\/tbody><\/table><\/figure>\n\n\n\n<p class=\"has-text-align-center\">Ensino Fundamental \u2013 Ciclo da Inf\u00e2ncia \u2013 B (2\u00ba Ano) \u2013 Experi\u00eancias e Curiosidades<\/p>\n","protected":false},"author":11,"featured_media":1837,"template":"","ef_categoria":[13,21],"ef_ano":[],"ef_componente":[],"class_list":["post-1871","ensino_fundamental","type-ensino_fundamental","status-publish","has-post-thumbnail","hentry","ef_categoria-ciclo-da-infancia-abc","ef_categoria-experiencias-e-curiosidades","entry","has-media"],"acf":[],"_links":{"self":[{"href":"https:\/\/sme.goiania.go.gov.br\/conexaoescola\/wp-json\/wp\/v2\/ensino_fundamental\/1871","targetHints":{"allow":["GET"]}}],"collection":[{"href":"https:\/\/sme.goiania.go.gov.br\/conexaoescola\/wp-json\/wp\/v2\/ensino_fundamental"}],"about":[{"href":"https:\/\/sme.goiania.go.gov.br\/conexaoescola\/wp-json\/wp\/v2\/types\/ensino_fundamental"}],"author":[{"embeddable":true,"href":"https:\/\/sme.goiania.go.gov.br\/conexaoescola\/wp-json\/wp\/v2\/users\/11"}],"version-history":[{"count":0,"href":"https:\/\/sme.goiania.go.gov.br\/conexaoescola\/wp-json\/wp\/v2\/ensino_fundamental\/1871\/revisions"}],"wp:featuredmedia":[{"embeddable":true,"href":"https:\/\/sme.goiania.go.gov.br\/conexaoescola\/wp-json\/wp\/v2\/media\/1837"}],"wp:attachment":[{"href":"https:\/\/sme.goiania.go.gov.br\/conexaoescola\/wp-json\/wp\/v2\/media?parent=1871"}],"wp:term":[{"taxonomy":"ef_categoria","embeddable":true,"href":"https:\/\/sme.goiania.go.gov.br\/conexaoescola\/wp-json\/wp\/v2\/ef_categoria?post=1871"},{"taxonomy":"ef_ano","embeddable":true,"href":"https:\/\/sme.goiania.go.gov.br\/conexaoescola\/wp-json\/wp\/v2\/ef_ano?post=1871"},{"taxonomy":"ef_componente","embeddable":true,"href":"https:\/\/sme.goiania.go.gov.br\/conexaoescola\/wp-json\/wp\/v2\/ef_componente?post=1871"}],"curies":[{"name":"wp","href":"https:\/\/api.w.org\/{rel}","templated":true}]}}

De onde vem o plástico?

<p style="font-size:32px" class="has-text-align-center"><strong><span class="has-inline-color has-luminous-vivid-orange-color">Plástico é bom, mas se so</span></strong><span class="has-inline-color has-luminous-vivid-orange-color"><strong>uber usar</strong>.</span></p>



<p class="has-medium-font-size">O plástico e o papel são de origens diferentes. Por isso precisam ser separados quando descartados.</p>



<p class="has-medium-font-size">Assista com atenção os três vídeos a seguir e confira a origem dos materiais citados acima. </p>



<p class="has-medium-font-size"><a href="https://www.youtube.com/watch?v=rjUaQW0VG0k&amp;feature=youtu.be"><span class="has-inline-color has-vivid-red-color">Origem do pape</span></a><a href="https://www.youtube.com/watch?v=rjUaQW0VG0k&amp;feature=youtu.be" target="_blank" rel="noreferrer noopener"><span class="has-inline-color has-vivid-red-color">l</span>: Video &#8220;De Onde Vem o Papel? #Episódio </a>15&#8243; do canal De onde vem?</p>



<figure class="wp-block-embed-youtube wp-block-embed is-type-video is-provider-youtube wp-embed-aspect-4-3 wp-has-aspect-ratio"><div class="wp-block-embed__wrapper">
<p class="responsive-video-wrap clr"><iframe title="De Onde Vem o Papel? #Episódio 15" width="1200" height="900" src="https://www.youtube.com/embed/rjUaQW0VG0k?feature=oembed" frameborder="0" allow="accelerometer; autoplay; encrypted-media; gyroscope; picture-in-picture" allowfullscreen></iframe></p>
</div><figcaption>Fonte: Youtube, &#8220;De Onde Vem O Papel? canal De onde vem?&#8221;</figcaption></figure>



<p class="has-medium-font-size"><a href="https://www.youtube.com/watch?v=uV0R0f1sy4Q&amp;feature=youtu.be" target="_blank" rel="noreferrer noopener"><span class="has-inline-color has-vivid-red-color">Origem do plástico</span></a>: Vídeo &#8220;De Onde Vem o Plástico? #Episódio 16&#8221; do canal De onde vem?</p>



<figure class="wp-block-embed-youtube wp-block-embed is-type-video is-provider-youtube wp-embed-aspect-4-3 wp-has-aspect-ratio"><div class="wp-block-embed__wrapper">
<p class="responsive-video-wrap clr"><iframe title="De Onde Vem o Plástico? #Episódio 16" width="1200" height="900" src="https://www.youtube.com/embed/uV0R0f1sy4Q?feature=oembed" frameborder="0" allow="accelerometer; autoplay; encrypted-media; gyroscope; picture-in-picture" allowfullscreen></iframe></p>
</div><figcaption>Fonte: Youtube, &#8220;De onde vem o plástico do canal De onde vem?&#8221;</figcaption></figure>



<p class="has-medium-font-size"><a href="https://www.youtube.com/watch?v=7S6I77HhYL0&amp;feature=youtu.be"><span class="has-inline-color has-vivid-red-color">Turma da Mônica</span></a>: Video &#8220;Lugar de Lixo Não é Na Rua&#8221; do canal ClipsDaTurma</p>



<figure class="wp-block-embed-youtube wp-block-embed is-type-video is-provider-youtube wp-embed-aspect-16-9 wp-has-aspect-ratio"><div class="wp-block-embed__wrapper">
<p class="responsive-video-wrap clr"><iframe title="Lugar de Lixo Não é Na Rua" width="1200" height="675" src="https://www.youtube.com/embed/7S6I77HhYL0?feature=oembed" frameborder="0" allow="accelerometer; autoplay; encrypted-media; gyroscope; picture-in-picture" allowfullscreen></iframe></p>
</div><figcaption>Fonte: Youtube, &#8220;Lugar de Lixo Não é Na Rua do canal ClipsDaTurma&#8221;</figcaption></figure>



<p class="has-medium-font-size">Responda em seu caderno, com a ajuda de um adulto, as seguintes questões:</p>



<p class="has-medium-font-size">1 – Quais as origens do papel e do plástico?&nbsp;</p>



<p class="has-medium-font-size">2 – Como a reciclagem de plásticos pode contribuir para a proteção do meio ambiente?</p>



<p class="has-medium-font-size">3 – Quem joga plástico na rua está contribuindo para o aumento do número de doenças? Quais doenças são essas?</p>



<p class="has-medium-font-size"><strong>Que tal contribuir com a coleta seletiva começando pela sua casa?</strong> </p>



<p class="has-medium-font-size">Para isso, se possível, separe uma caixa de papelão. Se você quiser ou puder, pode pintá-la da cor azul. Agora, é só começar a separar, nesta caixa, os papéis que podem ser usados como rascunho.</p>



<p class="has-medium-font-size"><strong>Na sua casa, sua família realiza a separação dos materiais recicláveis não misturando com a comida? Que tal começar ajudá-la nessa separação?&nbsp;</strong></p>



<p class="has-medium-font-size">Se possível, pegue algumas caixas de papelão e pinte cada uma da cor correspondente ao material da coleta seletiva. Caso não souber as cores da coleta seletiva, assista ao vídeo abaixo e comece a fazer a reciclagem. Se não tiver caixas, pode ser em sacolas plásticas. Peça para um adulto te ajudar a escrever os nomes em cada uma. </p>



<figure class="wp-block-embed-youtube wp-block-embed is-type-video is-provider-youtube wp-embed-aspect-16-9 wp-has-aspect-ratio"><div class="wp-block-embed__wrapper">
<p class="responsive-video-wrap clr"><iframe title="As cores das lixeiras da coleta seletiva para reciclagem na educação ambiental" width="1200" height="675" src="https://www.youtube.com/embed/IfJ1z6ahgzk?feature=oembed" frameborder="0" allow="accelerometer; autoplay; encrypted-media; gyroscope; picture-in-picture" allowfullscreen></iframe></p>
</div><figcaption>Fonte: Youtube, &#8220;As cores das lixeiras da coleta seletiva para reciclagem na educação ambiental do canal Ensinando meu filho&#8221;.</figcaption></figure>



<p class="has-medium-font-size">Assim você estará ajudando o meio ambiente não misturando os recicláveis no lixo comum. E se o caminhão da coleta seletiva passar na sua rua você pode entregar já tudo separado.&nbsp;</p>



<p class="has-medium-font-size"><strong><span class="has-inline-color has-vivid-purple-color">Para saber mais:</span></strong></p>



<p style="font-size:18px">&#8220;<strong>De onde vem o vidro</strong>&#8221; do canal De onde vem?</p>



<figure class="wp-block-embed-youtube wp-block-embed is-type-video is-provider-youtube wp-embed-aspect-4-3 wp-has-aspect-ratio"><div class="wp-block-embed__wrapper">
<p class="responsive-video-wrap clr"><iframe title="De Onde Vem o Vidro? #Episódio 19" width="1200" height="900" src="https://www.youtube.com/embed/gj9R3nmB67Q?feature=oembed" frameborder="0" allow="accelerometer; autoplay; encrypted-media; gyroscope; picture-in-picture" allowfullscreen></iframe></p>
</div></figure>



<p style="font-size:18px">&#8220;<strong>Resíduos sólidos&#8221;</strong> do canal Programa Água Brasil:</p>



<figure class="wp-block-embed-youtube wp-block-embed is-type-video is-provider-youtube wp-embed-aspect-16-9 wp-has-aspect-ratio"><div class="wp-block-embed__wrapper">
<p class="responsive-video-wrap clr"><iframe title="Resíduos Sólidos" width="1200" height="675" src="https://www.youtube.com/embed/MiuIckYJfQY?feature=oembed" frameborder="0" allow="accelerometer; autoplay; encrypted-media; gyroscope; picture-in-picture" allowfullscreen></iframe></p>
</div></figure>



<p style="font-size:18px">&#8220;<strong>Se a água acabasse</strong>&#8221; do canal Thiago Moreira:</p>



<figure class="wp-block-embed-youtube wp-block-embed is-type-video is-provider-youtube wp-embed-aspect-16-9 wp-has-aspect-ratio"><div class="wp-block-embed__wrapper">
<p class="responsive-video-wrap clr"><iframe title="E se a Água Acabasse?" width="1200" height="675" src="https://www.youtube.com/embed/yB7AZYNSCZk?feature=oembed" frameborder="0" allow="accelerometer; autoplay; encrypted-media; gyroscope; picture-in-picture" allowfullscreen></iframe></p>
</div></figure>



<p></p>



<hr class="wp-block-separator"/>



<figure class="wp-block-table"><table><tbody><tr><td class="has-text-align-left" data-align="left"><strong>OBJETO DE CONHECIMENTO: </strong>Propriedades de materiais: origem dos materiais e consumo consciente.</td><td class="has-text-align-left" data-align="left"><strong>HABILIDADES:</strong><br>EF01CI01: Comparar características de diferentes materiais presentes em objetos de uso cotidiano, discutindo sua origem, os modos como são descartados e como podem ser usados de forma mais consciente.<br>(GO-EF01CI11) Identificar as práticas cotidianas de descarte dos materiais na escola, em casa, no bairro e em seu município, relacionando-as à conservação do ambiente e profilaxia de doenças. Resíduos sólidos (lixo).</td></tr></tbody></table></figure>



<p class="has-text-align-center">Ensino Fundamental – Ciclo da Infância – B (2º Ano) – Experiências e Curiosidades</p>
