{"id":185611,"date":"2024-08-09T11:33:08","date_gmt":"2024-08-09T14:33:08","guid":{"rendered":"https:\/\/sme.goiania.go.gov.br\/conexaoescola\/?post_type=ensino_fundamental&#038;p=185611"},"modified":"2024-08-09T16:12:55","modified_gmt":"2024-08-09T19:12:55","slug":"historia-nomes-que-contam-historias","status":"publish","type":"ensino_fundamental","link":"https:\/\/sme.goiania.go.gov.br\/conexaoescola\/ensino_fundamental\/historia-nomes-que-contam-historias\/","title":{"rendered":"Hist\u00f3ria &#8211; Nomes que contam hist\u00f3rias"},"content":{"rendered":"\n<p class=\"has-cyan-bluish-gray-background-color has-background has-medium-font-size\">Esta proposta de atividade de<strong>\u00a0Hist\u00f3ria<\/strong>\u00a0tem como base o DC\/GO \u2013 Ampliado e est\u00e1 destinada a estudantes do\u00a0<strong>3\u00ba ano\u00a0<\/strong>do Ensino Fundamental &#8211; Anos Iniciais.<\/p>\n\n\n\n<div class=\"wp-block-buttons is-content-justification-center is-layout-flex wp-container-core-buttons-is-layout-16018d1d wp-block-buttons-is-layout-flex\">\n<div class=\"wp-block-button\"><a class=\"wp-block-button__link wp-element-button\" href=\"https:\/\/drive.google.com\/uc?export=download&amp;id=1ztlEEu6o68s7rdR-2_5yN3kb5Eroggvc\" target=\"_blank\" rel=\"noreferrer noopener\">BAIXE A ATIVIDADE<\/a><\/div>\n\n\n\n<div class=\"wp-block-button\"><a class=\"wp-block-button__link wp-element-button\" href=\"https:\/\/drive.google.com\/uc?export=download&amp;id=1_OwNmCrwRv_Jbwl0JEx56YHrDPOGq_1K\" target=\"_blank\" rel=\"noreferrer noopener\">BAIXE OS SLIDES<\/a><\/div>\n\n\n\n<div class=\"wp-block-button\"><a class=\"wp-block-button__link wp-element-button\" href=\"https:\/\/drive.google.com\/uc?export=download&amp;id=1h-099voki5Kfmw92yjcxGWe2AHpQHyWi\" target=\"_blank\" rel=\"noreferrer noopener\">BAIXE O TEXTO<\/a><\/div>\n<\/div>\n\n\n\n<p><\/p>\n\n\n<div class=\"wp-block-image\">\n<figure class=\"aligncenter size-full is-resized\"><img fetchpriority=\"high\" decoding=\"async\" width=\"333\" height=\"318\" src=\"https:\/\/sme.goiania.go.gov.br\/conexaoescola\/wp-content\/uploads\/2024\/08\/1-10-e1723213953286.jpg\" alt=\"\" class=\"wp-image-185613\" style=\"width:373px;height:auto\" srcset=\"https:\/\/sme.goiania.go.gov.br\/conexaoescola\/wp-content\/uploads\/2024\/08\/1-10-e1723213953286.jpg 333w, https:\/\/sme.goiania.go.gov.br\/conexaoescola\/wp-content\/uploads\/2024\/08\/1-10-e1723213953286-300x286.jpg 300w\" sizes=\"(max-width: 333px) 100vw, 333px\" \/><figcaption class=\"wp-element-caption\">Dispon\u00edvel em: &lt;https:\/\/www.canva.com>. \u00a0Acesso em: 07 de agosto de 2024.<\/figcaption><\/figure><\/div>\n\n\n<p class=\"has-text-align-center has-background has-medium-font-size\" style=\"background-color:#edd9de\"><strong>Nomes que contam hist\u00f3rias<\/strong><\/p>\n\n\n\n<p class=\"has-medium-font-size\">Ol\u00e1 estudante!<\/p>\n\n\n\n<p class=\"has-text-align-center has-medium-font-size\"><strong>Voc\u00ea j\u00e1 parou para pensar sobre os nomes dos bairros onde vivemos ou passamos?<\/strong><\/p>\n\n\n\n<p class=\"has-medium-font-size\">Muitas vezes, passamos por ruas, pra\u00e7as e bairros sem nos perguntar por que eles t\u00eam aquele nome.<\/p>\n\n\n\n<p class=\"has-medium-font-size\">Mas voc\u00ea sabia que os nomes dos lugares n\u00e3o s\u00e3o escolhidos ao acaso? Cada nome carrega uma hist\u00f3ria ou um motivo especial por tr\u00e1s dele.<\/p>\n\n\n\n<p class=\"has-medium-font-size\">Quando voc\u00ea passeia por Goi\u00e2nia, por exemplo,&nbsp; e passa por diferentes bairros, est\u00e1 caminhando por lugares cheios de hist\u00f3rias e significados.<\/p>\n\n\n\n<p class=\"has-medium-font-size\">Os nomes dos bairros, ruas, pra\u00e7as e at\u00e9 mesmo monumentos nos contam algo sobre a hist\u00f3ria do lugar, sobre as pessoas que viveram ali ou sobre algo importante que aconteceu naquele local.&nbsp;<\/p>\n\n\n\n<p class=\"has-medium-font-size\">Veja a imagem seguinte:<\/p>\n\n\n\n<figure class=\"wp-block-image size-full is-resized\"><img decoding=\"async\" width=\"582\" height=\"391\" src=\"https:\/\/sme.goiania.go.gov.br\/conexaoescola\/wp-content\/uploads\/2024\/08\/1-11-e1723214073300.jpg\" alt=\"\" class=\"wp-image-185615\" style=\"width:833px;height:auto\" srcset=\"https:\/\/sme.goiania.go.gov.br\/conexaoescola\/wp-content\/uploads\/2024\/08\/1-11-e1723214073300.jpg 582w, https:\/\/sme.goiania.go.gov.br\/conexaoescola\/wp-content\/uploads\/2024\/08\/1-11-e1723214073300-300x202.jpg 300w\" sizes=\"(max-width: 582px) 100vw, 582px\" \/><figcaption class=\"wp-element-caption\">Dispon\u00edvel em: &lt;https:\/\/www.google.com.br\/maps\/place\/St.+Urias+Magalh%C3%A3es,+Goi%C3%A2nia+-+GO\/@-16.6341315,-49.2868686,14z\/data=!3m1!4b1!4m6!3m5!1s0x935ef30b31335fcd:0x4cd8b121e4c543d7!8m2!3d-16.6345264!4d-49.2613339!16s%2Fg%2F1hb_fgf_b?entry=ttu>.\u00a0 Acesso em: 07 de agosto de 2024.<\/figcaption><\/figure>\n\n\n\n<p class=\"has-medium-font-size\">O bairro Urias Magalh\u00e3es, localizado na regi\u00e3o Norte de Goi\u00e2nia, \u00e9 um dos bairros tradicionais da cidade.&nbsp;<\/p>\n\n\n\n<p class=\"has-medium-font-size\">Foi fundado na d\u00e9cada de 1970 e recebeu o nome em homenagem a Urias Magalh\u00e3es, um importante fazendeiro da \u00e9poca, que tinha muitas terras na regi\u00e3o, e teve grande influ\u00eancia no desenvolvimento da cidade.<\/p>\n\n\n\n<p class=\"has-medium-font-size\">\u00c9 importante conhecer mais sobre o lugar onde vivemos e sobre nossa hist\u00f3ria.<\/p>\n\n\n\n<p class=\"has-medium-font-size\">Da pr\u00f3xima vez que voc\u00ea passar por um bairro ou uma rua, pense: \u201cqual ser\u00e1 a hist\u00f3ria por tr\u00e1s desse nome?\u201d<\/p>\n\n\n\n<p class=\"has-text-align-center has-background has-medium-font-size\" style=\"background-color:#edd9de\"><strong>ATIVIDADES<\/strong><\/p>\n\n\n\n<p class=\"has-text-align-center has-cyan-bluish-gray-background-color has-background has-medium-font-size\"><strong>QUEST\u00c3O 1<\/strong><\/p>\n\n\n\n<p class=\"has-medium-font-size\">Os nomes dos lugares n\u00e3o s\u00e3o escolhidos ao acaso. Cada nome carrega uma hist\u00f3ria ou um motivo especial por tr\u00e1s dele.<\/p>\n\n\n\n<p class=\"has-medium-font-size\">Os nomes dos bairros, ruas e pra\u00e7as geralmente refletem<\/p>\n\n\n\n<p class=\"has-medium-font-size\">(A) apenas a localiza\u00e7\u00e3o geogr\u00e1fica do lugar.<\/p>\n\n\n\n<p class=\"has-medium-font-size\">(B) o n\u00famero de pessoas que vivem na \u00e1rea.<\/p>\n\n\n\n<p class=\"has-medium-font-size\">(C) a hist\u00f3ria, pessoas ou eventos importantes relacionados ao local.<\/p>\n\n\n\n<p class=\"has-medium-font-size\">(D) sempre os elementos culturais da comunidade.<\/p>\n\n\n\n<p class=\"has-text-align-center has-cyan-bluish-gray-background-color has-background has-medium-font-size\"><strong>QUEST\u00c3O 2<\/strong><\/p>\n\n\n\n<p class=\"has-medium-font-size\">A escolha do nome de um bairro \u00e9 condicionada por uma combina\u00e7\u00e3o de fatores\u00a0 hist\u00f3ricos, culturais, geogr\u00e1ficos, sociais e econ\u00f4micos, que ajudam a moldar a identidade e a hist\u00f3ria de uma comunidade. Veja os exemplos seguintes e associe o nome ao seu fator:<\/p>\n\n\n<div class=\"wp-block-image\">\n<figure class=\"aligncenter size-full is-resized\"><img decoding=\"async\" width=\"464\" height=\"173\" src=\"https:\/\/sme.goiania.go.gov.br\/conexaoescola\/wp-content\/uploads\/2024\/08\/1-12-e1723214173482.jpg\" alt=\"\" class=\"wp-image-185619\" style=\"width:615px;height:auto\" srcset=\"https:\/\/sme.goiania.go.gov.br\/conexaoescola\/wp-content\/uploads\/2024\/08\/1-12-e1723214173482.jpg 464w, https:\/\/sme.goiania.go.gov.br\/conexaoescola\/wp-content\/uploads\/2024\/08\/1-12-e1723214173482-300x112.jpg 300w\" sizes=\"(max-width: 464px) 100vw, 464px\" \/><\/figure><\/div>\n\n\n<p class=\"has-medium-font-size\">( &nbsp; ) Jardim Primavera<\/p>\n\n\n\n<p class=\"has-medium-font-size\">( &nbsp; ) Parque das Laranjeiras<\/p>\n\n\n\n<p class=\"has-medium-font-size\">( &nbsp; ) Pedro Ludovico<\/p>\n\n\n\n<p class=\"has-medium-font-size\">( \u00a0 ) Cidade Industrial<\/p>\n\n\n\n<p class=\"has-text-align-center has-cyan-bluish-gray-background-color has-background has-medium-font-size\"><strong>QUEST\u00c3O 3<\/strong><\/p>\n\n\n\n<p class=\"has-medium-font-size\">Devemos conhecer a&nbsp; hist\u00f3ria por tr\u00e1s dos nomes dos bairros para<\/p>\n\n\n\n<p class=\"has-medium-font-size\">(A) encontrar novos locais tur\u00edsticos.<\/p>\n\n\n\n<p class=\"has-medium-font-size\">(B) descobrir mais sobre a hist\u00f3ria da nossa cidade, compreender a identidade e a hist\u00f3ria do local em que vivemos.<\/p>\n\n\n\n<p class=\"has-medium-font-size\">(C) apenas aprender sobre Geografia.<\/p>\n\n\n\n<p class=\"has-medium-font-size\">(D) escolher o melhor lugar para morar.<\/p>\n\n\n\n<p><\/p>\n\n\n\n<p class=\"has-text-align-center has-cyan-bluish-gray-background-color has-background has-medium-font-size\"><strong>QUEST\u00c3O 4<\/strong><\/p>\n\n\n\n<p class=\"has-medium-font-size\">Que tal fazer uma pesquisa sobre a hist\u00f3ria do bairro? Escolha um bairro da cidade onde vive. Pode ser o bairro onde a escola est\u00e1 localizada, o bairro onde mora, ou outro de interesse. Fa\u00e7a a pesquisa e registre!<\/p>\n\n\n\n<figure class=\"wp-block-image size-full is-resized\"><img loading=\"lazy\" decoding=\"async\" width=\"684\" height=\"720\" src=\"https:\/\/sme.goiania.go.gov.br\/conexaoescola\/wp-content\/uploads\/2024\/08\/1-9-e1723213857737.jpg\" alt=\"\" class=\"wp-image-185612\" style=\"width:871px;height:auto\" srcset=\"https:\/\/sme.goiania.go.gov.br\/conexaoescola\/wp-content\/uploads\/2024\/08\/1-9-e1723213857737.jpg 684w, https:\/\/sme.goiania.go.gov.br\/conexaoescola\/wp-content\/uploads\/2024\/08\/1-9-e1723213857737-285x300.jpg 285w\" sizes=\"(max-width: 684px) 100vw, 684px\" \/><figcaption class=\"wp-element-caption\"><br>Dispon\u00edvel em: &lt;https:\/\/www.canva.com>.\u00a0 Acesso em: 07 de agosto de 2024.<br><\/figcaption><\/figure>\n\n\n\n<p><\/p>\n\n\n\n<hr class=\"wp-block-separator has-alpha-channel-opacity\"\/>\n\n\n\n<figure class=\"wp-block-table is-style-stripes\"><table><tbody><tr><td><strong>Autoria:<\/strong><\/td><td>Gabriele Leandro Dias<\/td><\/tr><tr><td><strong>Forma\u00e7\u00e3o:&nbsp;<\/strong><\/td><td>Pedagogia\/ Psicologia<\/td><\/tr><tr><td><strong>Componente Curricular:<\/strong><\/td><td>Hist\u00f3ria<\/td><\/tr><tr><td><strong>Habilidades:<\/strong><\/td><td>(EF03HI05-A) Compreender que os nomes dados aos locais p\u00fablicos (nome de bairros, ruas, pra\u00e7as, monumentos, edif\u00edcios etc.) n\u00e3o s\u00e3o aleat\u00f3rios, mas h\u00e1 uma raz\u00e3o que permite inferir seus significados.<\/td><\/tr><tr><td><strong>Refer\u00eancias:&nbsp;<\/strong><\/td><td>2020. Documento Curricular para Goi\u00e1s (DC-GO). Goi\u00e2nia\/GO: CONSED\/ UNDIME Goi\u00e1s, 2018. Dispon\u00edvel em: https:\/\/cee.go.gov.br<br>Pintang\u00e1 Mais Hist\u00f3ria. (Cole\u00e7\u00e3o do 2\u00ba ao 5\u00ba ano). S\u00e3o Paulo: Moderna, 2021.<\/td><\/tr><\/tbody><\/table><\/figure>\n","protected":false},"author":45,"featured_media":185613,"template":"","ef_categoria":[30],"ef_ano":[86],"ef_componente":[95],"class_list":["post-185611","ensino_fundamental","type-ensino_fundamental","status-publish","has-post-thumbnail","hentry","ef_categoria-etica-e-cidadania-ciclo-da-adolescencia-fg","ef_ano-3o-ano","ef_componente-historia","entry","has-media"],"acf":[],"_links":{"self":[{"href":"https:\/\/sme.goiania.go.gov.br\/conexaoescola\/wp-json\/wp\/v2\/ensino_fundamental\/185611","targetHints":{"allow":["GET"]}}],"collection":[{"href":"https:\/\/sme.goiania.go.gov.br\/conexaoescola\/wp-json\/wp\/v2\/ensino_fundamental"}],"about":[{"href":"https:\/\/sme.goiania.go.gov.br\/conexaoescola\/wp-json\/wp\/v2\/types\/ensino_fundamental"}],"author":[{"embeddable":true,"href":"https:\/\/sme.goiania.go.gov.br\/conexaoescola\/wp-json\/wp\/v2\/users\/45"}],"version-history":[{"count":5,"href":"https:\/\/sme.goiania.go.gov.br\/conexaoescola\/wp-json\/wp\/v2\/ensino_fundamental\/185611\/revisions"}],"predecessor-version":[{"id":185623,"href":"https:\/\/sme.goiania.go.gov.br\/conexaoescola\/wp-json\/wp\/v2\/ensino_fundamental\/185611\/revisions\/185623"}],"wp:featuredmedia":[{"embeddable":true,"href":"https:\/\/sme.goiania.go.gov.br\/conexaoescola\/wp-json\/wp\/v2\/media\/185613"}],"wp:attachment":[{"href":"https:\/\/sme.goiania.go.gov.br\/conexaoescola\/wp-json\/wp\/v2\/media?parent=185611"}],"wp:term":[{"taxonomy":"ef_categoria","embeddable":true,"href":"https:\/\/sme.goiania.go.gov.br\/conexaoescola\/wp-json\/wp\/v2\/ef_categoria?post=185611"},{"taxonomy":"ef_ano","embeddable":true,"href":"https:\/\/sme.goiania.go.gov.br\/conexaoescola\/wp-json\/wp\/v2\/ef_ano?post=185611"},{"taxonomy":"ef_componente","embeddable":true,"href":"https:\/\/sme.goiania.go.gov.br\/conexaoescola\/wp-json\/wp\/v2\/ef_componente?post=185611"}],"curies":[{"name":"wp","href":"https:\/\/api.w.org\/{rel}","templated":true}]}}

História &#8211; Nomes que contam histórias

<p class="has-cyan-bluish-gray-background-color has-background has-medium-font-size">Esta proposta de atividade de<strong> História</strong> tem como base o DC/GO – Ampliado e está destinada a estudantes do <strong>3º ano </strong>do Ensino Fundamental &#8211; Anos Iniciais.</p>



<div class="wp-block-buttons is-content-justification-center is-layout-flex wp-container-core-buttons-is-layout-16018d1d wp-block-buttons-is-layout-flex">
<div class="wp-block-button"><a class="wp-block-button__link wp-element-button" href="https://drive.google.com/uc?export=download&amp;id=1ztlEEu6o68s7rdR-2_5yN3kb5Eroggvc" target="_blank" rel="noreferrer noopener">BAIXE A ATIVIDADE</a></div>



<div class="wp-block-button"><a class="wp-block-button__link wp-element-button" href="https://drive.google.com/uc?export=download&amp;id=1_OwNmCrwRv_Jbwl0JEx56YHrDPOGq_1K" target="_blank" rel="noreferrer noopener">BAIXE OS SLIDES</a></div>



<div class="wp-block-button"><a class="wp-block-button__link wp-element-button" href="https://drive.google.com/uc?export=download&amp;id=1h-099voki5Kfmw92yjcxGWe2AHpQHyWi" target="_blank" rel="noreferrer noopener">BAIXE O TEXTO</a></div>
</div>



<p></p>


<div class="wp-block-image">
<figure class="aligncenter size-full is-resized"><img fetchpriority="high" decoding="async" width="333" height="318" src="https://sme.goiania.go.gov.br/conexaoescola/wp-content/uploads/2024/08/1-10-e1723213953286.jpg" alt="" class="wp-image-185613" style="width:373px;height:auto" srcset="https://sme.goiania.go.gov.br/conexaoescola/wp-content/uploads/2024/08/1-10-e1723213953286.jpg 333w, https://sme.goiania.go.gov.br/conexaoescola/wp-content/uploads/2024/08/1-10-e1723213953286-300x286.jpg 300w" sizes="(max-width: 333px) 100vw, 333px" /><figcaption class="wp-element-caption">Disponível em: &lt;https://www.canva.com>.  Acesso em: 07 de agosto de 2024.</figcaption></figure></div>


<p class="has-text-align-center has-background has-medium-font-size" style="background-color:#edd9de"><strong>Nomes que contam histórias</strong></p>



<p class="has-medium-font-size">Olá estudante!</p>



<p class="has-text-align-center has-medium-font-size"><strong>Você já parou para pensar sobre os nomes dos bairros onde vivemos ou passamos?</strong></p>



<p class="has-medium-font-size">Muitas vezes, passamos por ruas, praças e bairros sem nos perguntar por que eles têm aquele nome.</p>



<p class="has-medium-font-size">Mas você sabia que os nomes dos lugares não são escolhidos ao acaso? Cada nome carrega uma história ou um motivo especial por trás dele.</p>



<p class="has-medium-font-size">Quando você passeia por Goiânia, por exemplo,&nbsp; e passa por diferentes bairros, está caminhando por lugares cheios de histórias e significados.</p>



<p class="has-medium-font-size">Os nomes dos bairros, ruas, praças e até mesmo monumentos nos contam algo sobre a história do lugar, sobre as pessoas que viveram ali ou sobre algo importante que aconteceu naquele local.&nbsp;</p>



<p class="has-medium-font-size">Veja a imagem seguinte:</p>



<figure class="wp-block-image size-full is-resized"><img decoding="async" width="582" height="391" src="https://sme.goiania.go.gov.br/conexaoescola/wp-content/uploads/2024/08/1-11-e1723214073300.jpg" alt="" class="wp-image-185615" style="width:833px;height:auto" srcset="https://sme.goiania.go.gov.br/conexaoescola/wp-content/uploads/2024/08/1-11-e1723214073300.jpg 582w, https://sme.goiania.go.gov.br/conexaoescola/wp-content/uploads/2024/08/1-11-e1723214073300-300x202.jpg 300w" sizes="(max-width: 582px) 100vw, 582px" /><figcaption class="wp-element-caption">Disponível em: &lt;https://www.google.com.br/maps/place/St.+Urias+Magalh%C3%A3es,+Goi%C3%A2nia+-+GO/@-16.6341315,-49.2868686,14z/data=!3m1!4b1!4m6!3m5!1s0x935ef30b31335fcd:0x4cd8b121e4c543d7!8m2!3d-16.6345264!4d-49.2613339!16s%2Fg%2F1hb_fgf_b?entry=ttu>.  Acesso em: 07 de agosto de 2024.</figcaption></figure>



<p class="has-medium-font-size">O bairro Urias Magalhães, localizado na região Norte de Goiânia, é um dos bairros tradicionais da cidade.&nbsp;</p>



<p class="has-medium-font-size">Foi fundado na década de 1970 e recebeu o nome em homenagem a Urias Magalhães, um importante fazendeiro da época, que tinha muitas terras na região, e teve grande influência no desenvolvimento da cidade.</p>



<p class="has-medium-font-size">É importante conhecer mais sobre o lugar onde vivemos e sobre nossa história.</p>



<p class="has-medium-font-size">Da próxima vez que você passar por um bairro ou uma rua, pense: “qual será a história por trás desse nome?”</p>



<p class="has-text-align-center has-background has-medium-font-size" style="background-color:#edd9de"><strong>ATIVIDADES</strong></p>



<p class="has-text-align-center has-cyan-bluish-gray-background-color has-background has-medium-font-size"><strong>QUESTÃO 1</strong></p>



<p class="has-medium-font-size">Os nomes dos lugares não são escolhidos ao acaso. Cada nome carrega uma história ou um motivo especial por trás dele.</p>



<p class="has-medium-font-size">Os nomes dos bairros, ruas e praças geralmente refletem</p>



<p class="has-medium-font-size">(A) apenas a localização geográfica do lugar.</p>



<p class="has-medium-font-size">(B) o número de pessoas que vivem na área.</p>



<p class="has-medium-font-size">(C) a história, pessoas ou eventos importantes relacionados ao local.</p>



<p class="has-medium-font-size">(D) sempre os elementos culturais da comunidade.</p>



<p class="has-text-align-center has-cyan-bluish-gray-background-color has-background has-medium-font-size"><strong>QUESTÃO 2</strong></p>



<p class="has-medium-font-size">A escolha do nome de um bairro é condicionada por uma combinação de fatores  históricos, culturais, geográficos, sociais e econômicos, que ajudam a moldar a identidade e a história de uma comunidade. Veja os exemplos seguintes e associe o nome ao seu fator:</p>


<div class="wp-block-image">
<figure class="aligncenter size-full is-resized"><img decoding="async" width="464" height="173" src="https://sme.goiania.go.gov.br/conexaoescola/wp-content/uploads/2024/08/1-12-e1723214173482.jpg" alt="" class="wp-image-185619" style="width:615px;height:auto" srcset="https://sme.goiania.go.gov.br/conexaoescola/wp-content/uploads/2024/08/1-12-e1723214173482.jpg 464w, https://sme.goiania.go.gov.br/conexaoescola/wp-content/uploads/2024/08/1-12-e1723214173482-300x112.jpg 300w" sizes="(max-width: 464px) 100vw, 464px" /></figure></div>


<p class="has-medium-font-size">( &nbsp; ) Jardim Primavera</p>



<p class="has-medium-font-size">( &nbsp; ) Parque das Laranjeiras</p>



<p class="has-medium-font-size">( &nbsp; ) Pedro Ludovico</p>



<p class="has-medium-font-size">(   ) Cidade Industrial</p>



<p class="has-text-align-center has-cyan-bluish-gray-background-color has-background has-medium-font-size"><strong>QUESTÃO 3</strong></p>



<p class="has-medium-font-size">Devemos conhecer a&nbsp; história por trás dos nomes dos bairros para</p>



<p class="has-medium-font-size">(A) encontrar novos locais turísticos.</p>



<p class="has-medium-font-size">(B) descobrir mais sobre a história da nossa cidade, compreender a identidade e a história do local em que vivemos.</p>



<p class="has-medium-font-size">(C) apenas aprender sobre Geografia.</p>



<p class="has-medium-font-size">(D) escolher o melhor lugar para morar.</p>



<p></p>



<p class="has-text-align-center has-cyan-bluish-gray-background-color has-background has-medium-font-size"><strong>QUESTÃO 4</strong></p>



<p class="has-medium-font-size">Que tal fazer uma pesquisa sobre a história do bairro? Escolha um bairro da cidade onde vive. Pode ser o bairro onde a escola está localizada, o bairro onde mora, ou outro de interesse. Faça a pesquisa e registre!</p>



<figure class="wp-block-image size-full is-resized"><img loading="lazy" decoding="async" width="684" height="720" src="https://sme.goiania.go.gov.br/conexaoescola/wp-content/uploads/2024/08/1-9-e1723213857737.jpg" alt="" class="wp-image-185612" style="width:871px;height:auto" srcset="https://sme.goiania.go.gov.br/conexaoescola/wp-content/uploads/2024/08/1-9-e1723213857737.jpg 684w, https://sme.goiania.go.gov.br/conexaoescola/wp-content/uploads/2024/08/1-9-e1723213857737-285x300.jpg 285w" sizes="(max-width: 684px) 100vw, 684px" /><figcaption class="wp-element-caption"><br>Disponível em: &lt;https://www.canva.com>.  Acesso em: 07 de agosto de 2024.<br></figcaption></figure>



<p></p>



<hr class="wp-block-separator has-alpha-channel-opacity"/>



<figure class="wp-block-table is-style-stripes"><table><tbody><tr><td><strong>Autoria:</strong></td><td>Gabriele Leandro Dias</td></tr><tr><td><strong>Formação:&nbsp;</strong></td><td>Pedagogia/ Psicologia</td></tr><tr><td><strong>Componente Curricular:</strong></td><td>História</td></tr><tr><td><strong>Habilidades:</strong></td><td>(EF03HI05-A) Compreender que os nomes dados aos locais públicos (nome de bairros, ruas, praças, monumentos, edifícios etc.) não são aleatórios, mas há uma razão que permite inferir seus significados.</td></tr><tr><td><strong>Referências:&nbsp;</strong></td><td>2020. Documento Curricular para Goiás (DC-GO). Goiânia/GO: CONSED/ UNDIME Goiás, 2018. Disponível em: https://cee.go.gov.br<br>Pintangá Mais História. (Coleção do 2º ao 5º ano). São Paulo: Moderna, 2021.</td></tr></tbody></table></figure>
