{"id":185056,"date":"2024-07-19T11:02:43","date_gmt":"2024-07-19T14:02:43","guid":{"rendered":"https:\/\/sme.goiania.go.gov.br\/conexaoescola\/?post_type=ensino_fundamental&#038;p=185056"},"modified":"2024-08-12T13:03:53","modified_gmt":"2024-08-12T16:03:53","slug":"arte-artes-visuais-atelie-de-arte","status":"publish","type":"ensino_fundamental","link":"https:\/\/sme.goiania.go.gov.br\/conexaoescola\/ensino_fundamental\/arte-artes-visuais-atelie-de-arte\/","title":{"rendered":"ARTE\/ARTES VISUAIS: Ateli\u00ea de Arte"},"content":{"rendered":"\n<p class=\"has-text-align-center has-background has-medium-font-size\" style=\"background-color:#bfdb7bde\">Esta proposta de atividade de Arte\/Artes Visuais \u00e9 destinada aos estudantes do 4\u00ba ano do Ensino Fundamental.<\/p>\n\n\n\n<p><\/p>\n\n\n\n<div class=\"wp-block-buttons is-content-justification-center is-layout-flex wp-container-core-buttons-is-layout-16018d1d wp-block-buttons-is-layout-flex\">\n<div class=\"wp-block-button\"><a class=\"wp-block-button__link wp-element-button\" href=\"https:\/\/drive.google.com\/uc?export=download&amp;id=1-dgh9Gtnsh6dI1-L6CMLCotLPTLHkTRq\" target=\"_blank\" rel=\"noreferrer noopener\">BAIXE A ATIVIDADE<\/a><\/div>\n\n\n\n<div class=\"wp-block-button\"><a class=\"wp-block-button__link wp-element-button\" href=\"https:\/\/drive.google.com\/uc?export=download&amp;id=1OXVUI7GtQwUT-4ygUrulnOlptLxYLCw-\" target=\"_blank\" rel=\"noreferrer noopener\">BAIXE OS SLIDES<\/a><\/div>\n\n\n\n<div class=\"wp-block-button has-custom-font-size has-medium-font-size\"><a class=\"wp-block-button__link wp-element-button\" href=\"https:\/\/drive.google.com\/uc?export=download&amp;id=1MSEFt6GDtrkGDlrZLdoYnOrdedJjsCko\" target=\"_blank\" rel=\"noreferrer noopener\">BAIXE O TEXTO<\/a><\/div>\n<\/div>\n\n\n\n<p><\/p>\n\n\n<div class=\"wp-block-image\">\n<figure class=\"aligncenter size-full is-resized\"><img decoding=\"async\" src=\"https:\/\/sme.goiania.go.gov.br\/conexaoescola\/wp-content\/uploads\/2024\/07\/image-11.png\" alt=\"\" class=\"wp-image-185057\" style=\"width:342px;height:auto\"\/><figcaption class=\"wp-element-caption\">Fonte Canva<\/figcaption><\/figure><\/div>\n\n\n<p><\/p>\n\n\n\n<p class=\"has-text-align-center has-medium-font-size\"><strong>Ateli\u00ea de Arte<\/strong><\/p>\n\n\n\n<p class=\"has-medium-font-size\">Um ateli\u00ea de arte \u00e9 um lugar especial onde artistas criam suas obras. Pode ser um espa\u00e7o pequeno s\u00f3 para uma pessoa ou um lugar grande onde v\u00e1rios artistas trabalham juntos. No ateli\u00ea, os artistas podem experimentar e criar livremente.<\/p>\n\n\n<div class=\"wp-block-image\">\n<figure class=\"aligncenter size-full is-resized\"><img fetchpriority=\"high\" decoding=\"async\" width=\"773\" height=\"434\" src=\"https:\/\/sme.goiania.go.gov.br\/conexaoescola\/wp-content\/uploads\/2024\/07\/image-12.png\" alt=\"\" class=\"wp-image-185058\" style=\"width:581px;height:auto\" srcset=\"https:\/\/sme.goiania.go.gov.br\/conexaoescola\/wp-content\/uploads\/2024\/07\/image-12.png 773w, https:\/\/sme.goiania.go.gov.br\/conexaoescola\/wp-content\/uploads\/2024\/07\/image-12-300x168.png 300w, https:\/\/sme.goiania.go.gov.br\/conexaoescola\/wp-content\/uploads\/2024\/07\/image-12-768x431.png 768w\" sizes=\"(max-width: 773px) 100vw, 773px\" \/><\/figure><\/div>\n\n\n<p class=\"has-text-align-center has-small-font-size\">Dispon\u00edvel em <a href=\"https:\/\/www.pexels.com\/pt-br\/foto\/homem-pessoa-pintura-pintando-6184431\/\">https:\/\/www.pexels.com\/pt-br\/foto\/homem-pessoa-pintura-pintando-6184431\/<\/a> Acesso em 18, julho, 2024.<\/p>\n\n\n\n<p class=\"has-medium-font-size\">Os artistas t\u00eam muitas ferramentas e materiais no ateli\u00ea, como tintas, pinc\u00e9is, telas, argila, c\u00e2meras e computadores. Eles usam essas coisas para fazer suas obras de arte de diferentes jeitos, dependendo do que gostam de fazer.<\/p>\n\n\n<div class=\"wp-block-image\">\n<figure class=\"aligncenter size-full is-resized\"><img decoding=\"async\" width=\"700\" height=\"467\" src=\"https:\/\/sme.goiania.go.gov.br\/conexaoescola\/wp-content\/uploads\/2024\/07\/image-13.png\" alt=\"\" class=\"wp-image-185059\" style=\"width:590px;height:auto\" srcset=\"https:\/\/sme.goiania.go.gov.br\/conexaoescola\/wp-content\/uploads\/2024\/07\/image-13.png 700w, https:\/\/sme.goiania.go.gov.br\/conexaoescola\/wp-content\/uploads\/2024\/07\/image-13-300x200.png 300w\" sizes=\"(max-width: 700px) 100vw, 700px\" \/><\/figure><\/div>\n\n\n<p class=\"has-text-align-center has-small-font-size\">Dispon\u00edvel em <a href=\"https:\/\/pxhere.com\/pt\/photo\/129960%20Acesso%20em%2018\">https:\/\/pxhere.com\/pt\/photo\/129960 Acesso em 18<\/a>, julho, 2024.<\/p>\n\n\n\n<p class=\"has-medium-font-size\">O ateli\u00ea tamb\u00e9m \u00e9 um lugar onde os artistas aprendem uns com os outros. Eles podem se reunir para conversar sobre suas ideias, t\u00e9cnicas e projetos. \u00c0s vezes, os artistas d\u00e3o aulas e oficinas para ensinar o que sabem.<\/p>\n\n\n\n<p class=\"has-medium-font-size\">Muitos ateli\u00eas permitem que as pessoas visitem e vejam como os artistas trabalham. Isso \u00e9 legal porque os visitantes podem ver como a arte \u00e9 feita e at\u00e9 conversar com os artistas. Assim, eles entendem melhor o trabalho dos artistas e se sentem mais conectados com as obras de arte.<\/p>\n\n\n<div class=\"wp-block-image\">\n<figure class=\"aligncenter size-full is-resized\"><img decoding=\"async\" width=\"783\" height=\"521\" src=\"https:\/\/sme.goiania.go.gov.br\/conexaoescola\/wp-content\/uploads\/2024\/07\/image-14.png\" alt=\"\" class=\"wp-image-185060\" style=\"width:593px;height:auto\" srcset=\"https:\/\/sme.goiania.go.gov.br\/conexaoescola\/wp-content\/uploads\/2024\/07\/image-14.png 783w, https:\/\/sme.goiania.go.gov.br\/conexaoescola\/wp-content\/uploads\/2024\/07\/image-14-300x200.png 300w, https:\/\/sme.goiania.go.gov.br\/conexaoescola\/wp-content\/uploads\/2024\/07\/image-14-768x511.png 768w\" sizes=\"(max-width: 783px) 100vw, 783px\" \/><\/figure><\/div>\n\n\n<p class=\"has-text-align-center has-small-font-size\">Dispon\u00edvel em <a href=\"https:\/\/www.flickr.com\/photos\/56854451@N03\/5352048246\/\">https:\/\/www.flickr.com\/photos\/56854451@N03\/5352048246\/<\/a> Acesso em 18, julho, 2024.<\/p>\n\n\n\n<hr class=\"wp-block-separator has-alpha-channel-opacity\"\/>\n\n\n\n<p class=\"has-background has-medium-font-size\" style=\"background-color:#bfdb7bde\"><strong>QUEST\u00c3O 1<\/strong><\/p>\n\n\n\n<p class=\"has-medium-font-size\">A principal fun\u00e7\u00e3o de um ateli\u00ea de arte \u00e9<\/p>\n\n\n\n<p class=\"has-medium-font-size\">(A) vender obras de arte.<\/p>\n\n\n\n<p class=\"has-medium-font-size\">(B) expor obras de arte.<\/p>\n\n\n\n<p class=\"has-medium-font-size\">(C) criar e experimentar livremente.<\/p>\n\n\n\n<p class=\"has-medium-font-size\">(D) guardar materiais de arte.<\/p>\n\n\n\n<p class=\"has-background has-medium-font-size\" style=\"background-color:#bfdb7bde\"><strong>QUEST\u00c3O 2<\/strong><\/p>\n\n\n\n<p class=\"has-medium-font-size\">Os materiais que podem ser encontrados em um ateli\u00ea de arte s\u00e3o<\/p>\n\n\n\n<p class=\"has-medium-font-size\">(A) livros e revistas.<\/p>\n\n\n\n<p class=\"has-medium-font-size\">(B) tintas e pinc\u00e9is.<\/p>\n\n\n\n<p class=\"has-medium-font-size\">(C) instrumentos musicais.<\/p>\n\n\n\n<p class=\"has-medium-font-size\">(D) eletrodom\u00e9sticos.<\/p>\n\n\n\n<p class=\"has-background has-medium-font-size\" style=\"background-color:#bfdb7bde\"><strong>QUEST\u00c3O 3<\/strong><\/p>\n\n\n\n<p class=\"has-medium-font-size\">Por que muitos ateli\u00eas de arte permitem a visita do p\u00fablico?<\/p>\n\n\n\n<p class=\"has-background has-medium-font-size\" style=\"background-color:#bfdb7bde\"><strong>QUEST\u00c3O 4<\/strong><\/p>\n\n\n\n<p class=\"has-medium-font-size\">Por que o ateli\u00ea de arte \u00e9 considerado um lugar especial para os artistas?<\/p>\n\n\n\n<p class=\"has-text-align-center has-background has-medium-font-size\" style=\"background-color:#bfdb7bde\"><strong>SAIBA MAIS ARTE<\/strong><\/p>\n\n\n\n<figure class=\"wp-block-embed is-type-video is-provider-youtube wp-block-embed-youtube wp-embed-aspect-16-9 wp-has-aspect-ratio\"><div class=\"wp-block-embed__wrapper\">\n<p class=\"responsive-video-wrap clr\"><iframe title=\"COMO MONTAR UM ATELIER - AULA#100 - Pollyanna Ferreira\" width=\"1200\" height=\"675\" src=\"https:\/\/www.youtube.com\/embed\/m9jcWGckpnM?feature=oembed\" frameborder=\"0\" allow=\"accelerometer; autoplay; clipboard-write; encrypted-media; gyroscope; picture-in-picture; web-share\" referrerpolicy=\"strict-origin-when-cross-origin\" allowfullscreen><\/iframe><\/p>\n<\/div><figcaption class=\"wp-element-caption\">Canal Pollyanna Ferreira. &#8220;COMO MONTAR UM ATELIER &#8211; AULA<a href=\"https:\/\/www.youtube.com\/hashtag\/100\">#100<\/a>&nbsp;&#8211; Pollyanna Ferreira&#8221;. Dispon\u00edvel em https:\/\/www.youtube.com\/watch?v=m9jcWGckpnM Acesso em 19, julho. 2024.<\/figcaption><\/figure>\n\n\n\n<hr class=\"wp-block-separator has-alpha-channel-opacity\"\/>\n\n\n\n<figure class=\"wp-block-table is-style-stripes has-medium-font-size\"><table><tbody><tr><td><strong>Autoria<\/strong><\/td><td>Veruska Bettiol<\/td><\/tr><tr><td><strong>Forma\u00e7\u00e3o<\/strong><\/td><td>Artes Visuais<\/td><\/tr><tr><td><strong>Componente Curricular<\/strong><\/td><td>Arte\/Artes Visuais<\/td><\/tr><tr><td><strong>Habilidade<\/strong><\/td><td>(GO-EF04AR07-A) Reconhecer, explorar e habituar-se a frequentar espa\u00e7os do sistema das artes visuais, tais como: museus, espa\u00e7os culturais, centros culturais, funda\u00e7\u00f5es, ateli\u00eas de artistas e artes\u00e3os, bem como aprender de forma significativa as rela\u00e7\u00f5es entre o sujeito e as experi\u00eancias em artes visuais ampliar o seu repert\u00f3rio imag\u00e9tico, est\u00e9tico e o pensamento cr\u00edtico e sens\u00edvel.<\/td><\/tr><tr><td><strong>Refer\u00eancias&nbsp;<\/strong><\/td><td>LIMA, Francisco Cardoso. <strong>O Atelier Enquanto Lugar de Processo de Cria\u00e7\u00e3o Art\u00edstica.<\/strong> 110f. Disserta\u00e7\u00e3o (Mestrado em Cria\u00e7\u00e3o Art\u00edstica Contempor\u00e2nea) \u2013 Departamento de Comunica\u00e7\u00e3o e Arte, Universidade de Aveiro. Aveiro, 2007.<br>LANEYRIE\u2013DAGEN, Nadeije. <strong>O ateli\u00ea do pintor.<\/strong> In: LICHTENSTEIN, Jacqueline (org.). A Pintura:textos essenciais, v. 13. S\u00e3o Paulo: Ed. 34, 2014.<br>MACHADO, Juarez. <strong>Juarez Machado: Ateli\u00ea de Artista.<\/strong> Curitiba: Sim\u00f5es de Assis, 1995.<\/td><\/tr><\/tbody><\/table><\/figure>\n","protected":false},"author":62,"featured_media":185057,"template":"","ef_categoria":[193,27],"ef_ano":[87],"ef_componente":[99],"class_list":["post-185056","ensino_fundamental","type-ensino_fundamental","status-publish","has-post-thumbnail","hentry","ef_categoria-anos-iniciais","ef_categoria-corpo-e-movimento-ciclo-da-adolescencia-fg","ef_ano-4o-ano","ef_componente-arte-ef","entry","has-media"],"acf":[],"_links":{"self":[{"href":"https:\/\/sme.goiania.go.gov.br\/conexaoescola\/wp-json\/wp\/v2\/ensino_fundamental\/185056","targetHints":{"allow":["GET"]}}],"collection":[{"href":"https:\/\/sme.goiania.go.gov.br\/conexaoescola\/wp-json\/wp\/v2\/ensino_fundamental"}],"about":[{"href":"https:\/\/sme.goiania.go.gov.br\/conexaoescola\/wp-json\/wp\/v2\/types\/ensino_fundamental"}],"author":[{"embeddable":true,"href":"https:\/\/sme.goiania.go.gov.br\/conexaoescola\/wp-json\/wp\/v2\/users\/62"}],"version-history":[{"count":2,"href":"https:\/\/sme.goiania.go.gov.br\/conexaoescola\/wp-json\/wp\/v2\/ensino_fundamental\/185056\/revisions"}],"predecessor-version":[{"id":185701,"href":"https:\/\/sme.goiania.go.gov.br\/conexaoescola\/wp-json\/wp\/v2\/ensino_fundamental\/185056\/revisions\/185701"}],"wp:featuredmedia":[{"embeddable":true,"href":"https:\/\/sme.goiania.go.gov.br\/conexaoescola\/wp-json\/wp\/v2\/media\/185057"}],"wp:attachment":[{"href":"https:\/\/sme.goiania.go.gov.br\/conexaoescola\/wp-json\/wp\/v2\/media?parent=185056"}],"wp:term":[{"taxonomy":"ef_categoria","embeddable":true,"href":"https:\/\/sme.goiania.go.gov.br\/conexaoescola\/wp-json\/wp\/v2\/ef_categoria?post=185056"},{"taxonomy":"ef_ano","embeddable":true,"href":"https:\/\/sme.goiania.go.gov.br\/conexaoescola\/wp-json\/wp\/v2\/ef_ano?post=185056"},{"taxonomy":"ef_componente","embeddable":true,"href":"https:\/\/sme.goiania.go.gov.br\/conexaoescola\/wp-json\/wp\/v2\/ef_componente?post=185056"}],"curies":[{"name":"wp","href":"https:\/\/api.w.org\/{rel}","templated":true}]}}

ARTE/ARTES VISUAIS: Ateliê de Arte

<p class="has-text-align-center has-background has-medium-font-size" style="background-color:#bfdb7bde">Esta proposta de atividade de Arte/Artes Visuais é destinada aos estudantes do 4º ano do Ensino Fundamental.</p>



<p></p>



<div class="wp-block-buttons is-content-justification-center is-layout-flex wp-container-core-buttons-is-layout-16018d1d wp-block-buttons-is-layout-flex">
<div class="wp-block-button"><a class="wp-block-button__link wp-element-button" href="https://drive.google.com/uc?export=download&amp;id=1-dgh9Gtnsh6dI1-L6CMLCotLPTLHkTRq" target="_blank" rel="noreferrer noopener">BAIXE A ATIVIDADE</a></div>



<div class="wp-block-button"><a class="wp-block-button__link wp-element-button" href="https://drive.google.com/uc?export=download&amp;id=1OXVUI7GtQwUT-4ygUrulnOlptLxYLCw-" target="_blank" rel="noreferrer noopener">BAIXE OS SLIDES</a></div>



<div class="wp-block-button has-custom-font-size has-medium-font-size"><a class="wp-block-button__link wp-element-button" href="https://drive.google.com/uc?export=download&amp;id=1MSEFt6GDtrkGDlrZLdoYnOrdedJjsCko" target="_blank" rel="noreferrer noopener">BAIXE O TEXTO</a></div>
</div>



<p></p>


<div class="wp-block-image">
<figure class="aligncenter size-full is-resized"><img decoding="async" src="https://sme.goiania.go.gov.br/conexaoescola/wp-content/uploads/2024/07/image-11.png" alt="" class="wp-image-185057" style="width:342px;height:auto"/><figcaption class="wp-element-caption">Fonte Canva</figcaption></figure></div>


<p></p>



<p class="has-text-align-center has-medium-font-size"><strong>Ateliê de Arte</strong></p>



<p class="has-medium-font-size">Um ateliê de arte é um lugar especial onde artistas criam suas obras. Pode ser um espaço pequeno só para uma pessoa ou um lugar grande onde vários artistas trabalham juntos. No ateliê, os artistas podem experimentar e criar livremente.</p>


<div class="wp-block-image">
<figure class="aligncenter size-full is-resized"><img fetchpriority="high" decoding="async" width="773" height="434" src="https://sme.goiania.go.gov.br/conexaoescola/wp-content/uploads/2024/07/image-12.png" alt="" class="wp-image-185058" style="width:581px;height:auto" srcset="https://sme.goiania.go.gov.br/conexaoescola/wp-content/uploads/2024/07/image-12.png 773w, https://sme.goiania.go.gov.br/conexaoescola/wp-content/uploads/2024/07/image-12-300x168.png 300w, https://sme.goiania.go.gov.br/conexaoescola/wp-content/uploads/2024/07/image-12-768x431.png 768w" sizes="(max-width: 773px) 100vw, 773px" /></figure></div>


<p class="has-text-align-center has-small-font-size">Disponível em <a href="https://www.pexels.com/pt-br/foto/homem-pessoa-pintura-pintando-6184431/">https://www.pexels.com/pt-br/foto/homem-pessoa-pintura-pintando-6184431/</a> Acesso em 18, julho, 2024.</p>



<p class="has-medium-font-size">Os artistas têm muitas ferramentas e materiais no ateliê, como tintas, pincéis, telas, argila, câmeras e computadores. Eles usam essas coisas para fazer suas obras de arte de diferentes jeitos, dependendo do que gostam de fazer.</p>


<div class="wp-block-image">
<figure class="aligncenter size-full is-resized"><img decoding="async" width="700" height="467" src="https://sme.goiania.go.gov.br/conexaoescola/wp-content/uploads/2024/07/image-13.png" alt="" class="wp-image-185059" style="width:590px;height:auto" srcset="https://sme.goiania.go.gov.br/conexaoescola/wp-content/uploads/2024/07/image-13.png 700w, https://sme.goiania.go.gov.br/conexaoescola/wp-content/uploads/2024/07/image-13-300x200.png 300w" sizes="(max-width: 700px) 100vw, 700px" /></figure></div>


<p class="has-text-align-center has-small-font-size">Disponível em <a href="https://pxhere.com/pt/photo/129960%20Acesso%20em%2018">https://pxhere.com/pt/photo/129960 Acesso em 18</a>, julho, 2024.</p>



<p class="has-medium-font-size">O ateliê também é um lugar onde os artistas aprendem uns com os outros. Eles podem se reunir para conversar sobre suas ideias, técnicas e projetos. Às vezes, os artistas dão aulas e oficinas para ensinar o que sabem.</p>



<p class="has-medium-font-size">Muitos ateliês permitem que as pessoas visitem e vejam como os artistas trabalham. Isso é legal porque os visitantes podem ver como a arte é feita e até conversar com os artistas. Assim, eles entendem melhor o trabalho dos artistas e se sentem mais conectados com as obras de arte.</p>


<div class="wp-block-image">
<figure class="aligncenter size-full is-resized"><img decoding="async" width="783" height="521" src="https://sme.goiania.go.gov.br/conexaoescola/wp-content/uploads/2024/07/image-14.png" alt="" class="wp-image-185060" style="width:593px;height:auto" srcset="https://sme.goiania.go.gov.br/conexaoescola/wp-content/uploads/2024/07/image-14.png 783w, https://sme.goiania.go.gov.br/conexaoescola/wp-content/uploads/2024/07/image-14-300x200.png 300w, https://sme.goiania.go.gov.br/conexaoescola/wp-content/uploads/2024/07/image-14-768x511.png 768w" sizes="(max-width: 783px) 100vw, 783px" /></figure></div>


<p class="has-text-align-center has-small-font-size">Disponível em <a href="https://www.flickr.com/photos/56854451@N03/5352048246/">https://www.flickr.com/photos/56854451@N03/5352048246/</a> Acesso em 18, julho, 2024.</p>



<hr class="wp-block-separator has-alpha-channel-opacity"/>



<p class="has-background has-medium-font-size" style="background-color:#bfdb7bde"><strong>QUESTÃO 1</strong></p>



<p class="has-medium-font-size">A principal função de um ateliê de arte é</p>



<p class="has-medium-font-size">(A) vender obras de arte.</p>



<p class="has-medium-font-size">(B) expor obras de arte.</p>



<p class="has-medium-font-size">(C) criar e experimentar livremente.</p>



<p class="has-medium-font-size">(D) guardar materiais de arte.</p>



<p class="has-background has-medium-font-size" style="background-color:#bfdb7bde"><strong>QUESTÃO 2</strong></p>



<p class="has-medium-font-size">Os materiais que podem ser encontrados em um ateliê de arte são</p>



<p class="has-medium-font-size">(A) livros e revistas.</p>



<p class="has-medium-font-size">(B) tintas e pincéis.</p>



<p class="has-medium-font-size">(C) instrumentos musicais.</p>



<p class="has-medium-font-size">(D) eletrodomésticos.</p>



<p class="has-background has-medium-font-size" style="background-color:#bfdb7bde"><strong>QUESTÃO 3</strong></p>



<p class="has-medium-font-size">Por que muitos ateliês de arte permitem a visita do público?</p>



<p class="has-background has-medium-font-size" style="background-color:#bfdb7bde"><strong>QUESTÃO 4</strong></p>



<p class="has-medium-font-size">Por que o ateliê de arte é considerado um lugar especial para os artistas?</p>



<p class="has-text-align-center has-background has-medium-font-size" style="background-color:#bfdb7bde"><strong>SAIBA MAIS ARTE</strong></p>



<figure class="wp-block-embed is-type-video is-provider-youtube wp-block-embed-youtube wp-embed-aspect-16-9 wp-has-aspect-ratio"><div class="wp-block-embed__wrapper">
<p class="responsive-video-wrap clr"><iframe title="COMO MONTAR UM ATELIER - AULA#100 - Pollyanna Ferreira" width="1200" height="675" src="https://www.youtube.com/embed/m9jcWGckpnM?feature=oembed" frameborder="0" allow="accelerometer; autoplay; clipboard-write; encrypted-media; gyroscope; picture-in-picture; web-share" referrerpolicy="strict-origin-when-cross-origin" allowfullscreen></iframe></p>
</div><figcaption class="wp-element-caption">Canal Pollyanna Ferreira. &#8220;COMO MONTAR UM ATELIER &#8211; AULA<a href="https://www.youtube.com/hashtag/100">#100</a>&nbsp;&#8211; Pollyanna Ferreira&#8221;. Disponível em https://www.youtube.com/watch?v=m9jcWGckpnM Acesso em 19, julho. 2024.</figcaption></figure>



<hr class="wp-block-separator has-alpha-channel-opacity"/>



<figure class="wp-block-table is-style-stripes has-medium-font-size"><table><tbody><tr><td><strong>Autoria</strong></td><td>Veruska Bettiol</td></tr><tr><td><strong>Formação</strong></td><td>Artes Visuais</td></tr><tr><td><strong>Componente Curricular</strong></td><td>Arte/Artes Visuais</td></tr><tr><td><strong>Habilidade</strong></td><td>(GO-EF04AR07-A) Reconhecer, explorar e habituar-se a frequentar espaços do sistema das artes visuais, tais como: museus, espaços culturais, centros culturais, fundações, ateliês de artistas e artesãos, bem como aprender de forma significativa as relações entre o sujeito e as experiências em artes visuais ampliar o seu repertório imagético, estético e o pensamento crítico e sensível.</td></tr><tr><td><strong>Referências&nbsp;</strong></td><td>LIMA, Francisco Cardoso. <strong>O Atelier Enquanto Lugar de Processo de Criação Artística.</strong> 110f. Dissertação (Mestrado em Criação Artística Contemporânea) – Departamento de Comunicação e Arte, Universidade de Aveiro. Aveiro, 2007.<br>LANEYRIE–DAGEN, Nadeije. <strong>O ateliê do pintor.</strong> In: LICHTENSTEIN, Jacqueline (org.). A Pintura:textos essenciais, v. 13. São Paulo: Ed. 34, 2014.<br>MACHADO, Juarez. <strong>Juarez Machado: Ateliê de Artista.</strong> Curitiba: Simões de Assis, 1995.</td></tr></tbody></table></figure>
