{"id":185020,"date":"2024-07-19T07:00:00","date_gmt":"2024-07-19T10:00:00","guid":{"rendered":"https:\/\/sme.goiania.go.gov.br\/conexaoescola\/?post_type=ensino_fundamental&#038;p=185020"},"modified":"2024-09-02T18:27:45","modified_gmt":"2024-09-02T21:27:45","slug":"ciencias-da-natureza-o-que-e-ciclo-da-materia-e-fluxo-de-energia","status":"publish","type":"ensino_fundamental","link":"https:\/\/sme.goiania.go.gov.br\/conexaoescola\/ensino_fundamental\/ciencias-da-natureza-o-que-e-ciclo-da-materia-e-fluxo-de-energia\/","title":{"rendered":"CI\u00caNCIAS DA NATUREZA \u2013 O que s\u00e3o os ciclos da mat\u00e9ria e da energia?"},"content":{"rendered":"\n<p class=\"has-text-align-center has-vivid-cyan-blue-to-vivid-purple-gradient-background has-background has-medium-font-size\"><strong>ESTA PROPOSTA DE ATIVIDADE DE CI\u00caNCIAS DA NATUREZA\u00a0\u00c9 DESTINADA AOS ESTUDANTES\u00a0DO\u00a04\u00ba ANO DO ENSINO FUNDAMENTAL.<\/strong><\/p>\n\n\n\n<div class=\"wp-block-buttons alignwide is-content-justification-center is-layout-flex wp-container-core-buttons-is-layout-16018d1d wp-block-buttons-is-layout-flex\">\n<div class=\"wp-block-button has-custom-width wp-block-button__width-25\"><a class=\"wp-block-button__link wp-element-button\" href=\"https:\/\/drive.google.com\/uc?export=download&amp;id=1gE4uM7uG_hT4BrOAxK0Zv_SOhS3yQuCY\" target=\"_blank\" rel=\"noreferrer noopener\"><strong>BAIXE A ATIVIDADE<\/strong><\/a><\/div>\n\n\n\n<div class=\"wp-block-button has-custom-width wp-block-button__width-25\"><a class=\"wp-block-button__link has-text-align-center wp-element-button\" href=\"https:\/\/drive.google.com\/uc?export=download&amp;id=1UYGCU2yXrd9ZUEzE0eejcfAa8qvBCOKO\" target=\"_blank\" rel=\"noreferrer noopener\"><strong>BAIXE OS SLIDES<\/strong><\/a><\/div>\n\n\n\n<div class=\"wp-block-button has-custom-width wp-block-button__width-25\"><a class=\"wp-block-button__link wp-element-button\" href=\"https:\/\/drive.google.com\/uc?export=download&amp;id=1NndnjhKaWr8xvNhk9PlhBQvsTg--t_-s\" target=\"_blank\" rel=\"noreferrer noopener\"><strong>BAIXE O TEXTO<\/strong><\/a><\/div>\n<\/div>\n\n\n\n<hr class=\"wp-block-separator has-alpha-channel-opacity\"\/>\n\n\n\n<p class=\"has-text-align-center has-medium-font-size\"><strong>Ciclo da Mat\u00e9ria e da Energia<\/strong><\/p>\n\n\n\n<p class=\"has-medium-font-size\">O Ciclo da Mat\u00e9ria e da Energia<br>No vasto campo da natureza,<br>Tudo flui em eterna correnteza.<br>Mat\u00e9ria e energia a dan\u00e7ar,<br>Numa dan\u00e7a que n\u00e3o pode parar.<\/p>\n\n\n\n<p class=\"has-medium-font-size\">O carbono viaja pelo ar,<br>Para nas plantas se transformar.<br>O ciclo do nitrog\u00eanio \u00e9 vital,<br>Para a vida animal e vegetal.<\/p>\n\n\n\n<p class=\"has-medium-font-size\">A \u00e1gua em seu ciclo constante,<br>Da terra ao c\u00e9u, flui abundante.<br>F\u00f3sforo e enxofre tamb\u00e9m t\u00eam seu lugar,<br>Para a vida na Terra sustentar.<\/p>\n\n\n\n<p class=\"has-medium-font-size\">Energia do sol a brilhar,<br>Para os produtores a vida dar.<br>Dos herb\u00edvoros aos predadores,<br>Cada ser tem seus valores.<\/p>\n\n\n\n<p class=\"has-medium-font-size\">Decompositores em a\u00e7\u00e3o,<br>Reciclando a mat\u00e9ria no ch\u00e3o.<br>Assim a vida continua a girar,<br>Num ciclo eterno, sem parar.<\/p>\n\n\n\n<p class=\"has-text-align-center has-medium-font-size\"><strong>OBSERVE A SEGUINTE IMAGEM PARA RESPONDER \u00c0S QUEST\u00d5ES:<\/strong><\/p>\n\n\n<div class=\"wp-block-image\">\n<figure class=\"aligncenter size-full\"><img fetchpriority=\"high\" decoding=\"async\" width=\"331\" height=\"332\" src=\"https:\/\/sme.goiania.go.gov.br\/conexaoescola\/wp-content\/uploads\/2024\/07\/imagem.png\" alt=\"\" class=\"wp-image-185023\" srcset=\"https:\/\/sme.goiania.go.gov.br\/conexaoescola\/wp-content\/uploads\/2024\/07\/imagem.png 331w, https:\/\/sme.goiania.go.gov.br\/conexaoescola\/wp-content\/uploads\/2024\/07\/imagem-300x300.png 300w, https:\/\/sme.goiania.go.gov.br\/conexaoescola\/wp-content\/uploads\/2024\/07\/imagem-150x150.png 150w\" sizes=\"(max-width: 331px) 100vw, 331px\" \/><figcaption class=\"wp-element-caption\">Imagem produzida em: www.canva.com<\/figcaption><\/figure><\/div>\n\n\n<p class=\"has-vivid-cyan-blue-to-vivid-purple-gradient-background has-background has-medium-font-size\"><strong>QUEST\u00c3O 1<\/strong><\/p>\n\n\n\n<p class=\"has-medium-font-size\">Um poema \u00e9 uma forma de express\u00e3o liter\u00e1ria que utiliza a linguagem de maneira art\u00edstica e estilizada para evocar emo\u00e7\u00f5es, transmitir ideias e pintar imagens mentais. No poema acima a ideia \u00e9 transmitir o conceito de ciclo da mat\u00e9ria e da energia. Pensando nisso, esses ciclos s\u00e3o essenciais para a<\/p>\n\n\n\n<p class=\"has-medium-font-size\">(A) forma\u00e7\u00e3o de rochas sedimentares.<\/p>\n\n\n\n<p class=\"has-medium-font-size\">(B) manuten\u00e7\u00e3o dos ecossistemas.<\/p>\n\n\n\n<p class=\"has-medium-font-size\">(C) produ\u00e7\u00e3o de energia n\u00e3o renov\u00e1vel.<\/p>\n\n\n\n<p class=\"has-medium-font-size\">(D) constru\u00e7\u00e3o de cidades.<\/p>\n\n\n\n<p class=\"has-vivid-cyan-blue-to-vivid-purple-gradient-background has-background has-medium-font-size\"><strong>QUEST\u00c3O 2<\/strong> <\/p>\n\n\n\n<p class=\"has-medium-font-size\">O ciclo do carbono \u00e9 crucial para a regula\u00e7\u00e3o do clima, a produ\u00e7\u00e3o de alimentos e a sustenta\u00e7\u00e3o da vida no planeta. Ele envolve a troca de carbono entre<\/p>\n\n\n\n<p class=\"has-medium-font-size\">(A) apenas a atmosfera e a hidrosfera.<\/p>\n\n\n\n<p class=\"has-medium-font-size\">(B) a atmosfera, biosfera, litosfera e hidrosfera.<\/p>\n\n\n\n<p class=\"has-medium-font-size\">(C) a biosfera e a litosfera somente.<\/p>\n\n\n\n<p class=\"has-medium-font-size\">(D) a hidrosfera e a litosfera.<\/p>\n\n\n\n<p class=\"has-vivid-cyan-blue-to-vivid-purple-gradient-background has-background has-medium-font-size\"><strong>QUEST\u00c3O 3<\/strong><\/p>\n\n\n\n<p class=\"has-medium-font-size\"><strong>Releia e interprete <\/strong>a 4\u00aa estrofe do poema atrav\u00e9s de uma <strong>ilustra\u00e7\u00e3o<\/strong> caprichada.<\/p>\n\n\n\n<p class=\"has-vivid-cyan-blue-to-vivid-purple-gradient-background has-background has-medium-font-size\"><strong>QUEST\u00c3O 4<\/strong><\/p>\n\n\n\n<p class=\"has-medium-font-size\"><strong>\u00c9 hora do jogo! <\/strong>Voc\u00ea tem 2 minutos para completar as tr\u00eas colunas. Valendo!<\/p>\n\n\n\n<figure class=\"wp-block-image size-full\"><img decoding=\"async\" width=\"860\" height=\"378\" src=\"https:\/\/sme.goiania.go.gov.br\/conexaoescola\/wp-content\/uploads\/2024\/07\/TABELA.png\" alt=\"\" class=\"wp-image-185024\" srcset=\"https:\/\/sme.goiania.go.gov.br\/conexaoescola\/wp-content\/uploads\/2024\/07\/TABELA.png 860w, https:\/\/sme.goiania.go.gov.br\/conexaoescola\/wp-content\/uploads\/2024\/07\/TABELA-300x132.png 300w, https:\/\/sme.goiania.go.gov.br\/conexaoescola\/wp-content\/uploads\/2024\/07\/TABELA-768x338.png 768w\" sizes=\"(max-width: 860px) 100vw, 860px\" \/><\/figure>\n\n\n\n<hr class=\"wp-block-separator has-alpha-channel-opacity\"\/>\n\n\n\n<figure class=\"wp-block-table is-style-stripes\"><table><tbody><tr><td><strong>Autoria<\/strong>:<\/td><td>Prof.\u00aa Esp. Danielle Assis Borges Fantini<\/td><\/tr><tr><td><strong>Forma\u00e7\u00e3o<\/strong>:<\/td><td>Graduada em:<br>\u2013 Pedagogia e Jornalismo. \u00a0 <br><br>Graduanda em: <br>\u2013 Nutri\u00e7\u00e3o.<br><br>P\u00f3s-graduada em:<br>\u2013 MBA em Gest\u00e3o das Tecnologias da Informa\u00e7\u00e3o e da Comunica\u00e7\u00e3o \u2013 Educa\u00e7\u00e3o.<br>\u2013 Doc\u00eancia Universit\u00e1ria.<br>\u2013 Neuropedagogia Aplicada \u00e0 Educa\u00e7\u00e3o.<br>\u2013 Psicopedagogia Institucional e Cl\u00ednica.<\/td><\/tr><tr><td><strong>Componente Curricular<\/strong>:<\/td><td>CI\u00caNCIAS DA NATUREZA<\/td><\/tr><tr><td><strong>Habilidade<\/strong> (s):<\/td><td>(EF04CI05-A) Identificar e descrever os ciclos da mat\u00e9ria e da energia, reconhecendo a participa\u00e7\u00e3o dos microrganismos. &nbsp;<\/td><\/tr><tr><td><strong>Refer\u00eancia<\/strong> (s):<\/td><td>Bigaiski, Denise e Sourient, Lilian. Novo Akpal\u00f4. Ci\u00eancias da Natureza, 4\u00ba ano: ensino fundamental. 1 ed. S\u00e3o Paulo: Editora do Brasil, 2021. \u00a0 <br><br>Fluxo de Energia. FIO CRUZ, 2024. Dispon\u00edvel em: &lt;https:\/\/mundoeducacao.uol.com.br\/biologia\/fluxo-energia.htm>. Acesso em: 15, jul. 2024. \u00a0 <br><br>Mat\u00e9ria e Energia, Escola Kids, UOL, 2024. Dispon\u00edvel em: &lt;https:\/\/escolakids.uol.com.br\/ciencias\/materia-e-energia.htm>. Acesso em: 15, jul. 2024. \u00a0 <br><br>Os 10 maiores produtores do reino animal, Toda Mat\u00e9ria, 2024. Dispon\u00edvel em: &lt;https:\/\/www.todamateria.com.br\/maiores-predadores-do-mundo-animal\/#:~:text=Os%20animais%20predadores%20s%C3%A3o%20os,e%20adaptados%20para%20a%20ca%C3%A7a>. Acesso em: 15, jul. 2024. \u00a0<\/td><\/tr><tr><td><strong>Documento norteador:<\/strong><\/td><td>DOCUMENTO CURRICULAR PARA GOI\u00c1S \u2013 AMPLIADO (DC-GO AMPLIADO)<\/td><\/tr><\/tbody><\/table><\/figure>\n","protected":false},"author":64,"featured_media":185025,"template":"","ef_categoria":[23],"ef_ano":[87],"ef_componente":[98],"class_list":["post-185020","ensino_fundamental","type-ensino_fundamental","status-publish","has-post-thumbnail","hentry","ef_categoria-educacao-ambiental-e-saude-ciclo-da-infancia-de","ef_ano-4o-ano","ef_componente-ciencia-da-natureza-ef","entry","has-media"],"acf":[],"_links":{"self":[{"href":"https:\/\/sme.goiania.go.gov.br\/conexaoescola\/wp-json\/wp\/v2\/ensino_fundamental\/185020","targetHints":{"allow":["GET"]}}],"collection":[{"href":"https:\/\/sme.goiania.go.gov.br\/conexaoescola\/wp-json\/wp\/v2\/ensino_fundamental"}],"about":[{"href":"https:\/\/sme.goiania.go.gov.br\/conexaoescola\/wp-json\/wp\/v2\/types\/ensino_fundamental"}],"author":[{"embeddable":true,"href":"https:\/\/sme.goiania.go.gov.br\/conexaoescola\/wp-json\/wp\/v2\/users\/64"}],"version-history":[{"count":2,"href":"https:\/\/sme.goiania.go.gov.br\/conexaoescola\/wp-json\/wp\/v2\/ensino_fundamental\/185020\/revisions"}],"predecessor-version":[{"id":185038,"href":"https:\/\/sme.goiania.go.gov.br\/conexaoescola\/wp-json\/wp\/v2\/ensino_fundamental\/185020\/revisions\/185038"}],"wp:featuredmedia":[{"embeddable":true,"href":"https:\/\/sme.goiania.go.gov.br\/conexaoescola\/wp-json\/wp\/v2\/media\/185025"}],"wp:attachment":[{"href":"https:\/\/sme.goiania.go.gov.br\/conexaoescola\/wp-json\/wp\/v2\/media?parent=185020"}],"wp:term":[{"taxonomy":"ef_categoria","embeddable":true,"href":"https:\/\/sme.goiania.go.gov.br\/conexaoescola\/wp-json\/wp\/v2\/ef_categoria?post=185020"},{"taxonomy":"ef_ano","embeddable":true,"href":"https:\/\/sme.goiania.go.gov.br\/conexaoescola\/wp-json\/wp\/v2\/ef_ano?post=185020"},{"taxonomy":"ef_componente","embeddable":true,"href":"https:\/\/sme.goiania.go.gov.br\/conexaoescola\/wp-json\/wp\/v2\/ef_componente?post=185020"}],"curies":[{"name":"wp","href":"https:\/\/api.w.org\/{rel}","templated":true}]}}

CIÊNCIAS DA NATUREZA – O que são os ciclos da matéria e da energia?

<p class="has-text-align-center has-vivid-cyan-blue-to-vivid-purple-gradient-background has-background has-medium-font-size"><strong>ESTA PROPOSTA DE ATIVIDADE DE CIÊNCIAS DA NATUREZA É DESTINADA AOS ESTUDANTES DO 4º ANO DO ENSINO FUNDAMENTAL.</strong></p>



<div class="wp-block-buttons alignwide is-content-justification-center is-layout-flex wp-container-core-buttons-is-layout-16018d1d wp-block-buttons-is-layout-flex">
<div class="wp-block-button has-custom-width wp-block-button__width-25"><a class="wp-block-button__link wp-element-button" href="https://drive.google.com/uc?export=download&amp;id=1gE4uM7uG_hT4BrOAxK0Zv_SOhS3yQuCY" target="_blank" rel="noreferrer noopener"><strong>BAIXE A ATIVIDADE</strong></a></div>



<div class="wp-block-button has-custom-width wp-block-button__width-25"><a class="wp-block-button__link has-text-align-center wp-element-button" href="https://drive.google.com/uc?export=download&amp;id=1UYGCU2yXrd9ZUEzE0eejcfAa8qvBCOKO" target="_blank" rel="noreferrer noopener"><strong>BAIXE OS SLIDES</strong></a></div>



<div class="wp-block-button has-custom-width wp-block-button__width-25"><a class="wp-block-button__link wp-element-button" href="https://drive.google.com/uc?export=download&amp;id=1NndnjhKaWr8xvNhk9PlhBQvsTg--t_-s" target="_blank" rel="noreferrer noopener"><strong>BAIXE O TEXTO</strong></a></div>
</div>



<hr class="wp-block-separator has-alpha-channel-opacity"/>



<p class="has-text-align-center has-medium-font-size"><strong>Ciclo da Matéria e da Energia</strong></p>



<p class="has-medium-font-size">O Ciclo da Matéria e da Energia<br>No vasto campo da natureza,<br>Tudo flui em eterna correnteza.<br>Matéria e energia a dançar,<br>Numa dança que não pode parar.</p>



<p class="has-medium-font-size">O carbono viaja pelo ar,<br>Para nas plantas se transformar.<br>O ciclo do nitrogênio é vital,<br>Para a vida animal e vegetal.</p>



<p class="has-medium-font-size">A água em seu ciclo constante,<br>Da terra ao céu, flui abundante.<br>Fósforo e enxofre também têm seu lugar,<br>Para a vida na Terra sustentar.</p>



<p class="has-medium-font-size">Energia do sol a brilhar,<br>Para os produtores a vida dar.<br>Dos herbívoros aos predadores,<br>Cada ser tem seus valores.</p>



<p class="has-medium-font-size">Decompositores em ação,<br>Reciclando a matéria no chão.<br>Assim a vida continua a girar,<br>Num ciclo eterno, sem parar.</p>



<p class="has-text-align-center has-medium-font-size"><strong>OBSERVE A SEGUINTE IMAGEM PARA RESPONDER ÀS QUESTÕES:</strong></p>


<div class="wp-block-image">
<figure class="aligncenter size-full"><img fetchpriority="high" decoding="async" width="331" height="332" src="https://sme.goiania.go.gov.br/conexaoescola/wp-content/uploads/2024/07/imagem.png" alt="" class="wp-image-185023" srcset="https://sme.goiania.go.gov.br/conexaoescola/wp-content/uploads/2024/07/imagem.png 331w, https://sme.goiania.go.gov.br/conexaoescola/wp-content/uploads/2024/07/imagem-300x300.png 300w, https://sme.goiania.go.gov.br/conexaoescola/wp-content/uploads/2024/07/imagem-150x150.png 150w" sizes="(max-width: 331px) 100vw, 331px" /><figcaption class="wp-element-caption">Imagem produzida em: www.canva.com</figcaption></figure></div>


<p class="has-vivid-cyan-blue-to-vivid-purple-gradient-background has-background has-medium-font-size"><strong>QUESTÃO 1</strong></p>



<p class="has-medium-font-size">Um poema é uma forma de expressão literária que utiliza a linguagem de maneira artística e estilizada para evocar emoções, transmitir ideias e pintar imagens mentais. No poema acima a ideia é transmitir o conceito de ciclo da matéria e da energia. Pensando nisso, esses ciclos são essenciais para a</p>



<p class="has-medium-font-size">(A) formação de rochas sedimentares.</p>



<p class="has-medium-font-size">(B) manutenção dos ecossistemas.</p>



<p class="has-medium-font-size">(C) produção de energia não renovável.</p>



<p class="has-medium-font-size">(D) construção de cidades.</p>



<p class="has-vivid-cyan-blue-to-vivid-purple-gradient-background has-background has-medium-font-size"><strong>QUESTÃO 2</strong> </p>



<p class="has-medium-font-size">O ciclo do carbono é crucial para a regulação do clima, a produção de alimentos e a sustentação da vida no planeta. Ele envolve a troca de carbono entre</p>



<p class="has-medium-font-size">(A) apenas a atmosfera e a hidrosfera.</p>



<p class="has-medium-font-size">(B) a atmosfera, biosfera, litosfera e hidrosfera.</p>



<p class="has-medium-font-size">(C) a biosfera e a litosfera somente.</p>



<p class="has-medium-font-size">(D) a hidrosfera e a litosfera.</p>



<p class="has-vivid-cyan-blue-to-vivid-purple-gradient-background has-background has-medium-font-size"><strong>QUESTÃO 3</strong></p>



<p class="has-medium-font-size"><strong>Releia e interprete </strong>a 4ª estrofe do poema através de uma <strong>ilustração</strong> caprichada.</p>



<p class="has-vivid-cyan-blue-to-vivid-purple-gradient-background has-background has-medium-font-size"><strong>QUESTÃO 4</strong></p>



<p class="has-medium-font-size"><strong>É hora do jogo! </strong>Você tem 2 minutos para completar as três colunas. Valendo!</p>



<figure class="wp-block-image size-full"><img decoding="async" width="860" height="378" src="https://sme.goiania.go.gov.br/conexaoescola/wp-content/uploads/2024/07/TABELA.png" alt="" class="wp-image-185024" srcset="https://sme.goiania.go.gov.br/conexaoescola/wp-content/uploads/2024/07/TABELA.png 860w, https://sme.goiania.go.gov.br/conexaoescola/wp-content/uploads/2024/07/TABELA-300x132.png 300w, https://sme.goiania.go.gov.br/conexaoescola/wp-content/uploads/2024/07/TABELA-768x338.png 768w" sizes="(max-width: 860px) 100vw, 860px" /></figure>



<hr class="wp-block-separator has-alpha-channel-opacity"/>



<figure class="wp-block-table is-style-stripes"><table><tbody><tr><td><strong>Autoria</strong>:</td><td>Prof.ª Esp. Danielle Assis Borges Fantini</td></tr><tr><td><strong>Formação</strong>:</td><td>Graduada em:<br>– Pedagogia e Jornalismo.   <br><br>Graduanda em: <br>– Nutrição.<br><br>Pós-graduada em:<br>– MBA em Gestão das Tecnologias da Informação e da Comunicação – Educação.<br>– Docência Universitária.<br>– Neuropedagogia Aplicada à Educação.<br>– Psicopedagogia Institucional e Clínica.</td></tr><tr><td><strong>Componente Curricular</strong>:</td><td>CIÊNCIAS DA NATUREZA</td></tr><tr><td><strong>Habilidade</strong> (s):</td><td>(EF04CI05-A) Identificar e descrever os ciclos da matéria e da energia, reconhecendo a participação dos microrganismos. &nbsp;</td></tr><tr><td><strong>Referência</strong> (s):</td><td>Bigaiski, Denise e Sourient, Lilian. Novo Akpalô. Ciências da Natureza, 4º ano: ensino fundamental. 1 ed. São Paulo: Editora do Brasil, 2021.   <br><br>Fluxo de Energia. FIO CRUZ, 2024. Disponível em: &lt;https://mundoeducacao.uol.com.br/biologia/fluxo-energia.htm>. Acesso em: 15, jul. 2024.   <br><br>Matéria e Energia, Escola Kids, UOL, 2024. Disponível em: &lt;https://escolakids.uol.com.br/ciencias/materia-e-energia.htm>. Acesso em: 15, jul. 2024.   <br><br>Os 10 maiores produtores do reino animal, Toda Matéria, 2024. Disponível em: &lt;https://www.todamateria.com.br/maiores-predadores-do-mundo-animal/#:~:text=Os%20animais%20predadores%20s%C3%A3o%20os,e%20adaptados%20para%20a%20ca%C3%A7a>. Acesso em: 15, jul. 2024.  </td></tr><tr><td><strong>Documento norteador:</strong></td><td>DOCUMENTO CURRICULAR PARA GOIÁS – AMPLIADO (DC-GO AMPLIADO)</td></tr></tbody></table></figure>
