{"id":184816,"date":"2024-07-29T15:04:06","date_gmt":"2024-07-29T18:04:06","guid":{"rendered":"https:\/\/sme.goiania.go.gov.br\/conexaoescola\/?post_type=ensino_fundamental&#038;p=184816"},"modified":"2025-06-09T10:15:03","modified_gmt":"2025-06-09T13:15:03","slug":"geografia-meios-de-comunicacao-coletivos","status":"publish","type":"ensino_fundamental","link":"https:\/\/sme.goiania.go.gov.br\/conexaoescola\/ensino_fundamental\/geografia-meios-de-comunicacao-coletivos\/","title":{"rendered":"Geografia &#8211; MEIOS DE COMUNICA\u00c7\u00c3O COLETIVOS"},"content":{"rendered":"\n<p class=\"has-black-color has-text-color has-background has-medium-font-size\" style=\"background-color:#ccffcc\">Esta proposta de atividade de&nbsp;<strong>GEOGRAFIA <\/strong>\u00e9 destinada aos estudantes do<strong> 2\u00ba ano<\/strong>&nbsp;do Ensino Fundamental. <\/p>\n\n\n\n<div class=\"wp-block-buttons is-content-justification-center is-layout-flex wp-container-core-buttons-is-layout-16018d1d wp-block-buttons-is-layout-flex\">\n<div class=\"wp-block-button\"><a class=\"wp-block-button__link has-white-color has-black-background-color has-text-color has-background has-medium-font-size has-custom-font-size wp-element-button\" href=\"https:\/\/drive.google.com\/uc?export=download&amp;id=1rlBTCTQnhB-0BjtcJov3abqoPG8QnpJX\" target=\"_blank\" rel=\"noreferrer noopener\">BAIXE A ATIVIDADE<\/a><\/div>\n\n\n\n<div class=\"wp-block-button\"><a class=\"wp-block-button__link has-white-color has-black-background-color has-text-color has-background has-medium-font-size has-custom-font-size wp-element-button\" href=\"https:\/\/drive.google.com\/uc?export=download&amp;id=1djDWVoMrCzSBJTSPwinuBQdd7SNeabTs\" target=\"_blank\" rel=\"noreferrer noopener\">BAIXE OS SLIDES<\/a><\/div>\n\n\n\n<div class=\"wp-block-button\"><a class=\"wp-block-button__link has-white-color has-black-background-color has-text-color has-background has-medium-font-size has-custom-font-size wp-element-button\" href=\"https:\/\/drive.google.com\/uc?export=download&amp;id=18hCiCToq4T8Tzeg0I9zJnnNNrAeapSYF\" target=\"_blank\" rel=\"noreferrer noopener\">BAIXE O TEXTO<\/a><\/div>\n<\/div>\n\n\n\n<p><\/p>\n\n\n\n<p class=\"has-text-align-center\"><strong><strong><img decoding=\"async\" style=\"\" src=\"https:\/\/lh7-rt.googleusercontent.com\/docsz\/AD_4nXdN62SDUIYnxXWw5Kj6j4CDhYujv4CSQ7r88vwPCOdakV2RuJwNC-kUUNvylzrTwcnpAmzP9JPWD4ipeoCL2_69PuSqVYGfyFMKnrktEaVq4w5_I4Uka-yckSQeyYpTdqk-zf7yEVb4-26dcR54xVayro0c73b0U-NcpZf6?key=rqa5et_wRHiHI_EwKdvOhg\"><\/strong><\/strong><\/p>\n\n\n\n<p class=\"has-text-align-center has-medium-font-size\">MEIOS DE COMUNICA\u00c7\u00c3O S\u00c3O FORMAS DE <strong>TROCAR INFORMA\u00c7\u00d5ES<\/strong> ENTRE AS PESSOAS, COMO FALAR, ESCREVER OU USAR SINAIS. PODEM SER INDIVIDUAIS OU COLETIVOS. OS <strong>MEIOS DE COMUNICA\u00c7\u00c3O COLETIVOS<\/strong>: S\u00c3O AQUELES QUE TRANSMITEM INFORMA\u00c7\u00d5ES PARA MUITAS PESSOAS AO MESMO TEMPO, COMO JORNAIS, R\u00c1DIO, TELEVIS\u00c3O E INTERNET.<\/p>\n\n\n\n<p class=\"has-medium-font-size\">CONHE\u00c7A ALGUNS DOS MEIOS DE COMUNICA\u00c7\u00c3O COLETIVOS:<\/p>\n\n\n\n<ul class=\"wp-block-list\">\n<li class=\"has-medium-font-size\"><strong>JORNAL<\/strong>: PUBLICADO DIARIAMENTE OU SEMANALMENTE COM NOT\u00cdCIAS E INFORMA\u00c7\u00d5ES PARA MUITAS PESSOAS.<\/li>\n\n\n\n<li class=\"has-medium-font-size\"><strong>R\u00c1DIO<\/strong>: TRANSMITE M\u00daSICA, NOT\u00cdCIAS E PROGRAMAS PARA PESSOAS EM UMA GRANDE \u00c1REA.<\/li>\n\n\n\n<li class=\"has-medium-font-size\"><strong>TELEVIS\u00c3O<\/strong>: MOSTRA PROGRAMAS, NOT\u00cdCIAS E FILMES QUE PODEM SER VISTOS POR MUITOS AO MESMO TEMPO.<\/li>\n\n\n\n<li class=\"has-medium-font-size\"><strong>INTERNET<\/strong>: PERMITE ACESSO A INFORMA\u00c7\u00d5ES, V\u00cdDEOS E COMUNICA\u00c7\u00c3O EM MASSA ATRAV\u00c9S DE SITES E REDES SOCIAIS.<\/li>\n<\/ul>\n\n\n\n<p class=\"has-text-align-center has-medium-font-size\"><strong>FA\u00c7A TODAS AS ATIVIDADES EM SEU CADERNO<\/strong><\/p>\n\n\n\n<p class=\"has-black-color has-text-color has-background has-medium-font-size\" style=\"background-color:#ccffcc\"><strong> QUEST\u00c3O 1 <\/strong><\/p>\n\n\n\n<p class=\"has-medium-font-size\">RYAN OUVIU NO R\u00c1DIO SOBRE UMA TEMPESTADE CHEGANDO \u00c0 SUA CIDADE. \u00c9 IMPORTANTE USAR MEIOS DE COMUNICA\u00c7\u00c3O COLETIVOS NESSE CASO<\/p>\n\n\n<div class=\"wp-block-image\">\n<figure class=\"aligncenter is-resized\"><img decoding=\"async\" src=\"https:\/\/lh7-rt.googleusercontent.com\/docsz\/AD_4nXfyNWxcWhpKUUm50L9DjcCZVy7xmFufkZUeDVD3eIcmafBLHdOJ6eId4krPfm-tflm02KzBE6spxVdf1NxxRX57VUUuSlLldEJqjNZMKeTmjYhkUifvcJI9c6LgQFONPZdHtJxhi6jwkohN-lhhfhndVUR6-IkcORKlWXcELw?key=rqa5et_wRHiHI_EwKdvOhg\" alt=\"\" style=\"width:377px;height:auto\"\/><figcaption class=\"wp-element-caption\">Fonte: Canva.com<\/figcaption><\/figure><\/div>\n\n\n<p class=\"has-medium-font-size\">(A) PORQUE S\u00d3 JO\u00c3O PRECISA SABER DA TEMPESTADE.<\/p>\n\n\n\n<p class=\"has-medium-font-size\">(B) PORQUE \u00c9 IMPORTANTE QUE MUITAS PESSOAS SEJAM AVISADAS RAPIDAMENTE.<\/p>\n\n\n\n<p class=\"has-medium-font-size\">(C) PORQUE O R\u00c1DIO \u00c9 O \u00daNICO MEIO DE COMUNICA\u00c7\u00c3O DISPON\u00cdVEL.<\/p>\n\n\n\n<p class=\"has-medium-font-size\">(D) PORQUE A TEMPESTADE N\u00c3O \u00c9 UMA INFORMA\u00c7\u00c3O IMPORTANTE.<\/p>\n\n\n\n<p class=\"has-black-color has-text-color has-background has-medium-font-size\" style=\"background-color:#ccffcc\"><strong>QUEST\u00c3O 2<\/strong><\/p>\n\n\n\n<p class=\"has-text-align-center has-medium-font-size\"><strong>AGORA \u00c9 HORA DE USAR A IMAGINA\u00c7\u00c3O.<\/strong><\/p>\n\n\n<div class=\"wp-block-image\">\n<figure class=\"aligncenter is-resized\"><img decoding=\"async\" src=\"https:\/\/lh7-rt.googleusercontent.com\/docsz\/AD_4nXdJPzDl_90846DjX9qVPnZLwEs7A8bNXl_VcSlTaWQLnGqEPfa-gbakiSIBDQsHefVvp88H0iCha-wcJ19II2ODDM0XS9B0LHE-T-1et40uh9QH7tTGAHakOnjXYRrdl1J74H_fmqRpVwE2IS1TNbMJBezfujR3RheNQW9hRA?key=rqa5et_wRHiHI_EwKdvOhg\" alt=\"\" style=\"width:646px;height:auto\"\/><figcaption class=\"wp-element-caption\">Fonte: canva.com<\/figcaption><\/figure><\/div>\n\n\n<p class=\"has-medium-font-size\">PENSE EM UMA VIAGEM DOS SEUS SONHOS. ESCREVA COMO VOC\u00ca USARIA A INTERNET PARA APRENDER MAIS SOBRE O LUGAR PARA ONDE VOC\u00ca QUER IR E CONTAR PARA SEUS AMIGOS O QUE VOC\u00ca DESCOBRIU.<\/p>\n\n\n\n<p class=\"has-medium-font-size\"><\/p>\n\n\n\n<p class=\"has-black-color has-text-color has-background has-medium-font-size\" style=\"background-color:#ccffcc\"><strong>QUEST\u00c3O 3<\/strong><\/p>\n\n\n\n<p class=\"has-text-align-left has-medium-font-size\">IMAGINE QUE VOC\u00ca E SUA TURMA EST\u00c3O FAZENDO UM PROJETO SOBRE CUIDAR DO MEIO AMBIENTE. EXPLIQUE COMO VOC\u00caS USARIAM AS REDES SOCIAIS PARA CONTAR PARA OUTRAS CRIAN\u00c7AS SOBRE A IMPORT\u00c2NCIA DE CUIDAR DA NATUREZA.<\/p>\n\n\n\n<p class=\"has-black-color has-text-color has-background has-medium-font-size\" style=\"background-color:#ccffcc\"><strong>QUEST\u00c3O 4<\/strong><\/p>\n\n\n\n<p class=\"has-medium-font-size\">TOMAS QUER MUITO CONTAR PARA TODA A SUA FAM\u00cdLIA QUE ELE ADOTOU UM LINDO FILHOTE DE GATINHO. PARA ISSO, O MEIO DE COMUNICA\u00c7\u00c3O \u00c9 MAIS ADEQUADO PARA A SITUA\u00c7\u00c3O \u00c9<\/p>\n\n\n<div class=\"wp-block-image\">\n<figure class=\"aligncenter\"><img decoding=\"async\" src=\"https:\/\/lh7-rt.googleusercontent.com\/docsz\/AD_4nXdQbQO93Rsljsp-3ZlWDOEYSQtUe3D7PeW97RBRER0t8mh0MO0vI79p_rAXZ24yxkF4vtXBJGMzjQnVvnPJXNRZsRVdUucb4b1NQGg2X4_koQ0aR_VpKOXD7xFCcPHegtUNqYGnNu0Yk4IFxOhQ0IgMHDEYLzAGssri1WpCOg?key=rqa5et_wRHiHI_EwKdvOhg\" alt=\"\"\/><figcaption class=\"wp-element-caption\">Fonte: canva.com<\/figcaption><\/figure><\/div>\n\n\n<p class=\"has-medium-font-size\">(A) CARTA PARA CADA MEMBRO DA FAM\u00cdLIA<\/p>\n\n\n\n<p class=\"has-medium-font-size\">(B) TELEFONE FIXO DAS RESID\u00caNCIAS<\/p>\n\n\n\n<p class=\"has-medium-font-size\">(C) APLICATIVO DE MENSAGENS EM GRUPO<\/p>\n\n\n\n<p class=\"has-medium-font-size\">(D) TELEVIS\u00c3O EM UM AN\u00daNCIO<\/p>\n\n\n\n<p class=\"has-black-color has-text-color has-background has-medium-font-size\" style=\"background-color:#ccffcc\"><strong>SAIBA MAIS<\/strong> <\/p>\n\n\n\n<p class=\"has-medium-font-size\">AGORA, ASSISTA O V\u00cdDEO: <strong>COMO AS PESSOAS CEGAS SE COMUNICAM.<\/strong><br>Conhe\u00e7a as formas de se comunicar das pessoas cegas.<\/p>\n\n\n\n<figure class=\"wp-block-embed is-type-video is-provider-youtube wp-block-embed-youtube wp-embed-aspect-16-9 wp-has-aspect-ratio\"><div class=\"wp-block-embed__wrapper\">\n<p class=\"responsive-video-wrap clr\"><iframe title=\"Como as pessoas cegas se comunicam \u2014 Prof.\u00aa Ma. Amarolina Ribeiro \u2014 Geografia EF1\" width=\"1200\" height=\"675\" src=\"https:\/\/www.youtube.com\/embed\/RHnsEnRCoos?feature=oembed\" frameborder=\"0\" allow=\"accelerometer; autoplay; clipboard-write; encrypted-media; gyroscope; picture-in-picture; web-share\" referrerpolicy=\"strict-origin-when-cross-origin\" allowfullscreen><\/iframe><\/p>\n<\/div><\/figure>\n\n\n\n<p><\/p>\n\n\n\n<p><\/p>\n\n\n\n<hr class=\"wp-block-separator has-alpha-channel-opacity\"\/>\n\n\n\n<figure class=\"wp-block-table is-style-stripes\"><table><tbody><tr><td><strong>Autoria:<\/strong><\/td><td><strong>Amarolina Ribeiro Silva<\/strong><\/td><\/tr><tr><td><strong>Forma\u00e7\u00e3o:<\/strong><\/td><td>Graduada em Geografia e em Pedagogia. Mestra em Ensino na Educa\u00e7\u00e3o B\u00e1sica.<\/td><\/tr><tr><td><strong>Componente Curricular:<\/strong><\/td><td><strong>Geografia<\/strong><\/td><\/tr><tr><td><strong>Habilidades<\/strong><\/td><td>(EF02GE03) Comparar diferentes meios de transporte e de comunica\u00e7\u00e3o, indicando o seu papel na conex\u00e3o entre lugares, e discutir os riscos para a vida e para o ambiente e seu uso respons\u00e1vel.<\/td><\/tr><tr><td><strong>Refer\u00eancias: <\/strong><\/td><td>CALLAI, Helena Copetti. Aprendendo a ler o mundo: a Geografia nos anos iniciais do Ensino Fundamental. Cad. Cedes, Campinas, v. 25, n. 66, 2005.&nbsp;<br><br>_______. Educa\u00e7\u00e3o Geogr\u00e1fica: reflex\u00e3o e pr\u00e1tica. Iju\u00ed: Uniju\u00ed, 2011.<br><br>CAVALCANTI, Lana de Souza (Org.). Geografia, escola e constru\u00e7\u00e3o de conhecimentos. Campinas: Papirus, 2010.&nbsp;<br><br>GOI\u00c1S. Documento Curricular para Goi\u00e1s. CONSED\/UNDIME \u2013 Ampliado \u2013 Cortes Temporais.pdf. Dispon\u00edvel em: https:\/sme.goiania.go.gov.br\/site\/index.php\/institucional\/documentos-oficiais-2\/<br><br>STRAFORINI, Rafael. Ensinar Geografia: o desafio da totalidade&#8211;mundo nas s\u00e9ries iniciais. S\u00e3o Paulo: Annablume, 2008.<br><\/td><\/tr><\/tbody><\/table><\/figure>\n\n\n\n<p><\/p>\n","protected":false},"author":61,"featured_media":185145,"template":"","ef_categoria":[],"ef_ano":[85],"ef_componente":[96],"class_list":["post-184816","ensino_fundamental","type-ensino_fundamental","status-publish","has-post-thumbnail","hentry","ef_ano-2o-ano","ef_componente-geografia","entry","has-media"],"acf":[],"_links":{"self":[{"href":"https:\/\/sme.goiania.go.gov.br\/conexaoescola\/wp-json\/wp\/v2\/ensino_fundamental\/184816","targetHints":{"allow":["GET"]}}],"collection":[{"href":"https:\/\/sme.goiania.go.gov.br\/conexaoescola\/wp-json\/wp\/v2\/ensino_fundamental"}],"about":[{"href":"https:\/\/sme.goiania.go.gov.br\/conexaoescola\/wp-json\/wp\/v2\/types\/ensino_fundamental"}],"author":[{"embeddable":true,"href":"https:\/\/sme.goiania.go.gov.br\/conexaoescola\/wp-json\/wp\/v2\/users\/61"}],"version-history":[{"count":12,"href":"https:\/\/sme.goiania.go.gov.br\/conexaoescola\/wp-json\/wp\/v2\/ensino_fundamental\/184816\/revisions"}],"predecessor-version":[{"id":196963,"href":"https:\/\/sme.goiania.go.gov.br\/conexaoescola\/wp-json\/wp\/v2\/ensino_fundamental\/184816\/revisions\/196963"}],"wp:featuredmedia":[{"embeddable":true,"href":"https:\/\/sme.goiania.go.gov.br\/conexaoescola\/wp-json\/wp\/v2\/media\/185145"}],"wp:attachment":[{"href":"https:\/\/sme.goiania.go.gov.br\/conexaoescola\/wp-json\/wp\/v2\/media?parent=184816"}],"wp:term":[{"taxonomy":"ef_categoria","embeddable":true,"href":"https:\/\/sme.goiania.go.gov.br\/conexaoescola\/wp-json\/wp\/v2\/ef_categoria?post=184816"},{"taxonomy":"ef_ano","embeddable":true,"href":"https:\/\/sme.goiania.go.gov.br\/conexaoescola\/wp-json\/wp\/v2\/ef_ano?post=184816"},{"taxonomy":"ef_componente","embeddable":true,"href":"https:\/\/sme.goiania.go.gov.br\/conexaoescola\/wp-json\/wp\/v2\/ef_componente?post=184816"}],"curies":[{"name":"wp","href":"https:\/\/api.w.org\/{rel}","templated":true}]}}

Geografia &#8211; MEIOS DE COMUNICAÇÃO COLETIVOS

<p class="has-black-color has-text-color has-background has-medium-font-size" style="background-color:#ccffcc">Esta proposta de atividade de&nbsp;<strong>GEOGRAFIA </strong>é destinada aos estudantes do<strong> 2º ano</strong>&nbsp;do Ensino Fundamental. </p>



<div class="wp-block-buttons is-content-justification-center is-layout-flex wp-container-core-buttons-is-layout-16018d1d wp-block-buttons-is-layout-flex">
<div class="wp-block-button"><a class="wp-block-button__link has-white-color has-black-background-color has-text-color has-background has-medium-font-size has-custom-font-size wp-element-button" href="https://drive.google.com/uc?export=download&amp;id=1rlBTCTQnhB-0BjtcJov3abqoPG8QnpJX" target="_blank" rel="noreferrer noopener">BAIXE A ATIVIDADE</a></div>



<div class="wp-block-button"><a class="wp-block-button__link has-white-color has-black-background-color has-text-color has-background has-medium-font-size has-custom-font-size wp-element-button" href="https://drive.google.com/uc?export=download&amp;id=1djDWVoMrCzSBJTSPwinuBQdd7SNeabTs" target="_blank" rel="noreferrer noopener">BAIXE OS SLIDES</a></div>



<div class="wp-block-button"><a class="wp-block-button__link has-white-color has-black-background-color has-text-color has-background has-medium-font-size has-custom-font-size wp-element-button" href="https://drive.google.com/uc?export=download&amp;id=18hCiCToq4T8Tzeg0I9zJnnNNrAeapSYF" target="_blank" rel="noreferrer noopener">BAIXE O TEXTO</a></div>
</div>



<p></p>



<p class="has-text-align-center"><strong><strong><img decoding="async" style="" src="https://lh7-rt.googleusercontent.com/docsz/AD_4nXdN62SDUIYnxXWw5Kj6j4CDhYujv4CSQ7r88vwPCOdakV2RuJwNC-kUUNvylzrTwcnpAmzP9JPWD4ipeoCL2_69PuSqVYGfyFMKnrktEaVq4w5_I4Uka-yckSQeyYpTdqk-zf7yEVb4-26dcR54xVayro0c73b0U-NcpZf6?key=rqa5et_wRHiHI_EwKdvOhg"></strong></strong></p>



<p class="has-text-align-center has-medium-font-size">MEIOS DE COMUNICAÇÃO SÃO FORMAS DE <strong>TROCAR INFORMAÇÕES</strong> ENTRE AS PESSOAS, COMO FALAR, ESCREVER OU USAR SINAIS. PODEM SER INDIVIDUAIS OU COLETIVOS. OS <strong>MEIOS DE COMUNICAÇÃO COLETIVOS</strong>: SÃO AQUELES QUE TRANSMITEM INFORMAÇÕES PARA MUITAS PESSOAS AO MESMO TEMPO, COMO JORNAIS, RÁDIO, TELEVISÃO E INTERNET.</p>



<p class="has-medium-font-size">CONHEÇA ALGUNS DOS MEIOS DE COMUNICAÇÃO COLETIVOS:</p>



<ul class="wp-block-list">
<li class="has-medium-font-size"><strong>JORNAL</strong>: PUBLICADO DIARIAMENTE OU SEMANALMENTE COM NOTÍCIAS E INFORMAÇÕES PARA MUITAS PESSOAS.</li>



<li class="has-medium-font-size"><strong>RÁDIO</strong>: TRANSMITE MÚSICA, NOTÍCIAS E PROGRAMAS PARA PESSOAS EM UMA GRANDE ÁREA.</li>



<li class="has-medium-font-size"><strong>TELEVISÃO</strong>: MOSTRA PROGRAMAS, NOTÍCIAS E FILMES QUE PODEM SER VISTOS POR MUITOS AO MESMO TEMPO.</li>



<li class="has-medium-font-size"><strong>INTERNET</strong>: PERMITE ACESSO A INFORMAÇÕES, VÍDEOS E COMUNICAÇÃO EM MASSA ATRAVÉS DE SITES E REDES SOCIAIS.</li>
</ul>



<p class="has-text-align-center has-medium-font-size"><strong>FAÇA TODAS AS ATIVIDADES EM SEU CADERNO</strong></p>



<p class="has-black-color has-text-color has-background has-medium-font-size" style="background-color:#ccffcc"><strong> QUESTÃO 1 </strong></p>



<p class="has-medium-font-size">RYAN OUVIU NO RÁDIO SOBRE UMA TEMPESTADE CHEGANDO À SUA CIDADE. É IMPORTANTE USAR MEIOS DE COMUNICAÇÃO COLETIVOS NESSE CASO</p>


<div class="wp-block-image">
<figure class="aligncenter is-resized"><img decoding="async" src="https://lh7-rt.googleusercontent.com/docsz/AD_4nXfyNWxcWhpKUUm50L9DjcCZVy7xmFufkZUeDVD3eIcmafBLHdOJ6eId4krPfm-tflm02KzBE6spxVdf1NxxRX57VUUuSlLldEJqjNZMKeTmjYhkUifvcJI9c6LgQFONPZdHtJxhi6jwkohN-lhhfhndVUR6-IkcORKlWXcELw?key=rqa5et_wRHiHI_EwKdvOhg" alt="" style="width:377px;height:auto"/><figcaption class="wp-element-caption">Fonte: Canva.com</figcaption></figure></div>


<p class="has-medium-font-size">(A) PORQUE SÓ JOÃO PRECISA SABER DA TEMPESTADE.</p>



<p class="has-medium-font-size">(B) PORQUE É IMPORTANTE QUE MUITAS PESSOAS SEJAM AVISADAS RAPIDAMENTE.</p>



<p class="has-medium-font-size">(C) PORQUE O RÁDIO É O ÚNICO MEIO DE COMUNICAÇÃO DISPONÍVEL.</p>



<p class="has-medium-font-size">(D) PORQUE A TEMPESTADE NÃO É UMA INFORMAÇÃO IMPORTANTE.</p>



<p class="has-black-color has-text-color has-background has-medium-font-size" style="background-color:#ccffcc"><strong>QUESTÃO 2</strong></p>



<p class="has-text-align-center has-medium-font-size"><strong>AGORA É HORA DE USAR A IMAGINAÇÃO.</strong></p>


<div class="wp-block-image">
<figure class="aligncenter is-resized"><img decoding="async" src="https://lh7-rt.googleusercontent.com/docsz/AD_4nXdJPzDl_90846DjX9qVPnZLwEs7A8bNXl_VcSlTaWQLnGqEPfa-gbakiSIBDQsHefVvp88H0iCha-wcJ19II2ODDM0XS9B0LHE-T-1et40uh9QH7tTGAHakOnjXYRrdl1J74H_fmqRpVwE2IS1TNbMJBezfujR3RheNQW9hRA?key=rqa5et_wRHiHI_EwKdvOhg" alt="" style="width:646px;height:auto"/><figcaption class="wp-element-caption">Fonte: canva.com</figcaption></figure></div>


<p class="has-medium-font-size">PENSE EM UMA VIAGEM DOS SEUS SONHOS. ESCREVA COMO VOCÊ USARIA A INTERNET PARA APRENDER MAIS SOBRE O LUGAR PARA ONDE VOCÊ QUER IR E CONTAR PARA SEUS AMIGOS O QUE VOCÊ DESCOBRIU.</p>



<p class="has-medium-font-size"></p>



<p class="has-black-color has-text-color has-background has-medium-font-size" style="background-color:#ccffcc"><strong>QUESTÃO 3</strong></p>



<p class="has-text-align-left has-medium-font-size">IMAGINE QUE VOCÊ E SUA TURMA ESTÃO FAZENDO UM PROJETO SOBRE CUIDAR DO MEIO AMBIENTE. EXPLIQUE COMO VOCÊS USARIAM AS REDES SOCIAIS PARA CONTAR PARA OUTRAS CRIANÇAS SOBRE A IMPORTÂNCIA DE CUIDAR DA NATUREZA.</p>



<p class="has-black-color has-text-color has-background has-medium-font-size" style="background-color:#ccffcc"><strong>QUESTÃO 4</strong></p>



<p class="has-medium-font-size">TOMAS QUER MUITO CONTAR PARA TODA A SUA FAMÍLIA QUE ELE ADOTOU UM LINDO FILHOTE DE GATINHO. PARA ISSO, O MEIO DE COMUNICAÇÃO É MAIS ADEQUADO PARA A SITUAÇÃO É</p>


<div class="wp-block-image">
<figure class="aligncenter"><img decoding="async" src="https://lh7-rt.googleusercontent.com/docsz/AD_4nXdQbQO93Rsljsp-3ZlWDOEYSQtUe3D7PeW97RBRER0t8mh0MO0vI79p_rAXZ24yxkF4vtXBJGMzjQnVvnPJXNRZsRVdUucb4b1NQGg2X4_koQ0aR_VpKOXD7xFCcPHegtUNqYGnNu0Yk4IFxOhQ0IgMHDEYLzAGssri1WpCOg?key=rqa5et_wRHiHI_EwKdvOhg" alt=""/><figcaption class="wp-element-caption">Fonte: canva.com</figcaption></figure></div>


<p class="has-medium-font-size">(A) CARTA PARA CADA MEMBRO DA FAMÍLIA</p>



<p class="has-medium-font-size">(B) TELEFONE FIXO DAS RESIDÊNCIAS</p>



<p class="has-medium-font-size">(C) APLICATIVO DE MENSAGENS EM GRUPO</p>



<p class="has-medium-font-size">(D) TELEVISÃO EM UM ANÚNCIO</p>



<p class="has-black-color has-text-color has-background has-medium-font-size" style="background-color:#ccffcc"><strong>SAIBA MAIS</strong> </p>



<p class="has-medium-font-size">AGORA, ASSISTA O VÍDEO: <strong>COMO AS PESSOAS CEGAS SE COMUNICAM.</strong><br>Conheça as formas de se comunicar das pessoas cegas.</p>



<figure class="wp-block-embed is-type-video is-provider-youtube wp-block-embed-youtube wp-embed-aspect-16-9 wp-has-aspect-ratio"><div class="wp-block-embed__wrapper">
<p class="responsive-video-wrap clr"><iframe title="Como as pessoas cegas se comunicam — Prof.ª Ma. Amarolina Ribeiro — Geografia EF1" width="1200" height="675" src="https://www.youtube.com/embed/RHnsEnRCoos?feature=oembed" frameborder="0" allow="accelerometer; autoplay; clipboard-write; encrypted-media; gyroscope; picture-in-picture; web-share" referrerpolicy="strict-origin-when-cross-origin" allowfullscreen></iframe></p>
</div></figure>



<p></p>



<p></p>



<hr class="wp-block-separator has-alpha-channel-opacity"/>



<figure class="wp-block-table is-style-stripes"><table><tbody><tr><td><strong>Autoria:</strong></td><td><strong>Amarolina Ribeiro Silva</strong></td></tr><tr><td><strong>Formação:</strong></td><td>Graduada em Geografia e em Pedagogia. Mestra em Ensino na Educação Básica.</td></tr><tr><td><strong>Componente Curricular:</strong></td><td><strong>Geografia</strong></td></tr><tr><td><strong>Habilidades</strong></td><td>(EF02GE03) Comparar diferentes meios de transporte e de comunicação, indicando o seu papel na conexão entre lugares, e discutir os riscos para a vida e para o ambiente e seu uso responsável.</td></tr><tr><td><strong>Referências: </strong></td><td>CALLAI, Helena Copetti. Aprendendo a ler o mundo: a Geografia nos anos iniciais do Ensino Fundamental. Cad. Cedes, Campinas, v. 25, n. 66, 2005.&nbsp;<br><br>_______. Educação Geográfica: reflexão e prática. Ijuí: Unijuí, 2011.<br><br>CAVALCANTI, Lana de Souza (Org.). Geografia, escola e construção de conhecimentos. Campinas: Papirus, 2010.&nbsp;<br><br>GOIÁS. Documento Curricular para Goiás. CONSED/UNDIME – Ampliado – Cortes Temporais.pdf. Disponível em: https:/sme.goiania.go.gov.br/site/index.php/institucional/documentos-oficiais-2/<br><br>STRAFORINI, Rafael. Ensinar Geografia: o desafio da totalidade&#8211;mundo nas séries iniciais. São Paulo: Annablume, 2008.<br></td></tr></tbody></table></figure>



<p></p>
