{"id":183967,"date":"2024-06-14T07:00:00","date_gmt":"2024-06-14T10:00:00","guid":{"rendered":"https:\/\/sme.goiania.go.gov.br\/conexaoescola\/?post_type=ensino_fundamental&#038;p=183967"},"modified":"2024-06-13T15:16:40","modified_gmt":"2024-06-13T18:16:40","slug":"ciencias-da-natureza-de-bebe-a-idoso","status":"publish","type":"ensino_fundamental","link":"https:\/\/sme.goiania.go.gov.br\/conexaoescola\/ensino_fundamental\/ciencias-da-natureza-de-bebe-a-idoso\/","title":{"rendered":"CI\u00caNCIAS DA NATUREZA \u2013\u00a0De beb\u00ea a idoso"},"content":{"rendered":"\n<p class=\"has-text-align-center has-cool-to-warm-spectrum-gradient-background has-background has-medium-font-size\"><strong>ESTA PROPOSTA DE ATIVIDADE DE CI\u00caNCIAS DA NATUREZA&nbsp;\u00c9 DESTINADA AOS ESTUDANTES<\/strong>&nbsp;<strong>DO<\/strong>&nbsp;<strong>3\u00ba ANO DO ENSINO FUNDAMENTAL<\/strong>.<\/p>\n\n\n\n<div class=\"wp-block-buttons alignwide is-content-justification-center is-layout-flex wp-container-core-buttons-is-layout-16018d1d wp-block-buttons-is-layout-flex\">\n<div class=\"wp-block-button has-custom-width wp-block-button__width-25\"><a class=\"wp-block-button__link wp-element-button\" href=\"https:\/\/drive.google.com\/uc?export=download&amp;id=1yKO54195Cb8t5CNTmIulZpbS1X9W_Mhf\" target=\"_blank\" rel=\"noreferrer noopener\"><strong>BAIXE A ATIVIDADE<\/strong><\/a><\/div>\n\n\n\n<div class=\"wp-block-button has-custom-width wp-block-button__width-25\"><a class=\"wp-block-button__link wp-element-button\" href=\"https:\/\/drive.google.com\/uc?export=download&amp;id=146lyMS0aMjg95zduV7lkk44WbUtjEuvz\" target=\"_blank\" rel=\"noreferrer noopener\"><strong>BAIXE OS SLIDES<\/strong><\/a><\/div>\n\n\n\n<div class=\"wp-block-button has-custom-width wp-block-button__width-25\"><a class=\"wp-block-button__link has-text-align-center wp-element-button\" href=\"https:\/\/drive.google.com\/uc?export=download&amp;id=17exYkWbbzxqmOT_m5GoLc0UrqiKGrJuV\" target=\"_blank\" rel=\"noreferrer noopener\"><strong>BAIXE O TEXTO<\/strong><\/a><\/div>\n<\/div>\n\n\n\n<hr class=\"wp-block-separator has-alpha-channel-opacity\"\/>\n\n\n\n<p class=\"has-text-align-center has-medium-font-size\"><strong>As Fases da Vida do Ser Humano<\/strong><\/p>\n\n\n\n<p class=\"has-medium-font-size\">Os seres humanos passam por v\u00e1rias fases diferentes na vida, e cada fase tem suas pr\u00f3prias caracter\u00edsticas e mudan\u00e7as no corpo. Vamos conhecer essas fases:<\/p>\n\n\n\n<ul class=\"wp-block-list\">\n<li class=\"has-medium-font-size\"><strong>Beb\u00ea<\/strong>: Quando nascemos, somos beb\u00eas. Nessa fase, somos bem pequenininhos e precisamos de muita ajuda dos adultos para comer, se mover e at\u00e9 para dormir. Aprendemos a engatinhar, andar e falar.<\/li>\n<\/ul>\n\n\n\n<ul class=\"wp-block-list\">\n<li class=\"has-medium-font-size\"><strong>Crian\u00e7a<\/strong>: Depois de ser beb\u00ea, nos tornamos crian\u00e7as. Nessa fase, come\u00e7amos a ir \u00e0 escola, aprendemos a ler, escrever, fazer amigos e brincar bastante. Nosso corpo cresce bastante e ficamos mais fortes.<\/li>\n<\/ul>\n\n\n\n<ul class=\"wp-block-list\">\n<li class=\"has-medium-font-size\"><strong>Adolescente<\/strong>: Quando ficamos um pouco mais velhos, nos tornamos adolescentes. Nessa fase, passamos por muitas mudan\u00e7as r\u00e1pidas no corpo, como o crescimento dos pelos, a voz que muda e o corpo que cresce r\u00e1pido. Tamb\u00e9m come\u00e7amos a entender melhor o mundo ao nosso redor e a tomar mais decis\u00f5es sozinhos.<\/li>\n<\/ul>\n\n\n\n<ul class=\"wp-block-list\">\n<li class=\"has-medium-font-size\"><strong>Adulto<\/strong>: Ap\u00f3s a adolesc\u00eancia, nos tornamos adultos. Nesta fase, nosso corpo para de crescer e atingimos a altura m\u00e1xima. Podemos trabalhar, ter nossa pr\u00f3pria casa e at\u00e9 formar uma fam\u00edlia.<\/li>\n<\/ul>\n\n\n\n<ul class=\"wp-block-list\">\n<li class=\"has-medium-font-size\"><strong>Idoso<\/strong>: Finalmente, quando ficamos bem mais velhos, nos tornamos idosos. Nessa fase, nosso corpo pode ficar mais fraco e precisamos de mais cuidados. Mas tamb\u00e9m temos muita sabedoria e experi\u00eancia para compartilhar com os mais jovens.<\/li>\n<\/ul>\n\n\n\n<p class=\"has-text-align-center has-medium-font-size\"><strong>OBSERVE A SEGUINTE IMAGEM PARA RESPONDER \u00c0S QUEST\u00d5ES:<\/strong><\/p>\n\n\n<div class=\"wp-block-image\">\n<figure class=\"aligncenter size-large is-resized\"><img fetchpriority=\"high\" decoding=\"async\" width=\"1024\" height=\"576\" src=\"https:\/\/sme.goiania.go.gov.br\/conexaoescola\/wp-content\/uploads\/2024\/06\/1-1-1024x576.png\" alt=\"\" class=\"wp-image-183968\" style=\"width:644px;height:auto\" srcset=\"https:\/\/sme.goiania.go.gov.br\/conexaoescola\/wp-content\/uploads\/2024\/06\/1-1-1024x576.png 1024w, https:\/\/sme.goiania.go.gov.br\/conexaoescola\/wp-content\/uploads\/2024\/06\/1-1-300x169.png 300w, https:\/\/sme.goiania.go.gov.br\/conexaoescola\/wp-content\/uploads\/2024\/06\/1-1-768x432.png 768w, https:\/\/sme.goiania.go.gov.br\/conexaoescola\/wp-content\/uploads\/2024\/06\/1-1-1536x864.png 1536w, https:\/\/sme.goiania.go.gov.br\/conexaoescola\/wp-content\/uploads\/2024\/06\/1-1.png 1920w\" sizes=\"(max-width: 1024px) 100vw, 1024px\" \/><figcaption class=\"wp-element-caption\">Imagem produzida em: www.canva.com<\/figcaption><\/figure><\/div>\n\n\n<p class=\"has-cool-to-warm-spectrum-gradient-background has-background has-medium-font-size\"><strong>QUEST\u00c3O 1<\/strong><\/p>\n\n\n\n<p class=\"has-medium-font-size\">Aprendemos a ler e escrever na fase de\/da<\/p>\n\n\n\n<p class=\"has-medium-font-size\">(A) beb\u00ea.<\/p>\n\n\n\n<p class=\"has-medium-font-size\">(B) crian\u00e7a.<\/p>\n\n\n\n<p class=\"has-medium-font-size\">(C) adolescente.<\/p>\n\n\n\n<p class=\"has-medium-font-size\">(D) idoso.<\/p>\n\n\n\n<p class=\"has-cool-to-warm-spectrum-gradient-background has-background has-medium-font-size\"><strong>QUEST\u00c3O 2<\/strong><\/p>\n\n\n\n<p class=\"has-medium-font-size\">O corpo passa por mudan\u00e7as r\u00e1pidas, como o crescimento dos pelos e a mudan\u00e7a na voz, isso ocorre na fase de\/da<\/p>\n\n\n\n<p class=\"has-medium-font-size\">(A) beb\u00ea.<\/p>\n\n\n\n<p class=\"has-medium-font-size\">(B) crian\u00e7a.<\/p>\n\n\n\n<p class=\"has-medium-font-size\">(C) adolescente. <\/p>\n\n\n\n<p class=\"has-medium-font-size\">(D) idoso.<\/p>\n\n\n\n<p class=\"has-cool-to-warm-spectrum-gradient-background has-background has-medium-font-size\"><strong>QUEST\u00c3O 3<\/strong><\/p>\n\n\n\n<p class=\"has-medium-font-size\"><strong>Qual <\/strong>fase da vida voc\u00ea acha mais interessante e por qu\u00ea? <strong>Escreva<\/strong> sua resposta explicando seus motivos.<\/p>\n\n\n\n<p class=\"has-cool-to-warm-spectrum-gradient-background has-background has-medium-font-size\"><strong>QUEST\u00c3O 4<\/strong><\/p>\n\n\n\n<p class=\"has-medium-font-size\"><strong>Localize <\/strong>no ca\u00e7a-palavras cinco atividades da fase de crian\u00e7a.<\/p>\n\n\n\n<figure class=\"wp-block-image size-full\"><img decoding=\"async\" width=\"822\" height=\"440\" src=\"https:\/\/sme.goiania.go.gov.br\/conexaoescola\/wp-content\/uploads\/2024\/06\/caca-palavras.png\" alt=\"\" class=\"wp-image-183973\" srcset=\"https:\/\/sme.goiania.go.gov.br\/conexaoescola\/wp-content\/uploads\/2024\/06\/caca-palavras.png 822w, https:\/\/sme.goiania.go.gov.br\/conexaoescola\/wp-content\/uploads\/2024\/06\/caca-palavras-300x161.png 300w, https:\/\/sme.goiania.go.gov.br\/conexaoescola\/wp-content\/uploads\/2024\/06\/caca-palavras-768x411.png 768w\" sizes=\"(max-width: 822px) 100vw, 822px\" \/><\/figure>\n\n\n\n<hr class=\"wp-block-separator has-alpha-channel-opacity\"\/>\n\n\n\n<figure class=\"wp-block-table is-style-stripes\"><table><tbody><tr><td>Autoria:<\/td><td>Prof.\u00aa Danielle Assis Borges Fantini<\/td><\/tr><tr><td>Forma\u00e7\u00e3o:<\/td><td>Gradua\u00e7\u00e3o: Graduada em Pedagogia e Graduanda em Jornalismo &nbsp; <br><br>P\u00f3s-gradua\u00e7\u00e3o: <br>&#8211; MBA em Gest\u00e3o das Tecnologias da Informa\u00e7\u00e3o e da Comunica\u00e7\u00e3o &#8211; Educa\u00e7\u00e3o<br>&#8211; Doc\u00eancia Universit\u00e1ria<br>&#8211; Psicopedagogia Institucional e Cl\u00ednica<br>&#8211; Neuropedagogia Aplicada \u00e0 Educa\u00e7\u00e3o<\/td><\/tr><tr><td>Componente Curricular:<\/td><td>CI\u00caNCIAS DA NATUREZA<\/td><\/tr><tr><td>Habilidade (s):<\/td><td>(EF03CI05-A) Identificar as diferentes fases da vida do ser humano, analisando as mudan\u00e7as ocorridas em seu corpo desde o nascimento. &nbsp; &nbsp;<\/td><\/tr><tr><td>Refer\u00eancia (s):<\/td><td>FASES DA VIDA. Toda Mat\u00e9ria, 2024. Dispon\u00edvel em: &lt; https:\/\/escolakids.uol.com.br\/ciencias\/as-fases-da-vida.htm &gt;. Acesso em: 13, jun. 2024. <br><br>APRENDER JUNTOS CI\u00caNCIAS, 3\u00ba ano: ensino fundamental. Organizadora SM Educa\u00e7\u00e3o. 7\u00aa ed. S\u00e3o Paulo: Edi\u00e7\u00f5es SM, 2021. &nbsp; <br><br>LICO, Maria Aparecida e SOARES, TRIVELLATO, Jos\u00e9. Aquarela, Ci\u00eancias \u2013 3\u00ba ano. Ensino Fundamental. S\u00e3o Paulo: Kit\u2019s Editora, 2021. &nbsp; <br><br>PESSOA, Karina e FAVALLI, Leonel. Novo Pitangu\u00e1 Ci\u00eancias. 3\u00ba Ano. Ensino Fundamental Anos Iniciais. Editora Moderna. 1 ed. S\u00e3o Paulo: Moderna, 2021. &nbsp;<\/td><\/tr><tr><td>Documento norteador:<\/td><td>DOCUMENTO CURRICULAR PARA GOI\u00c1S \u2013 AMPLIADO (DC-GO AMPLIADO)<\/td><\/tr><\/tbody><\/table><\/figure>\n","protected":false},"author":64,"featured_media":183968,"template":"","ef_categoria":[193,18],"ef_ano":[86],"ef_componente":[98],"class_list":["post-183967","ensino_fundamental","type-ensino_fundamental","status-publish","has-post-thumbnail","hentry","ef_categoria-anos-iniciais","ef_categoria-educacao-ambiental-e-saude","ef_ano-3o-ano","ef_componente-ciencia-da-natureza-ef","entry","has-media"],"acf":[],"_links":{"self":[{"href":"https:\/\/sme.goiania.go.gov.br\/conexaoescola\/wp-json\/wp\/v2\/ensino_fundamental\/183967","targetHints":{"allow":["GET"]}}],"collection":[{"href":"https:\/\/sme.goiania.go.gov.br\/conexaoescola\/wp-json\/wp\/v2\/ensino_fundamental"}],"about":[{"href":"https:\/\/sme.goiania.go.gov.br\/conexaoescola\/wp-json\/wp\/v2\/types\/ensino_fundamental"}],"author":[{"embeddable":true,"href":"https:\/\/sme.goiania.go.gov.br\/conexaoescola\/wp-json\/wp\/v2\/users\/64"}],"version-history":[{"count":2,"href":"https:\/\/sme.goiania.go.gov.br\/conexaoescola\/wp-json\/wp\/v2\/ensino_fundamental\/183967\/revisions"}],"predecessor-version":[{"id":183989,"href":"https:\/\/sme.goiania.go.gov.br\/conexaoescola\/wp-json\/wp\/v2\/ensino_fundamental\/183967\/revisions\/183989"}],"wp:featuredmedia":[{"embeddable":true,"href":"https:\/\/sme.goiania.go.gov.br\/conexaoescola\/wp-json\/wp\/v2\/media\/183968"}],"wp:attachment":[{"href":"https:\/\/sme.goiania.go.gov.br\/conexaoescola\/wp-json\/wp\/v2\/media?parent=183967"}],"wp:term":[{"taxonomy":"ef_categoria","embeddable":true,"href":"https:\/\/sme.goiania.go.gov.br\/conexaoescola\/wp-json\/wp\/v2\/ef_categoria?post=183967"},{"taxonomy":"ef_ano","embeddable":true,"href":"https:\/\/sme.goiania.go.gov.br\/conexaoescola\/wp-json\/wp\/v2\/ef_ano?post=183967"},{"taxonomy":"ef_componente","embeddable":true,"href":"https:\/\/sme.goiania.go.gov.br\/conexaoescola\/wp-json\/wp\/v2\/ef_componente?post=183967"}],"curies":[{"name":"wp","href":"https:\/\/api.w.org\/{rel}","templated":true}]}}

CIÊNCIAS DA NATUREZA – De bebê a idoso

<p class="has-text-align-center has-cool-to-warm-spectrum-gradient-background has-background has-medium-font-size"><strong>ESTA PROPOSTA DE ATIVIDADE DE CIÊNCIAS DA NATUREZA&nbsp;É DESTINADA AOS ESTUDANTES</strong>&nbsp;<strong>DO</strong>&nbsp;<strong>3º ANO DO ENSINO FUNDAMENTAL</strong>.</p>



<div class="wp-block-buttons alignwide is-content-justification-center is-layout-flex wp-container-core-buttons-is-layout-16018d1d wp-block-buttons-is-layout-flex">
<div class="wp-block-button has-custom-width wp-block-button__width-25"><a class="wp-block-button__link wp-element-button" href="https://drive.google.com/uc?export=download&amp;id=1yKO54195Cb8t5CNTmIulZpbS1X9W_Mhf" target="_blank" rel="noreferrer noopener"><strong>BAIXE A ATIVIDADE</strong></a></div>



<div class="wp-block-button has-custom-width wp-block-button__width-25"><a class="wp-block-button__link wp-element-button" href="https://drive.google.com/uc?export=download&amp;id=146lyMS0aMjg95zduV7lkk44WbUtjEuvz" target="_blank" rel="noreferrer noopener"><strong>BAIXE OS SLIDES</strong></a></div>



<div class="wp-block-button has-custom-width wp-block-button__width-25"><a class="wp-block-button__link has-text-align-center wp-element-button" href="https://drive.google.com/uc?export=download&amp;id=17exYkWbbzxqmOT_m5GoLc0UrqiKGrJuV" target="_blank" rel="noreferrer noopener"><strong>BAIXE O TEXTO</strong></a></div>
</div>



<hr class="wp-block-separator has-alpha-channel-opacity"/>



<p class="has-text-align-center has-medium-font-size"><strong>As Fases da Vida do Ser Humano</strong></p>



<p class="has-medium-font-size">Os seres humanos passam por várias fases diferentes na vida, e cada fase tem suas próprias características e mudanças no corpo. Vamos conhecer essas fases:</p>



<ul class="wp-block-list">
<li class="has-medium-font-size"><strong>Bebê</strong>: Quando nascemos, somos bebês. Nessa fase, somos bem pequenininhos e precisamos de muita ajuda dos adultos para comer, se mover e até para dormir. Aprendemos a engatinhar, andar e falar.</li>
</ul>



<ul class="wp-block-list">
<li class="has-medium-font-size"><strong>Criança</strong>: Depois de ser bebê, nos tornamos crianças. Nessa fase, começamos a ir à escola, aprendemos a ler, escrever, fazer amigos e brincar bastante. Nosso corpo cresce bastante e ficamos mais fortes.</li>
</ul>



<ul class="wp-block-list">
<li class="has-medium-font-size"><strong>Adolescente</strong>: Quando ficamos um pouco mais velhos, nos tornamos adolescentes. Nessa fase, passamos por muitas mudanças rápidas no corpo, como o crescimento dos pelos, a voz que muda e o corpo que cresce rápido. Também começamos a entender melhor o mundo ao nosso redor e a tomar mais decisões sozinhos.</li>
</ul>



<ul class="wp-block-list">
<li class="has-medium-font-size"><strong>Adulto</strong>: Após a adolescência, nos tornamos adultos. Nesta fase, nosso corpo para de crescer e atingimos a altura máxima. Podemos trabalhar, ter nossa própria casa e até formar uma família.</li>
</ul>



<ul class="wp-block-list">
<li class="has-medium-font-size"><strong>Idoso</strong>: Finalmente, quando ficamos bem mais velhos, nos tornamos idosos. Nessa fase, nosso corpo pode ficar mais fraco e precisamos de mais cuidados. Mas também temos muita sabedoria e experiência para compartilhar com os mais jovens.</li>
</ul>



<p class="has-text-align-center has-medium-font-size"><strong>OBSERVE A SEGUINTE IMAGEM PARA RESPONDER ÀS QUESTÕES:</strong></p>


<div class="wp-block-image">
<figure class="aligncenter size-large is-resized"><img fetchpriority="high" decoding="async" width="1024" height="576" src="https://sme.goiania.go.gov.br/conexaoescola/wp-content/uploads/2024/06/1-1-1024x576.png" alt="" class="wp-image-183968" style="width:644px;height:auto" srcset="https://sme.goiania.go.gov.br/conexaoescola/wp-content/uploads/2024/06/1-1-1024x576.png 1024w, https://sme.goiania.go.gov.br/conexaoescola/wp-content/uploads/2024/06/1-1-300x169.png 300w, https://sme.goiania.go.gov.br/conexaoescola/wp-content/uploads/2024/06/1-1-768x432.png 768w, https://sme.goiania.go.gov.br/conexaoescola/wp-content/uploads/2024/06/1-1-1536x864.png 1536w, https://sme.goiania.go.gov.br/conexaoescola/wp-content/uploads/2024/06/1-1.png 1920w" sizes="(max-width: 1024px) 100vw, 1024px" /><figcaption class="wp-element-caption">Imagem produzida em: www.canva.com</figcaption></figure></div>


<p class="has-cool-to-warm-spectrum-gradient-background has-background has-medium-font-size"><strong>QUESTÃO 1</strong></p>



<p class="has-medium-font-size">Aprendemos a ler e escrever na fase de/da</p>



<p class="has-medium-font-size">(A) bebê.</p>



<p class="has-medium-font-size">(B) criança.</p>



<p class="has-medium-font-size">(C) adolescente.</p>



<p class="has-medium-font-size">(D) idoso.</p>



<p class="has-cool-to-warm-spectrum-gradient-background has-background has-medium-font-size"><strong>QUESTÃO 2</strong></p>



<p class="has-medium-font-size">O corpo passa por mudanças rápidas, como o crescimento dos pelos e a mudança na voz, isso ocorre na fase de/da</p>



<p class="has-medium-font-size">(A) bebê.</p>



<p class="has-medium-font-size">(B) criança.</p>



<p class="has-medium-font-size">(C) adolescente. </p>



<p class="has-medium-font-size">(D) idoso.</p>



<p class="has-cool-to-warm-spectrum-gradient-background has-background has-medium-font-size"><strong>QUESTÃO 3</strong></p>



<p class="has-medium-font-size"><strong>Qual </strong>fase da vida você acha mais interessante e por quê? <strong>Escreva</strong> sua resposta explicando seus motivos.</p>



<p class="has-cool-to-warm-spectrum-gradient-background has-background has-medium-font-size"><strong>QUESTÃO 4</strong></p>



<p class="has-medium-font-size"><strong>Localize </strong>no caça-palavras cinco atividades da fase de criança.</p>



<figure class="wp-block-image size-full"><img decoding="async" width="822" height="440" src="https://sme.goiania.go.gov.br/conexaoescola/wp-content/uploads/2024/06/caca-palavras.png" alt="" class="wp-image-183973" srcset="https://sme.goiania.go.gov.br/conexaoescola/wp-content/uploads/2024/06/caca-palavras.png 822w, https://sme.goiania.go.gov.br/conexaoescola/wp-content/uploads/2024/06/caca-palavras-300x161.png 300w, https://sme.goiania.go.gov.br/conexaoescola/wp-content/uploads/2024/06/caca-palavras-768x411.png 768w" sizes="(max-width: 822px) 100vw, 822px" /></figure>



<hr class="wp-block-separator has-alpha-channel-opacity"/>



<figure class="wp-block-table is-style-stripes"><table><tbody><tr><td>Autoria:</td><td>Prof.ª Danielle Assis Borges Fantini</td></tr><tr><td>Formação:</td><td>Graduação: Graduada em Pedagogia e Graduanda em Jornalismo &nbsp; <br><br>Pós-graduação: <br>&#8211; MBA em Gestão das Tecnologias da Informação e da Comunicação &#8211; Educação<br>&#8211; Docência Universitária<br>&#8211; Psicopedagogia Institucional e Clínica<br>&#8211; Neuropedagogia Aplicada à Educação</td></tr><tr><td>Componente Curricular:</td><td>CIÊNCIAS DA NATUREZA</td></tr><tr><td>Habilidade (s):</td><td>(EF03CI05-A) Identificar as diferentes fases da vida do ser humano, analisando as mudanças ocorridas em seu corpo desde o nascimento. &nbsp; &nbsp;</td></tr><tr><td>Referência (s):</td><td>FASES DA VIDA. Toda Matéria, 2024. Disponível em: &lt; https://escolakids.uol.com.br/ciencias/as-fases-da-vida.htm &gt;. Acesso em: 13, jun. 2024. <br><br>APRENDER JUNTOS CIÊNCIAS, 3º ano: ensino fundamental. Organizadora SM Educação. 7ª ed. São Paulo: Edições SM, 2021. &nbsp; <br><br>LICO, Maria Aparecida e SOARES, TRIVELLATO, José. Aquarela, Ciências – 3º ano. Ensino Fundamental. São Paulo: Kit’s Editora, 2021. &nbsp; <br><br>PESSOA, Karina e FAVALLI, Leonel. Novo Pitanguá Ciências. 3º Ano. Ensino Fundamental Anos Iniciais. Editora Moderna. 1 ed. São Paulo: Moderna, 2021. &nbsp;</td></tr><tr><td>Documento norteador:</td><td>DOCUMENTO CURRICULAR PARA GOIÁS – AMPLIADO (DC-GO AMPLIADO)</td></tr></tbody></table></figure>
