{"id":173809,"date":"2023-12-08T15:05:39","date_gmt":"2023-12-08T18:05:39","guid":{"rendered":"https:\/\/sme.goiania.go.gov.br\/conexaoescola\/?post_type=ensino_fundamental&#038;p=173809"},"modified":"2024-02-26T10:56:32","modified_gmt":"2024-02-26T13:56:32","slug":"lingua-portuguesa-producao-textual-e-revisao","status":"publish","type":"ensino_fundamental","link":"https:\/\/sme.goiania.go.gov.br\/conexaoescola\/ensino_fundamental\/lingua-portuguesa-producao-textual-e-revisao\/","title":{"rendered":"L\u00cdNGUA PORTUGUESA: PRODU\u00c7\u00c3O TEXTUAL E REVIS\u00c3O"},"content":{"rendered":"\n<p class=\"has-text-align-center has-background has-medium-font-size\" style=\"background-color:#f0ebf6\"><strong>ESTA PROPOSTA DE ATIVIDADE DE L\u00cdNGUA PORTUGUESA \u00c9 DESTINADA AOS ESTUDANTES DO 1\u00ba ANO DOS ANOS INICIAS DO ENSINO FUNDAMENTAL.<\/strong><\/p>\n\n\n\n<div class=\"wp-block-buttons is-content-justification-center is-layout-flex wp-container-core-buttons-is-layout-16018d1d wp-block-buttons-is-layout-flex\">\n<div class=\"wp-block-button\"><a class=\"wp-block-button__link wp-element-button\" href=\"https:\/\/docs.google.com\/document\/d\/1vXdc4Trr_wt46g--y9DFIDOVzfZqTLGD\/copy\" target=\"_blank\" rel=\"noreferrer noopener\">BAIXE A ATIVIDADE<\/a><\/div>\n\n\n\n<div class=\"wp-block-button has-custom-width wp-block-button__width-25\"><a class=\"wp-block-button__link wp-element-button\" href=\"https:\/\/docs.google.com\/presentation\/d\/1kO9i0Io7b3fEPp2YnUfzp-T1kHXbHTY8\/copy\" target=\"_blank\" rel=\"noreferrer noopener\">BAIXE OS SLIDES<\/a><\/div>\n<\/div>\n\n\n\n<p class=\"has-text-align-center\"><img decoding=\"async\" width=\"732px;\" height=\"543px;\" src=\"https:\/\/lh7-us.googleusercontent.com\/qbFUUa2KqPBedBJMEcHqf1p8zIOurVfcCsQ74g2DyqtQkO4DETBZEDs-TyOtrqj7tHTsa1pISDoVaG_goR4UXYkzVyzPYAV0nyvM_1KPiLq3W0yG1mqB3dsz_bft1q0DmVi9ecCLhMxIgwk=s2048\"><\/p>\n\n\n\n<p class=\"has-text-align-center has-background has-medium-font-size\" style=\"background-color:#f9ecef\">OL\u00c1, CRIAN\u00c7AS! HOJE VAMOS RELER A F\u00c1BULA \u201cO LE\u00c3O E O RATINHO\u201d, DEPOIS, FAREMOS UMA REESCRITA EM DUPLA E UMA REVIS\u00c3O COLETIVA. <\/p>\n\n\n\n<p class=\"has-text-align-center has-background has-medium-font-size\" style=\"background-color:#f9ecef\">A PRODU\u00c7\u00c3O TEXTUAL E A REVIS\u00c3O TEXTUAL S\u00c3O HABILIDADES FUNDAMENTAIS NO PROCESSO DE APRENDIZADO DA LINGUAGEM ESCRITA.<\/p>\n\n\n\n<p class=\"has-text-align-center has-background has-medium-font-size\" style=\"background-color:#f0f8fd\"><strong>PRODU\u00c7\u00c3O TEXTUAL:<\/strong> ENVOLVE EXPRESSAR PENSAMENTOS, SENTIMENTOS E IDEIAS POR MEIO DA ESCRITA.<\/p>\n\n\n\n<p class=\"has-text-align-center has-background has-medium-font-size\" style=\"background-color:#edf8f4\"><strong>REVIS\u00c3O TEXTUAL:<\/strong> \u00c9 A ETAPA EM QUE PODEMOS VERIFICAR A CLAREZA E CORRE\u00c7\u00c3O DO TEXTO. A REVIS\u00c3O PODE SER PROPOSTA EM DUPLAS, INDIVIDUAL OU COLETIVAMENTE.<\/p>\n\n\n\n<hr class=\"wp-block-separator has-alpha-channel-opacity\"\/>\n\n\n\n<p class=\"has-medium-font-size\">VAMOS RESOLVER AS ATIVIDADES<\/p>\n\n\n\n<p class=\"has-background has-medium-font-size\" style=\"background-color:#e8f2f8\">QUEST\u00c3O 1<\/p>\n\n\n\n<p class=\"has-medium-font-size\">VAMOS REESCREVER A F\u00c1BULA:<\/p>\n\n\n\n<p class=\"has-text-align-center\"><img decoding=\"async\" width=\"571px;\" height=\"493px;\" src=\"https:\/\/lh7-us.googleusercontent.com\/hAnb_Na1jO24wxumAypc5J1Fdxa0JbSNtrgza-7it7wR4ywRj4xgSxIq6PPz_4Mzi5YPVZFwyFAk_v_TMvBdZt-qmY2Tcz0eo3qAWgA92H3oLUVIpAZpq1UudjNe14UE6T60DktKPiiXqAw=s2048\"><\/p>\n\n\n\n<p class=\"has-small-font-size\">IMAGEM CRIADA NO CANVA<\/p>\n\n\n\n<p class=\"has-text-align-center has-medium-font-size\"><strong>T\u00cdTULO: ___________________________________<\/strong><\/p>\n\n\n\n<p class=\"has-large-font-size\">_____________________________________________________________________________________________________________________________________________________________________________________________________________________________________________________________________________________________________________________________________________________________________________________________________________________________________________________________________________________________<\/p>\n\n\n\n<hr class=\"wp-block-separator has-alpha-channel-opacity\"\/>\n\n\n\n<p class=\"has-text-align-center has-background has-medium-font-size\" style=\"background-color:#f9f4f1\"><strong>Acesse os materiais referentes a essa atividade clicando aqui:<\/strong> <a rel=\"noreferrer noopener\" href=\"https:\/\/sme.goiania.go.gov.br\/conexaoescola\/propostas_didaticas\/propostas-didaticas-lingua-portuguesa-1o-ano\/\" target=\"_blank\">https:\/\/sme.goiania.go.gov.br\/conexaoescola\/propostas_didaticas\/propostas-didaticas-lingua-portuguesa-1o-ano\/<\/a><\/p>\n\n\n\n<hr class=\"wp-block-separator has-alpha-channel-opacity\"\/>\n\n\n\n<figure class=\"wp-block-table is-style-stripes\"><table><tbody><tr><td><strong>COMPONENTE&nbsp;<\/strong><strong>CURRICULAR:<\/strong><\/td><td><strong>L\u00cdNGUA PORTUGUESA<\/strong><\/td><\/tr><tr><td><strong>HABILIDADES:<\/strong><\/td><td>(EF15LP06) RELER E REVISAR O TEXTO PRODUZIDO COM A AJUDA DO PROFESSOR E A COLABORA\u00c7\u00c3O DOS COLEGAS, PARA CORRIGI-LO E APRIMOR\u00c1-LO, FAZENDO CORTES, ACR\u00c9SCIMOS, REFORMULA\u00c7\u00d5ES, CORRE\u00c7\u00d5ES DE ORTOGRAFIA E PONTUA\u00c7\u00c3O.<\/td><\/tr><tr><td><strong>REFER\u00caNCIAS<\/strong><\/td><td>GOVERNO DO ESTADO DE GOI\u00c1S. SECRET\u00c1RIA DE ESTADO DE EDUCA\u00c7\u00c3O \u2013 SEDUC\/CONSED. DOCUMENTO CURRICULAR PARA GOI\u00c1S \u2013 AMPLIADO: <strong>VOLUME II ENSINO FUNDAMENTAL ANOS INICIAIS<\/strong>.<br>IMAGENS RETIRADAS DO SITE:&nbsp;CANVA<\/td><\/tr><\/tbody><\/table><\/figure>\n","protected":false},"author":39,"featured_media":173756,"template":"","ef_categoria":[193],"ef_ano":[84],"ef_componente":[93],"class_list":["post-173809","ensino_fundamental","type-ensino_fundamental","status-publish","has-post-thumbnail","hentry","ef_categoria-anos-iniciais","ef_ano-1o-ano","ef_componente-portugues","entry","has-media"],"acf":[],"_links":{"self":[{"href":"https:\/\/sme.goiania.go.gov.br\/conexaoescola\/wp-json\/wp\/v2\/ensino_fundamental\/173809","targetHints":{"allow":["GET"]}}],"collection":[{"href":"https:\/\/sme.goiania.go.gov.br\/conexaoescola\/wp-json\/wp\/v2\/ensino_fundamental"}],"about":[{"href":"https:\/\/sme.goiania.go.gov.br\/conexaoescola\/wp-json\/wp\/v2\/types\/ensino_fundamental"}],"author":[{"embeddable":true,"href":"https:\/\/sme.goiania.go.gov.br\/conexaoescola\/wp-json\/wp\/v2\/users\/39"}],"version-history":[{"count":5,"href":"https:\/\/sme.goiania.go.gov.br\/conexaoescola\/wp-json\/wp\/v2\/ensino_fundamental\/173809\/revisions"}],"predecessor-version":[{"id":177726,"href":"https:\/\/sme.goiania.go.gov.br\/conexaoescola\/wp-json\/wp\/v2\/ensino_fundamental\/173809\/revisions\/177726"}],"wp:featuredmedia":[{"embeddable":true,"href":"https:\/\/sme.goiania.go.gov.br\/conexaoescola\/wp-json\/wp\/v2\/media\/173756"}],"wp:attachment":[{"href":"https:\/\/sme.goiania.go.gov.br\/conexaoescola\/wp-json\/wp\/v2\/media?parent=173809"}],"wp:term":[{"taxonomy":"ef_categoria","embeddable":true,"href":"https:\/\/sme.goiania.go.gov.br\/conexaoescola\/wp-json\/wp\/v2\/ef_categoria?post=173809"},{"taxonomy":"ef_ano","embeddable":true,"href":"https:\/\/sme.goiania.go.gov.br\/conexaoescola\/wp-json\/wp\/v2\/ef_ano?post=173809"},{"taxonomy":"ef_componente","embeddable":true,"href":"https:\/\/sme.goiania.go.gov.br\/conexaoescola\/wp-json\/wp\/v2\/ef_componente?post=173809"}],"curies":[{"name":"wp","href":"https:\/\/api.w.org\/{rel}","templated":true}]}}

LÍNGUA PORTUGUESA: PRODUÇÃO TEXTUAL E REVISÃO

<p class="has-text-align-center has-background has-medium-font-size" style="background-color:#f0ebf6"><strong>ESTA PROPOSTA DE ATIVIDADE DE LÍNGUA PORTUGUESA É DESTINADA AOS ESTUDANTES DO 1º ANO DOS ANOS INICIAS DO ENSINO FUNDAMENTAL.</strong></p>



<div class="wp-block-buttons is-content-justification-center is-layout-flex wp-container-core-buttons-is-layout-16018d1d wp-block-buttons-is-layout-flex">
<div class="wp-block-button"><a class="wp-block-button__link wp-element-button" href="https://docs.google.com/document/d/1vXdc4Trr_wt46g--y9DFIDOVzfZqTLGD/copy" target="_blank" rel="noreferrer noopener">BAIXE A ATIVIDADE</a></div>



<div class="wp-block-button has-custom-width wp-block-button__width-25"><a class="wp-block-button__link wp-element-button" href="https://docs.google.com/presentation/d/1kO9i0Io7b3fEPp2YnUfzp-T1kHXbHTY8/copy" target="_blank" rel="noreferrer noopener">BAIXE OS SLIDES</a></div>
</div>



<p class="has-text-align-center"><img decoding="async" width="732px;" height="543px;" src="https://lh7-us.googleusercontent.com/qbFUUa2KqPBedBJMEcHqf1p8zIOurVfcCsQ74g2DyqtQkO4DETBZEDs-TyOtrqj7tHTsa1pISDoVaG_goR4UXYkzVyzPYAV0nyvM_1KPiLq3W0yG1mqB3dsz_bft1q0DmVi9ecCLhMxIgwk=s2048"></p>



<p class="has-text-align-center has-background has-medium-font-size" style="background-color:#f9ecef">OLÁ, CRIANÇAS! HOJE VAMOS RELER A FÁBULA “O LEÃO E O RATINHO”, DEPOIS, FAREMOS UMA REESCRITA EM DUPLA E UMA REVISÃO COLETIVA. </p>



<p class="has-text-align-center has-background has-medium-font-size" style="background-color:#f9ecef">A PRODUÇÃO TEXTUAL E A REVISÃO TEXTUAL SÃO HABILIDADES FUNDAMENTAIS NO PROCESSO DE APRENDIZADO DA LINGUAGEM ESCRITA.</p>



<p class="has-text-align-center has-background has-medium-font-size" style="background-color:#f0f8fd"><strong>PRODUÇÃO TEXTUAL:</strong> ENVOLVE EXPRESSAR PENSAMENTOS, SENTIMENTOS E IDEIAS POR MEIO DA ESCRITA.</p>



<p class="has-text-align-center has-background has-medium-font-size" style="background-color:#edf8f4"><strong>REVISÃO TEXTUAL:</strong> É A ETAPA EM QUE PODEMOS VERIFICAR A CLAREZA E CORREÇÃO DO TEXTO. A REVISÃO PODE SER PROPOSTA EM DUPLAS, INDIVIDUAL OU COLETIVAMENTE.</p>



<hr class="wp-block-separator has-alpha-channel-opacity"/>



<p class="has-medium-font-size">VAMOS RESOLVER AS ATIVIDADES</p>



<p class="has-background has-medium-font-size" style="background-color:#e8f2f8">QUESTÃO 1</p>



<p class="has-medium-font-size">VAMOS REESCREVER A FÁBULA:</p>



<p class="has-text-align-center"><img decoding="async" width="571px;" height="493px;" src="https://lh7-us.googleusercontent.com/hAnb_Na1jO24wxumAypc5J1Fdxa0JbSNtrgza-7it7wR4ywRj4xgSxIq6PPz_4Mzi5YPVZFwyFAk_v_TMvBdZt-qmY2Tcz0eo3qAWgA92H3oLUVIpAZpq1UudjNe14UE6T60DktKPiiXqAw=s2048"></p>



<p class="has-small-font-size">IMAGEM CRIADA NO CANVA</p>



<p class="has-text-align-center has-medium-font-size"><strong>TÍTULO: ___________________________________</strong></p>



<p class="has-large-font-size">_____________________________________________________________________________________________________________________________________________________________________________________________________________________________________________________________________________________________________________________________________________________________________________________________________________________________________________________________________________________________</p>



<hr class="wp-block-separator has-alpha-channel-opacity"/>



<p class="has-text-align-center has-background has-medium-font-size" style="background-color:#f9f4f1"><strong>Acesse os materiais referentes a essa atividade clicando aqui:</strong> <a rel="noreferrer noopener" href="https://sme.goiania.go.gov.br/conexaoescola/propostas_didaticas/propostas-didaticas-lingua-portuguesa-1o-ano/" target="_blank">https://sme.goiania.go.gov.br/conexaoescola/propostas_didaticas/propostas-didaticas-lingua-portuguesa-1o-ano/</a></p>



<hr class="wp-block-separator has-alpha-channel-opacity"/>



<figure class="wp-block-table is-style-stripes"><table><tbody><tr><td><strong>COMPONENTE&nbsp;</strong><strong>CURRICULAR:</strong></td><td><strong>LÍNGUA PORTUGUESA</strong></td></tr><tr><td><strong>HABILIDADES:</strong></td><td>(EF15LP06) RELER E REVISAR O TEXTO PRODUZIDO COM A AJUDA DO PROFESSOR E A COLABORAÇÃO DOS COLEGAS, PARA CORRIGI-LO E APRIMORÁ-LO, FAZENDO CORTES, ACRÉSCIMOS, REFORMULAÇÕES, CORREÇÕES DE ORTOGRAFIA E PONTUAÇÃO.</td></tr><tr><td><strong>REFERÊNCIAS</strong></td><td>GOVERNO DO ESTADO DE GOIÁS. SECRETÁRIA DE ESTADO DE EDUCAÇÃO – SEDUC/CONSED. DOCUMENTO CURRICULAR PARA GOIÁS – AMPLIADO: <strong>VOLUME II ENSINO FUNDAMENTAL ANOS INICIAIS</strong>.<br>IMAGENS RETIRADAS DO SITE:&nbsp;CANVA</td></tr></tbody></table></figure>
