{"id":173511,"date":"2023-12-04T10:42:29","date_gmt":"2023-12-04T13:42:29","guid":{"rendered":"https:\/\/sme.goiania.go.gov.br\/conexaoescola\/?post_type=ensino_fundamental&#038;p=173511"},"modified":"2024-02-22T13:42:24","modified_gmt":"2024-02-22T16:42:24","slug":"ciencias-corpo-humano-orgaos-dos-sentidos-e-funcoes","status":"publish","type":"ensino_fundamental","link":"https:\/\/sme.goiania.go.gov.br\/conexaoescola\/ensino_fundamental\/ciencias-corpo-humano-orgaos-dos-sentidos-e-funcoes\/","title":{"rendered":"CI\u00caNCIAS DA NATUREZA &#8211; CORPO HUMANO: \u00d3RG\u00c3OS DOS SENTIDOS E FUN\u00c7\u00d5ES"},"content":{"rendered":"\n<p class=\"has-text-align-center has-background has-medium-font-size\" style=\"background-color:#f6e7e7\"><strong>ESTA PROPOSTA DE ATIVIDADE DE CI\u00caNCIAS \u00c9 DESTINADA AOS ESTUDANTES DO 1\u00ba ANO DOS ANOS INICIAIS DO ENSINO FUNDAMENTAL<\/strong>.<\/p>\n\n\n\n<p class=\"has-text-align-center\"><img decoding=\"async\" width=\"592px;\" height=\"390px;\" src=\"https:\/\/lh7-us.googleusercontent.com\/9MvyHfID5kV-OlNNAnK05jJR-ZcmjUNTBWwC2RrHim-e1RFQ3fT9r2efcvqVgFafUE48m48IyXbwW5wJrHIayXflLThbPFI9MNIpF_9pBlx3hdWlMte24E8Kw07Rg0lqEBjnxeUmRAK4I-s=s2048\"><\/p>\n\n\n\n<div class=\"wp-block-buttons is-content-justification-center is-layout-flex wp-container-core-buttons-is-layout-16018d1d wp-block-buttons-is-layout-flex\">\n<div class=\"wp-block-button has-custom-font-size has-small-font-size\"><a class=\"wp-block-button__link wp-element-button\" href=\"https:\/\/docs.google.com\/document\/d\/1GoPDECcybVs-cnukAYFQAWoVmNBYcuvQ\/copy\" target=\"_blank\" rel=\"noreferrer noopener\">BAIXE AS ATIVIDADES<\/a><\/div>\n\n\n\n<div class=\"wp-block-button has-custom-font-size has-small-font-size\"><a class=\"wp-block-button__link wp-element-button\" href=\"https:\/\/docs.google.com\/presentation\/d\/1dKfmeYWXTe8Is-QaKkChHPKMjs7VlLhl\/copy\" target=\"_blank\" rel=\"noreferrer noopener\">BAIXE OS SLIDES<\/a><\/div>\n<\/div>\n\n\n\n<p class=\"has-text-align-center has-background has-medium-font-size\" style=\"background-color:#f9f7f2\">OI, AMIGUINHO! VOC\u00ca SE LEMBRA DAS PARTES DO NOSSO CORPO HUMANO? <\/p>\n\n\n\n<p class=\"has-text-align-center has-background has-medium-font-size\" style=\"background-color:#f9f7f2\">E DOS \u00d3RG\u00c3OS QUE NOS AJUDAM A VER, OUVIR, SENTIR, CHEIRAR E PROVAR O MUNDO AO NOSSO REDOR? S\u00c3O OS NOSSOS \u00d3RG\u00c3OS DOS SENTIDOS!<\/p>\n\n\n\n<hr class=\"wp-block-separator has-alpha-channel-opacity\"\/>\n\n\n\n<p class=\"has-text-align-center has-background has-medium-font-size\" style=\"background-color:#f3ecfa\">VAMOS FAZER A ATIVIDADE?<\/p>\n\n\n\n<p class=\"has-background has-medium-font-size\" style=\"background-color:#ebf4f9\">QUEST\u00c3O 1<\/p>\n\n\n\n<p class=\"has-medium-font-size\">HOJE, VOC\u00ca FAR\u00c1 UM DESENHO REPRESENTANDO CADA UM DOS \u00d3RG\u00c3OS DOS SENTIDOS E, DEPOIS, DEVER\u00c1 ESCREVER A FUN\u00c7\u00c3O DE CADA UM DELES.<\/p>\n\n\n\n<p><\/p>\n\n\n\n<p class=\"has-text-align-center has-medium-font-size\">___________________________________________________________________________________<\/p>\n\n\n\n<p class=\"has-text-align-center has-medium-font-size\">___________________________________________________________________________________<\/p>\n\n\n\n<p class=\"has-text-align-center has-medium-font-size\">___________________________________________________________________________________<\/p>\n\n\n\n<p class=\"has-text-align-center has-medium-font-size\">___________________________________________________________________________________<\/p>\n\n\n\n<p><\/p>\n\n\n\n<p class=\"has-text-align-center has-medium-font-size\">___________________________________________________________________________________<\/p>\n\n\n\n<p class=\"has-text-align-center has-medium-font-size\">___________________________________________________________________________________<\/p>\n\n\n\n<p class=\"has-text-align-center has-medium-font-size\">___________________________________________________________________________________<\/p>\n\n\n\n<p class=\"has-text-align-center has-medium-font-size\">___________________________________________________________________________________<\/p>\n\n\n\n<p><\/p>\n\n\n\n<p class=\"has-text-align-center has-medium-font-size\">___________________________________________________________________________________<\/p>\n\n\n\n<p class=\"has-text-align-center has-medium-font-size\">___________________________________________________________________________________<\/p>\n\n\n\n<p class=\"has-text-align-center has-medium-font-size\">___________________________________________________________________________________<\/p>\n\n\n\n<p class=\"has-text-align-center has-medium-font-size\">___________________________________________________________________________________<\/p>\n\n\n\n<p><\/p>\n\n\n\n<p class=\"has-text-align-center has-medium-font-size\">___________________________________________________________________________________<\/p>\n\n\n\n<p class=\"has-text-align-center has-medium-font-size\">___________________________________________________________________________________<\/p>\n\n\n\n<p class=\"has-text-align-center has-medium-font-size\">___________________________________________________________________________________<\/p>\n\n\n\n<p class=\"has-text-align-center has-medium-font-size\">___________________________________________________________________________________<\/p>\n\n\n\n<p><\/p>\n\n\n\n<p class=\"has-text-align-center has-medium-font-size\">___________________________________________________________________________________<\/p>\n\n\n\n<p class=\"has-text-align-center has-medium-font-size\">___________________________________________________________________________________<\/p>\n\n\n\n<p class=\"has-text-align-center has-medium-font-size\">___________________________________________________________________________________<\/p>\n\n\n\n<p class=\"has-text-align-center has-medium-font-size\">___________________________________________________________________________________<\/p>\n\n\n\n<hr class=\"wp-block-separator has-alpha-channel-opacity\"\/>\n\n\n\n<p class=\"has-text-align-center has-background has-medium-font-size\" style=\"background-color:#faf8f2\"><a rel=\"noreferrer noopener\" href=\"https:\/\/sme.goiania.go.gov.br\/conexaoescola\/propostas_didaticas\/propostas-didaticas-ciencias-da-natureza-1o-ano\/\" target=\"_blank\"><strong>Acesse os materiais referentes a essa atividade clicando aqui:<\/strong>https:\/\/sme.goiania.go.gov.br\/conexaoescola\/propostas_didaticas\/propostas-didaticas-ciencias-da-natureza-1o-ano\/<\/a><\/p>\n\n\n\n<hr class=\"wp-block-separator has-alpha-channel-opacity\"\/>\n\n\n\n<figure class=\"wp-block-table is-style-stripes\"><table><tbody><tr><td><strong>COMPONENTE CURRICULAR:<\/strong><\/td><td><strong>CI\u00caNCIAS DA NATUREZA<\/strong><\/td><\/tr><tr><td><strong>HABILIDADES:<\/strong><\/td><td>(EF01CI02-A\/B\/C) LOCALIZAR, NOMEAR E REPRESENTAR, POR MEIO DE DESENHOS, PARTES DO CORPO HUMANO (INCLUINDO \u00d3RG\u00c3OS DOS SENTIDOS) E EXPLICAR ORALMENTE SUAS FUN\u00c7\u00d5ES.<\/td><\/tr><tr><td><strong>REFER\u00caNCIAS<\/strong><\/td><td>GOVERNO DO ESTADO DE GOI\u00c1S. SECRET\u00c1RIA DE ESTADO DE EDUCA\u00c7\u00c3O \u2013 SEDUC\/CONSED. DOCUMENTO CURRICULAR PARA GOI\u00c1S \u2013 AMPLIADO: <strong>VOLUME II ENSINO FUNDAMENTAL ANOS INICIAIS<\/strong>.<br>PESTITI, Ellen. <strong>Sinto que sinto com os cinco sentidos.<\/strong> Editora do Brasil: S\u00e3o Paulo, 2013.<br>IMAGENS RETIRADAS DO SITE:&nbsp;CANVA &#8211; GIFS E ADESIVOS DO POWERPOINT<\/td><\/tr><\/tbody><\/table><\/figure>\n","protected":false},"author":39,"featured_media":173513,"template":"","ef_categoria":[193],"ef_ano":[84],"ef_componente":[98],"class_list":["post-173511","ensino_fundamental","type-ensino_fundamental","status-publish","has-post-thumbnail","hentry","ef_categoria-anos-iniciais","ef_ano-1o-ano","ef_componente-ciencia-da-natureza-ef","entry","has-media"],"acf":[],"_links":{"self":[{"href":"https:\/\/sme.goiania.go.gov.br\/conexaoescola\/wp-json\/wp\/v2\/ensino_fundamental\/173511","targetHints":{"allow":["GET"]}}],"collection":[{"href":"https:\/\/sme.goiania.go.gov.br\/conexaoescola\/wp-json\/wp\/v2\/ensino_fundamental"}],"about":[{"href":"https:\/\/sme.goiania.go.gov.br\/conexaoescola\/wp-json\/wp\/v2\/types\/ensino_fundamental"}],"author":[{"embeddable":true,"href":"https:\/\/sme.goiania.go.gov.br\/conexaoescola\/wp-json\/wp\/v2\/users\/39"}],"version-history":[{"count":9,"href":"https:\/\/sme.goiania.go.gov.br\/conexaoescola\/wp-json\/wp\/v2\/ensino_fundamental\/173511\/revisions"}],"predecessor-version":[{"id":177533,"href":"https:\/\/sme.goiania.go.gov.br\/conexaoescola\/wp-json\/wp\/v2\/ensino_fundamental\/173511\/revisions\/177533"}],"wp:featuredmedia":[{"embeddable":true,"href":"https:\/\/sme.goiania.go.gov.br\/conexaoescola\/wp-json\/wp\/v2\/media\/173513"}],"wp:attachment":[{"href":"https:\/\/sme.goiania.go.gov.br\/conexaoescola\/wp-json\/wp\/v2\/media?parent=173511"}],"wp:term":[{"taxonomy":"ef_categoria","embeddable":true,"href":"https:\/\/sme.goiania.go.gov.br\/conexaoescola\/wp-json\/wp\/v2\/ef_categoria?post=173511"},{"taxonomy":"ef_ano","embeddable":true,"href":"https:\/\/sme.goiania.go.gov.br\/conexaoescola\/wp-json\/wp\/v2\/ef_ano?post=173511"},{"taxonomy":"ef_componente","embeddable":true,"href":"https:\/\/sme.goiania.go.gov.br\/conexaoescola\/wp-json\/wp\/v2\/ef_componente?post=173511"}],"curies":[{"name":"wp","href":"https:\/\/api.w.org\/{rel}","templated":true}]}}

CIÊNCIAS DA NATUREZA &#8211; CORPO HUMANO: ÓRGÃOS DOS SENTIDOS E FUNÇÕES

<p class="has-text-align-center has-background has-medium-font-size" style="background-color:#f6e7e7"><strong>ESTA PROPOSTA DE ATIVIDADE DE CIÊNCIAS É DESTINADA AOS ESTUDANTES DO 1º ANO DOS ANOS INICIAIS DO ENSINO FUNDAMENTAL</strong>.</p>



<p class="has-text-align-center"><img decoding="async" width="592px;" height="390px;" src="https://lh7-us.googleusercontent.com/9MvyHfID5kV-OlNNAnK05jJR-ZcmjUNTBWwC2RrHim-e1RFQ3fT9r2efcvqVgFafUE48m48IyXbwW5wJrHIayXflLThbPFI9MNIpF_9pBlx3hdWlMte24E8Kw07Rg0lqEBjnxeUmRAK4I-s=s2048"></p>



<div class="wp-block-buttons is-content-justification-center is-layout-flex wp-container-core-buttons-is-layout-16018d1d wp-block-buttons-is-layout-flex">
<div class="wp-block-button has-custom-font-size has-small-font-size"><a class="wp-block-button__link wp-element-button" href="https://docs.google.com/document/d/1GoPDECcybVs-cnukAYFQAWoVmNBYcuvQ/copy" target="_blank" rel="noreferrer noopener">BAIXE AS ATIVIDADES</a></div>



<div class="wp-block-button has-custom-font-size has-small-font-size"><a class="wp-block-button__link wp-element-button" href="https://docs.google.com/presentation/d/1dKfmeYWXTe8Is-QaKkChHPKMjs7VlLhl/copy" target="_blank" rel="noreferrer noopener">BAIXE OS SLIDES</a></div>
</div>



<p class="has-text-align-center has-background has-medium-font-size" style="background-color:#f9f7f2">OI, AMIGUINHO! VOCÊ SE LEMBRA DAS PARTES DO NOSSO CORPO HUMANO? </p>



<p class="has-text-align-center has-background has-medium-font-size" style="background-color:#f9f7f2">E DOS ÓRGÃOS QUE NOS AJUDAM A VER, OUVIR, SENTIR, CHEIRAR E PROVAR O MUNDO AO NOSSO REDOR? SÃO OS NOSSOS ÓRGÃOS DOS SENTIDOS!</p>



<hr class="wp-block-separator has-alpha-channel-opacity"/>



<p class="has-text-align-center has-background has-medium-font-size" style="background-color:#f3ecfa">VAMOS FAZER A ATIVIDADE?</p>



<p class="has-background has-medium-font-size" style="background-color:#ebf4f9">QUESTÃO 1</p>



<p class="has-medium-font-size">HOJE, VOCÊ FARÁ UM DESENHO REPRESENTANDO CADA UM DOS ÓRGÃOS DOS SENTIDOS E, DEPOIS, DEVERÁ ESCREVER A FUNÇÃO DE CADA UM DELES.</p>



<p></p>



<p class="has-text-align-center has-medium-font-size">___________________________________________________________________________________</p>



<p class="has-text-align-center has-medium-font-size">___________________________________________________________________________________</p>



<p class="has-text-align-center has-medium-font-size">___________________________________________________________________________________</p>



<p class="has-text-align-center has-medium-font-size">___________________________________________________________________________________</p>



<p></p>



<p class="has-text-align-center has-medium-font-size">___________________________________________________________________________________</p>



<p class="has-text-align-center has-medium-font-size">___________________________________________________________________________________</p>



<p class="has-text-align-center has-medium-font-size">___________________________________________________________________________________</p>



<p class="has-text-align-center has-medium-font-size">___________________________________________________________________________________</p>



<p></p>



<p class="has-text-align-center has-medium-font-size">___________________________________________________________________________________</p>



<p class="has-text-align-center has-medium-font-size">___________________________________________________________________________________</p>



<p class="has-text-align-center has-medium-font-size">___________________________________________________________________________________</p>



<p class="has-text-align-center has-medium-font-size">___________________________________________________________________________________</p>



<p></p>



<p class="has-text-align-center has-medium-font-size">___________________________________________________________________________________</p>



<p class="has-text-align-center has-medium-font-size">___________________________________________________________________________________</p>



<p class="has-text-align-center has-medium-font-size">___________________________________________________________________________________</p>



<p class="has-text-align-center has-medium-font-size">___________________________________________________________________________________</p>



<p></p>



<p class="has-text-align-center has-medium-font-size">___________________________________________________________________________________</p>



<p class="has-text-align-center has-medium-font-size">___________________________________________________________________________________</p>



<p class="has-text-align-center has-medium-font-size">___________________________________________________________________________________</p>



<p class="has-text-align-center has-medium-font-size">___________________________________________________________________________________</p>



<hr class="wp-block-separator has-alpha-channel-opacity"/>



<p class="has-text-align-center has-background has-medium-font-size" style="background-color:#faf8f2"><a rel="noreferrer noopener" href="https://sme.goiania.go.gov.br/conexaoescola/propostas_didaticas/propostas-didaticas-ciencias-da-natureza-1o-ano/" target="_blank"><strong>Acesse os materiais referentes a essa atividade clicando aqui:</strong>https://sme.goiania.go.gov.br/conexaoescola/propostas_didaticas/propostas-didaticas-ciencias-da-natureza-1o-ano/</a></p>



<hr class="wp-block-separator has-alpha-channel-opacity"/>



<figure class="wp-block-table is-style-stripes"><table><tbody><tr><td><strong>COMPONENTE CURRICULAR:</strong></td><td><strong>CIÊNCIAS DA NATUREZA</strong></td></tr><tr><td><strong>HABILIDADES:</strong></td><td>(EF01CI02-A/B/C) LOCALIZAR, NOMEAR E REPRESENTAR, POR MEIO DE DESENHOS, PARTES DO CORPO HUMANO (INCLUINDO ÓRGÃOS DOS SENTIDOS) E EXPLICAR ORALMENTE SUAS FUNÇÕES.</td></tr><tr><td><strong>REFERÊNCIAS</strong></td><td>GOVERNO DO ESTADO DE GOIÁS. SECRETÁRIA DE ESTADO DE EDUCAÇÃO – SEDUC/CONSED. DOCUMENTO CURRICULAR PARA GOIÁS – AMPLIADO: <strong>VOLUME II ENSINO FUNDAMENTAL ANOS INICIAIS</strong>.<br>PESTITI, Ellen. <strong>Sinto que sinto com os cinco sentidos.</strong> Editora do Brasil: São Paulo, 2013.<br>IMAGENS RETIRADAS DO SITE:&nbsp;CANVA &#8211; GIFS E ADESIVOS DO POWERPOINT</td></tr></tbody></table></figure>
