{"id":173008,"date":"2023-11-17T13:47:56","date_gmt":"2023-11-17T16:47:56","guid":{"rendered":"https:\/\/sme.goiania.go.gov.br\/conexaoescola\/?post_type=ensino_fundamental&#038;p=173008"},"modified":"2023-11-17T13:47:57","modified_gmt":"2023-11-17T16:47:57","slug":"programa-inteligencia-socioemocional-doacao-de-livros-e-vidas-transformadas","status":"publish","type":"ensino_fundamental","link":"https:\/\/sme.goiania.go.gov.br\/conexaoescola\/ensino_fundamental\/programa-inteligencia-socioemocional-doacao-de-livros-e-vidas-transformadas\/","title":{"rendered":"PROGRAMA INTELIG\u00caNCIA SOCIOEMOCIONAL: Doa\u00e7\u00e3o de livros e vidas transformadas"},"content":{"rendered":"\n<p class=\"has-text-align-center has-vivid-cyan-blue-to-vivid-purple-gradient-background has-background has-medium-font-size\"><strong>A Base Nacional Comum Curricular (BNCC) e o Documento Curricular para Goi\u00e1s Ampliado (DC-GO Ampliado) destacam a import\u00e2ncia da explana\u00e7\u00e3o, do estudo efetivo, das compet\u00eancias socioemocionais em todos os n\u00edveis e modalidades de ensino. E \u00e9 pensando nisso, que o Conex\u00e3o Escola busca abordar essas compet\u00eancias numa linguagem que atenda ao p\u00fablico infanto-juvenil e que auxilie o trabalho desempenhado pelos professores nas institui\u00e7\u00f5es de ensino da Secretaria Municipal de Educa\u00e7\u00e3o (Goi\u00e2nia \u2013 Goi\u00e1s), atrav\u00e9s da \u201cS\u00e9rie: Programa Intelig\u00eancia Socioemocional\u201d<\/strong>.<\/p>\n\n\n\n<figure class=\"wp-block-image size-large is-resized\"><img fetchpriority=\"high\" decoding=\"async\" src=\"https:\/\/sme.goiania.go.gov.br\/conexaoescola\/wp-content\/uploads\/2023\/11\/DOACAO-DE-LIVROS-E-VIDAS-TRANSFORMADAS-1024x576.png\" alt=\"\" class=\"wp-image-173010\" width=\"840\" height=\"472\" srcset=\"https:\/\/sme.goiania.go.gov.br\/conexaoescola\/wp-content\/uploads\/2023\/11\/DOACAO-DE-LIVROS-E-VIDAS-TRANSFORMADAS-1024x576.png 1024w, https:\/\/sme.goiania.go.gov.br\/conexaoescola\/wp-content\/uploads\/2023\/11\/DOACAO-DE-LIVROS-E-VIDAS-TRANSFORMADAS-300x169.png 300w, https:\/\/sme.goiania.go.gov.br\/conexaoescola\/wp-content\/uploads\/2023\/11\/DOACAO-DE-LIVROS-E-VIDAS-TRANSFORMADAS-768x432.png 768w, https:\/\/sme.goiania.go.gov.br\/conexaoescola\/wp-content\/uploads\/2023\/11\/DOACAO-DE-LIVROS-E-VIDAS-TRANSFORMADAS.png 1280w\" sizes=\"(max-width: 840px) 100vw, 840px\" \/><\/figure>\n\n\n\n<p class=\"has-text-align-center has-white-color has-vivid-cyan-blue-to-vivid-purple-gradient-background has-text-color has-background has-large-font-size\"><strong>DOA\u00c7\u00c3O DE LIVROS E VIDAS TRANSFORMADAS<\/strong><\/p>\n\n\n\n<figure class=\"wp-block-embed is-type-video is-provider-youtube wp-block-embed-youtube wp-embed-aspect-16-9 wp-has-aspect-ratio\"><div class=\"wp-block-embed__wrapper\">\n<p class=\"responsive-video-wrap clr\"><iframe title=\"Doa\u00e7\u00e3o de Livros e Vidas Transformadas - Prog. Int. Socioemocional - Aula 16\" width=\"1200\" height=\"675\" src=\"https:\/\/www.youtube.com\/embed\/awDyc4E8BIM?feature=oembed\" frameborder=\"0\" allow=\"accelerometer; autoplay; clipboard-write; encrypted-media; gyroscope; picture-in-picture; web-share\" allowfullscreen><\/iframe><\/p>\n<\/div><figcaption class=\"wp-element-caption\">Canal Portal Conex\u00e3o Escola \u2013 Doa\u00e7\u00e3o de Livros e Vidas Transformadas \u2013 Programa Intelig\u00eancia Socioemocional. Dispon\u00edvel em: &lt;Canal Portal Conex\u00e3o Escola \u2013 S\u00e9rie Programa Intelig\u00eancia Socioemocional. Dispon\u00edvel em: &lt;<a rel=\"noreferrer noopener\" href=\"https:\/\/youtu.be\/awDyc4E8BIM?feature=shared\" target=\"_blank\">https:\/\/youtu.be\/awDyc4E8BIM?feature=shared<\/a>>. Acesso em: 17, nov. 2023.<\/figcaption><\/figure>\n\n\n\n<p class=\"has-text-align-center has-vivid-cyan-blue-to-vivid-purple-gradient-background has-background has-medium-font-size\"><strong>A doa\u00e7\u00e3o de livros liter\u00e1rios pode ter um impacto significativo no desenvolvimento do p\u00fablico infanto-juvenil. Essa pr\u00e1tica pode contribuir positivamente para o est\u00edmulo \u00e0 leitura, desenvolvimento da imagina\u00e7\u00e3o e criatividade, amplia\u00e7\u00e3o do vocabul\u00e1rio e habilidades lingu\u00edsticas, desenvolvimento do pensamento cr\u00edtico, crescimento emocional e empatia, cria\u00e7\u00e3o de h\u00e1bito de leitura, acesso a recursos educacionais, inclus\u00e3o e diversidade e fomento ao amor pela biblioteca.<\/strong><\/p>\n\n\n\n<figure class=\"wp-block-table is-style-stripes\"><table><tbody><tr><td><strong>Documentos norteadores:<\/strong><\/td><td><strong>\u2013 Base Nacional Comum Curricular (BNCC)<br>\u2013 Documento Curricular para Goi\u00e1s \u2013 Ampliado (DC-GO)<br>\u2013 O Estatuto da Crian\u00e7a e do Adolescente<\/strong><\/td><\/tr><\/tbody><\/table><\/figure>\n","protected":false},"author":64,"featured_media":0,"template":"","ef_categoria":[],"ef_ano":[],"ef_componente":[],"class_list":["post-173008","ensino_fundamental","type-ensino_fundamental","status-publish","hentry","entry"],"acf":[],"_links":{"self":[{"href":"https:\/\/sme.goiania.go.gov.br\/conexaoescola\/wp-json\/wp\/v2\/ensino_fundamental\/173008","targetHints":{"allow":["GET"]}}],"collection":[{"href":"https:\/\/sme.goiania.go.gov.br\/conexaoescola\/wp-json\/wp\/v2\/ensino_fundamental"}],"about":[{"href":"https:\/\/sme.goiania.go.gov.br\/conexaoescola\/wp-json\/wp\/v2\/types\/ensino_fundamental"}],"author":[{"embeddable":true,"href":"https:\/\/sme.goiania.go.gov.br\/conexaoescola\/wp-json\/wp\/v2\/users\/64"}],"version-history":[{"count":1,"href":"https:\/\/sme.goiania.go.gov.br\/conexaoescola\/wp-json\/wp\/v2\/ensino_fundamental\/173008\/revisions"}],"predecessor-version":[{"id":173014,"href":"https:\/\/sme.goiania.go.gov.br\/conexaoescola\/wp-json\/wp\/v2\/ensino_fundamental\/173008\/revisions\/173014"}],"wp:attachment":[{"href":"https:\/\/sme.goiania.go.gov.br\/conexaoescola\/wp-json\/wp\/v2\/media?parent=173008"}],"wp:term":[{"taxonomy":"ef_categoria","embeddable":true,"href":"https:\/\/sme.goiania.go.gov.br\/conexaoescola\/wp-json\/wp\/v2\/ef_categoria?post=173008"},{"taxonomy":"ef_ano","embeddable":true,"href":"https:\/\/sme.goiania.go.gov.br\/conexaoescola\/wp-json\/wp\/v2\/ef_ano?post=173008"},{"taxonomy":"ef_componente","embeddable":true,"href":"https:\/\/sme.goiania.go.gov.br\/conexaoescola\/wp-json\/wp\/v2\/ef_componente?post=173008"}],"curies":[{"name":"wp","href":"https:\/\/api.w.org\/{rel}","templated":true}]}}

PROGRAMA INTELIGÊNCIA SOCIOEMOCIONAL: Doação de livros e vidas transformadas

<p class="has-text-align-center has-vivid-cyan-blue-to-vivid-purple-gradient-background has-background has-medium-font-size"><strong>A Base Nacional Comum Curricular (BNCC) e o Documento Curricular para Goiás Ampliado (DC-GO Ampliado) destacam a importância da explanação, do estudo efetivo, das competências socioemocionais em todos os níveis e modalidades de ensino. E é pensando nisso, que o Conexão Escola busca abordar essas competências numa linguagem que atenda ao público infanto-juvenil e que auxilie o trabalho desempenhado pelos professores nas instituições de ensino da Secretaria Municipal de Educação (Goiânia – Goiás), através da “Série: Programa Inteligência Socioemocional”</strong>.</p>



<figure class="wp-block-image size-large is-resized"><img fetchpriority="high" decoding="async" src="https://sme.goiania.go.gov.br/conexaoescola/wp-content/uploads/2023/11/DOACAO-DE-LIVROS-E-VIDAS-TRANSFORMADAS-1024x576.png" alt="" class="wp-image-173010" width="840" height="472" srcset="https://sme.goiania.go.gov.br/conexaoescola/wp-content/uploads/2023/11/DOACAO-DE-LIVROS-E-VIDAS-TRANSFORMADAS-1024x576.png 1024w, https://sme.goiania.go.gov.br/conexaoescola/wp-content/uploads/2023/11/DOACAO-DE-LIVROS-E-VIDAS-TRANSFORMADAS-300x169.png 300w, https://sme.goiania.go.gov.br/conexaoescola/wp-content/uploads/2023/11/DOACAO-DE-LIVROS-E-VIDAS-TRANSFORMADAS-768x432.png 768w, https://sme.goiania.go.gov.br/conexaoescola/wp-content/uploads/2023/11/DOACAO-DE-LIVROS-E-VIDAS-TRANSFORMADAS.png 1280w" sizes="(max-width: 840px) 100vw, 840px" /></figure>



<p class="has-text-align-center has-white-color has-vivid-cyan-blue-to-vivid-purple-gradient-background has-text-color has-background has-large-font-size"><strong>DOAÇÃO DE LIVROS E VIDAS TRANSFORMADAS</strong></p>



<figure class="wp-block-embed is-type-video is-provider-youtube wp-block-embed-youtube wp-embed-aspect-16-9 wp-has-aspect-ratio"><div class="wp-block-embed__wrapper">
<p class="responsive-video-wrap clr"><iframe title="Doação de Livros e Vidas Transformadas - Prog. Int. Socioemocional - Aula 16" width="1200" height="675" src="https://www.youtube.com/embed/awDyc4E8BIM?feature=oembed" frameborder="0" allow="accelerometer; autoplay; clipboard-write; encrypted-media; gyroscope; picture-in-picture; web-share" allowfullscreen></iframe></p>
</div><figcaption class="wp-element-caption">Canal Portal Conexão Escola – Doação de Livros e Vidas Transformadas – Programa Inteligência Socioemocional. Disponível em: &lt;Canal Portal Conexão Escola – Série Programa Inteligência Socioemocional. Disponível em: &lt;<a rel="noreferrer noopener" href="https://youtu.be/awDyc4E8BIM?feature=shared" target="_blank">https://youtu.be/awDyc4E8BIM?feature=shared</a>>. Acesso em: 17, nov. 2023.</figcaption></figure>



<p class="has-text-align-center has-vivid-cyan-blue-to-vivid-purple-gradient-background has-background has-medium-font-size"><strong>A doação de livros literários pode ter um impacto significativo no desenvolvimento do público infanto-juvenil. Essa prática pode contribuir positivamente para o estímulo à leitura, desenvolvimento da imaginação e criatividade, ampliação do vocabulário e habilidades linguísticas, desenvolvimento do pensamento crítico, crescimento emocional e empatia, criação de hábito de leitura, acesso a recursos educacionais, inclusão e diversidade e fomento ao amor pela biblioteca.</strong></p>



<figure class="wp-block-table is-style-stripes"><table><tbody><tr><td><strong>Documentos norteadores:</strong></td><td><strong>– Base Nacional Comum Curricular (BNCC)<br>– Documento Curricular para Goiás – Ampliado (DC-GO)<br>– O Estatuto da Criança e do Adolescente</strong></td></tr></tbody></table></figure>
