{"id":172916,"date":"2023-11-16T13:19:04","date_gmt":"2023-11-16T16:19:04","guid":{"rendered":"https:\/\/sme.goiania.go.gov.br\/conexaoescola\/?post_type=ensino_fundamental&#038;p=172916"},"modified":"2024-03-14T16:36:40","modified_gmt":"2024-03-14T19:36:40","slug":"geografia-as-midias-o-consumo-e-o-consumismo","status":"publish","type":"ensino_fundamental","link":"https:\/\/sme.goiania.go.gov.br\/conexaoescola\/ensino_fundamental\/geografia-as-midias-o-consumo-e-o-consumismo\/","title":{"rendered":"Geografia &#8211; As m\u00eddias, o consumo e o consumismo"},"content":{"rendered":"\n<p class=\"has-black-color has-pale-cyan-blue-background-color has-text-color has-background has-medium-font-size\">Esta proposta de atividade de<strong> GEOGRAFIA<\/strong> \u00e9 destinada aos estudantes do <strong>3\u00ba ano<\/strong> do Ensino Fundamental anos iniciais.<\/p>\n\n\n\n<div class=\"wp-block-buttons is-content-justification-center is-layout-flex wp-container-core-buttons-is-layout-16018d1d wp-block-buttons-is-layout-flex\">\n<div class=\"wp-block-button has-custom-font-size has-medium-font-size\"><a class=\"wp-block-button__link has-white-color has-black-background-color has-text-color has-background wp-element-button\" href=\"https:\/\/drive.google.com\/uc?export=download&amp;id=1lXI9R-ni4Kk0FIjxG1BTDAHNmx4I-iFI\" target=\"_blank\" rel=\"noreferrer noopener\">BAIXE A ATIVIDADE<\/a><\/div>\n\n\n\n<div class=\"wp-block-button has-custom-font-size has-medium-font-size\"><a class=\"wp-block-button__link has-white-color has-black-background-color has-text-color has-background wp-element-button\" href=\"https:\/\/drive.google.com\/uc?export=download&amp;id=1Ik2SageZDK_CKJhuISC8sJwmHW3afBZ0\" target=\"_blank\" rel=\"noreferrer noopener\">BAIXE OS SLIDES<\/a><\/div>\n\n\n\n<div class=\"wp-block-button has-custom-font-size has-medium-font-size\"><a class=\"wp-block-button__link has-white-color has-black-background-color has-text-color has-background wp-element-button\" href=\"https:\/\/drive.google.com\/uc?export=download&amp;id=1mDvqaUSTU7eaTsVjQ-F_oIW_JB3mcV25\" target=\"_blank\" rel=\"noreferrer noopener\">BAIXE O TEXTO<\/a><\/div>\n<\/div>\n\n\n\n<p><\/p>\n\n\n\n<figure class=\"wp-block-image size-large\"><img fetchpriority=\"high\" decoding=\"async\" width=\"1024\" height=\"576\" src=\"https:\/\/sme.goiania.go.gov.br\/conexaoescola\/wp-content\/uploads\/2023\/11\/4-2-e1700150819601-1024x576.png\" alt=\"\" class=\"wp-image-172920\" srcset=\"https:\/\/sme.goiania.go.gov.br\/conexaoescola\/wp-content\/uploads\/2023\/11\/4-2-e1700150819601-1024x576.png 1024w, https:\/\/sme.goiania.go.gov.br\/conexaoescola\/wp-content\/uploads\/2023\/11\/4-2-e1700150819601-300x169.png 300w, https:\/\/sme.goiania.go.gov.br\/conexaoescola\/wp-content\/uploads\/2023\/11\/4-2-e1700150819601-768x432.png 768w, https:\/\/sme.goiania.go.gov.br\/conexaoescola\/wp-content\/uploads\/2023\/11\/4-2-e1700150819601-1536x864.png 1536w, https:\/\/sme.goiania.go.gov.br\/conexaoescola\/wp-content\/uploads\/2023\/11\/4-2-e1700150819601.png 1920w\" sizes=\"(max-width: 1024px) 100vw, 1024px\" \/><\/figure>\n\n\n\n<p class=\"has-text-align-center has-black-color has-pale-cyan-blue-background-color has-text-color has-background has-medium-font-size\"><strong><strong><strong><strong><strong><strong><strong><strong><strong><strong><strong>As m\u00eddias, o consumo e o consumismo<\/strong><\/strong><\/strong><\/strong><\/strong><\/strong><\/strong><\/strong><\/strong><\/strong><\/strong><\/p>\n\n\n\n<p class=\"has-black-color has-text-color has-medium-font-size\">Hoje em dia, a maneira como compramos est\u00e1 sempre mudando devido \u00e0s novas tecnologias e \u00e0s m\u00eddias (TV, R\u00e1dio e Internet). O consumismo, que \u00e9 quando as pessoas compram muito al\u00e9m do que precisam de fato, \u00e9 algo que acontece muito na nossa sociedade devido aos an\u00fancios e novidades constantes.<\/p>\n\n\n\n<figure class=\"wp-block-image size-large\"><img decoding=\"async\" width=\"1024\" height=\"576\" src=\"https:\/\/sme.goiania.go.gov.br\/conexaoescola\/wp-content\/uploads\/2023\/11\/1-7-e1700150761991-1024x576.png\" alt=\"\" class=\"wp-image-172917\" srcset=\"https:\/\/sme.goiania.go.gov.br\/conexaoescola\/wp-content\/uploads\/2023\/11\/1-7-e1700150761991-1024x576.png 1024w, https:\/\/sme.goiania.go.gov.br\/conexaoescola\/wp-content\/uploads\/2023\/11\/1-7-e1700150761991-300x169.png 300w, https:\/\/sme.goiania.go.gov.br\/conexaoescola\/wp-content\/uploads\/2023\/11\/1-7-e1700150761991-768x432.png 768w, https:\/\/sme.goiania.go.gov.br\/conexaoescola\/wp-content\/uploads\/2023\/11\/1-7-e1700150761991-1536x864.png 1536w, https:\/\/sme.goiania.go.gov.br\/conexaoescola\/wp-content\/uploads\/2023\/11\/1-7-e1700150761991.png 1920w\" sizes=\"(max-width: 1024px) 100vw, 1024px\" \/><\/figure>\n\n\n\n<p class=\"has-black-color has-text-color has-medium-font-size\">A publicidade, que \u00e9 quando as marcas mostram seus produtos, tem um grande efeito nas pessoas. Os an\u00fancios usam truques para nos convencer a querer coisas, como apelar para nossas emo\u00e7\u00f5es e mostrar estilos de vida desejados. Ver esses an\u00fancios o tempo todo pode fazer com que as pessoas queiram comprar e gastar sem parar.<\/p>\n\n\n\n<figure class=\"wp-block-image size-large\"><img decoding=\"async\" width=\"1024\" height=\"576\" src=\"https:\/\/sme.goiania.go.gov.br\/conexaoescola\/wp-content\/uploads\/2023\/11\/2-6-e1700150779694-1024x576.png\" alt=\"\" class=\"wp-image-172918\" srcset=\"https:\/\/sme.goiania.go.gov.br\/conexaoescola\/wp-content\/uploads\/2023\/11\/2-6-e1700150779694-1024x576.png 1024w, https:\/\/sme.goiania.go.gov.br\/conexaoescola\/wp-content\/uploads\/2023\/11\/2-6-e1700150779694-300x169.png 300w, https:\/\/sme.goiania.go.gov.br\/conexaoescola\/wp-content\/uploads\/2023\/11\/2-6-e1700150779694-768x432.png 768w, https:\/\/sme.goiania.go.gov.br\/conexaoescola\/wp-content\/uploads\/2023\/11\/2-6-e1700150779694-1536x864.png 1536w, https:\/\/sme.goiania.go.gov.br\/conexaoescola\/wp-content\/uploads\/2023\/11\/2-6-e1700150779694.png 1920w\" sizes=\"(max-width: 1024px) 100vw, 1024px\" \/><\/figure>\n\n\n\n<p class=\"has-black-color has-text-color has-medium-font-size\">As m\u00eddias sociais, como Instagram, YouTube, Facebook e TikTok, tamb\u00e9m t\u00eam um papel importante. L\u00e1, as marcas podem falar diretamente com as pessoas, criando um ciclo em que sempre queremos comprar mais. Os influenciadores digitais, que s\u00e3o pessoas famosas nessas plataformas, tamb\u00e9m ajudam a criar ideias sobre o que \u00e9 legal, ter e usar.<\/p>\n\n\n\n<figure class=\"wp-block-image size-large\"><img loading=\"lazy\" decoding=\"async\" width=\"1024\" height=\"576\" src=\"https:\/\/sme.goiania.go.gov.br\/conexaoescola\/wp-content\/uploads\/2023\/11\/3-3-e1700150798580-1024x576.png\" alt=\"\" class=\"wp-image-172919\" srcset=\"https:\/\/sme.goiania.go.gov.br\/conexaoescola\/wp-content\/uploads\/2023\/11\/3-3-e1700150798580-1024x576.png 1024w, https:\/\/sme.goiania.go.gov.br\/conexaoescola\/wp-content\/uploads\/2023\/11\/3-3-e1700150798580-300x169.png 300w, https:\/\/sme.goiania.go.gov.br\/conexaoescola\/wp-content\/uploads\/2023\/11\/3-3-e1700150798580-768x432.png 768w, https:\/\/sme.goiania.go.gov.br\/conexaoescola\/wp-content\/uploads\/2023\/11\/3-3-e1700150798580-1536x864.png 1536w, https:\/\/sme.goiania.go.gov.br\/conexaoescola\/wp-content\/uploads\/2023\/11\/3-3-e1700150798580.png 1920w\" sizes=\"(max-width: 1024px) 100vw, 1024px\" \/><\/figure>\n\n\n\n<p class=\"has-black-color has-text-color has-medium-font-size\">O consumismo pode dificultar a nossa vida financeira, podendo nos fazer sentir sempre insatisfeitos e at\u00e9 prejudicar o meio ambiente com muito lixo e uso exagerado de recursos naturais.<\/p>\n\n\n\n<figure class=\"wp-block-image size-large\"><img fetchpriority=\"high\" decoding=\"async\" width=\"1024\" height=\"576\" src=\"https:\/\/sme.goiania.go.gov.br\/conexaoescola\/wp-content\/uploads\/2023\/11\/4-2-e1700150819601-1024x576.png\" alt=\"\" class=\"wp-image-172920\" srcset=\"https:\/\/sme.goiania.go.gov.br\/conexaoescola\/wp-content\/uploads\/2023\/11\/4-2-e1700150819601-1024x576.png 1024w, https:\/\/sme.goiania.go.gov.br\/conexaoescola\/wp-content\/uploads\/2023\/11\/4-2-e1700150819601-300x169.png 300w, https:\/\/sme.goiania.go.gov.br\/conexaoescola\/wp-content\/uploads\/2023\/11\/4-2-e1700150819601-768x432.png 768w, https:\/\/sme.goiania.go.gov.br\/conexaoescola\/wp-content\/uploads\/2023\/11\/4-2-e1700150819601-1536x864.png 1536w, https:\/\/sme.goiania.go.gov.br\/conexaoescola\/wp-content\/uploads\/2023\/11\/4-2-e1700150819601.png 1920w\" sizes=\"(max-width: 1024px) 100vw, 1024px\" \/><\/figure>\n\n\n\n<p class=\"has-black-color has-text-color has-medium-font-size\">\u00c9 importante entender como a m\u00eddia nos influencia para fazermos escolhas mais pensadas sobre o que compramos. A conscientiza\u00e7\u00e3o sobre nossos h\u00e1bitos de consumo ajuda a desenvolver uma rela\u00e7\u00e3o mais equilibrada com o nosso dinheiro e com a sociedade.<\/p>\n\n\n\n<p class=\"has-text-align-center has-black-color has-text-color has-background has-medium-font-size\" style=\"background-color:#fcc196\"><strong>RESPONDA \u00c0S QUEST\u00d5ES<\/strong><\/p>\n\n\n\n<p class=\"has-black-color has-pale-cyan-blue-background-color has-text-color has-background has-medium-font-size\"><strong>QUEST\u00c3O 01<\/strong><\/p>\n\n\n\n<p class=\"has-black-color has-text-color has-medium-font-size\">A sua fam\u00edlia tem um consumo consciente? Na alimenta\u00e7\u00e3o voc\u00ea consome sem desperdi\u00e7o?<\/p>\n\n\n\n<p><\/p>\n\n\n\n<p class=\"has-black-color has-pale-cyan-blue-background-color has-text-color has-background has-medium-font-size\"><strong><strong>QUEST\u00c3O<\/strong> 02<\/strong><\/p>\n\n\n\n<p class=\"has-black-color has-text-color has-medium-font-size\">Como podemos desenvolver um consumo sem desperdi\u00e7o? Converse com os seus familiares sobre essa quest\u00e3o.<\/p>\n\n\n\n<p><\/p>\n\n\n\n<p class=\"has-black-color has-pale-cyan-blue-background-color has-text-color has-background has-medium-font-size\"><strong><strong>QUEST\u00c3O<\/strong> 03<\/strong><\/p>\n\n\n\n<p class=\"has-black-color has-text-color has-medium-font-size\">Hoje em dia, a maneira como compramos est\u00e1 sempre mudando devido \u00e0s novas&nbsp;<\/p>\n\n\n\n<p class=\"has-black-color has-text-color has-medium-font-size\">(A) \u00e1reas da cidade.<\/p>\n\n\n\n<p class=\"has-black-color has-text-color has-medium-font-size\">(B) lojas f\u00edsicas.<\/p>\n\n\n\n<p class=\"has-black-color has-text-color has-medium-font-size\">(C) tecnologias e m\u00eddias.<\/p>\n\n\n\n<p class=\"has-black-color has-text-color has-medium-font-size\">(D) desinforma\u00e7\u00f5es sobre produtos.<\/p>\n\n\n\n<p><\/p>\n\n\n\n<p class=\"has-black-color has-pale-cyan-blue-background-color has-text-color has-background has-medium-font-size\"><strong><strong>QUEST\u00c3O<\/strong> 04<\/strong><\/p>\n\n\n\n<p class=\"has-black-color has-text-color has-medium-font-size\">Atualmente o consumismo \u00e9 algo rotineiro na vida de parte da sociedade mundial, um dos problemas gerados pelo consumismo \u00e9 a&nbsp;<\/p>\n\n\n\n<p class=\"has-black-color has-text-color has-medium-font-size\">(A) riqueza da popula\u00e7\u00e3o.<\/p>\n\n\n\n<p class=\"has-black-color has-text-color has-medium-font-size\">(B) produ\u00e7\u00e3o elevada de lixo.<\/p>\n\n\n\n<p class=\"has-black-color has-text-color has-medium-font-size\">(C) preserva\u00e7\u00e3o do meio ambiente.<\/p>\n\n\n\n<p class=\"has-black-color has-text-color has-medium-font-size\">(D) preserva\u00e7\u00e3o das \u00e1guas.<\/p>\n\n\n\n<p><\/p>\n\n\n\n<hr class=\"wp-block-separator has-alpha-channel-opacity\"\/>\n\n\n\n<figure class=\"wp-block-table is-style-stripes\" style=\"font-size:15px\"><table class=\"has-black-color has-text-color\"><tbody><tr><td><strong>Autoria:<\/strong><\/td><td>Prof. Me.: Gabriel Ramos Paiva<\/td><\/tr><tr><td><strong>Forma\u00e7\u00e3o:<\/strong><\/td><td>Licenciatura em Geografia;<br>Bacharelado em Geografia;<br>Licenciatura em Pedagogia;<br>Mestre em Geografia pelo IESA-UFG.<\/td><\/tr><tr><td><strong>Componente Curricular:<\/strong><\/td><td>Geografia<\/td><\/tr><tr><td><strong>Habilidades:<\/strong><\/td><td>(EF03GE08-B) Perceber a influ\u00eancia da m\u00eddia nos h\u00e1bitos de consumo e consumismo.&nbsp;<\/td><\/tr><tr><td><\/td><td><\/td><\/tr><\/tbody><\/table><\/figure>\n","protected":false},"author":20,"featured_media":172920,"template":"","ef_categoria":[193],"ef_ano":[86],"ef_componente":[96],"class_list":["post-172916","ensino_fundamental","type-ensino_fundamental","status-publish","has-post-thumbnail","hentry","ef_categoria-anos-iniciais","ef_ano-3o-ano","ef_componente-geografia","entry","has-media"],"acf":[],"_links":{"self":[{"href":"https:\/\/sme.goiania.go.gov.br\/conexaoescola\/wp-json\/wp\/v2\/ensino_fundamental\/172916","targetHints":{"allow":["GET"]}}],"collection":[{"href":"https:\/\/sme.goiania.go.gov.br\/conexaoescola\/wp-json\/wp\/v2\/ensino_fundamental"}],"about":[{"href":"https:\/\/sme.goiania.go.gov.br\/conexaoescola\/wp-json\/wp\/v2\/types\/ensino_fundamental"}],"author":[{"embeddable":true,"href":"https:\/\/sme.goiania.go.gov.br\/conexaoescola\/wp-json\/wp\/v2\/users\/20"}],"version-history":[{"count":7,"href":"https:\/\/sme.goiania.go.gov.br\/conexaoescola\/wp-json\/wp\/v2\/ensino_fundamental\/172916\/revisions"}],"predecessor-version":[{"id":178900,"href":"https:\/\/sme.goiania.go.gov.br\/conexaoescola\/wp-json\/wp\/v2\/ensino_fundamental\/172916\/revisions\/178900"}],"wp:featuredmedia":[{"embeddable":true,"href":"https:\/\/sme.goiania.go.gov.br\/conexaoescola\/wp-json\/wp\/v2\/media\/172920"}],"wp:attachment":[{"href":"https:\/\/sme.goiania.go.gov.br\/conexaoescola\/wp-json\/wp\/v2\/media?parent=172916"}],"wp:term":[{"taxonomy":"ef_categoria","embeddable":true,"href":"https:\/\/sme.goiania.go.gov.br\/conexaoescola\/wp-json\/wp\/v2\/ef_categoria?post=172916"},{"taxonomy":"ef_ano","embeddable":true,"href":"https:\/\/sme.goiania.go.gov.br\/conexaoescola\/wp-json\/wp\/v2\/ef_ano?post=172916"},{"taxonomy":"ef_componente","embeddable":true,"href":"https:\/\/sme.goiania.go.gov.br\/conexaoescola\/wp-json\/wp\/v2\/ef_componente?post=172916"}],"curies":[{"name":"wp","href":"https:\/\/api.w.org\/{rel}","templated":true}]}}

Geografia &#8211; As mídias, o consumo e o consumismo

<p class="has-black-color has-pale-cyan-blue-background-color has-text-color has-background has-medium-font-size">Esta proposta de atividade de<strong> GEOGRAFIA</strong> é destinada aos estudantes do <strong>3º ano</strong> do Ensino Fundamental anos iniciais.</p>



<div class="wp-block-buttons is-content-justification-center is-layout-flex wp-container-core-buttons-is-layout-16018d1d wp-block-buttons-is-layout-flex">
<div class="wp-block-button has-custom-font-size has-medium-font-size"><a class="wp-block-button__link has-white-color has-black-background-color has-text-color has-background wp-element-button" href="https://drive.google.com/uc?export=download&amp;id=1lXI9R-ni4Kk0FIjxG1BTDAHNmx4I-iFI" target="_blank" rel="noreferrer noopener">BAIXE A ATIVIDADE</a></div>



<div class="wp-block-button has-custom-font-size has-medium-font-size"><a class="wp-block-button__link has-white-color has-black-background-color has-text-color has-background wp-element-button" href="https://drive.google.com/uc?export=download&amp;id=1Ik2SageZDK_CKJhuISC8sJwmHW3afBZ0" target="_blank" rel="noreferrer noopener">BAIXE OS SLIDES</a></div>



<div class="wp-block-button has-custom-font-size has-medium-font-size"><a class="wp-block-button__link has-white-color has-black-background-color has-text-color has-background wp-element-button" href="https://drive.google.com/uc?export=download&amp;id=1mDvqaUSTU7eaTsVjQ-F_oIW_JB3mcV25" target="_blank" rel="noreferrer noopener">BAIXE O TEXTO</a></div>
</div>



<p></p>



<figure class="wp-block-image size-large"><img fetchpriority="high" decoding="async" width="1024" height="576" src="https://sme.goiania.go.gov.br/conexaoescola/wp-content/uploads/2023/11/4-2-e1700150819601-1024x576.png" alt="" class="wp-image-172920" srcset="https://sme.goiania.go.gov.br/conexaoescola/wp-content/uploads/2023/11/4-2-e1700150819601-1024x576.png 1024w, https://sme.goiania.go.gov.br/conexaoescola/wp-content/uploads/2023/11/4-2-e1700150819601-300x169.png 300w, https://sme.goiania.go.gov.br/conexaoescola/wp-content/uploads/2023/11/4-2-e1700150819601-768x432.png 768w, https://sme.goiania.go.gov.br/conexaoescola/wp-content/uploads/2023/11/4-2-e1700150819601-1536x864.png 1536w, https://sme.goiania.go.gov.br/conexaoescola/wp-content/uploads/2023/11/4-2-e1700150819601.png 1920w" sizes="(max-width: 1024px) 100vw, 1024px" /></figure>



<p class="has-text-align-center has-black-color has-pale-cyan-blue-background-color has-text-color has-background has-medium-font-size"><strong><strong><strong><strong><strong><strong><strong><strong><strong><strong><strong>As mídias, o consumo e o consumismo</strong></strong></strong></strong></strong></strong></strong></strong></strong></strong></strong></p>



<p class="has-black-color has-text-color has-medium-font-size">Hoje em dia, a maneira como compramos está sempre mudando devido às novas tecnologias e às mídias (TV, Rádio e Internet). O consumismo, que é quando as pessoas compram muito além do que precisam de fato, é algo que acontece muito na nossa sociedade devido aos anúncios e novidades constantes.</p>



<figure class="wp-block-image size-large"><img decoding="async" width="1024" height="576" src="https://sme.goiania.go.gov.br/conexaoescola/wp-content/uploads/2023/11/1-7-e1700150761991-1024x576.png" alt="" class="wp-image-172917" srcset="https://sme.goiania.go.gov.br/conexaoescola/wp-content/uploads/2023/11/1-7-e1700150761991-1024x576.png 1024w, https://sme.goiania.go.gov.br/conexaoescola/wp-content/uploads/2023/11/1-7-e1700150761991-300x169.png 300w, https://sme.goiania.go.gov.br/conexaoescola/wp-content/uploads/2023/11/1-7-e1700150761991-768x432.png 768w, https://sme.goiania.go.gov.br/conexaoescola/wp-content/uploads/2023/11/1-7-e1700150761991-1536x864.png 1536w, https://sme.goiania.go.gov.br/conexaoescola/wp-content/uploads/2023/11/1-7-e1700150761991.png 1920w" sizes="(max-width: 1024px) 100vw, 1024px" /></figure>



<p class="has-black-color has-text-color has-medium-font-size">A publicidade, que é quando as marcas mostram seus produtos, tem um grande efeito nas pessoas. Os anúncios usam truques para nos convencer a querer coisas, como apelar para nossas emoções e mostrar estilos de vida desejados. Ver esses anúncios o tempo todo pode fazer com que as pessoas queiram comprar e gastar sem parar.</p>



<figure class="wp-block-image size-large"><img decoding="async" width="1024" height="576" src="https://sme.goiania.go.gov.br/conexaoescola/wp-content/uploads/2023/11/2-6-e1700150779694-1024x576.png" alt="" class="wp-image-172918" srcset="https://sme.goiania.go.gov.br/conexaoescola/wp-content/uploads/2023/11/2-6-e1700150779694-1024x576.png 1024w, https://sme.goiania.go.gov.br/conexaoescola/wp-content/uploads/2023/11/2-6-e1700150779694-300x169.png 300w, https://sme.goiania.go.gov.br/conexaoescola/wp-content/uploads/2023/11/2-6-e1700150779694-768x432.png 768w, https://sme.goiania.go.gov.br/conexaoescola/wp-content/uploads/2023/11/2-6-e1700150779694-1536x864.png 1536w, https://sme.goiania.go.gov.br/conexaoescola/wp-content/uploads/2023/11/2-6-e1700150779694.png 1920w" sizes="(max-width: 1024px) 100vw, 1024px" /></figure>



<p class="has-black-color has-text-color has-medium-font-size">As mídias sociais, como Instagram, YouTube, Facebook e TikTok, também têm um papel importante. Lá, as marcas podem falar diretamente com as pessoas, criando um ciclo em que sempre queremos comprar mais. Os influenciadores digitais, que são pessoas famosas nessas plataformas, também ajudam a criar ideias sobre o que é legal, ter e usar.</p>



<figure class="wp-block-image size-large"><img loading="lazy" decoding="async" width="1024" height="576" src="https://sme.goiania.go.gov.br/conexaoescola/wp-content/uploads/2023/11/3-3-e1700150798580-1024x576.png" alt="" class="wp-image-172919" srcset="https://sme.goiania.go.gov.br/conexaoescola/wp-content/uploads/2023/11/3-3-e1700150798580-1024x576.png 1024w, https://sme.goiania.go.gov.br/conexaoescola/wp-content/uploads/2023/11/3-3-e1700150798580-300x169.png 300w, https://sme.goiania.go.gov.br/conexaoescola/wp-content/uploads/2023/11/3-3-e1700150798580-768x432.png 768w, https://sme.goiania.go.gov.br/conexaoescola/wp-content/uploads/2023/11/3-3-e1700150798580-1536x864.png 1536w, https://sme.goiania.go.gov.br/conexaoescola/wp-content/uploads/2023/11/3-3-e1700150798580.png 1920w" sizes="(max-width: 1024px) 100vw, 1024px" /></figure>



<p class="has-black-color has-text-color has-medium-font-size">O consumismo pode dificultar a nossa vida financeira, podendo nos fazer sentir sempre insatisfeitos e até prejudicar o meio ambiente com muito lixo e uso exagerado de recursos naturais.</p>



<figure class="wp-block-image size-large"><img fetchpriority="high" decoding="async" width="1024" height="576" src="https://sme.goiania.go.gov.br/conexaoescola/wp-content/uploads/2023/11/4-2-e1700150819601-1024x576.png" alt="" class="wp-image-172920" srcset="https://sme.goiania.go.gov.br/conexaoescola/wp-content/uploads/2023/11/4-2-e1700150819601-1024x576.png 1024w, https://sme.goiania.go.gov.br/conexaoescola/wp-content/uploads/2023/11/4-2-e1700150819601-300x169.png 300w, https://sme.goiania.go.gov.br/conexaoescola/wp-content/uploads/2023/11/4-2-e1700150819601-768x432.png 768w, https://sme.goiania.go.gov.br/conexaoescola/wp-content/uploads/2023/11/4-2-e1700150819601-1536x864.png 1536w, https://sme.goiania.go.gov.br/conexaoescola/wp-content/uploads/2023/11/4-2-e1700150819601.png 1920w" sizes="(max-width: 1024px) 100vw, 1024px" /></figure>



<p class="has-black-color has-text-color has-medium-font-size">É importante entender como a mídia nos influencia para fazermos escolhas mais pensadas sobre o que compramos. A conscientização sobre nossos hábitos de consumo ajuda a desenvolver uma relação mais equilibrada com o nosso dinheiro e com a sociedade.</p>



<p class="has-text-align-center has-black-color has-text-color has-background has-medium-font-size" style="background-color:#fcc196"><strong>RESPONDA ÀS QUESTÕES</strong></p>



<p class="has-black-color has-pale-cyan-blue-background-color has-text-color has-background has-medium-font-size"><strong>QUESTÃO 01</strong></p>



<p class="has-black-color has-text-color has-medium-font-size">A sua família tem um consumo consciente? Na alimentação você consome sem desperdiço?</p>



<p></p>



<p class="has-black-color has-pale-cyan-blue-background-color has-text-color has-background has-medium-font-size"><strong><strong>QUESTÃO</strong> 02</strong></p>



<p class="has-black-color has-text-color has-medium-font-size">Como podemos desenvolver um consumo sem desperdiço? Converse com os seus familiares sobre essa questão.</p>



<p></p>



<p class="has-black-color has-pale-cyan-blue-background-color has-text-color has-background has-medium-font-size"><strong><strong>QUESTÃO</strong> 03</strong></p>



<p class="has-black-color has-text-color has-medium-font-size">Hoje em dia, a maneira como compramos está sempre mudando devido às novas&nbsp;</p>



<p class="has-black-color has-text-color has-medium-font-size">(A) áreas da cidade.</p>



<p class="has-black-color has-text-color has-medium-font-size">(B) lojas físicas.</p>



<p class="has-black-color has-text-color has-medium-font-size">(C) tecnologias e mídias.</p>



<p class="has-black-color has-text-color has-medium-font-size">(D) desinformações sobre produtos.</p>



<p></p>



<p class="has-black-color has-pale-cyan-blue-background-color has-text-color has-background has-medium-font-size"><strong><strong>QUESTÃO</strong> 04</strong></p>



<p class="has-black-color has-text-color has-medium-font-size">Atualmente o consumismo é algo rotineiro na vida de parte da sociedade mundial, um dos problemas gerados pelo consumismo é a&nbsp;</p>



<p class="has-black-color has-text-color has-medium-font-size">(A) riqueza da população.</p>



<p class="has-black-color has-text-color has-medium-font-size">(B) produção elevada de lixo.</p>



<p class="has-black-color has-text-color has-medium-font-size">(C) preservação do meio ambiente.</p>



<p class="has-black-color has-text-color has-medium-font-size">(D) preservação das águas.</p>



<p></p>



<hr class="wp-block-separator has-alpha-channel-opacity"/>



<figure class="wp-block-table is-style-stripes" style="font-size:15px"><table class="has-black-color has-text-color"><tbody><tr><td><strong>Autoria:</strong></td><td>Prof. Me.: Gabriel Ramos Paiva</td></tr><tr><td><strong>Formação:</strong></td><td>Licenciatura em Geografia;<br>Bacharelado em Geografia;<br>Licenciatura em Pedagogia;<br>Mestre em Geografia pelo IESA-UFG.</td></tr><tr><td><strong>Componente Curricular:</strong></td><td>Geografia</td></tr><tr><td><strong>Habilidades:</strong></td><td>(EF03GE08-B) Perceber a influência da mídia nos hábitos de consumo e consumismo.&nbsp;</td></tr><tr><td></td><td></td></tr></tbody></table></figure>
